006
CXUS53 KGJT 011913
CLSEEO


CLIMATE REPORT
NATIONAL WEATHER SERVICE GRAND JUNCTION CO
107 PM MDT MON SEP 1 2014

...................................

...THE MEEKER CO CLIMATE SUMMARY FOR THE SEASON, FROM
6/1/2014 TO 8/31/2014...

CLIMATE NORMAL PERIOD 1981 TO 2010
CLIMATE RECORD PERIOD 9999 TO 9999

WEATHER         OBSERVED          NORMAL  DEPART  LAST YEAR`S
                 VALUE   DATE(S)  VALUE   FROM    VALUE
                                          NORMAL
.............................................................
TEMPERATURE (F)
HIGHEST            95   07/23        MM      MM       95
LOWEST             31   06/19        MM      MM       32
MEAN             64.8              64.7     0.1     66.7

PRECIPITATION (INCHES)
TOTALS           4.30              3.71    0.59     3.72

SNOWFALL (INCHES)
TOTALS             MM                MM      MM       MM
SNOWDEPTH AVG.     MM                MM      MM       MM

DEGREE_DAYS
HEATING TOTAL     192               197      -5       95
 SINCE 7/1         57                54       3       19
COOLING TOTAL     195               167      28      283
 SINCE 1/1        196               168      28      283
..............................................................

WIND (MPH)
AVERAGE WIND SPEED              5.9
RESULTANT WIND SPEED/DIRECTION   1/117
HIGHEST WIND SPEED/DIRECTION    48/250    DATE  06/10
HIGHEST GUST SPEED/DIRECTION    63/250    DATE  06/10

SKY COVER
POSSIBLE SUNSHINE (PERCENT)   MM


WEATHER CONDITIONS. NUMBER OF DAYS WITH
THUNDERSTORM             35     MIXED PRECIP               0
HEAVY RAIN               12     RAIN                      15
LIGHT RAIN               47     FREEZING RAIN              0
LT FREEZING RAIN          0     HAIL                       0
HEAVY SNOW                0     SNOW                       0
LIGHT SNOW                0     SLEET                      0
FOG                      14     FOG W/VIS <= 1/4 MILE      0
HAZE                      9

-  INDICATES NEGATIVE NUMBERS.
R  INDICATES RECORD WAS SET OR TIED.
MM INDICATES DATA IS MISSING.
T  INDICATES TRACE AMOUNT.

$$




005
CXUS53 KGJT 011913
CLSCEZ


CLIMATE REPORT
NATIONAL WEATHER SERVICE GRAND JUNCTION CO
107 PM MDT MON SEP 1 2014

...................................

...THE CORTEZ CO CLIMATE SUMMARY FOR THE SEASON, FROM
6/1/2014 TO 8/31/2014...

CLIMATE NORMAL PERIOD 1981 TO 2010
CLIMATE RECORD PERIOD 9999 TO 9999

WEATHER         OBSERVED          NORMAL  DEPART  LAST YEAR`S
                 VALUE   DATE(S)  VALUE   FROM    VALUE
                                          NORMAL
.............................................................
TEMPERATURE (F)
HIGHEST           100   07/22        MM      MM      101
LOWEST             37   06/20        MM      MM       32
                        06/09
                        06/15
MEAN             69.7              68.5     1.2     71.2

PRECIPITATION (INCHES)
TOTALS           2.11              3.30   -1.19     4.79

SNOWFALL (INCHES)
TOTALS             MM                MM      MM       MM
SNOWDEPTH AVG.     MM                MM      MM       MM

DEGREE_DAYS
HEATING TOTAL      41                86     -45       12
 SINCE 7/1         10                12      -2        0
COOLING TOTAL     496               404      92      605
 SINCE 1/1        512               409     103      605
..............................................................

WIND (MPH)
AVERAGE WIND SPEED              7.1
RESULTANT WIND SPEED/DIRECTION   1/186
HIGHEST WIND SPEED/DIRECTION    37/200    DATE  06/17
HIGHEST GUST SPEED/DIRECTION    49/130    DATE  07/23

SKY COVER
POSSIBLE SUNSHINE (PERCENT)   MM


WEATHER CONDITIONS. NUMBER OF DAYS WITH
THUNDERSTORM             27     MIXED PRECIP               0
HEAVY RAIN                5     RAIN                       9
LIGHT RAIN               32     FREEZING RAIN              0
LT FREEZING RAIN          0     HAIL                       0
HEAVY SNOW                0     SNOW                       0
LIGHT SNOW                0     SLEET                      0
FOG                       9     FOG W/VIS <= 1/4 MILE      1
HAZE                      4

-  INDICATES NEGATIVE NUMBERS.
R  INDICATES RECORD WAS SET OR TIED.
MM INDICATES DATA IS MISSING.
T  INDICATES TRACE AMOUNT.

$$




201
CXUS53 KGJT 011913
CLSCNY


CLIMATE REPORT
NATIONAL WEATHER SERVICE GRAND JUNCTION CO
107 PM MDT MON SEP 1 2014

...................................

...THE CANYONLANDS AIRPORT UT CLIMATE SUMMARY FOR THE SEASON, FROM
6/1/2014 TO 8/31/2014...

CLIMATE NORMAL PERIOD 1981 TO 2010
CLIMATE RECORD PERIOD 9999 TO 9999

WEATHER         OBSERVED          NORMAL  DEPART  LAST YEAR`S
                 VALUE   DATE(S)  VALUE   FROM    VALUE
                                          NORMAL
.............................................................
TEMPERATURE (F)
HIGHEST           105   07/23        MM      MM      107
LOWEST             49   06/20        MM      MM       49
MEAN             77.1              76.8     0.3     79.8

PRECIPITATION (INCHES)
TOTALS           2.93              2.18    0.75     2.18

SNOWFALL (INCHES)
TOTALS             MM                MM      MM       MM
SNOWDEPTH AVG.     MM                MM      MM       MM

DEGREE_DAYS
HEATING TOTAL       0                18     -18        0
 SINCE 7/1          0                 1      -1        0
COOLING TOTAL    1134              1102      32     1387
 SINCE 1/1       1233              1166      67     1467
..............................................................

WIND (MPH)
AVERAGE WIND SPEED              7.3
RESULTANT WIND SPEED/DIRECTION   1/225
HIGHEST WIND SPEED/DIRECTION    43/270    DATE  08/26
HIGHEST GUST SPEED/DIRECTION    55/310    DATE  07/31

SKY COVER
POSSIBLE SUNSHINE (PERCENT)   MM


WEATHER CONDITIONS. NUMBER OF DAYS WITH
THUNDERSTORM             20     MIXED PRECIP               0
HEAVY RAIN                5     RAIN                      10
LIGHT RAIN               29     FREEZING RAIN              0
LT FREEZING RAIN          0     HAIL                       0
HEAVY SNOW                0     SNOW                       0
LIGHT SNOW                0     SLEET                      0
FOG                       8     FOG W/VIS <= 1/4 MILE      0
HAZE                      5

-  INDICATES NEGATIVE NUMBERS.
R  INDICATES RECORD WAS SET OR TIED.
MM INDICATES DATA IS MISSING.
T  INDICATES TRACE AMOUNT.

$$




National Weather Service
Disclaimer
Last Modified: August 31, 2005
Privacy Policy