544
CDUS43 KDVN 271014
CLIDVN


CLIMATE REPORT
NATIONAL WEATHER SERVICE QUAD CITIES IA IL
413 AM CST TUE JAN 27 2015


...................................

...THE DAVENPORT IA CLIMATE SUMMARY FOR JANUARY 26 2015...

CLIMATE NORMAL PERIOD 1981 TO 2010
CLIMATE RECORD PERIOD 9999 TO 9999


WEATHER ITEM   OBSERVED TIME   RECORD YEAR NORMAL DEPARTURE LAST
                VALUE   (LST)  VALUE       VALUE  FROM      YEAR
                                                  NORMAL
..................................................................
TEMPERATURE (F)
 YESTERDAY
  MAXIMUM         33    557 PM  MM      MM  30      3       35
  MINIMUM          9    313 AM  MM      MM  13     -4        1
  AVERAGE         21                        22     -1       18

PRECIPITATION (IN)
  YESTERDAY        0.06         MM      MM   0.07  -0.01     0.04
  MONTH TO DATE    0.67                      0.84  -0.17     0.72
  SINCE DEC 1      1.46                      2.57  -1.11     1.84
  SINCE JAN 1      0.67                      0.84  -0.17     0.72

SNOWFALL (IN)
  YESTERDAY        1.3          MM      MM  MM     MM        1.1
  MONTH TO DATE   10.6                      MM     MM       10.6
  SINCE DEC 1     10.6                      MM     MM       24.5
  SINCE JUL 1     14.6                      MM     MM       27.8
  SNOW DEPTH       1

DEGREE DAYS
 HEATING
  YESTERDAY       44                        43      1       47
  MONTH TO DATE 1161                      1142     19     1299
  SINCE DEC 1   2234                      2374   -140     2718
  SINCE JUL 1   3839                      3722    117     4131

 COOLING
  YESTERDAY        0                         0      0        0
  MONTH TO DATE    0                         0      0        0
  SINCE DEC 1      0                         0      0        0
  SINCE JAN 1      0                         0      0        0
..................................................................


WIND (MPH)
  HIGHEST WIND SPEED    16   HIGHEST WIND DIRECTION     S (180)
  HIGHEST GUST SPEED    19   HIGHEST GUST DIRECTION     S (180)
  AVERAGE WIND SPEED     5.9


SKY COVER
  POSSIBLE SUNSHINE  MM
  AVERAGE SKY COVER 0.8


WEATHER CONDITIONS
 THE FOLLOWING WEATHER WAS RECORDED YESTERDAY.
  LT FREEZING RAIN
  HEAVY SNOW
  SNOW
  LIGHT SNOW
  FOG
  FOG W/VISIBILITY <= 1/4 MILE
  HAZE


RELATIVE HUMIDITY (PERCENT)
 HIGHEST    92          1100 PM
 LOWEST     73           700 AM
 AVERAGE    83

..........................................................


THE DAVENPORT IA CLIMATE NORMALS FOR TODAY
                         NORMAL    RECORD    YEAR
 MAXIMUM TEMPERATURE (F)   30        MM        MM
 MINIMUM TEMPERATURE (F)   13        MM        MM


SUNRISE AND SUNSET
JANUARY 27 2015.......SUNRISE   719 AM CST   SUNSET   511 PM CST
JANUARY 28 2015.......SUNRISE   718 AM CST   SUNSET   513 PM CST


-  INDICATES NEGATIVE NUMBERS.
R  INDICATES RECORD WAS SET OR TIED.
MM INDICATES DATA IS MISSING.
T  INDICATES TRACE AMOUNT.




$$




545
CDUS43 KDVN 271014
CLIIOW


CLIMATE REPORT
NATIONAL WEATHER SERVICE QUAD CITIES IA IL
413 AM CST TUE JAN 27 2015


...................................

...THE IOWA CITY IA CLIMATE SUMMARY FOR JANUARY 26 2015...

CLIMATE NORMAL PERIOD 1981 TO 2010
CLIMATE RECORD PERIOD 9999 TO 9999


WEATHER ITEM   OBSERVED TIME   RECORD YEAR NORMAL DEPARTURE LAST
                VALUE   (LST)  VALUE       VALUE  FROM      YEAR
                                                  NORMAL
..................................................................
TEMPERATURE (F)
 YESTERDAY
  MAXIMUM         41    755 PM  MM      MM  31     10       38
  MINIMUM         18   1204 AM  MM      MM  15      3        2
  AVERAGE         30                        23      7       20

PRECIPITATION (IN)
  YESTERDAY        0.02         MM      MM   0.05  -0.03     0.02
  MONTH TO DATE    0.51                      0.66  -0.15     0.35
  SINCE DEC 1      1.57                      2.18  -0.61     1.03
  SINCE JAN 1      0.51                      0.66  -0.15     0.35

DEGREE DAYS
 HEATING
  YESTERDAY       35                        42     -7       45
  MONTH TO DATE 1143                      1117     26     1296
  SINCE DEC 1   2207                      2349   -142     2718
  SINCE JUL 1   3767                      3656    111     4086

 COOLING
  YESTERDAY        0                         0      0        0
  MONTH TO DATE    0                         0      0        0
  SINCE DEC 1      0                         0      0        0
  SINCE JAN 1      0                         0      0        0
..................................................................


WIND (MPH)
  HIGHEST WIND SPEED    15   HIGHEST WIND DIRECTION    SE (150)
  HIGHEST GUST SPEED    17   HIGHEST GUST DIRECTION    SE (140)
  AVERAGE WIND SPEED     5.6


SKY COVER
  POSSIBLE SUNSHINE  MM
  AVERAGE SKY COVER 0.9


WEATHER CONDITIONS
 THE FOLLOWING WEATHER WAS RECORDED YESTERDAY.
  LIGHT SNOW
  FOG


RELATIVE HUMIDITY (PERCENT)
 HIGHEST    96           600 PM
 LOWEST     77           200 AM
 AVERAGE    87

..........................................................


THE IOWA CITY IA CLIMATE NORMALS FOR TODAY
                         NORMAL    RECORD    YEAR
 MAXIMUM TEMPERATURE (F)   31        MM        MM
 MINIMUM TEMPERATURE (F)   15        MM        MM


SUNRISE AND SUNSET
JANUARY 27 2015.......SUNRISE   723 AM CST   SUNSET   515 PM CST
JANUARY 28 2015.......SUNRISE   722 AM CST   SUNSET   517 PM CST


-  INDICATES NEGATIVE NUMBERS.
R  INDICATES RECORD WAS SET OR TIED.
MM INDICATES DATA IS MISSING.
T  INDICATES TRACE AMOUNT.




$$




National Weather Service
Disclaimer
Last Modified: August 31, 2005
Privacy Policy