666
CDUS45 KTWC 211426
CLITUS

CLIMATE REPORT
NATIONAL WEATHER SERVICE TUCSON AZ
725 AM MST TUE OCT 21 2014


...................................

...THE TUCSON AZ CLIMATE SUMMARY FOR OCTOBER 21 2014...
VALID AS OF 0700 AM LOCAL TIME.

CLIMATE NORMAL PERIOD 1981 TO 2010
CLIMATE RECORD PERIOD 1895 TO 2014


WEATHER ITEM   OBSERVED TIME   RECORD YEAR NORMAL DEPARTURE LAST
                VALUE   (LST)  VALUE       VALUE  FROM      YEAR
                                                  NORMAL
..................................................................
TEMPERATURE (F)
 TODAY
  MINIMUM         62    619 AM  33    1920  55      7       52

PRECIPITATION (IN)
  TODAY            0.00          1.55 1978   0.02  -0.02     0.00
  MONTH TO DATE    1.33                      0.66   0.67     0.00
  SINCE OCT 1      1.33                      0.66   0.67     0.00
  SINCE JAN 1      8.02                      9.86  -1.84     5.48

DEGREE DAYS
 HEATING
  TODAY            0                         1     -1        0

 COOLING
  TODAY            2                         5     -3        4
..................................................................


WIND (MPH)
  HIGHEST WIND SPEED    14   HIGHEST WIND DIRECTION     S (160)
  HIGHEST GUST SPEED    19   HIGHEST GUST DIRECTION     S (160)
  AVERAGE WIND SPEED     8.6


SKY COVER
  POSSIBLE SUNSHINE  MM
  AVERAGE SKY COVER 0.0


WEATHER CONDITIONS
 THE FOLLOWING WEATHER WAS RECORDED TODAY.
  NO SIGNIFICANT WEATHER WAS OBSERVED.


RELATIVE HUMIDITY (PERCENT)
 HIGHEST    65           500 AM

..........................................................


THE TUCSON AZ CLIMATE NORMALS FOR TOMORROW
                         NORMAL    RECORD    YEAR
 MAXIMUM TEMPERATURE (F)   83        95      2003
 MINIMUM TEMPERATURE (F)   55        29      1908


SUNRISE AND SUNSET
OCTOBER 21 2014.......SUNRISE   632 AM MST   SUNSET   544 PM MST
OCTOBER 22 2014.......SUNRISE   633 AM MST   SUNSET   543 PM MST


-  INDICATES NEGATIVE NUMBERS.
R  INDICATES RECORD WAS SET OR TIED.
MM INDICATES DATA IS MISSING.
T  INDICATES TRACE AMOUNT.




$$







National Weather Service
Disclaimer
Last Modified: August 31, 2005
Privacy Policy