407
CDUS44 KLUB 250128
CLILBB


CLIMATE REPORT
NATIONAL WEATHER SERVICE LUBBOCK, TX
828 PM CDT THU APR 24 2014


...................................

...THE LUBBOCK CLIMATE SUMMARY FOR APRIL 24 2014...
VALID TODAY AS OF 0800 PM LOCAL TIME.

CLIMATE NORMAL PERIOD 1981 TO 2010
CLIMATE RECORD PERIOD 1911 TO 2014


WEATHER ITEM   OBSERVED TIME   RECORD YEAR NORMAL DEPARTURE LAST
                VALUE   (LST)  VALUE       VALUE  FROM      YEAR
                                                  NORMAL
..................................................................
TEMPERATURE (F)
 TODAY
  MAXIMUM         77    436 PM  95    1996  78     -1       63
                                      1943
  MINIMUM         53    733 AM  25    2013  49      4       25
  AVERAGE         65                        63      2       44

PRECIPITATION (IN)
  TODAY            0.00          1.81 1911   0.05  -0.05     0.00
  MONTH TO DATE    0.57                      1.06  -0.49     0.04
  SINCE MAR 1      0.74                      2.16  -1.42     0.04
  SINCE JAN 1      0.90                      3.56  -2.66     2.27

SNOWFALL (IN)
  TODAY            0.0                       0.0    0.0      0.0
  MONTH TO DATE    T                         0.2   -0.2      0.4
  SINCE MAR 1      T                         0.8   -0.8      0.4
  SINCE JUL 1      4.2                       8.2   -4.0      4.1
  SNOW DEPTH       0

DEGREE DAYS
 HEATING
  TODAY            0                         4     -4       21
  MONTH TO DATE  142                       161    -19      225
  SINCE MAR 1    582                       576      6      581
  SINCE JUL 1   3434                      3315    119     3111

 COOLING
  TODAY            0                         2     -2        0
  MONTH TO DATE   37                        33      4       28
  SINCE MAR 1     40                        40      0       30
  SINCE JAN 1     40                        40      0       30
..................................................................


WIND (MPH)
  HIGHEST WIND SPEED    31   HIGHEST WIND DIRECTION     W (290)
  HIGHEST GUST SPEED    40   HIGHEST GUST DIRECTION     N (360)
  AVERAGE WIND SPEED    15.9


SKY COVER
  POSSIBLE SUNSHINE  MM
  AVERAGE SKY COVER 0.3


WEATHER CONDITIONS
 THE FOLLOWING WEATHER WAS RECORDED TODAY.
  HAZE
  SANDSTORM


RELATIVE HUMIDITY (PERCENT)
 HIGHEST    46           800 AM
 LOWEST     13           400 PM
 AVERAGE    30

..........................................................


THE LUBBOCK CLIMATE NORMALS FOR TOMORROW
                         NORMAL    RECORD    YEAR
 MAXIMUM TEMPERATURE (F)   78       104      2012
 MINIMUM TEMPERATURE (F)   49        35      1947
                                             1927
                                             1918


SUNRISE AND SUNSET
APRIL 24 2014.........SUNRISE   706 AM CDT   SUNSET   825 PM CDT
APRIL 25 2014.........SUNRISE   705 AM CDT   SUNSET   826 PM CDT


-  INDICATES NEGATIVE NUMBERS.
R  INDICATES RECORD WAS SET OR TIED.
MM INDICATES DATA IS MISSING.
T  INDICATES TRACE AMOUNT.




$$




National Weather Service
Disclaimer
Last Modified: August 31, 2005
Privacy Policy