407
CDUS45 KGGW 301524
CLIJDN


CLIMATE REPORT
NATIONAL WEATHER SERVICE GLASGOW MT
924 AM MDT THU OCT 30 2014


...................................

...THE JORDAN  ASOS MT CLIMATE SUMMARY FOR OCTOBER 30 2014...
VALID AS OF 0900 AM LOCAL TIME.

CLIMATE NORMAL PERIOD 1981 TO 2010
CLIMATE RECORD PERIOD 9999 TO 9999


WEATHER ITEM   OBSERVED TIME   RECORD YEAR NORMAL DEPARTURE LAST
                VALUE   (LST)  VALUE       VALUE  FROM      YEAR
                                                  NORMAL
..................................................................
TEMPERATURE (F)
 TODAY
  MAXIMUM         33    800 AM  MM      MM  53    -20       48
  MINIMUM         25    600 AM  MM      MM  24      1       18
  AVERAGE         29                        38     -9       33

PRECIPITATION (IN)
  TODAY            0.00         MM      MM   0.03  -0.03     0.00
  MONTH TO DATE    0.12                      0.87  -0.75     0.51
  SINCE OCT 1      0.12                      0.87  -0.75     0.51
  SINCE JAN 1     12.65                     12.00   0.65    15.97

SNOWFALL (IN)
  TODAY            0.0          MM      MM  MM     MM        0.0
  MONTH TO DATE    0.0                      MM     MM        0.0
  SINCE SEP 1      0.0                      MM     MM        0.0
  SINCE JUL 1      0.0                      MM     MM        0.0
  SNOW DEPTH      MM

DEGREE DAYS
 HEATING
  TODAY           36                        27      9       32
  MONTH TO DATE  504                       620   -116      661
  SINCE SEP 1    746                       881   -135      809
  SINCE JUL 1    795                       946   -151      822

 COOLING
  TODAY            0                         0      0        0
  MONTH TO DATE    0                         0      0        0
  SINCE SEP 1      9                        27    -18       77
  SINCE JAN 1    460                       420     40      520
..................................................................


WIND (MPH)
  HIGHEST WIND SPEED    10   HIGHEST WIND DIRECTION     E (90)
  HIGHEST GUST SPEED    MM   HIGHEST GUST DIRECTION    MM
  AVERAGE WIND SPEED     2.0


SKY COVER
  POSSIBLE SUNSHINE  MM
  AVERAGE SKY COVER 0.0


WEATHER CONDITIONS
 THE FOLLOWING WEATHER WAS RECORDED TODAY.
  NO SIGNIFICANT WEATHER WAS OBSERVED.


RELATIVE HUMIDITY (PERCENT)
 HIGHEST   100           700 AM
 LOWEST     88           500 AM
 AVERAGE    94

..........................................................


THE JORDAN  ASOS MT CLIMATE NORMALS FOR TOMORROW
                         NORMAL    RECORD    YEAR
 MAXIMUM TEMPERATURE (F)   52        MM        MM
 MINIMUM TEMPERATURE (F)   23        MM        MM


SUNRISE AND SUNSET
OCTOBER 30 2014.......SUNRISE   748 AM MDT   SUNSET   553 PM MDT
OCTOBER 31 2014.......SUNRISE   749 AM MDT   SUNSET   552 PM MDT


-  INDICATES NEGATIVE NUMBERS.
R  INDICATES RECORD WAS SET OR TIED.
MM INDICATES DATA IS MISSING.
T  INDICATES TRACE AMOUNT.




$$




National Weather Service
Disclaimer
Last Modified: August 31, 2005
Privacy Policy