371
CDUS46 KPQR 270225
CLIPDX


CLIMATE REPORT
NATIONAL WEATHER SERVICE PORTLAND OREGON
624 PM PST WED NOV 26 2014


...................................

...THE PORTLAND OR CLIMATE SUMMARY FOR NOVEMBER 26 2014...
VALID TODAY AS OF 0600 PM LOCAL TIME.

CLIMATE NORMAL PERIOD 1981 TO 2010
CLIMATE RECORD PERIOD 1940 TO 2014


WEATHER ITEM   OBSERVED TIME   RECORD YEAR NORMAL DEPARTURE LAST
                VALUE   (LST)  VALUE       VALUE  FROM      YEAR
                                                  NORMAL
..................................................................
TEMPERATURE (F)
 TODAY
  MAXIMUM         62R   248 PM  61    1949  50     12       50
  MINIMUM         55    744 AM  18    1952  38     17       29
  AVERAGE         59                        44     15       40

PRECIPITATION (IN)
  TODAY            0.00          2.26 1945   0.20  -0.20     0.00
  MONTH TO DATE    2.35                      4.80  -2.45     2.91
  SINCE OCT 1      8.29                      7.80   0.49     4.06
  SINCE JAN 1     33.42                     29.71   3.71    24.96

DEGREE DAYS
 HEATING
  TODAY            6                        21    -15       25
  MONTH TO DATE  468                       463      5      476
  SINCE SEP 1    648                       854   -206      910
  SINCE JUL 1    649                       881   -232      915

 COOLING
  TODAY            0                         0      0        0
  MONTH TO DATE    0                         0      0        0
  SINCE SEP 1    118                        61     57       86
  SINCE JAN 1    653                       424    229      539
..................................................................


WIND (MPH)
  HIGHEST WIND SPEED    13   HIGHEST WIND DIRECTION     E (110)
  HIGHEST GUST SPEED    14   HIGHEST GUST DIRECTION     E (110)
  AVERAGE WIND SPEED     5.1



WEATHER CONDITIONS
 THE FOLLOWING WEATHER WAS RECORDED TODAY.
  NO SIGNIFICANT WEATHER WAS OBSERVED.


RELATIVE HUMIDITY (PERCENT)
 HIGHEST    86          1200 AM
 LOWEST     78           100 PM
 AVERAGE    82

..........................................................


THE PORTLAND OR CLIMATE NORMALS FOR TOMORROW
                         NORMAL    RECORD    YEAR
 MAXIMUM TEMPERATURE (F)   49        63      1947
 MINIMUM TEMPERATURE (F)   38        20      1952


SUNRISE AND SUNSET
NOVEMBER 26 2014......SUNRISE   724 AM PST   SUNSET   431 PM PST
NOVEMBER 27 2014......SUNRISE   726 AM PST   SUNSET   430 PM PST


-  INDICATES NEGATIVE NUMBERS.
R  INDICATES RECORD WAS SET OR TIED.
MM INDICATES DATA IS MISSING.
T  INDICATES TRACE AMOUNT.




$$




366
CDUS46 KPQR 270225
CLIAST


CLIMATE REPORT
NATIONAL WEATHER SERVICE PORTLAND OREGON
624 PM PST WED NOV 26 2014


...................................

...THE ASTORIA OR CLIMATE SUMMARY FOR NOVEMBER 26 2014...
VALID TODAY AS OF 0600 PM LOCAL TIME.

CLIMATE NORMAL PERIOD 1981 TO 2010
CLIMATE RECORD PERIOD 1892 TO 2014


WEATHER ITEM   OBSERVED TIME   RECORD YEAR NORMAL DEPARTURE LAST
                VALUE   (LST)  VALUE       VALUE  FROM      YEAR
                                                  NORMAL
..................................................................
TEMPERATURE (F)
 TODAY
  MAXIMUM         61R   559 PM  60    1950  51     10       51
                                      1903
  MINIMUM         53    501 PM  24    1896  38     15       35
  AVERAGE         57                        45     12       43

PRECIPITATION (IN)
  TODAY            T             2.31 1955   0.40  -0.40      T
  MONTH TO DATE    5.38                      9.56  -4.18     4.77
  SINCE OCT 1     13.99                     15.54  -1.55     6.82
  SINCE JAN 1     61.24                     55.78   5.46    53.87

DEGREE DAYS
 HEATING
  TODAY            8                        20    -12       22
  MONTH TO DATE  447                       462    -15      457
  SINCE SEP 1    743                      1048   -305     1027
  SINCE JUL 1    901                      1329   -428     1274

 COOLING
  TODAY            0                         0      0        0
  MONTH TO DATE    0                         0      0        0
  SINCE SEP 1     20                         5     15        3
  SINCE JAN 1     45                        12     33        9
..................................................................


WIND (MPH)
  HIGHEST WIND SPEED    23   HIGHEST WIND DIRECTION     S (200)
  HIGHEST GUST SPEED    31   HIGHEST GUST DIRECTION    SW (230)
  AVERAGE WIND SPEED     6.3


SKY COVER
  POSSIBLE SUNSHINE  MM
  AVERAGE SKY COVER 0.8


WEATHER CONDITIONS
 THE FOLLOWING WEATHER WAS RECORDED TODAY.
  LIGHT RAIN
  FOG


RELATIVE HUMIDITY (PERCENT)
 HIGHEST    93          1200 AM
 LOWEST     86           200 PM
 AVERAGE    90

..........................................................


THE ASTORIA OR CLIMATE NORMALS FOR TOMORROW
                         NORMAL    RECORD    YEAR
 MAXIMUM TEMPERATURE (F)   51        63      2002
 MINIMUM TEMPERATURE (F)   38        19      1896


SUNRISE AND SUNSET
NOVEMBER 26 2014......SUNRISE   731 AM PST   SUNSET   434 PM PST
NOVEMBER 27 2014......SUNRISE   733 AM PST   SUNSET   433 PM PST


-  INDICATES NEGATIVE NUMBERS.
R  INDICATES RECORD WAS SET OR TIED.
MM INDICATES DATA IS MISSING.
T  INDICATES TRACE AMOUNT.




$$




National Weather Service
Disclaimer
Last Modified: August 31, 2005
Privacy Policy