129
CDUS41 KBOX 021045
CLIORH


CLIMATE REPORT
NATIONAL WEATHER SERVICE TAUNTON MA
642 AM EDT TUE SEP 2 2014


...................................

...THE WORCESTER MA CLIMATE SUMMARY FOR SEPTEMBER 1 2014...

CLIMATE NORMAL PERIOD 1981 TO 2010
CLIMATE RECORD PERIOD 1892 TO 2014


WEATHER ITEM   OBSERVED TIME   RECORD YEAR NORMAL DEPARTURE LAST
                VALUE   (LST)  VALUE       VALUE  FROM      YEAR
                                                  NORMAL
..................................................................
TEMPERATURE (F)
 YESTERDAY
  MAXIMUM         82    408 PM  90    1937  75      7       75
  MINIMUM         68    601 AM  38    1926  58     10       66
  AVERAGE         75                        66      9       71

PRECIPITATION (IN)
  YESTERDAY        0.00          1.62 1927   0.11  -0.11     1.61
  MONTH TO DATE    0.00                      0.11  -0.11     1.61
  SINCE SEP 1      0.00                      0.11  -0.11     1.61
  SINCE JAN 1     35.03                     31.47   3.56    34.63

SNOWFALL (IN)
  YESTERDAY        0.0           0.0  2001   0.0    0.0      0.0
                                      2000
  MONTH TO DATE    0.0                       0.0    0.0      0.0
  SINCE SEP 1      0.0                       0.0    0.0      0.0
  SINCE JUL 1      0.0                       0.0    0.0      0.0
  SNOW DEPTH       0

DEGREE DAYS
 HEATING
  YESTERDAY        0                         2     -2        0
  MONTH TO DATE    0                         2     -2        0
  SINCE SEP 1      0                         2     -2        0
  SINCE JUL 1     20                        41    -21       19

 COOLING
  YESTERDAY       10                         3      7        6
  MONTH TO DATE   10                         3      7        6
  SINCE SEP 1     10                         3      7        6
  SINCE JAN 1    372                       429    -57      537
..................................................................


WIND (MPH)
  RESULTANT WIND SPEED   5   RESULTANT WIND DIRECTION   W (250)
  HIGHEST WIND SPEED    13   HIGHEST WIND DIRECTION     W (270)
  HIGHEST GUST SPEED    17   HIGHEST GUST DIRECTION     W (260)
  AVERAGE WIND SPEED     6.6


SKY COVER
  POSSIBLE SUNSHINE  MM
  AVERAGE SKY COVER 0.3


WEATHER CONDITIONS
 THE FOLLOWING WEATHER WAS RECORDED YESTERDAY.
  FOG


RELATIVE HUMIDITY (PERCENT)
 HIGHEST   100          1200 AM
 LOWEST     58          1200 PM
 AVERAGE    79

..........................................................


THE WORCESTER MA CLIMATE NORMALS FOR TODAY
                         NORMAL    RECORD    YEAR
 MAXIMUM TEMPERATURE (F)   74        99      1953
 MINIMUM TEMPERATURE (F)   58        38      1934


SUNRISE AND SUNSET
SEPTEMBER  2 2014.....SUNRISE   614 AM EDT   SUNSET   720 PM EDT
SEPTEMBER  3 2014.....SUNRISE   615 AM EDT   SUNSET   718 PM EDT


-  INDICATES NEGATIVE NUMBERS.
R  INDICATES RECORD WAS SET OR TIED.
MM INDICATES DATA IS MISSING.
T  INDICATES TRACE AMOUNT.




$$




132
CDUS41 KBOX 021045
CLIBOS


CLIMATE REPORT
NATIONAL WEATHER SERVICE TAUNTON MA
642 AM EDT TUE SEP 2 2014


...................................

...THE BOSTON MA CLIMATE SUMMARY FOR SEPTEMBER 1 2014...

CLIMATE NORMAL PERIOD 1981 TO 2010
CLIMATE RECORD PERIOD 1872 TO 2014


WEATHER ITEM   OBSERVED TIME   RECORD YEAR NORMAL DEPARTURE LAST
                VALUE   (LST)  VALUE       VALUE  FROM      YEAR
                                                  NORMAL
..................................................................
TEMPERATURE (F)
 YESTERDAY
  MAXIMUM         85   1153 AM  96    1881  77      8       79
  MINIMUM         72    546 AM  50    1887  62     10       70
  AVERAGE         79                        70      9       75

PRECIPITATION (IN)
  YESTERDAY        0.00          2.11 1949   0.10  -0.10     0.38
  MONTH TO DATE    0.00                      0.10  -0.10     0.38
  SINCE SEP 1      0.00                      0.10  -0.10     0.38
  SINCE JAN 1     26.89                     28.72  -1.83    30.58

SNOWFALL (IN)
  YESTERDAY        0.0           0.0  2002   0.0    0.0      0.0
                                      2001
                                      2000
  MONTH TO DATE    0.0                       0.0    0.0      0.0
  SINCE SEP 1      0.0                       0.0    0.0      0.0
  SINCE JUL 1      0.0                       0.0    0.0      0.0
  SNOW DEPTH       0

DEGREE DAYS
 HEATING
  YESTERDAY        0                         1     -1        0
  MONTH TO DATE    0                         1     -1        0
  SINCE SEP 1      0                         1     -1        0
  SINCE JUL 1      0                        14    -14        2

 COOLING
  YESTERDAY       14                         5      9       10
  MONTH TO DATE   14                         5      9       10
  SINCE SEP 1     14                         5      9       10
  SINCE JAN 1    653                       664    -11      831
..................................................................


WIND (MPH)
  RESULTANT WIND SPEED   4   RESULTANT WIND DIRECTION   S (190)
  HIGHEST WIND SPEED    14   HIGHEST WIND DIRECTION    SE (120)
  HIGHEST GUST SPEED    17   HIGHEST GUST DIRECTION    SW (240)
  AVERAGE WIND SPEED     7.8


SKY COVER
  POSSIBLE SUNSHINE  MM
  AVERAGE SKY COVER 0.6


WEATHER CONDITIONS
 THE FOLLOWING WEATHER WAS RECORDED YESTERDAY.
  NO SIGNIFICANT WEATHER WAS OBSERVED.


RELATIVE HUMIDITY (PERCENT)
 HIGHEST    93          1200 AM
 LOWEST     55          1100 AM
 AVERAGE    74

..........................................................


THE BOSTON MA CLIMATE NORMALS FOR TODAY
                         NORMAL    RECORD    YEAR
 MAXIMUM TEMPERATURE (F)   77       100      1953
 MINIMUM TEMPERATURE (F)   62        49      1967
                                             1896


SUNRISE AND SUNSET
SEPTEMBER  2 2014.....SUNRISE   610 AM EDT   SUNSET   716 PM EDT
SEPTEMBER  3 2014.....SUNRISE   611 AM EDT   SUNSET   715 PM EDT


-  INDICATES NEGATIVE NUMBERS.
R  INDICATES RECORD WAS SET OR TIED.
MM INDICATES DATA IS MISSING.
T  INDICATES TRACE AMOUNT.




$$




133
CDUS41 KBOX 021045
CLIBDL


CLIMATE REPORT
NATIONAL WEATHER SERVICE TAUNTON MA
642 AM EDT TUE SEP 2 2014


...................................

...THE HARTFORD CT CLIMATE SUMMARY FOR SEPTEMBER 1 2014...

CLIMATE NORMAL PERIOD 1981 TO 2010
CLIMATE RECORD PERIOD 1904 TO 2014


WEATHER ITEM   OBSERVED TIME   RECORD YEAR NORMAL DEPARTURE LAST
                VALUE   (LST)  VALUE       VALUE  FROM      YEAR
                                                  NORMAL
..................................................................
TEMPERATURE (F)
 YESTERDAY
  MAXIMUM         89    407 PM  96    2010  80      9       81
                                      1961
  MINIMUM         69    441 AM  44    1975  58     11       69
  AVERAGE         79                        69     10       75

PRECIPITATION (IN)
  YESTERDAY        0.00          0.91 1952   0.11  -0.11     0.39
  MONTH TO DATE    0.00                      0.11  -0.11     0.39
  SINCE SEP 1      0.00                      0.11  -0.11     0.39
  SINCE JAN 1     31.97                     30.38   1.59    38.39

SNOWFALL (IN)
  YESTERDAY        0.0           0.0  2002   0.0    0.0      0.0
                                      2001
                                      2000
  MONTH TO DATE    0.0                       0.0    0.0      0.0
  SINCE SEP 1      0.0                       0.0    0.0      0.0
  SINCE JUL 1      0.0                       0.0    0.0      0.0
  SNOW DEPTH       0

DEGREE DAYS
 HEATING
  YESTERDAY        0                         1     -1        0
  MONTH TO DATE    0                         1     -1        0
  SINCE SEP 1      0                         1     -1        0
  SINCE JUL 1      2                        13    -11        2

 COOLING
  YESTERDAY       14                         5      9       10
  MONTH TO DATE   14                         5      9       10
  SINCE SEP 1     14                         5      9       10
  SINCE JAN 1    673                       680     -7      834
..................................................................


WIND (MPH)
  RESULTANT WIND SPEED   3   RESULTANT WIND DIRECTION   S (190)
  HIGHEST WIND SPEED    10   HIGHEST WIND DIRECTION    SW (240)
  HIGHEST GUST SPEED    14   HIGHEST GUST DIRECTION     W (260)
  AVERAGE WIND SPEED     4.5


SKY COVER
  POSSIBLE SUNSHINE  MM
  AVERAGE SKY COVER 0.5


WEATHER CONDITIONS
 THE FOLLOWING WEATHER WAS RECORDED YESTERDAY.
  FOG


RELATIVE HUMIDITY (PERCENT)
 HIGHEST    97           300 AM
 LOWEST     47           400 PM
 AVERAGE    72

..........................................................


THE HARTFORD CT CLIMATE NORMALS FOR TODAY
                         NORMAL    RECORD    YEAR
 MAXIMUM TEMPERATURE (F)   80       101      1953
 MINIMUM TEMPERATURE (F)   58        43      1967


SUNRISE AND SUNSET
SEPTEMBER  2 2014.....SUNRISE   617 AM EDT   SUNSET   723 PM EDT
SEPTEMBER  3 2014.....SUNRISE   618 AM EDT   SUNSET   721 PM EDT


-  INDICATES NEGATIVE NUMBERS.
R  INDICATES RECORD WAS SET OR TIED.
MM INDICATES DATA IS MISSING.
T  INDICATES TRACE AMOUNT.




$$




National Weather Service
Disclaimer
Last Modified: August 31, 2005
Privacy Policy