001
CDUS43 KDDC 311007
CLIGCK


CLIMATE REPORT
NATIONAL WEATHER SERVICE DODGE CITY KS
506 AM CDT SUN AUG 31 2014


...................................

...THE GARDEN CITY REGIONAL ARPT KS CLIMATE SUMMARY FOR AUGUST 30 2014...

CLIMATE NORMAL PERIOD 1981 TO 2010
CLIMATE RECORD PERIOD 1948 TO 2014


WEATHER ITEM   OBSERVED TIME   RECORD YEAR NORMAL DEPARTURE LAST
                VALUE   (LST)  VALUE       VALUE  FROM      YEAR
                                                  NORMAL
..................................................................
TEMPERATURE (F)
 YESTERDAY
  MAXIMUM         90    433 PM 104    1990  88      2      101
  MINIMUM         57    408 AM  51    1993  61     -4       64
  AVERAGE         74                        74      0       83

PRECIPITATION (IN)
  YESTERDAY        0.00          1.06 1996   0.06  -0.06     0.00
  MONTH TO DATE    1.85                      2.38  -0.53     4.92
  SINCE JUN 1     16.29                      8.64   7.65     8.59
  SINCE JAN 1     17.65                     15.58   2.07    10.16

DEGREE DAYS
 HEATING
  YESTERDAY        0                         0      0
  MONTH TO DATE    0                         0      0
  SINCE JUN 1     21                        17      4
  SINCE JUL 1     10                         1      9

 COOLING
  YESTERDAY        9                        10     -1
  MONTH TO DATE  383                       356     27
  SINCE JUN 1    999                      1018    -19
  SINCE JAN 1   1142                      1107     35
..................................................................


WIND (MPH)
  HIGHEST WIND SPEED    26   HIGHEST WIND DIRECTION    SE (150)
  HIGHEST GUST SPEED    36   HIGHEST GUST DIRECTION     S (180)
  AVERAGE WIND SPEED    11.5



WEATHER CONDITIONS
 THE FOLLOWING WEATHER WAS RECORDED YESTERDAY.
  HAZE


RELATIVE HUMIDITY (PERCENT)
 HIGHEST    93           400 AM
 LOWEST     28           100 PM
 AVERAGE    61

..........................................................


THE GARDEN CITY REGIONAL ARPT KS CLIMATE NORMALS FOR TODAY
                         NORMAL    RECORD    YEAR
 MAXIMUM TEMPERATURE (F)   87       104      2011
 MINIMUM TEMPERATURE (F)   61        47      1993


SUNRISE AND SUNSET
AUGUST 31 2014........SUNRISE   712 AM CDT   SUNSET   814 PM CDT
SEPTEMBER  1 2014.....SUNRISE   713 AM CDT   SUNSET   812 PM CDT


-  INDICATES NEGATIVE NUMBERS.
R  INDICATES RECORD WAS SET OR TIED.
MM INDICATES DATA IS MISSING.
T  INDICATES TRACE AMOUNT.




$$




000
CDUS43 KDDC 311007
CLIP28


CLIMATE REPORT
NATIONAL WEATHER SERVICE DODGE CITY KS
506 AM CDT SUN AUG 31 2014


...................................

...THE MEDICINE LODGE KS CLIMATE SUMMARY FOR AUGUST 30 2014...

CLIMATE NORMAL PERIOD 1981 TO 2010
CLIMATE RECORD PERIOD 1893 TO 2014


WEATHER ITEM   OBSERVED TIME   RECORD YEAR NORMAL DEPARTURE LAST
                VALUE   (LST)  VALUE       VALUE  FROM      YEAR
                                                  NORMAL
..................................................................
TEMPERATURE (F)
 YESTERDAY
  MAXIMUM         92    422 PM 111    1939  90      2      103
  MINIMUM         61    636 AM  44    1915  65     -4       66
  AVERAGE         77                        77      0       85

PRECIPITATION (IN)
  YESTERDAY        0.00          3.87 2003   0.11  -0.11     0.00
  MONTH TO DATE    2.01                      3.01  -1.00     6.29
  SINCE JUN 1     14.62                     10.50   4.12    11.29
  SINCE JAN 1     17.51                     20.24  -2.73    21.64

SNOWFALL (IN)
  YESTERDAY        0.0          MM      MM   0.0             0.0
  MONTH TO DATE    0.0                       0.0             0.0
  SINCE JUN 1      0.0                       0.0             0.0
  SINCE JUL 1      0.0                       0.0             0.0
  SNOW DEPTH       0

DEGREE DAYS
 HEATING
  YESTERDAY        0                         0      0
  MONTH TO DATE    0                         0      0
  SINCE JUN 1      5                         3      2
  SINCE JUL 1      5                         0      5

 COOLING
  YESTERDAY       12                        12      0       20
  MONTH TO DATE  484                       461     23      406
  SINCE JUN 1   1195                      1342   -147     1285
  SINCE JAN 1   1464                      1498    -34     1428
..................................................................


WIND (MPH)
  HIGHEST WIND SPEED    12   HIGHEST WIND DIRECTION    SE (140)
  HIGHEST GUST SPEED    17   HIGHEST GUST DIRECTION     S (180)
  AVERAGE WIND SPEED     5.2




RELATIVE HUMIDITY (PERCENT)
 HIGHEST    97           600 AM
 LOWEST     30           400 PM
 AVERAGE    64

..........................................................


THE MEDICINE LODGE KS CLIMATE NORMALS FOR TODAY
                         NORMAL    RECORD    YEAR
 MAXIMUM TEMPERATURE (F)   90       109      2011
 MINIMUM TEMPERATURE (F)   65        45      1915


SUNRISE AND SUNSET
AUGUST 31 2014........SUNRISE   704 AM CDT   SUNSET   804 PM CDT
SEPTEMBER  1 2014.....SUNRISE   705 AM CDT   SUNSET   803 PM CDT


-  INDICATES NEGATIVE NUMBERS.
R  INDICATES RECORD WAS SET OR TIED.
MM INDICATES DATA IS MISSING.
T  INDICATES TRACE AMOUNT.




$$




999
CDUS43 KDDC 311007
CLIDGC


CLIMATE REPORT
NATIONAL WEATHER SERVICE DODGE CITY KS
506 AM CDT SUN AUG 31 2014


...................................

...THE DODGE CITY KS CLIMATE SUMMARY FOR AUGUST 30 2014...

CLIMATE NORMAL PERIOD 1981 TO 2010
CLIMATE RECORD PERIOD 1875 TO 2014


WEATHER ITEM   OBSERVED TIME   RECORD YEAR NORMAL DEPARTURE LAST
                VALUE   (LST)  VALUE       VALUE  FROM      YEAR
                                                  NORMAL
..................................................................
TEMPERATURE (F)
 YESTERDAY
  MAXIMUM         92    310 PM 104    1982  89      3       99
  MINIMUM         61    540 AM  43    1915  63     -2       66
  AVERAGE         77                        76      1       83

PRECIPITATION (IN)
  YESTERDAY        0.00          1.45 1906   0.08  -0.08     0.00
  MONTH TO DATE    2.43                      2.66  -0.23     6.92
  SINCE JUN 1     14.53                      8.98   5.55    12.05
  SINCE JAN 1     18.05                     16.50   1.55    15.48

SNOWFALL (IN)
  YESTERDAY        0.0           0.0  2002   0.0    0.0      0.0
                                      2001
  MONTH TO DATE    0.0                       0.0    0.0      0.0
  SINCE JUN 1      0.0                       0.0    0.0      0.0
  SINCE JUL 1      0.0                       0.0    0.0      0.0
  SNOW DEPTH       0

DEGREE DAYS
 HEATING
  YESTERDAY        0                         0      0        0
  MONTH TO DATE    0                         0      0        0
  SINCE JUN 1     20                        14      6       12
  SINCE JUL 1     13                         1     12        0

 COOLING
  YESTERDAY       12                        11      1       18
  MONTH TO DATE  427                       398     29      350
  SINCE JUN 1   1055                      1128    -73     1181
  SINCE JAN 1   1227                      1237    -10     1343
..................................................................


WIND (MPH)
  HIGHEST WIND SPEED    24   HIGHEST WIND DIRECTION    SE (150)
  HIGHEST GUST SPEED    34   HIGHEST GUST DIRECTION     S (160)
  AVERAGE WIND SPEED    10.0


SKY COVER
  POSSIBLE SUNSHINE  MM
  AVERAGE SKY COVER 0.0


WEATHER CONDITIONS
 THE FOLLOWING WEATHER WAS RECORDED YESTERDAY.
  NO SIGNIFICANT WEATHER WAS OBSERVED.


RELATIVE HUMIDITY (PERCENT)
 HIGHEST    78           200 AM
 LOWEST     21           300 PM
 AVERAGE    50

..........................................................


THE DODGE CITY KS CLIMATE NORMALS FOR TODAY
                         NORMAL    RECORD    YEAR
 MAXIMUM TEMPERATURE (F)   88       107      2011
 MINIMUM TEMPERATURE (F)   62        46      1915


SUNRISE AND SUNSET
AUGUST 31 2014........SUNRISE   709 AM CDT   SUNSET   810 PM CDT
SEPTEMBER  1 2014.....SUNRISE   710 AM CDT   SUNSET   809 PM CDT


-  INDICATES NEGATIVE NUMBERS.
R  INDICATES RECORD WAS SET OR TIED.
MM INDICATES DATA IS MISSING.
T  INDICATES TRACE AMOUNT.




$$




National Weather Service
Disclaimer
Last Modified: August 31, 2005
Privacy Policy