589
CDUS45 KCYS 010344
CLISNY


CLIMATE REPORT
NATIONAL WEATHER SERVICE CHEYENNE WY
941 PM MDT THU JUL 31 2014


...................................

...THE SIDNEY NE AIRPORT CLIMATE SUMMARY FOR JULY 31 2014...
VALID TODAY AS OF 0900 PM LOCAL TIME.

CLIMATE NORMAL PERIOD 1981 TO 2010
CLIMATE RECORD PERIOD 1948 TO 2014


WEATHER ITEM   OBSERVED TIME   RECORD YEAR NORMAL DEPARTURE LAST
                VALUE   (LST)  VALUE       VALUE  FROM      YEAR
                                                  NORMAL
..................................................................
TEMPERATURE (F)
 TODAY
  MAXIMUM         89    358 PM 104    2002  90     -1       89
  MINIMUM         53    426 AM  48    1973  61     -8       56
                                      1968
  AVERAGE         71                        75     -4       73

PRECIPITATION (IN)
  TODAY            0.00          0.93 1999   0.09  -0.09     0.00
  MONTH TO DATE    0.35                      2.96  -2.61     1.45
  SINCE JAN 1      8.77                     12.90  -4.13     7.48

DEGREE DAYS
 HEATING
  TODAY            0                         0      0        0
  MONTH TO DATE    9                         0      9        8
  SINCE JUN 1     64                        62      2       45
  SINCE JUL 1      9                         3      6        8

 COOLING
  TODAY            6                        11     -5        8
  MONTH TO DATE  259                       319    -60      270
  SINCE JUN 1    327                       456   -129      438
  SINCE JAN 1    343                       478   -135      471
..................................................................


WIND (MPH)
  HIGHEST WIND SPEED    15   HIGHEST WIND DIRECTION     N (10)
  HIGHEST GUST SPEED    22   HIGHEST GUST DIRECTION     N (10)
  AVERAGE WIND SPEED     6.6


SKY COVER
  AVERAGE SKY COVER 0.1


WEATHER CONDITIONS
 THE FOLLOWING WEATHER WAS RECORDED TODAY.
  NO SIGNIFICANT WEATHER WAS OBSERVED.


RELATIVE HUMIDITY (PERCENT)
 HIGHEST    93          1200 AM
 LOWEST     17           400 PM
 AVERAGE    55

..........................................................


THE SIDNEY NE AIRPORT CLIMATE NORMALS FOR TOMORROW
                         NORMAL    RECORD    YEAR
 MAXIMUM TEMPERATURE (F)   90       102      2004
 MINIMUM TEMPERATURE (F)   61        47      1968


SUNRISE AND SUNSET
JULY 31 2014..........SUNRISE   547 AM MDT   SUNSET   809 PM MDT
AUGUST  1 2014........SUNRISE   548 AM MDT   SUNSET   808 PM MDT


-  INDICATES NEGATIVE NUMBERS.
R  INDICATES RECORD WAS SET OR TIED.
MM INDICATES DATA IS MISSING.
T  INDICATES TRACE AMOUNT.




$$





588
CDUS45 KCYS 010344
CLICDR


CLIMATE REPORT
NATIONAL WEATHER SERVICE CHEYENNE WY
941 PM MDT THU JUL 31 2014


...................................

...THE CHADRON NE AIRPORT CLIMATE SUMMARY FOR JULY 31 2014...
VALID TODAY AS OF 0900 PM LOCAL TIME.

CLIMATE NORMAL PERIOD 1981 TO 2010
CLIMATE RECORD PERIOD 1895 TO 2014


WEATHER ITEM   OBSERVED TIME   RECORD YEAR NORMAL DEPARTURE LAST
                VALUE   (LST)  VALUE       VALUE  FROM      YEAR
                                                  NORMAL
..................................................................
TEMPERATURE (F)
 TODAY
  MAXIMUM         88    445 PM 108    2002  91     -3       86
  MINIMUM         50    521 AM  43    1925  58     -8       59
  AVERAGE         69                        75     -6       73

PRECIPITATION (IN)
  TODAY            0.00          1.21 1975   0.06  -0.06     0.00
  MONTH TO DATE    0.66                      2.11  -1.45     2.08
  SINCE JAN 1     11.79                     12.29  -0.50    10.92

DEGREE DAYS
 COOLING
  TODAY            4                        10     -6        8
  MONTH TO DATE  259                       276    -17      318
  SINCE JUN 1    313                       384    -71      430
  SINCE JAN 1    344                       404    -60      458
..................................................................


WIND (MPH)
  HIGHEST WIND SPEED    14   HIGHEST WIND DIRECTION    NE (60)
  HIGHEST GUST SPEED    18   HIGHEST GUST DIRECTION     E (100)
  AVERAGE WIND SPEED     3.9


SKY COVER
  AVERAGE SKY COVER 0.0


WEATHER CONDITIONS
 THE FOLLOWING WEATHER WAS RECORDED TODAY.
  NO SIGNIFICANT WEATHER WAS OBSERVED.


RELATIVE HUMIDITY (PERCENT)
 HIGHEST    89           500 AM
 LOWEST     22           400 PM
 AVERAGE    56

..........................................................


THE CHADRON NE AIRPORT CLIMATE NORMALS FOR TOMORROW
                         NORMAL    RECORD    YEAR
 MAXIMUM TEMPERATURE (F)   91       103      2011
                                             1955
                                             1943
 MINIMUM TEMPERATURE (F)   58        42      2009


SUNRISE AND SUNSET
JULY 31 2014..........SUNRISE   543 AM MDT   SUNSET   814 PM MDT
AUGUST  1 2014........SUNRISE   544 AM MDT   SUNSET   813 PM MDT


-  INDICATES NEGATIVE NUMBERS.
R  INDICATES RECORD WAS SET OR TIED.
MM INDICATES DATA IS MISSING.
T  INDICATES TRACE AMOUNT.




$$





584
CDUS45 KCYS 010344
CLIAIA


CLIMATE REPORT
NATIONAL WEATHER SERVICE CHEYENNE WY
941 PM MDT THU JUL 31 2014


...................................

...THE ALLIANCE NE AIRPORT CLIMATE SUMMARY FOR JULY 31 2014...
VALID TODAY AS OF 0900 PM LOCAL TIME.

CLIMATE NORMAL PERIOD 1981 TO 2010
CLIMATE RECORD PERIOD 1896 TO 2014


WEATHER ITEM   OBSERVED TIME   RECORD YEAR NORMAL DEPARTURE LAST
                VALUE   (LST)  VALUE       VALUE  FROM      YEAR
                                                  NORMAL
..................................................................
TEMPERATURE (F)
 TODAY
  MAXIMUM         88    321 PM 106    2002  89     -1       88
  MINIMUM         48    445 AM  37    1913  57     -9       63
  AVERAGE         68                        73     -5       76

PRECIPITATION (IN)
  TODAY            0.00          2.40 1915   0.07  -0.07      T
  MONTH TO DATE    0.12                      2.32  -2.20      T
  SINCE JAN 1     12.30                     10.71   1.59     6.72

DEGREE DAYS
 HEATING
  TODAY            0                         0      0        0
  MONTH TO DATE   27                         5     22        8
  SINCE JUN 1    126                       105     21       70
  SINCE JUL 1     27                        12     15        8

 COOLING
  TODAY            3                         8     -5       11
  MONTH TO DATE  222                       234    -12      250
  SINCE JUN 1    258                       322    -64      374
  SINCE JAN 1    272                       332    -60      396
..................................................................


WIND (MPH)
  HIGHEST WIND SPEED    16   HIGHEST WIND DIRECTION    NE (60)
  HIGHEST GUST SPEED    19   HIGHEST GUST DIRECTION    NE (60)
  AVERAGE WIND SPEED     7.5


SKY COVER
  AVERAGE SKY COVER 0.1


WEATHER CONDITIONS
 THE FOLLOWING WEATHER WAS RECORDED TODAY.
  FOG


RELATIVE HUMIDITY (PERCENT)
 HIGHEST   100           200 AM
 LOWEST     20           100 PM
 AVERAGE    60

..........................................................


THE ALLIANCE NE AIRPORT CLIMATE NORMALS FOR TOMORROW
                         NORMAL    RECORD    YEAR
 MAXIMUM TEMPERATURE (F)   89       103      1901
 MINIMUM TEMPERATURE (F)   57        43      2009


SUNRISE AND SUNSET
JULY 31 2014..........SUNRISE   544 AM MDT   SUNSET   811 PM MDT
AUGUST  1 2014........SUNRISE   545 AM MDT   SUNSET   810 PM MDT


-  INDICATES NEGATIVE NUMBERS.
R  INDICATES RECORD WAS SET OR TIED.
MM INDICATES DATA IS MISSING.
T  INDICATES TRACE AMOUNT.




$$





National Weather Service
Disclaimer
Last Modified: August 31, 2005
Privacy Policy