586
CDUS46 KLOX 260122
CLICMA


CLIMATE REPORT
NATIONAL WEATHER SERVICE LOS ANGELES/OXNARD CA
522 PM PST SUN JAN 25 2015


...................................

...THE CAMARILLO CLIMATE SUMMARY FOR JANUARY 25 2015...
VALID TODAY AS OF 0500 PM LOCAL TIME.

CLIMATE NORMAL PERIOD 1981 TO 2010
CLIMATE RECORD PERIOD 1948 TO 2015


WEATHER ITEM   OBSERVED TIME   RECORD YEAR NORMAL DEPARTURE LAST
                VALUE   (LST)  VALUE       VALUE  FROM      YEAR
                                                  NORMAL
..................................................................
TEMPERATURE (F)
 TODAY
  MAXIMUM         84    230 PM  86    2003  66     18       76
  MINIMUM         64    409 AM  32    1966  43     21       49
  AVERAGE         74                        54     20       63

PRECIPITATION (IN)
  TODAY            0.00          3.03 1956   0.04  -0.04     0.00
  MONTH TO DATE    2.03                      3.10  -1.07     0.00
  SINCE OCT 1      6.94                      7.10  -0.16     0.78
  SINCE JAN 1      2.03                      3.10  -1.07     0.00

SNOWFALL (IN)
  TODAY            0.0
  MONTH TO DATE    0.0
  SINCE DEC 1      0.0
  SINCE JUL 1      0.0

DEGREE DAYS
 HEATING
  TODAY            0                        11    -11        2
  MONTH TO DATE  171                       275   -104      151
  SINCE DEC 1    399                       624   -225      438
  SINCE JUL 1    486                       956   -470      662

 COOLING
  TODAY            9                         0      9        0
  MONTH TO DATE   20                         0     20       27
  SINCE DEC 1     24                         2     22       48
  SINCE JAN 1     20                         0     20       27
..................................................................


WIND (MPH)
  HIGHEST WIND SPEED    32   HIGHEST WIND DIRECTION     E (70)
  HIGHEST GUST SPEED    39   HIGHEST GUST DIRECTION     E (70)
  AVERAGE WIND SPEED    18.0


SKY COVER
  POSSIBLE SUNSHINE  MM
  AVERAGE SKY COVER 0.0


WEATHER CONDITIONS
 THE FOLLOWING WEATHER WAS RECORDED TODAY.
  NO SIGNIFICANT WEATHER WAS OBSERVED.


RELATIVE HUMIDITY (PERCENT)
 HIGHEST    23           400 PM
 LOWEST     15           100 AM
 AVERAGE    19

..........................................................


THE CAMARILLO CLIMATE NORMALS FOR TOMORROW
                         NORMAL    RECORD    YEAR
 MAXIMUM TEMPERATURE (F)   66        86      2003
 MINIMUM TEMPERATURE (F)   43        34      2007
                                             1979


SUNRISE AND SUNSET
JANUARY 25 2015.......SUNRISE   658 AM PST   SUNSET   519 PM PST
JANUARY 26 2015.......SUNRISE   658 AM PST   SUNSET   520 PM PST


-  INDICATES NEGATIVE NUMBERS.
R  INDICATES RECORD WAS SET OR TIED.
MM INDICATES DATA IS MISSING.
T  INDICATES TRACE AMOUNT.




$$




593
CDUS46 KLOX 260122
CLISBA


CLIMATE REPORT
NATIONAL WEATHER SERVICE LOS ANGELES/OXNARD CA
522 PM PST SUN JAN 25 2015


...................................

...THE SANTA BARBARA AIRPORT CA CLIMATE SUMMARY FOR JANUARY 25 2015...
VALID TODAY AS OF 0500 PM LOCAL TIME.

CLIMATE NORMAL PERIOD 1981 TO 2010
CLIMATE RECORD PERIOD 1940 TO 2015


WEATHER ITEM   OBSERVED TIME   RECORD YEAR NORMAL DEPARTURE LAST
                VALUE   (LST)  VALUE       VALUE  FROM      YEAR
                                                  NORMAL
..................................................................
TEMPERATURE (F)
 TODAY
  MAXIMUM         79R   300 PM  79    2012  64     15       75
                                      1951
  MINIMUM         40    626 AM  31    2002  41     -1       47
  AVERAGE         60                        52      8       61

PRECIPITATION (IN)
  TODAY            0.00          3.61 1956   0.10  -0.10     0.00
  MONTH TO DATE    1.24                      2.86  -1.62     0.00
  SINCE OCT 1      7.53                      8.16  -0.63     1.29
  SINCE JAN 1      1.24                      2.86  -1.62     0.00

SNOWFALL (IN)
  TODAY            0.0
  MONTH TO DATE    0.0
  SINCE DEC 1      0.0
  SINCE JUL 1      0.0

DEGREE DAYS
 HEATING
  TODAY            5                        13     -8        4
  MONTH TO DATE  237                       325    -88      192
  SINCE DEC 1    482                       731   -249      560
  SINCE JUL 1    615                      1209   -594      934

 COOLING
  TODAY            0                         0      0        0
  MONTH TO DATE    0                         0      0        0
  SINCE DEC 1      1                         0      1        0
  SINCE JAN 1      0                         0      0        0
..................................................................


WIND (MPH)
  HIGHEST WIND SPEED    13   HIGHEST WIND DIRECTION     W (270)
  HIGHEST GUST SPEED    16   HIGHEST GUST DIRECTION     W (270)
  AVERAGE WIND SPEED     3.2


SKY COVER
  POSSIBLE SUNSHINE  MM
  AVERAGE SKY COVER 0.1


WEATHER CONDITIONS
 THE FOLLOWING WEATHER WAS RECORDED TODAY.
  NO SIGNIFICANT WEATHER WAS OBSERVED.


RELATIVE HUMIDITY (PERCENT)
 HIGHEST    82           200 AM
 LOWEST     16           100 PM
 AVERAGE    49

..........................................................


THE SANTA BARBARA AIRPORT CA CLIMATE NORMALS FOR TOMORROW
                         NORMAL    RECORD    YEAR
 MAXIMUM TEMPERATURE (F)   64        85      2012
 MINIMUM TEMPERATURE (F)   41        31      1989


SUNRISE AND SUNSET
JANUARY 25 2015.......SUNRISE   702 AM PST   SUNSET   522 PM PST
JANUARY 26 2015.......SUNRISE   701 AM PST   SUNSET   523 PM PST


-  INDICATES NEGATIVE NUMBERS.
R  INDICATES RECORD WAS SET OR TIED.
MM INDICATES DATA IS MISSING.
T  INDICATES TRACE AMOUNT.




$$




589
CDUS46 KLOX 260122
CLISMX


CLIMATE REPORT
NATIONAL WEATHER SERVICE LOS ANGELES/OXNARD CA
522 PM PST SUN JAN 25 2015


...................................

...THE SANTA MARIA AIRPORT CA CLIMATE SUMMARY FOR JANUARY 25 2015...
VALID TODAY AS OF 0500 PM LOCAL TIME.

CLIMATE NORMAL PERIOD 1981 TO 2010
CLIMATE RECORD PERIOD 1906 TO 2015


WEATHER ITEM   OBSERVED TIME   RECORD YEAR NORMAL DEPARTURE LAST
                VALUE   (LST)  VALUE       VALUE  FROM      YEAR
                                                  NORMAL
..................................................................
TEMPERATURE (F)
 TODAY
  MAXIMUM         81    106 PM  82    2014  64     17       82
                                      1951
  MINIMUM         43    324 AM  30    1950  40      3       49
  AVERAGE         62                        52     10       66

PRECIPITATION (IN)
  TODAY            0.00          2.31 1925   0.09  -0.09     0.00
  MONTH TO DATE    0.29                      2.18  -1.89     0.00
  SINCE OCT 1      5.85                      6.23  -0.38     0.49
  SINCE JAN 1      0.29                      2.18  -1.89     0.00

SNOWFALL (IN)
  TODAY            0.0
  MONTH TO DATE    0.0
  SINCE DEC 1      0.0
  SINCE JUL 1      0.0

DEGREE DAYS
 HEATING
  TODAY            3                        13    -10
  MONTH TO DATE  185                       342   -157
  SINCE DEC 1    417                       768   -351
  SINCE JUL 1    515                      1414   -899

 COOLING
  TODAY            0                         0      0
  MONTH TO DATE    0                         0      0
  SINCE DEC 1      2                         0      2
  SINCE JAN 1      0                         0      0
..................................................................


WIND (MPH)
  HIGHEST WIND SPEED    13   HIGHEST WIND DIRECTION     W (260)
  HIGHEST GUST SPEED    16   HIGHEST GUST DIRECTION     W (250)
  AVERAGE WIND SPEED     3.9


SKY COVER
  POSSIBLE SUNSHINE  MM
  AVERAGE SKY COVER 0.0


WEATHER CONDITIONS
 THE FOLLOWING WEATHER WAS RECORDED TODAY.
  NO SIGNIFICANT WEATHER WAS OBSERVED.


RELATIVE HUMIDITY (PERCENT)
 HIGHEST    58           300 AM
 LOWEST     16           400 PM
 AVERAGE    37

..........................................................


THE SANTA MARIA AIRPORT CA CLIMATE NORMALS FOR TOMORROW
                         NORMAL    RECORD    YEAR
 MAXIMUM TEMPERATURE (F)   64        82      1931
 MINIMUM TEMPERATURE (F)   40        25      1950


SUNRISE AND SUNSET
JANUARY 25 2015.......SUNRISE   705 AM PST   SUNSET   524 PM PST
JANUARY 26 2015.......SUNRISE   704 AM PST   SUNSET   525 PM PST


-  INDICATES NEGATIVE NUMBERS.
R  INDICATES RECORD WAS SET OR TIED.
MM INDICATES DATA IS MISSING.
T  INDICATES TRACE AMOUNT.




$$




595
CDUS46 KLOX 260122
CLILGB


CLIMATE REPORT
NATIONAL WEATHER SERVICE LOS ANGELES/OXNARD CA
522 PM PST SUN JAN 25 2015


...................................

...THE LONG BEACH AIRPORT CA CLIMATE SUMMARY FOR JANUARY 25 2015...
VALID TODAY AS OF 0500 PM LOCAL TIME.

CLIMATE NORMAL PERIOD 1981 TO 2010
CLIMATE RECORD PERIOD 1958 TO 2015


WEATHER ITEM   OBSERVED TIME   RECORD YEAR NORMAL DEPARTURE LAST
                VALUE   (LST)  VALUE       VALUE  FROM      YEAR
                                                  NORMAL
..................................................................
TEMPERATURE (F)
 TODAY
  MAXIMUM         82    403 PM  85    2003  68     14       72
  MINIMUM         51    724 AM  37    1965  46      5       54
  AVERAGE         67                        57     10       63

PRECIPITATION (IN)
  TODAY            0.00          1.91 1969   0.08  -0.08     0.00
  MONTH TO DATE    0.75                      2.11  -1.36      T
  SINCE OCT 1      6.01                      5.69   0.32     1.24
  SINCE JAN 1      0.75                      2.11  -1.36      T

SNOWFALL (IN)
  TODAY            0.0
  MONTH TO DATE    0.0
  SINCE DEC 1      0.0
  SINCE JUL 1      0.0

DEGREE DAYS
 HEATING
  TODAY            0                         8     -8        2
  MONTH TO DATE  126                       208    -82       94
  SINCE DEC 1    308                       479   -171      312
  SINCE JUL 1    344                       628   -284      407

 COOLING
  TODAY            2                         0      2        0
  MONTH TO DATE    6                         0      6       15
  SINCE DEC 1     11                         1     10       27
  SINCE JAN 1      6                         0      6       15
..................................................................


WIND (MPH)
  HIGHEST WIND SPEED    17   HIGHEST WIND DIRECTION     E (100)
  HIGHEST GUST SPEED    22   HIGHEST GUST DIRECTION     E (90)
  AVERAGE WIND SPEED     5.1


SKY COVER
  POSSIBLE SUNSHINE  MM
  AVERAGE SKY COVER 0.0


WEATHER CONDITIONS
 THE FOLLOWING WEATHER WAS RECORDED TODAY.
  NO SIGNIFICANT WEATHER WAS OBSERVED.


RELATIVE HUMIDITY (PERCENT)
 HIGHEST    50           300 AM
 LOWEST     15           200 PM
 AVERAGE    33

..........................................................


THE LONG BEACH AIRPORT CA CLIMATE NORMALS FOR TOMORROW
                         NORMAL    RECORD    YEAR
 MAXIMUM TEMPERATURE (F)   68        87      2003
 MINIMUM TEMPERATURE (F)   47        37      1989


SUNRISE AND SUNSET
JANUARY 25 2015.......SUNRISE   654 AM PST   SUNSET   516 PM PST
JANUARY 26 2015.......SUNRISE   653 AM PST   SUNSET   517 PM PST


-  INDICATES NEGATIVE NUMBERS.
R  INDICATES RECORD WAS SET OR TIED.
MM INDICATES DATA IS MISSING.
T  INDICATES TRACE AMOUNT.




$$




National Weather Service
Disclaimer
Last Modified: August 31, 2005
Privacy Policy