059
CDUS46 KEKA 181219
CLICEC


CLIMATE REPORT
NATIONAL WEATHER SERVICE EUREKA CA
419 AM PST THU DEC 18 2014


...................................

...THE CRESCENT CITY CA CLIMATE SUMMARY FOR DECEMBER 17 2014...

CLIMATE NORMAL PERIOD 1981 TO 2010
CLIMATE RECORD PERIOD 1894 TO 2014


WEATHER ITEM   OBSERVED TIME   RECORD YEAR NORMAL DEPARTURE LAST
                VALUE   (LST)  VALUE       VALUE  FROM      YEAR
                                                  NORMAL
..................................................................
TEMPERATURE (F)
 YESTERDAY
  MAXIMUM         56   1217 AM  67    1954  54      2       60
  MINIMUM         49    916 PM  31    2008  41      8       34
                                      1988
  AVERAGE         53                        48      5       47

PRECIPITATION (IN)
  YESTERDAY        0.31          1.83 1997   0.41  -0.10     0.00
  MONTH TO DATE    4.36                      5.51  -1.15     1.27
  SINCE JUL 1     18.09                     21.34  -3.25     8.95
  SINCE JAN 1     42.68                     58.27 -15.59    28.88

SNOWFALL (IN)
  YESTERDAY       MM            MM      MM  MM     MM        0.0
  MONTH TO DATE    0.0                      MM     MM        0.0
  SINCE DEC 1      0.0                      MM     MM        0.0
  SINCE JUL 1      0.0                      MM     MM        0.0
  SNOW DEPTH       0

DEGREE DAYS
 HEATING
  YESTERDAY       12                        18     -6       18
  MONTH TO DATE  157                       300   -143      378
  SINCE DEC 1    157                       300   -143      378
  SINCE JUL 1   1264                      1917   -653     1970

 COOLING
  YESTERDAY        0                         0      0        0
  MONTH TO DATE    0                         0      0        0
  SINCE DEC 1      0                         0      0        0
  SINCE JAN 1      1                         0      1        4
..................................................................


WIND (MPH)
  HIGHEST WIND SPEED    30   HIGHEST WIND DIRECTION     S (160)
  HIGHEST GUST SPEED    39   HIGHEST GUST DIRECTION    SE (150)
  AVERAGE WIND SPEED    12.1


SKY COVER
  AVERAGE SKY COVER 1.0


WEATHER CONDITIONS
 THE FOLLOWING WEATHER WAS RECORDED YESTERDAY.
  RAIN
  LIGHT RAIN
  FOG


RELATIVE HUMIDITY (PERCENT)
 HIGHEST   100
 LOWEST     66
 AVERAGE    83

..........................................................


THE CRESCENT CITY CA CLIMATE NORMALS FOR TODAY
                         NORMAL    RECORD    YEAR
 MAXIMUM TEMPERATURE (F)   54        66      1996
 MINIMUM TEMPERATURE (F)   41        30      1965


SUNRISE AND SUNSET
DECEMBER 18 2014......SUNRISE   739 AM PST   SUNSET   448 PM PST
DECEMBER 19 2014......SUNRISE   740 AM PST   SUNSET   448 PM PST


-  INDICATES NEGATIVE NUMBERS.
R  INDICATES RECORD WAS SET OR TIED.
MM INDICATES DATA IS MISSING.
T  INDICATES TRACE AMOUNT.




$$




National Weather Service
Disclaimer
Last Modified: August 31, 2005
Privacy Policy