855
CDUS44 KHGX 221323
CLIHOU

CLIMATE REPORT
NATIONAL WEATHER SERVICE HOUSTON/GALVESTON TX
822 AM CDT FRI AUG 22 2014


...MORNING CLIMATE DATA...

                            MORNING LOW    PRECIP SINCE MIDNIGHT
HOUSTON INTERCONTINENTAL         76                0.00
GALVESTON SCHOLES FIELD          83                0.00
BRYAN/COLLEGE STATION            78                0.00
HOUSTON HOBBY                    77                0.00

...................................


...THE HOUSTON INTERCONTINENTAL CLIMATE SUMMARY FOR AUGUST 21 2014...

CLIMATE NORMAL PERIOD 1981 TO 2010
CLIMATE RECORD PERIOD 1892 TO 2014


WEATHER ITEM   OBSERVED TIME   RECORD YEAR NORMAL DEPARTURE LAST
                VALUE   (LST)  VALUE       VALUE  FROM      YEAR
                                                  NORMAL
..................................................................
TEMPERATURE (F)
 YESTERDAY
  MAXIMUM         98    229 PM 106    1909  94      4       94
  MINIMUM         76    612 AM  63    1940  75      1       73
  AVERAGE         87                        85      2       84

PRECIPITATION (IN)
  YESTERDAY        0.00          2.00 1908   0.13  -0.13     0.00
  MONTH TO DATE    0.39                      2.35  -1.96     2.61
  SINCE JUN 1      7.97                     12.07  -4.10    11.16
  SINCE JAN 1     27.04                     30.46  -3.42    20.48

DEGREE DAYS
 COOLING
  YESTERDAY       22                        20      2       19
  MONTH TO DATE  416                       420     -4      440
  SINCE JUN 1   1537                      1541     -4     1627
  SINCE JAN 1   2078                      2193   -115     2197
..................................................................

WIND (MPH)
  HIGHEST WIND SPEED    18   HIGHEST WIND DIRECTION     S (160)
  HIGHEST GUST SPEED    22   HIGHEST GUST DIRECTION     S (160)


RELATIVE HUMIDITY (PERCENT)
 HIGHEST    94
 LOWEST     40
 AVERAGE    67

..........................................................


THE HOUSTON INTERCONTINENTAL CLIMATE NORMALS FOR TODAY
                         NORMAL    RECORD    YEAR
 MAXIMUM TEMPERATURE (F)   94       106      1980
 MINIMUM TEMPERATURE (F)   75        64      1976


SUNRISE AND SUNSET
AUGUST 22 2014........SUNRISE   653 AM CDT   SUNSET   755 PM CDT
AUGUST 23 2014........SUNRISE   653 AM CDT   SUNSET   754 PM CDT


-  INDICATES NEGATIVE NUMBERS.
R  INDICATES RECORD WAS SET OR TIED.
MM INDICATES DATA IS MISSING.
T  INDICATES TRACE AMOUNT.


...................................

...THE HOUSTON/HOBBY AIRPORT CLIMATE SUMMARY FOR AUGUST 21 2014...

CLIMATE NORMAL PERIOD 1981 TO 2010
CLIMATE RECORD PERIOD 1930 TO 2014


WEATHER ITEM   OBSERVED TIME   RECORD YEAR NORMAL DEPARTURE LAST
                VALUE   (LST)  VALUE       VALUE  FROM      YEAR
                                                  NORMAL
..................................................................
TEMPERATURE (F)
 YESTERDAY
  MAXIMUM         96    236 PM 101    1948  93      3       94
  MINIMUM         79   1140 PM  60    1940  76      3       75
  AVERAGE         88                        84      4       85

PRECIPITATION (IN)
  YESTERDAY        0.00          2.05 2003   0.19  -0.19     0.00
  MONTH TO DATE    1.51                      3.12  -1.61     1.30
  SINCE JUN 1      5.75                     14.88  -9.13     4.24
  SINCE JAN 1     22.59                     33.16 -10.57    22.70

DEGREE DAYS
 COOLING
  YESTERDAY       23                        19      4       20
  MONTH TO DATE  431                       399     32      434
  SINCE JUN 1   1555                      1492     63     1657
  SINCE JAN 1   2106                      2146    -40     2227
..................................................................

WIND (MPH)
  HIGHEST WIND SPEED    18   HIGHEST WIND DIRECTION    SW (220)
  HIGHEST GUST SPEED    23   HIGHEST GUST DIRECTION    SW (210)


RELATIVE HUMIDITY (PERCENT)
 HIGHEST    97
 LOWEST     43
 AVERAGE    70

..........................................................

THE HOUSTON/HOBBY AIRPORT CLIMATE NORMALS FOR TODAY
                         NORMAL    RECORD    YEAR
 MAXIMUM TEMPERATURE (F)   93       100      2011
                                             1980
 MINIMUM TEMPERATURE (F)   76        62      1940


SUNRISE AND SUNSET
AUGUST 22 2014........SUNRISE   653 AM CDT   SUNSET   754 PM CDT
AUGUST 23 2014........SUNRISE   654 AM CDT   SUNSET   753 PM CDT


-  INDICATES NEGATIVE NUMBERS.
R  INDICATES RECORD WAS SET OR TIED.
MM INDICATES DATA IS MISSING.
T  INDICATES TRACE AMOUNT.

.............................................................

...MISCELLANEOUS CLIMATE DATA FOR YESTERDAY...

LOCATION                        HIGH    LOW     PRECIP

PEARLAND                         96      80      0.00
SUGAR LAND                       97      78      0.00
TOMBALL                          96      76      0.00
CONROE                           97      73      0.00
HUNTSVILLE                       98      78       T
ANGLETON/LAKE JACKSON            92      78      0.00
PALACIOS                         92      84      0.00
LEAGUE CITY (NWS)                95      80      0.00


THIS PRODUCT...ALONG WITH OTHER WEATHER...HYDROLOGIC...AND CLIMATE
PRODUCTS...IS AVAILABLE ON THE WEB AT HTTP://WWW.SRH.NOAA.GOV/HGX
OR AT HTTP://WEATHER.GOV

$$



National Weather Service
Disclaimer
Last Modified: August 31, 2005
Privacy Policy