864
CDUS44 KBMX 310936
CLIANB


CLIMATE REPORT
NATIONAL WEATHER SERVICE BIRMINGHAM, AL
436 AM CDT FRI OCT 31 2014


...................................

...THE ANNISTON CLIMATE SUMMARY FOR OCTOBER 30 2014...

CLIMATE NORMAL PERIOD 1981 TO 2010
CLIMATE RECORD PERIOD 1903 TO 2014


WEATHER ITEM   OBSERVED TIME   RECORD YEAR NORMAL DEPARTURE LAST
                VALUE   (LST)  VALUE       VALUE  FROM      YEAR
                                                  NORMAL
..................................................................
TEMPERATURE (F)
 YESTERDAY
  MAXIMUM         67    309 PM  86    1961  71     -4       78
  MINIMUM         39   1153 PM  22    1952  47     -8       55
  AVERAGE         53                        59     -6       67

PRECIPITATION (IN)
  YESTERDAY        0.00          1.30 1949   0.10  -0.10     0.00
  MONTH TO DATE    3.78                      3.01   0.77     2.79
  SINCE SEP 1      5.28                      5.94  -0.66     5.50
  SINCE JAN 1     37.92                     40.86  -2.94    63.28

SNOWFALL (IN)
  YESTERDAY        0.0                       0.0             0.0
  MONTH TO DATE    0.0                       0.0             0.0
  SINCE SEP 1      0.0                       0.0             0.0
  SINCE JUL 1      0.0                       0.0             0.0

DEGREE DAYS
 HEATING
  YESTERDAY       12
  MONTH TO DATE   96
  SINCE SEP 1     96
  SINCE JUL 1     96
..................................................................


WIND (MPH)
  HIGHEST WIND SPEED    12   HIGHEST WIND DIRECTION     N (360)
  HIGHEST GUST SPEED    17   HIGHEST GUST DIRECTION     N (360)
  AVERAGE WIND SPEED     2.2


SKY COVER
  AVERAGE SKY COVER 0.4


WEATHER CONDITIONS
 THE FOLLOWING WEATHER WAS RECORDED YESTERDAY.
  FOG
  FOG W/VISIBILITY <= 1/4 MILE


RELATIVE HUMIDITY (PERCENT)
 HIGHEST   100
 LOWEST     32
 AVERAGE    66

..........................................................


THE ANNISTON CLIMATE NORMALS FOR TODAY
                         NORMAL    RECORD    YEAR
 MAXIMUM TEMPERATURE (F)   71        85      1961
 MINIMUM TEMPERATURE (F)   46        27      1955
                                             1954


SUNRISE AND SUNSET
OCTOBER 31 2014.......SUNRISE   701 AM CDT   SUNSET   552 PM CDT
NOVEMBER  1 2014......SUNRISE   702 AM CDT   SUNSET   551 PM CDT


-  INDICATES NEGATIVE NUMBERS.
R  INDICATES RECORD WAS SET OR TIED.
MM INDICATES DATA IS MISSING.
T  INDICATES TRACE AMOUNT.




$$




860
CDUS44 KBMX 310936
CLITCL


CLIMATE REPORT
NATIONAL WEATHER SERVICE BIRMINGHAM, AL
436 AM CDT FRI OCT 31 2014


...................................

...THE TUSCALOOSA CLIMATE SUMMARY FOR OCTOBER 30 2014...

CLIMATE NORMAL PERIOD 1981 TO 2010
CLIMATE RECORD PERIOD 1948 TO 2014


WEATHER ITEM   OBSERVED TIME   RECORD YEAR NORMAL DEPARTURE LAST
                VALUE   (LST)  VALUE       VALUE  FROM      YEAR
                                                  NORMAL
..................................................................
TEMPERATURE (F)
 YESTERDAY
  MAXIMUM         70    247 PM  87    1961  73     -3       78
                                      1950
  MINIMUM         41    526 AM  23    1952  47     -6       56
  AVERAGE         56                        60     -4       67

PRECIPITATION (IN)
  YESTERDAY        0.00          1.44 1951   0.11  -0.11     0.00
  MONTH TO DATE    3.55                      3.41   0.14     0.82
  SINCE SEP 1      4.97                      6.93  -1.96     2.02
  SINCE JAN 1     38.63                     42.80  -4.17    40.84

SNOWFALL (IN)
  YESTERDAY        0.0                       0.0    0.0
  MONTH TO DATE    0.0                       0.0    0.0
  SINCE SEP 1      0.0                       0.0    0.0
  SINCE JUL 1      0.0                       0.0    0.0

DEGREE DAYS
 HEATING
  YESTERDAY        9                         6      3
  MONTH TO DATE   66                       102    -36
  SINCE SEP 1     66                       109    -43
  SINCE JUL 1     66                       109    -43
..................................................................


WIND (MPH)
  HIGHEST WIND SPEED    14   HIGHEST WIND DIRECTION     N (20)
  HIGHEST GUST SPEED    17   HIGHEST GUST DIRECTION     N (10)
  AVERAGE WIND SPEED     2.3


SKY COVER
  AVERAGE SKY COVER 0.0


WEATHER CONDITIONS
 THE FOLLOWING WEATHER WAS RECORDED YESTERDAY.
  NO SIGNIFICANT WEATHER WAS OBSERVED.


RELATIVE HUMIDITY (PERCENT)
 HIGHEST    96           400 AM
 LOWEST     26           300 PM
 AVERAGE    61

..........................................................


THE TUSCALOOSA CLIMATE NORMALS FOR TODAY
                         NORMAL    RECORD    YEAR
 MAXIMUM TEMPERATURE (F)   73        88      1950
 MINIMUM TEMPERATURE (F)   47        29      1955


SUNRISE AND SUNSET
OCTOBER 31 2014.......SUNRISE   708 AM CDT   SUNSET   600 PM CDT
NOVEMBER  1 2014......SUNRISE   709 AM CDT   SUNSET   559 PM CDT


-  INDICATES NEGATIVE NUMBERS.
R  INDICATES RECORD WAS SET OR TIED.
MM INDICATES DATA IS MISSING.
T  INDICATES TRACE AMOUNT.




$$




National Weather Service
Disclaimer
Last Modified: August 31, 2005
Privacy Policy