989
CDUS44 KMRX 021236
CLITRI

CLIMATE REPORT NATIONAL WEATHER SERVICE MORRISTOWN TN
836 AM EDT THU OCT 2 2014

...................................

...THE TRI-CITIES  CLIMATE SUMMARY FOR OCTOBER 1 2014...

CLIMATE NORMAL PERIOD 1981 TO 2010
CLIMATE RECORD PERIOD 1934 TO 2014


WEATHER ITEM   OBSERVED TIME   RECORD YEAR NORMAL DEPARTURE LAST
                VALUE   (LST)  VALUE       VALUE  FROM      YEAR
                                                  NORMAL
..................................................................
TEMPERATURE (F)
 YESTERDAY
  MAXIMUM         82    425 PM  90    1953  74      8       78
  MINIMUM         50    618 AM  31    1947  49      1       52
  AVERAGE         66                        61      5       65

PRECIPITATION (IN)
  YESTERDAY        0.00          0.95 1966   0.07  -0.07     0.00
  MONTH TO DATE    0.00                      0.07  -0.07     0.00
  SINCE SEP 1      1.42                      3.06  -1.64     1.85
  SINCE JAN 1     26.46                     32.51  -6.05    46.72

SNOWFALL (IN)
  YESTERDAY        0.0                       0.0    0.0      0.0
  MONTH TO DATE    0.0                       0.0    0.0      0.0
  SINCE SEP 1      0.0                       0.0    0.0      0.0
  SINCE JUL 1      0.0                       0.0    0.0      0.0
  SNOW DEPTH       0

DEGREE DAYS
 HEATING
  YESTERDAY        0                         5     -5        0
  MONTH TO DATE    0                         5     -5        0
  SINCE SEP 1     11                        57    -46       19
  SINCE JUL 1     11                        58    -47       19

 COOLING
  YESTERDAY        1                         1      0        0
  MONTH TO DATE    1                         1      0        0
  SINCE SEP 1    176                       117     59      120
  SINCE JAN 1   1133                       969    164      978
..................................................................


WIND (MPH)
  HIGHEST WIND SPEED    10   HIGHEST WIND DIRECTION     W (250)
  HIGHEST GUST SPEED    13   HIGHEST GUST DIRECTION     W (260)
  AVERAGE WIND SPEED     1.1


SKY COVER
  POSSIBLE SUNSHINE  MM
  AVERAGE SKY COVER  MM


WEATHER CONDITIONS
 THE FOLLOWING WEATHER WAS RECORDED YESTERDAY.
  FOG
  FOG W/VISIBILITY <= 1/4 MILE
  HAZE


RELATIVE HUMIDITY (PERCENT)
 HIGHEST    96           200 AM
 LOWEST     28           300 PM
 AVERAGE    62

..........................................................


THE TRI-CITIES      ASOS CLIMATE NORMALS FOR TODAY
                         NORMAL    RECORD    YEAR
 MAXIMUM TEMPERATURE (F)   73        85      1986
 MINIMUM TEMPERATURE (F)   48        29      1946


SUNRISE AND SUNSET
OCTOBER  2 2014.......SUNRISE   726 AM EDT   SUNSET   712 PM EDT
OCTOBER  3 2014.......SUNRISE   726 AM EDT   SUNSET   710 PM EDT


-  INDICATES NEGATIVE NUMBERS.
R  INDICATES RECORD WAS SET OR TIED.
MM INDICATES DATA IS MISSING.
T  INDICATES TRACE AMOUNT.

&&

THE LOW TEMPERATURE THIS MORNING WAS 49.
THERE HAS BEEN NO PRECIPITATION SINCE MIDNIGHT.

$$



National Weather Service
Disclaimer
Last Modified: August 31, 2005
Privacy Policy