731
CDUS43 KABR 171243 CCA
CLI8D3

CLIMATE REPORT
NATIONAL WEATHER SERVICE ABERDEEN SD
408 AM CDT THU APR 17 2014


...................................

...THE SISSETON SD CLIMATE SUMMARY FOR APRIL 16 2014...

CLIMATE NORMAL PERIOD 1981 TO 2010
CLIMATE RECORD PERIOD 1900 TO 2014


WEATHER ITEM   OBSERVED TIME   RECORD YEAR NORMAL DEPARTURE LAST
                VALUE   (LST)  VALUE       VALUE  FROM      YEAR
                                                  NORMAL
..................................................................
TEMPERATURE (F)
 YESTERDAY
  MAXIMUM         33    122 AM  86    2002  57    -24       35
                                      1958
  MINIMUM         20   1054 PM  12    1953  33    -13       25
  AVERAGE         27                        45    -18       30

PRECIPITATION (IN)
  YESTERDAY        0.14          1.08 2003   0.07   0.07     0.00
  MONTH TO DATE    0.65                      0.83  -0.18     1.67
  SINCE MAR 1      1.49                      1.95  -0.46     2.64
  SINCE JAN 1      2.11                      2.81  -0.70     5.02

SNOWFALL (IN)
  YESTERDAY        1.7
  MONTH TO DATE    6.4
  SINCE OCT 1     37.5.1
  SINCE JUL 1     37.5
  SNOW DEPTH       0

DEGREE DAYS
 HEATING
  YESTERDAY       38                        20     18       35
  MONTH TO DATE  445                       384     61      559
  SINCE MAR 1   1644                      1467    177     2002
  SINCE JUL 1   8461                      7726    735     8387

 COOLING
  YESTERDAY        0                         0      0        0
  MONTH TO DATE    0                         0      0        0
  SINCE MAR 1      0                         0      0        0
  SINCE JAN 1      0                         0      0        0
..................................................................


WIND (MPH)
  HIGHEST WIND SPEED    26   HIGHEST WIND DIRECTION    SE (130)
  HIGHEST GUST SPEED    31   HIGHEST GUST DIRECTION    SE (120)
  AVERAGE WIND SPEED    16.8


SKY COVER
  POSSIBLE SUNSHINE  MM
  AVERAGE SKY COVER 0.0


WEATHER CONDITIONS
 THE FOLLOWING WEATHER WAS RECORDED YESTERDAY.
  NO SIGNIFICANT WEATHER WAS OBSERVED.


RELATIVE HUMIDITY (PERCENT)
 HIGHEST    92           800 AM
 LOWEST     49          1200 AM
 AVERAGE    71

..........................................................


THE SISSETON SD CLIMATE NORMALS FOR TODAY
                         NORMAL    RECORD    YEAR
 MAXIMUM TEMPERATURE (F)   57        86      1985
 MINIMUM TEMPERATURE (F)   33        11      1953


SUNRISE AND SUNSET
APRIL 17 2014.........SUNRISE   639 AM CDT   SUNSET   817 PM CDT
APRIL 18 2014.........SUNRISE   637 AM CDT   SUNSET   818 PM CDT


-  INDICATES NEGATIVE NUMBERS.
R  INDICATES RECORD WAS SET OR TIED.
MM INDICATES DATA IS MISSING.
T  INDICATES TRACE AMOUNT.




$$








National Weather Service
Disclaimer
Last Modified: August 31, 2005
Privacy Policy