926
CDUS45 KSLC 171226
CLICDC


CLIMATE REPORT
NATIONAL WEATHER SERVICE SALT LAKE CITY UT
626 AM MDT THU APR 17 2014


...................................

...THE CEDAR CITY UT CLIMATE SUMMARY FOR APRIL 16 2014...

CLIMATE NORMAL PERIOD 1981 TO 2010
CLIMATE RECORD PERIOD 1928 TO 2014


WEATHER ITEM   OBSERVED TIME   RECORD YEAR NORMAL DEPARTURE LAST
                VALUE   (LST)  VALUE       VALUE  FROM      YEAR
                                                  NORMAL
..................................................................
TEMPERATURE (F)
 YESTERDAY
  MAXIMUM         63    336 PM  79    1987  62      1       38
  MINIMUM         33    636 AM  17    1999  32      1       27
  AVERAGE         48                        46      2       33

PRECIPITATION (IN)
  YESTERDAY        0.00          0.58 1988   0.03  -0.03     0.56
  MONTH TO DATE    T                         0.63  -0.63     0.90
  SINCE OCT 1      3.30                      6.95  -3.65     6.42
  SINCE JAN 1      1.36                      3.84  -2.48     3.71

DEGREE DAYS
 HEATING
  YESTERDAY       17                        18     -1       32
  MONTH TO DATE  298                       326    -28      315
  SINCE MAR 1   1028                      1098    -70      975
  SINCE JUL 1   5615                      5660    -45     5595

 COOLING
  YESTERDAY        0                         0      0        0
  MONTH TO DATE    0                         0      0        0
  SINCE MAR 1      0                         0      0        0
  SINCE JAN 1      0                         0      0        0
..................................................................


WIND (MPH)
  RESULTANT WIND SPEED   3   RESULTANT WIND DIRECTION  NE (30)
  HIGHEST WIND SPEED    16   HIGHEST WIND DIRECTION     N (360)
  HIGHEST GUST SPEED    21   HIGHEST GUST DIRECTION     N (360)
  AVERAGE WIND SPEED     4.3



WEATHER CONDITIONS
 THE FOLLOWING WEATHER WAS RECORDED YESTERDAY.
  NO SIGNIFICANT WEATHER WAS OBSERVED.


RELATIVE HUMIDITY (PERCENT)
 HIGHEST    45          1100 PM
 LOWEST     20           500 PM
 AVERAGE    33

..........................................................


THE CEDAR CITY UT CLIMATE NORMALS FOR TODAY
                         NORMAL    RECORD    YEAR
 MAXIMUM TEMPERATURE (F)   62        81      1962
 MINIMUM TEMPERATURE (F)   32        17      2008


SUNRISE AND SUNSET
APRIL 17 2014.........SUNRISE   655 AM MDT   SUNSET   810 PM MDT
APRIL 18 2014.........SUNRISE   653 AM MDT   SUNSET   811 PM MDT


-  INDICATES NEGATIVE NUMBERS.
R  INDICATES RECORD WAS SET OR TIED.
MM INDICATES DATA IS MISSING.
T  INDICATES TRACE AMOUNT.




$$





927
CDUS45 KSLC 171226
CLISLC


CLIMATE REPORT
NATIONAL WEATHER SERVICE SALT LAKE CITY UT
626 AM MDT THU APR 17 2014


...................................

...THE SALT LAKE CITY UT CLIMATE SUMMARY FOR APRIL 16 2014...

CLIMATE NORMAL PERIOD 1981 TO 2010
CLIMATE RECORD PERIOD 1874 TO 2014


WEATHER ITEM   OBSERVED TIME   RECORD YEAR NORMAL DEPARTURE LAST
                VALUE   (LST)  VALUE       VALUE  FROM      YEAR
                                                  NORMAL
..................................................................
TEMPERATURE (F)
 YESTERDAY
  MAXIMUM         58    503 PM  84    1936  62     -4       45
  MINIMUM         40    526 AM  25    1922  39      1       34
  AVERAGE         49                        50     -1       40

PRECIPITATION (IN)
  YESTERDAY        0.00          1.12 1941   0.06  -0.06      T
  MONTH TO DATE    0.25                      1.05  -0.80     1.70
  SINCE OCT 1      7.14                      9.72  -2.58     9.18
  SINCE JAN 1      4.13                      5.34  -1.21     4.61

SNOWFALL (IN)
  YESTERDAY        0.0           4.2  1941   0.2   -0.2       T
  MONTH TO DATE    T                         2.8   -2.8      0.1
  SINCE OCT 1     35.5                      54.7  -19.2     69.9
  SINCE JUL 1     35.5                      54.7  -19.2     69.9
  SNOW DEPTH       0

DEGREE DAYS
 HEATING
  YESTERDAY       16                        15      1       25
  MONTH TO DATE  201                       261    -60      261
  SINCE MAR 1    688                       923   -235      887
  SINCE JUL 1   4675                      5179   -504     5119

 COOLING
  YESTERDAY        0                         0      0        0
  MONTH TO DATE    0                         0      0        0
  SINCE MAR 1      0                         0      0        0
  SINCE JAN 1      0                         0      0        0
..................................................................


WIND (MPH)
  RESULTANT WIND SPEED   4   RESULTANT WIND DIRECTION  NW (320)
  HIGHEST WIND SPEED    17   HIGHEST WIND DIRECTION     W (290)
  HIGHEST GUST SPEED    21   HIGHEST GUST DIRECTION     W (290)
  AVERAGE WIND SPEED     6.1


SKY COVER
  POSSIBLE SUNSHINE  MM
  AVERAGE SKY COVER 0.1


WEATHER CONDITIONS
 THE FOLLOWING WEATHER WAS RECORDED YESTERDAY.
  NO SIGNIFICANT WEATHER WAS OBSERVED.


RELATIVE HUMIDITY (PERCENT)
 HIGHEST    51           500 AM
 LOWEST     11           400 PM
 AVERAGE    31

..........................................................


THE SALT LAKE CITY UT CLIMATE NORMALS FOR TODAY
                         NORMAL    RECORD    YEAR
 MAXIMUM TEMPERATURE (F)   62        85      1987
 MINIMUM TEMPERATURE (F)   40        24      1960
                                             1922


SUNRISE AND SUNSET
APRIL 17 2014.........SUNRISE   646 AM MDT   SUNSET   810 PM MDT
APRIL 18 2014.........SUNRISE   644 AM MDT   SUNSET   811 PM MDT


-  INDICATES NEGATIVE NUMBERS.
R  INDICATES RECORD WAS SET OR TIED.
MM INDICATES DATA IS MISSING.
T  INDICATES TRACE AMOUNT.




$$





National Weather Service
Disclaimer
Last Modified: August 31, 2005
Privacy Policy