153
CDUS44 KCRP 290041
CLILRD

CLIMATE REPORT
NATIONAL WEATHER SERVICE CORPUS CHRISTI TX
638 PM CST FRI NOV 28 2014


...................................

...THE LAREDO CLIMATE SUMMARY FOR NOVEMBER 28 2014...
VALID TODAY AS OF 0500 PM LOCAL TIME.

CLIMATE NORMAL PERIOD 1981 TO 2010
CLIMATE RECORD PERIOD 1900 TO 2014


WEATHER ITEM   OBSERVED TIME   RECORD YEAR NORMAL DEPARTURE LAST
                VALUE   (LST)  VALUE       VALUE  FROM      YEAR
                                                  NORMAL
..................................................................
TEMPERATURE (F)
 TODAY
  MAXIMUM         75    256 PM  97    1949  72      3       61
  MINIMUM         MM        MM  27    1993  51     MM       36
  AVERAGE         MM                        61     MM       49

PRECIPITATION (IN)
  TODAY            0.00          1.20 1906   0.04  -0.04     0.00
  MONTH TO DATE    1.81                      1.13   0.68     0.40
  SINCE SEP 1      8.09                      6.27   1.82     7.53
  SINCE JAN 1     15.67                     19.26  -3.59    20.40

SNOWFALL (IN)
  TODAY            0.0
  MONTH TO DATE    0.0
  SINCE SEP 1      0.0
  SINCE JUL 1      0.0

DEGREE DAYS
 HEATING
  TODAY           MM                         6     MM       16
  MONTH TO DATE  153                        91     62      156
  SINCE SEP 1    153                       103     50      156
  SINCE JUL 1    153                       103     50      156

 COOLING
  TODAY           MM                         2     MM        0
  MONTH TO DATE   52                       121    -69      124
  SINCE SEP 1   1033                      1007     26     1076
  SINCE JAN 1   4466                      4250    216     4481
..................................................................


WIND (MPH)
  HIGHEST WIND SPEED    MM   HIGHEST WIND DIRECTION    MM
  HIGHEST GUST SPEED    MM   HIGHEST GUST DIRECTION    MM


SKY COVER
  POSSIBLE SUNSHINE  MM
  AVERAGE SKY COVER 0.1


WEATHER CONDITIONS
 THE FOLLOWING WEATHER WAS RECORDED TODAY.
  FOG
  FOG W/VISIBILITY <= 1/4 MILE
  HAZE


RELATIVE HUMIDITY (PERCENT)
 HIGHEST   100           100 AM
 LOWEST     41           200 PM
 AVERAGE    71

..........................................................


THE LAREDO CLIMATE NORMALS FOR TOMORROW
                         NORMAL    RECORD    YEAR
 MAXIMUM TEMPERATURE (F)   71        95      1949
                                             1949
 MINIMUM TEMPERATURE (F)   50        27      1911


SUNRISE AND SUNSET
NOVEMBER 28 2014......SUNRISE   709 AM CST   SUNSET   543 PM CST
NOVEMBER 29 2014......SUNRISE   709 AM CST   SUNSET   543 PM CST


-  INDICATES NEGATIVE NUMBERS.
R  INDICATES RECORD WAS SET OR TIED.
MM INDICATES DATA IS MISSING.
T  INDICATES TRACE AMOUNT.




$$







National Weather Service
Disclaimer
Last Modified: August 31, 2005
Privacy Policy