346
CDUS43 KDDC 211007
CLIGCK


CLIMATE REPORT
NATIONAL WEATHER SERVICE DODGE CITY KS
506 AM CDT TUE OCT 21 2014


...................................

...THE GARDEN CITY REGIONAL ARPT KS CLIMATE SUMMARY FOR OCTOBER 20 2014...

CLIMATE NORMAL PERIOD 1981 TO 2010
CLIMATE RECORD PERIOD 1948 TO 2014


WEATHER ITEM   OBSERVED TIME   RECORD YEAR NORMAL DEPARTURE LAST
                VALUE   (LST)  VALUE       VALUE  FROM      YEAR
                                                  NORMAL
..................................................................
TEMPERATURE (F)
 YESTERDAY
  MAXIMUM         77    352 PM  93    2003  68      9       65
                                      1978
  MINIMUM         45    651 AM  20    1982  40      5       33
  AVERAGE         61                        54      7       49

PRECIPITATION (IN)
  YESTERDAY        0.00          1.58 1953   0.04  -0.04     0.00
  MONTH TO DATE    1.74                      0.91   0.83     1.07
  SINCE SEP 1      3.73                      2.38   1.35     3.49
  SINCE JAN 1     21.38                     18.03   3.35    13.66

DEGREE DAYS
 HEATING
  YESTERDAY        4                        11     -7
  MONTH TO DATE  147                       167    -20
  SINCE SEP 1    203                       235    -32
  SINCE JUL 1    213                       239    -26

 COOLING
  YESTERDAY        0                         0      0
  MONTH TO DATE    3                        18    -15
  SINCE SEP 1    175                       180     -5
  SINCE JAN 1   1335                      1296     39
..................................................................


WIND (MPH)
  HIGHEST WIND SPEED    17   HIGHEST WIND DIRECTION     E (110)
  HIGHEST GUST SPEED    21   HIGHEST GUST DIRECTION     E (100)
  AVERAGE WIND SPEED     9.3



WEATHER CONDITIONS
 THE FOLLOWING WEATHER WAS RECORDED YESTERDAY.
  NO SIGNIFICANT WEATHER WAS OBSERVED.


RELATIVE HUMIDITY (PERCENT)
 HIGHEST    93           100 AM
 LOWEST     25           200 PM
 AVERAGE    59

..........................................................


THE GARDEN CITY REGIONAL ARPT KS CLIMATE NORMALS FOR TODAY
                         NORMAL    RECORD    YEAR
 MAXIMUM TEMPERATURE (F)   68        92      2003
 MINIMUM TEMPERATURE (F)   39        26      1990


SUNRISE AND SUNSET
OCTOBER 21 2014.......SUNRISE   757 AM CDT   SUNSET   657 PM CDT
OCTOBER 22 2014.......SUNRISE   758 AM CDT   SUNSET   656 PM CDT


-  INDICATES NEGATIVE NUMBERS.
R  INDICATES RECORD WAS SET OR TIED.
MM INDICATES DATA IS MISSING.
T  INDICATES TRACE AMOUNT.




$$




National Weather Service
Disclaimer
Last Modified: August 31, 2005
Privacy Policy