996
CDUS45 KSLC 161303
CLISLC


CLIMATE REPORT
NATIONAL WEATHER SERVICE SALT LAKE CITY UT
703 AM MDT TUE SEP 16 2014


...................................

...THE SALT LAKE CITY UT CLIMATE SUMMARY FOR SEPTEMBER 15 2014...

CLIMATE NORMAL PERIOD 1981 TO 2010
CLIMATE RECORD PERIOD 1874 TO 2014


WEATHER ITEM   OBSERVED TIME   RECORD YEAR NORMAL DEPARTURE LAST
                VALUE   (LST)  VALUE       VALUE  FROM      YEAR
                                                  NORMAL
..................................................................
TEMPERATURE (F)
 YESTERDAY
  MAXIMUM         89    427 PM  97    2000  80      9       82
  MINIMUM         64    652 AM  33    1936  53     11       58
  AVERAGE         77                        66     11       70

PRECIPITATION (IN)
  YESTERDAY        T             0.78 2006   0.04  -0.04     0.00
  MONTH TO DATE    0.30                      0.52  -0.22     1.01
  SINCE OCT 1     13.25                     15.41  -2.16    13.02
  SINCE JAN 1     10.24                     11.03  -0.79     8.45

SNOWFALL (IN)
  YESTERDAY        0.0          MM      MM   0.0    0.0      0.0
  MONTH TO DATE    0.0                       0.0    0.0      0.0
  SINCE OCT 1     35.5                      56.2  -20.7     69.9
  SINCE JUL 1      0.0                       0.0    0.0      0.0
  SNOW DEPTH       0

DEGREE DAYS
 HEATING
  YESTERDAY        0                         2     -2        0
  MONTH TO DATE    9                        19    -10        0
  SINCE SEP 1      9                        19    -10        0
  SINCE JUL 1     10                        24    -14        0

 COOLING
  YESTERDAY       12                         4      8        5
  MONTH TO DATE   88                        86      2      166
  SINCE SEP 1     88                        86      2      166
  SINCE JAN 1   1141                      1122     19     1712
..................................................................


WIND (MPH)
  RESULTANT WIND SPEED   3   RESULTANT WIND DIRECTION  SE (130)
  HIGHEST WIND SPEED    14   HIGHEST WIND DIRECTION    SE (150)
  HIGHEST GUST SPEED    17   HIGHEST GUST DIRECTION    SE (150)
  AVERAGE WIND SPEED     7.1


SKY COVER
  POSSIBLE SUNSHINE  MM
  AVERAGE SKY COVER 0.1


WEATHER CONDITIONS
 THE FOLLOWING WEATHER WAS RECORDED YESTERDAY.
  HAZE


RELATIVE HUMIDITY (PERCENT)
 HIGHEST    44           700 AM
 LOWEST     15           400 PM
 AVERAGE    30

..........................................................


THE SALT LAKE CITY UT CLIMATE NORMALS FOR TODAY
                         NORMAL    RECORD    YEAR
 MAXIMUM TEMPERATURE (F)   79        95      2000
 MINIMUM TEMPERATURE (F)   53        33      1936


SUNRISE AND SUNSET
SEPTEMBER 16 2014.....SUNRISE   709 AM MDT   SUNSET   735 PM MDT
SEPTEMBER 17 2014.....SUNRISE   710 AM MDT   SUNSET   733 PM MDT


-  INDICATES NEGATIVE NUMBERS.
R  INDICATES RECORD WAS SET OR TIED.
MM INDICATES DATA IS MISSING.
T  INDICATES TRACE AMOUNT.




$$





National Weather Service
Disclaimer
Last Modified: August 31, 2005
Privacy Policy