869
CDUS43 KLOT 020643
CLIPWK


CLIMATE REPORT
NATIONAL WEATHER SERVICE CHICAGO IL
142 AM CDT THU OCT 2 2014


...................................

...THE CHICAGO EXECUTIVE CLIMATE SUMMARY FOR OCTOBER 1 2014...

CLIMATE NORMAL PERIOD 1981 TO 2010
CLIMATE RECORD PERIOD 1996 TO 2014


WEATHER ITEM   OBSERVED TIME   RECORD YEAR NORMAL DEPARTURE LAST
                VALUE   (LST)  VALUE       VALUE  FROM      YEAR
                                                  NORMAL
..................................................................
TEMPERATURE (F)
 YESTERDAY
  MAXIMUM         69   1247 PM  82    2002  68      1       80
                                      2000
  MINIMUM         55    656 AM  31    2003  48      7       63
  AVERAGE         62                        58      4       72

PRECIPITATION (IN)
  YESTERDAY        0.00          0.90 2009   0.13  -0.13     0.00
  MONTH TO DATE    0.00                      0.13  -0.13     0.00
  SINCE SEP 1      1.91                      3.34  -1.43     2.03
  SINCE JAN 1     27.43                     25.82   1.61    22.90

DEGREE DAYS
 HEATING
  YESTERDAY        3                         8     -5        0
  MONTH TO DATE    3                         8     -5        0
  SINCE SEP 1    118                       110      8       80
  SINCE JUL 1    122                       120      2       90

 COOLING
  YESTERDAY        0                         1     -1        7
  MONTH TO DATE    0                         1     -1        7
  SINCE SEP 1     88                        82      6      143
  SINCE JAN 1    776                       779     -3      903
..................................................................


WIND (MPH)
  RESULTANT WIND SPEED   7   RESULTANT WIND DIRECTION  SE (140)
  HIGHEST WIND SPEED    14   HIGHEST WIND DIRECTION     E (100)
  HIGHEST GUST SPEED    18   HIGHEST GUST DIRECTION     E (110)
  AVERAGE WIND SPEED     7.2



WEATHER CONDITIONS
 THE FOLLOWING WEATHER WAS RECORDED YESTERDAY.
  NO SIGNIFICANT WEATHER WAS OBSERVED.


..........................................................


THE CHICAGO EXECUTIVE CLIMATE NORMALS FOR TODAY
                         NORMAL    RECORD    YEAR
 MAXIMUM TEMPERATURE (F)   67        84      2005
 MINIMUM TEMPERATURE (F)   47        30      2003


SUNRISE AND SUNSET
OCTOBER  2 2014.......SUNRISE   650 AM CDT   SUNSET   631 PM CDT
OCTOBER  3 2014.......SUNRISE   651 AM CDT   SUNSET   630 PM CDT


-  INDICATES NEGATIVE NUMBERS.
R  INDICATES RECORD WAS SET OR TIED.
MM INDICATES DATA IS MISSING.
T  INDICATES TRACE AMOUNT.




$$




871
CDUS43 KLOT 020643
CLIDPA


CLIMATE REPORT
NATIONAL WEATHER SERVICE CHICAGO IL
142 AM CDT THU OCT 2 2014


...................................

...THE DU PAGE  AIRPORT CLIMATE SUMMARY FOR OCTOBER 1 2014...

CLIMATE NORMAL PERIOD 1981 TO 2010
CLIMATE RECORD PERIOD 1997 TO 2014


WEATHER ITEM   OBSERVED TIME   RECORD YEAR NORMAL DEPARTURE LAST
                VALUE   (LST)  VALUE       VALUE  FROM      YEAR
                                                  NORMAL
..................................................................
TEMPERATURE (F)
 YESTERDAY
  MAXIMUM         73    313 PM  82    2000  69      4       79
  MINIMUM         49    557 AM  31    2003  46      3       57
  AVERAGE         61                        58      3       68

PRECIPITATION (IN)
  YESTERDAY        T             0.65        0.13  -0.13     0.00
  MONTH TO DATE    T                         0.13  -0.13     0.00
  SINCE SEP 1      2.08                      3.42  -1.34     2.10
  SINCE JAN 1     24.70                     29.05  -4.35    29.46

SNOWFALL (IN)
  YESTERDAY        0.0

DEGREE DAYS
 HEATING
  YESTERDAY        4                         8     -4        0
  MONTH TO DATE    4                         8     -4        0
  SINCE SEP 1    132                       110     22       99
  SINCE JUL 1    141                       119     22      125

 COOLING
  YESTERDAY        0                         1     -1        3
  MONTH TO DATE    0                         1     -1        3
  SINCE SEP 1     73                        80     -7      105
  SINCE JAN 1    762                       804    -42      732
..................................................................


WIND (MPH)
  RESULTANT WIND SPEED   8   RESULTANT WIND DIRECTION  SE (130)
  HIGHEST WIND SPEED    15   HIGHEST WIND DIRECTION    SE (130)
  HIGHEST GUST SPEED    19   HIGHEST GUST DIRECTION    SE (120)
  AVERAGE WIND SPEED     8.1



WEATHER CONDITIONS
 THE FOLLOWING WEATHER WAS RECORDED YESTERDAY.
  LIGHT RAIN


..........................................................


THE DU PAGE  AIRPORT CLIMATE NORMALS FOR TODAY
                         NORMAL    RECORD    YEAR
 MAXIMUM TEMPERATURE (F)   69        83      2005
 MINIMUM TEMPERATURE (F)   46        27      2003


SUNRISE AND SUNSET
OCTOBER  2 2014.......SUNRISE   651 AM CDT   SUNSET   633 PM CDT
OCTOBER  3 2014.......SUNRISE   652 AM CDT   SUNSET   631 PM CDT


-  INDICATES NEGATIVE NUMBERS.
R  INDICATES RECORD WAS SET OR TIED.
MM INDICATES DATA IS MISSING.
T  INDICATES TRACE AMOUNT.




$$




864
CDUS43 KLOT 020643
CLIRFD


CLIMATE REPORT
NATIONAL WEATHER SERVICE CHICAGO IL
142 AM CDT THU OCT 2 2014


...................................

...THE ROCKFORD IL CLIMATE SUMMARY FOR OCTOBER 1 2014...

CLIMATE NORMAL PERIOD 1981 TO 2010
CLIMATE RECORD PERIOD 1905 TO 2014


WEATHER ITEM   OBSERVED TIME   RECORD YEAR NORMAL DEPARTURE LAST
                VALUE   (LST)  VALUE       VALUE  FROM      YEAR
                                                  NORMAL
..................................................................
TEMPERATURE (F)
 YESTERDAY
  MAXIMUM         73    351 PM  90    1971  69      4       84
  MINIMUM         49    621 AM  28    2003  45      4       55
  AVERAGE         61                        57      4       70

PRECIPITATION (IN)
  YESTERDAY        0.00          1.55 1926   0.09  -0.09     0.00
  MONTH TO DATE    0.00                      0.09  -0.09     0.00
  SINCE SEP 1      2.00                      3.44  -1.44     1.61
  SINCE JAN 1     28.25                     29.10  -0.85    33.61

SNOWFALL (IN)
  YESTERDAY        0.0           0.0    MM   0.0    0.0      0.0
  MONTH TO DATE    0.0                       0.0    0.0      0.0
  SINCE SEP 1      0.0                       0.0    0.0      0.0
  SINCE JUL 1      T                         0.0    0.0      0.0
  SNOW DEPTH       0

DEGREE DAYS
 HEATING
  YESTERDAY        4                         9     -5        0
  MONTH TO DATE    4                         9     -5        0
  SINCE SEP 1    135                       126      9       71
  SINCE JUL 1    145                       140      5       82

 COOLING
  YESTERDAY        0                         1     -1        5
  MONTH TO DATE    0                         1     -1        5
  SINCE SEP 1     70                        85    -15      130
  SINCE JAN 1    726                       812    -86      879
..................................................................


WIND (MPH)
  HIGHEST WIND SPEED    18   HIGHEST WIND DIRECTION    SE (130)
  HIGHEST GUST SPEED    24   HIGHEST GUST DIRECTION    SE (130)
  AVERAGE WIND SPEED     8.7


SKY COVER
  POSSIBLE SUNSHINE  MM
  AVERAGE SKY COVER 0.8


WEATHER CONDITIONS
 THE FOLLOWING WEATHER WAS RECORDED YESTERDAY.
  NO SIGNIFICANT WEATHER WAS OBSERVED.


RELATIVE HUMIDITY (PERCENT)
 HIGHEST    93           500 AM
 LOWEST     49           200 PM
 AVERAGE    71

..........................................................


THE ROCKFORD IL CLIMATE NORMALS FOR TODAY
                         NORMAL    RECORD    YEAR
 MAXIMUM TEMPERATURE (F)   69        91      1922
 MINIMUM TEMPERATURE (F)   45        23      2003


SUNRISE AND SUNSET
OCTOBER  2 2014.......SUNRISE   654 AM CDT   SUNSET   636 PM CDT
OCTOBER  3 2014.......SUNRISE   656 AM CDT   SUNSET   635 PM CDT


-  INDICATES NEGATIVE NUMBERS.
R  INDICATES RECORD WAS SET OR TIED.
MM INDICATES DATA IS MISSING.
T  INDICATES TRACE AMOUNT.




$$





865
CDUS43 KLOT 020643
CLIVPZ


CLIMATE REPORT
NATIONAL WEATHER SERVICE CHICAGO IL
142 AM CDT THU OCT 2 2014


...................................

...THE VALPARAISO CLIMATE SUMMARY FOR OCTOBER 1 2014...

CLIMATE NORMAL PERIOD 1981 TO 2010
CLIMATE RECORD PERIOD 1998 TO 2014


WEATHER ITEM   OBSERVED TIME   RECORD YEAR NORMAL DEPARTURE LAST
                VALUE   (LST)  VALUE       VALUE  FROM      YEAR
                                                  NORMAL
..................................................................
TEMPERATURE (F)
 YESTERDAY
  MAXIMUM         70    234 PM  84    2002  69      1       78
  MINIMUM         43    551 AM  32    2003  46     -3       57
  AVERAGE         57                        57      0       68

PRECIPITATION (IN)
  YESTERDAY        0.00          0.48 2009   0.10  -0.10     0.00
                                      2008
  MONTH TO DATE    0.00                      0.10  -0.10     0.00
  SINCE SEP 1      2.38                      3.31  -0.93     2.57
  SINCE JAN 1     31.74                     28.85   2.89    28.25

DEGREE DAYS
 HEATING
  YESTERDAY        8                         9     -1        0
  MONTH TO DATE    8                         9     -1        0
  SINCE SEP 1    139                       122     17       80
  SINCE JUL 1    179                       139     40      108

 COOLING
  YESTERDAY        0                         1     -1        3
  MONTH TO DATE    0                         1     -1        3
  SINCE SEP 1     61                        67     -6      121
  SINCE JAN 1    608                       703    -95      788
..................................................................


WIND (MPH)
  RESULTANT WIND SPEED   6   RESULTANT WIND DIRECTION   E (110)
  HIGHEST WIND SPEED    14   HIGHEST WIND DIRECTION     E (110)
  HIGHEST GUST SPEED    19   HIGHEST GUST DIRECTION     E (90)
  AVERAGE WIND SPEED     6.9



WEATHER CONDITIONS
 THE FOLLOWING WEATHER WAS RECORDED YESTERDAY.
  FOG
  FOG W/VISIBILITY <= 1/4 MILE


..........................................................


THE VALPARAISO CLIMATE NORMALS FOR TODAY
                         NORMAL    RECORD    YEAR
 MAXIMUM TEMPERATURE (F)   68        83      2000
 MINIMUM TEMPERATURE (F)   46        32      2003


SUNRISE AND SUNSET
OCTOBER  2 2014.......SUNRISE   646 AM CDT   SUNSET   628 PM CDT
OCTOBER  3 2014.......SUNRISE   647 AM CDT   SUNSET   626 PM CDT


-  INDICATES NEGATIVE NUMBERS.
R  INDICATES RECORD WAS SET OR TIED.
MM INDICATES DATA IS MISSING.
T  INDICATES TRACE AMOUNT.




$$




National Weather Service
Disclaimer
Last Modified: August 31, 2005
Privacy Policy