646
CDUS45 KREV 260842
CLIRNO


CLIMATE REPORT
NATIONAL WEATHER SERVICE RENO NV
142 AM PDT SUN OCT 26 2014


...................................

...THE RENO TAHOE AIRPORT NV CLIMATE SUMMARY FOR OCTOBER 25 2014...

CLIMATE NORMAL PERIOD 1981 TO 2010
CLIMATE RECORD PERIOD 1888 TO 2014


WEATHER ITEM   OBSERVED TIME   RECORD YEAR NORMAL DEPARTURE LAST
                VALUE   (LST)  VALUE       VALUE  FROM      YEAR
                                                  NORMAL
..................................................................
TEMPERATURE (F)
 YESTERDAY
  MAXIMUM         67   1053 AM  83    1959  65      2       74
  MINIMUM         48    119 PM  18    1971  36     12       35
  AVERAGE         58                        50      8       55

PRECIPITATION (IN)
  YESTERDAY        T             0.82 1982   0.02  -0.02     0.00
  MONTH TO DATE    T                         0.40  -0.40     0.01
  SINCE OCT 1      T                         0.40  -0.40     0.01
  SINCE JAN 1      3.57                      5.44  -1.87     3.07

SNOWFALL (IN)
  YESTERDAY        0.0           0.2  1970   0.0    0.0      0.0
  MONTH TO DATE    0.0                       0.2   -0.2      0.0
  SINCE SEP 1      0.0                       0.3   -0.3      0.0
  SINCE JUL 1      0.0                       0.3   -0.3       T
  SNOW DEPTH       0

DEGREE DAYS
 HEATING
  YESTERDAY        7                        14     -7       10
  MONTH TO DATE  126                       252   -126      303
  SINCE SEP 1    175                       332   -157      388
  SINCE JUL 1    179                       342   -163      388

 COOLING
  YESTERDAY        0                         0      0        0
  MONTH TO DATE    5                         4      1        0
  SINCE SEP 1    175                        92     83      141
  SINCE JAN 1   1211                       838    373     1174
..................................................................


WIND (MPH)
  RESULTANT WIND SPEED  19   RESULTANT WIND DIRECTION   S (200)
  HIGHEST WIND SPEED    41   HIGHEST WIND DIRECTION    NW (300)
  HIGHEST GUST SPEED    52   HIGHEST GUST DIRECTION     S (180)
  AVERAGE WIND SPEED    24.0



WEATHER CONDITIONS
 THE FOLLOWING WEATHER WAS RECORDED YESTERDAY.
  LIGHT RAIN


RELATIVE HUMIDITY (PERCENT)
 HIGHEST    54           100 PM
 LOWEST     16           100 AM
 AVERAGE    35

..........................................................


THE RENO TAHOE AIRPORT NV CLIMATE NORMALS FOR TODAY
                         NORMAL    RECORD    YEAR
 MAXIMUM TEMPERATURE (F)   65        82      1959
                                             1937
                                             1926
 MINIMUM TEMPERATURE (F)   36        16      1939


SUNRISE AND SUNSET
OCTOBER 26 2014.......SUNRISE   721 AM PDT   SUNSET   605 PM PDT
OCTOBER 27 2014.......SUNRISE   722 AM PDT   SUNSET   604 PM PDT


-  INDICATES NEGATIVE NUMBERS.
R  INDICATES RECORD WAS SET OR TIED.
MM INDICATES DATA IS MISSING.
T  INDICATES TRACE AMOUNT.




$$





National Weather Service
Disclaimer
Last Modified: August 31, 2005
Privacy Policy