896
CDAK48 PAFC 241249
CLIANC


CLIMATE REPORT
NATIONAL WEATHER SERVICE ANCHORAGE, AK
449 AM AKDT THU JUL 24 2014


...................................

...THE ANCHORAGE AK CLIMATE SUMMARY FOR JULY 23 2014...

CLIMATE NORMAL PERIOD 1981 TO 2010
CLIMATE RECORD PERIOD 1915 TO 2014


WEATHER ITEM   OBSERVED RECORD YEAR NORMAL DEPARTURE LAST
                VALUE   VALUE       VALUE  FROM      YEAR
                                           NORMAL
...........................................................
TEMPERATURE (F)
 YESTERDAY
  MAXIMUM         68     79    1936  66      2       76
  MINIMUM         55     36    1920  53      2       55
  AVERAGE         62                 59      3       66

PRECIPITATION (IN)
  YESTERDAY        T      0.90 1982   0.06  -0.06
  MONTH TO DATE    1.33               1.25   0.08
  SINCE JUN 1      4.66               2.22   2.44
  SINCE JAN 1      7.89               5.46   2.43

SNOWFALL (IN)
  YESTERDAY        0.0    0.0    MM   0.0    0.0
  MONTH TO DATE    0.0                0.0    0.0
  SINCE JUN 1      0.0                0.0    0.0
  SINCE JUL 1      0.0                0.0    0.0
  SNOW DEPTH       0

DEGREE DAYS
 HEATING
  YESTERDAY        3                        -3
  MONTH TO DATE  107                       -40
  SINCE JUN 1    435                        -5
  SINCE JUL 1    107                       -40

 COOLING
  YESTERDAY        0                         0
  MONTH TO DATE    3                         3
  SINCE JUN 1      3                         3
  SINCE JAN 1      3                         3
...........................................................


WIND (MPH)
  HIGHEST WIND SPEED    16   HIGHEST WIND DIRECTION    SE (150)
  HIGHEST GUST SPEED    32   HIGHEST GUST DIRECTION    SE (150)
  AVERAGE WIND SPEED     8.2




RELATIVE HUMIDITY (PERCENT)
 HIGHEST    86
 LOWEST     48
 AVERAGE    67

..........................................................


THE ANCHORAGE AK CLIMATE NORMALS FOR TODAY
                         NORMAL    RECORD    YEAR
 MAXIMUM TEMPERATURE (F)   66        79      2013
 MINIMUM TEMPERATURE (F)   53        38      1920


SUNRISE AND SUNSET
JULY 24 2014..........SUNRISE   513 AM AKDT  SUNSET  1058 PM AKDT
JULY 25 2014..........SUNRISE   516 AM AKDT  SUNSET  1056 PM AKDT


-  INDICATES NEGATIVE NUMBERS.
R  INDICATES RECORD WAS SET OR TIED.
MM INDICATES DATA IS MISSING.
T  INDICATES TRACE AMOUNT.




$$




National Weather Service
Disclaimer
Last Modified: August 31, 2005
Privacy Policy