505
CDUS41 KPHI 250631
CLIRDG


CLIMATE REPORT
NATIONAL WEATHER SERVICE MOUNT HOLLY NJ
230 AM EDT FRI APR 25 2014


...................................

...THE READING PA CLIMATE SUMMARY FOR APRIL 24 2014...

CLIMATE NORMAL PERIOD 1981 TO 2010
CLIMATE RECORD PERIOD 1869 TO 2014


WEATHER ITEM   OBSERVED TIME   RECORD YEAR NORMAL DEPARTURE LAST
                VALUE   (LST)  VALUE       VALUE  FROM      YEAR
                                                  NORMAL
..................................................................
TEMPERATURE (F)
 YESTERDAY
  MAXIMUM         62    512 PM  90    1960  66     -4       73
  MINIMUM         38    532 AM  29    1989  43     -5       39
                                      1971
                                      1930
  AVERAGE         50                        54     -4       56

PRECIPITATION (IN)
  YESTERDAY        0.00          2.00 1968   0.11  -0.11     0.03
  MONTH TO DATE    2.39                      3.10  -0.71     2.26
  SINCE MAR 1      4.56                      6.58  -2.02     4.36
  SINCE JAN 1     11.24                     12.11  -0.87     9.30

SNOWFALL (IN)
  YESTERDAY       MM            MM      MM  MM     MM       MM
  MONTH TO DATE   MM                        MM     MM       MM
  SINCE MAR 1     MM                        MM     MM       MM
  SINCE JUL 1     MM                        MM     MM       MM
  SNOW DEPTH      MM

DEGREE DAYS
 HEATING
  YESTERDAY       15                        11      4        9
  MONTH TO DATE  335                       351    -16      300
  SINCE MAR 1   1252                      1094    158     1076
  SINCE JUL 1   5562                      5136    426     4787

 COOLING
  YESTERDAY        0                         0      0        0
  MONTH TO DATE    9                         0      9       15
  SINCE MAR 1      9                         0      9       15
  SINCE JAN 1      9                         0      9       15
..................................................................


WIND (MPH)
  HIGHEST WIND SPEED    24   HIGHEST WIND DIRECTION    NW (310)
  HIGHEST GUST SPEED    35   HIGHEST GUST DIRECTION    NW (300)
  AVERAGE WIND SPEED    11.6


SKY COVER
  POSSIBLE SUNSHINE  MM
  AVERAGE SKY COVER 0.0


WEATHER CONDITIONS
 THE FOLLOWING WEATHER WAS RECORDED YESTERDAY.
  NO SIGNIFICANT WEATHER WAS OBSERVED.


RELATIVE HUMIDITY (PERCENT)
 HIGHEST    57          1200 AM
 LOWEST     17           500 PM
 AVERAGE    37

..........................................................


THE READING PA CLIMATE NORMALS FOR TODAY
                         NORMAL    RECORD    YEAR
 MAXIMUM TEMPERATURE (F)   66        94      1915
 MINIMUM TEMPERATURE (F)   43        31      1999
                                             1956
                                             1919


SUNRISE AND SUNSET
APRIL 25 2014.........SUNRISE   611 AM EDT   SUNSET   753 PM EDT
APRIL 26 2014.........SUNRISE   610 AM EDT   SUNSET   754 PM EDT


-  INDICATES NEGATIVE NUMBERS.
R  INDICATES RECORD WAS SET OR TIED.
MM INDICATES DATA IS MISSING.
T  INDICATES TRACE AMOUNT.




$$





National Weather Service
Disclaimer
Last Modified: August 31, 2005
Privacy Policy