130
CDUS43 KLBF 250927
CLIVTN

CLIMATE REPORT
NATIONAL WEATHER SERVICE NORTH PLATTE
426 AM CDT SAT OCT 25 2014

...................................

...THE VALENTINE NE CLIMATE SUMMARY FOR OCTOBER 24 2014...

CLIMATE NORMAL PERIOD 1981 TO 2010
CLIMATE RECORD PERIOD 1885 TO 2014


WEATHER ITEM   OBSERVED TIME   RECORD YEAR NORMAL DEPARTURE LAST
                VALUE   (LST)  VALUE       VALUE  FROM      YEAR
                                                  NORMAL
..................................................................
TEMPERATURE (F)
 YESTERDAY
  MAXIMUM         81    405 PM  85    1894  60     21       51
  MINIMUM         40    748 AM  14    1995  31      9       34
  AVERAGE         61                        45     16       43

PRECIPITATION (IN)
  YESTERDAY        0.00          0.35 1956   0.03  -0.03     0.00
  MONTH TO DATE    0.42                      1.03  -0.61     3.19
  SINCE SEP 1      1.16                      2.67  -1.51     4.74
  SINCE JAN 1     20.20                     18.78   1.42    22.38

SNOWFALL (IN)
  YESTERDAY        0.0           5.0  1906   0.1   -0.1      0.0
  MONTH TO DATE    0.0                       0.9   -0.9      1.0
  SINCE SEP 1      0.0                       1.6   -1.6      1.0
  SINCE JUL 1      0.0                       1.6   -1.6      1.0
  SNOW DEPTH       0

DEGREE DAYS
 HEATING
  YESTERDAY        4                        20    -16       22
  MONTH TO DATE  267                       368   -101      420
  SINCE SEP 1    400                       528   -128      483
  SINCE JUL 1    421                       553   -132      486

 COOLING
  YESTERDAY        0                         0      0        0
  MONTH TO DATE    0                         1     -1        0
  SINCE SEP 1     89                        82      7      171
  SINCE JAN 1    724                       818    -94      964
..................................................................


WIND (MPH)
  HIGHEST WIND SPEED    14   HIGHEST WIND DIRECTION     W (290)
  HIGHEST GUST SPEED    16   HIGHEST GUST DIRECTION     W (290)
  AVERAGE WIND SPEED     5.3


SKY COVER
  POSSIBLE SUNSHINE  MM
  AVERAGE SKY COVER 0.0


WEATHER CONDITIONS
 THE FOLLOWING WEATHER WAS RECORDED YESTERDAY.
  NO SIGNIFICANT WEATHER WAS OBSERVED.


RELATIVE HUMIDITY (PERCENT)
 HIGHEST    85           200 AM
 LOWEST     17           400 PM
 AVERAGE    51

..........................................................


THE VALENTINE NE CLIMATE NORMALS FOR TODAY
                         NORMAL    RECORD    YEAR
 MAXIMUM TEMPERATURE (F)   59        86      1940
                                             1927
 MINIMUM TEMPERATURE (F)   31        13      1962


SUNRISE AND SUNSET
OCTOBER 25 2014.......SUNRISE   808 AM CDT   SUNSET   644 PM CDT
OCTOBER 26 2014.......SUNRISE   809 AM CDT   SUNSET   643 PM CDT


-  INDICATES NEGATIVE NUMBERS.
R  INDICATES RECORD WAS SET OR TIED.
MM INDICATES DATA IS MISSING.
T  INDICATES TRACE AMOUNT.

$$





National Weather Service
Disclaimer
Last Modified: August 31, 2005
Privacy Policy