361
CDUS46 KPQR 291141
CLIHIO


CLIMATE REPORT
NATIONAL WEATHER SERVICE PORTLAND OREGON
441 AM PDT FRI AUG 29 2014


...................................

...THE HILLSBORO OR CLIMATE SUMMARY FOR AUGUST 28 2014...

CLIMATE NORMAL PERIOD 1981 TO 2010
CLIMATE RECORD PERIOD 1929 TO 2014


WEATHER ITEM   OBSERVED TIME   RECORD YEAR NORMAL DEPARTURE LAST
                VALUE   (LST)  VALUE       VALUE  FROM      YEAR
                                                  NORMAL
..................................................................
TEMPERATURE (F)
 YESTERDAY
  MAXIMUM         83    218 PM 100    1967  80      3       80
  MINIMUM         54    511 AM  38    1980  49      5       58
  AVERAGE         69                        64      5       69

PRECIPITATION (IN)
  YESTERDAY        0.00          0.34 1951   0.03  -0.03
  MONTH TO DATE    0.10                      0.56  -0.46
  SINCE OCT 1     24.88                     38.39 -13.51
  SINCE JAN 1     20.20                     22.00  -1.80

SNOWFALL (IN)
  YESTERDAY        0.0
  MONTH TO DATE    0.0
  SINCE JUN 1      0.0
  SINCE JUL 1      0.0
  SNOW DEPTH       0

DEGREE DAYS
 HEATING
  YESTERDAY        0                         2     -2
  MONTH TO DATE    3                        44    -41
  SINCE JUL 1      9                       100    -91

 COOLING
  YESTERDAY        4                         2      2
  MONTH TO DATE  170                        74     96
  SINCE JAN 1    348                       175    173
..................................................................


WIND (MPH)
  HIGHEST WIND SPEED    14   HIGHEST WIND DIRECTION    NW (310)
  HIGHEST GUST SPEED    17   HIGHEST GUST DIRECTION    NW (320)
  AVERAGE WIND SPEED     4.1


SKY COVER
  POSSIBLE SUNSHINE  MM
  AVERAGE SKY COVER 0.0


WEATHER CONDITIONS
 THE FOLLOWING WEATHER WAS RECORDED YESTERDAY.
  HAZE


RELATIVE HUMIDITY (PERCENT)
 HIGHEST    93           600 AM
 LOWEST     42           100 PM
 AVERAGE    68

..........................................................


THE HILLSBORO OR CLIMATE NORMALS FOR TODAY
                         NORMAL    RECORD    YEAR
 MAXIMUM TEMPERATURE (F)   80        98      1967
 MINIMUM TEMPERATURE (F)   49        37      1965


SUNRISE AND SUNSET
AUGUST 29 2014........SUNRISE   630 AM PDT   SUNSET   755 PM PDT
AUGUST 30 2014........SUNRISE   631 AM PDT   SUNSET   753 PM PDT


-  INDICATES NEGATIVE NUMBERS.
R  INDICATES RECORD WAS SET OR TIED.
MM INDICATES DATA IS MISSING.
T  INDICATES TRACE AMOUNT.




$$




357
CDUS46 KPQR 291141
CLISLE


CLIMATE REPORT
NATIONAL WEATHER SERVICE PORTLAND OREGON
441 AM PDT FRI AUG 29 2014


...................................

...THE SALEM OR CLIMATE SUMMARY FOR AUGUST 28 2014...

CLIMATE NORMAL PERIOD 1981 TO 2010
CLIMATE RECORD PERIOD 1892 TO 2014


WEATHER ITEM   OBSERVED TIME   RECORD YEAR NORMAL DEPARTURE LAST
                VALUE   (LST)  VALUE       VALUE  FROM      YEAR
                                                  NORMAL
..................................................................
TEMPERATURE (F)
 YESTERDAY
  MAXIMUM         87    515 PM 100    1935  81      6       82
  MINIMUM         56    550 AM  36    1980  52      4       59
  AVERAGE         72                        66      6       71

PRECIPITATION (IN)
  YESTERDAY        0.00          0.61 1983   0.03  -0.03     0.04
  MONTH TO DATE    0.28                      0.38  -0.10     0.18
  SINCE OCT 1     27.33                     38.32 -10.99    34.05
  SINCE JAN 1     22.75                     21.93   0.82    11.79

DEGREE DAYS
 HEATING
  YESTERDAY        0                         1     -1        0
  MONTH TO DATE    0                        25    -25        3
  SINCE JUN 1     69                       185   -116       84
  SINCE JUL 1      3                        55    -52        5

 COOLING
  YESTERDAY        7                         3      4        6
  MONTH TO DATE  235                        99    136      164
  SINCE JUN 1    496                       236    260      393
  SINCE JAN 1    512                       245    267      403
..................................................................


WIND (MPH)
  HIGHEST WIND SPEED    15   HIGHEST WIND DIRECTION    NW (310)
  HIGHEST GUST SPEED    17   HIGHEST GUST DIRECTION    NW (320)
  AVERAGE WIND SPEED     4.9


SKY COVER
  POSSIBLE SUNSHINE  MM
  AVERAGE SKY COVER 0.0


WEATHER CONDITIONS
 THE FOLLOWING WEATHER WAS RECORDED YESTERDAY.
  NO SIGNIFICANT WEATHER WAS OBSERVED.


RELATIVE HUMIDITY (PERCENT)
 HIGHEST    86           600 AM
 LOWEST     32           200 PM
 AVERAGE    59

..........................................................


THE SALEM OR CLIMATE NORMALS FOR TODAY
                         NORMAL    RECORD    YEAR
 MAXIMUM TEMPERATURE (F)   81       101      1931
 MINIMUM TEMPERATURE (F)   52        38      1969
                                             1965


SUNRISE AND SUNSET
AUGUST 29 2014........SUNRISE   631 AM PDT   SUNSET   754 PM PDT
AUGUST 30 2014........SUNRISE   632 AM PDT   SUNSET   752 PM PDT


-  INDICATES NEGATIVE NUMBERS.
R  INDICATES RECORD WAS SET OR TIED.
MM INDICATES DATA IS MISSING.
T  INDICATES TRACE AMOUNT.




$$




National Weather Service
Disclaimer
Last Modified: August 31, 2005
Privacy Policy