051
CDUS43 KMPX 180048
CLIEAU


CLIMATE REPORT
NATIONAL WEATHER SERVICE CHANHASSEN MN
747 PM CDT WED SEP 17 2014


...................................

...THE EAU CLAIRE WI CLIMATE SUMMARY FOR SEPTEMBER 17 2014...
VALID TODAY AS OF 0700 PM LOCAL TIME.

CLIMATE NORMAL PERIOD 1981 TO 2010
CLIMATE RECORD PERIOD 1893 TO 2014


WEATHER ITEM   OBSERVED TIME   RECORD YEAR NORMAL DEPARTURE LAST
                VALUE   (LST)  VALUE       VALUE  FROM      YEAR
                                                  NORMAL
..................................................................
TEMPERATURE (F)
 TODAY
  MAXIMUM         72    422 PM  93    1948  71      1       68
  MINIMUM         41    235 AM  31    1959  48     -7       42
  AVERAGE         57                        60     -3       55

PRECIPITATION (IN)
  TODAY            0.00          1.89 1942   0.12  -0.12     0.17
  MONTH TO DATE    5.16                      2.13   3.03     1.03
  SINCE SEP 1      5.16                      2.13   3.03     1.03
  SINCE JAN 1     37.83                     24.25  13.58    28.67

SNOWFALL (IN)
  TODAY            0.0           0.0    MM   0.0    0.0      0.0
  MONTH TO DATE    0.0                       0.0    0.0      0.0
  SINCE SEP 1      0.0                       0.0    0.0      0.0
  SINCE JUL 1      0.0                       0.0    0.0      0.0
  SNOW DEPTH       0

DEGREE DAYS
 HEATING
  TODAY            8                         7      1       10
  MONTH TO DATE  117                        72     45       69
  SINCE SEP 1    117                        72     45       69
  SINCE JUL 1    140                       111     29      107

 COOLING
  TODAY            0                         1     -1        0
  MONTH TO DATE   17                        38    -21       72
  SINCE SEP 1     17                        38    -21       72
  SINCE JAN 1    495                       565    -70      638
..................................................................


WIND (MPH)
  HIGHEST WIND SPEED     9   HIGHEST WIND DIRECTION     W (250)
  HIGHEST GUST SPEED    13   HIGHEST GUST DIRECTION    SW (220)
  AVERAGE WIND SPEED     2.0


SKY COVER
  POSSIBLE SUNSHINE  MM
  AVERAGE SKY COVER 0.4


WEATHER CONDITIONS
 THE FOLLOWING WEATHER WAS RECORDED TODAY.
  FOG


RELATIVE HUMIDITY (PERCENT)
 HIGHEST   100           400 AM
 LOWEST     47           100 PM
 AVERAGE    74

..........................................................


THE EAU CLAIRE WI CLIMATE NORMALS FOR TOMORROW
                         NORMAL    RECORD    YEAR
 MAXIMUM TEMPERATURE (F)   71        93      1948
 MINIMUM TEMPERATURE (F)   48        29      1929


SUNRISE AND SUNSET
SEPTEMBER 17 2014.....SUNRISE   647 AM CDT   SUNSET   713 PM CDT
SEPTEMBER 18 2014.....SUNRISE   648 AM CDT   SUNSET   711 PM CDT


-  INDICATES NEGATIVE NUMBERS.
R  INDICATES RECORD WAS SET OR TIED.
MM INDICATES DATA IS MISSING.
T  INDICATES TRACE AMOUNT.




$$





052
CDUS43 KMPX 180048
CLISTC


CLIMATE REPORT
NATIONAL WEATHER SERVICE CHANHASSEN MN
747 PM CDT WED SEP 17 2014


...................................

...THE ST CLOUD MN CLIMATE SUMMARY FOR SEPTEMBER 17 2014...
VALID TODAY AS OF 0700 PM LOCAL TIME.

CLIMATE NORMAL PERIOD 1981 TO 2010
CLIMATE RECORD PERIOD 1893 TO 2014


WEATHER ITEM   OBSERVED TIME   RECORD YEAR NORMAL DEPARTURE LAST
                VALUE   (LST)  VALUE       VALUE  FROM      YEAR
                                                  NORMAL
..................................................................
TEMPERATURE (F)
 TODAY
  MAXIMUM         77    333 PM  92    1955  70      7       66
  MINIMUM         47    632 AM  27    1943  46      1       43
  AVERAGE         62                        58      4       55

PRECIPITATION (IN)
  TODAY            0.00          1.62 1942   0.12  -0.12     0.03
  MONTH TO DATE    3.73                      2.11   1.62     1.39
  SINCE SEP 1      3.73                      2.11   1.62     1.39
  SINCE JAN 1     33.10                     21.69  11.41    21.72

SNOWFALL (IN)
  TODAY            0.0           0.0    MM   0.0    0.0      0.0
  MONTH TO DATE    0.0                       0.0    0.0      0.0
  SINCE SEP 1      0.0                       0.0    0.0      0.0
  SINCE JUL 1      0.0                       0.0    0.0      0.0
  SNOW DEPTH       0

DEGREE DAYS
 HEATING
  TODAY            3                         8     -5       10
  MONTH TO DATE  107                        92     15       74
  SINCE SEP 1    107                        92     15       74
  SINCE JUL 1    116                       150    -34      123

 COOLING
  TODAY            0                         1     -1        0
  MONTH TO DATE   20                        27     -7       60
  SINCE SEP 1     20                        27     -7       60
  SINCE JAN 1    574                       456    118      564
..................................................................


WIND (MPH)
  HIGHEST WIND SPEED    10   HIGHEST WIND DIRECTION    NE (40)
  HIGHEST GUST SPEED    12   HIGHEST GUST DIRECTION    NE (50)
  AVERAGE WIND SPEED     1.6


SKY COVER
  POSSIBLE SUNSHINE  MM
  AVERAGE SKY COVER 0.3


WEATHER CONDITIONS
 THE FOLLOWING WEATHER WAS RECORDED TODAY.
  FOG


RELATIVE HUMIDITY (PERCENT)
 HIGHEST    93           500 AM
 LOWEST     43           300 PM
 AVERAGE    68

..........................................................


THE ST CLOUD MN CLIMATE NORMALS FOR TOMORROW
                         NORMAL    RECORD    YEAR
 MAXIMUM TEMPERATURE (F)   69        88      2000
                                             1998
                                             1984
 MINIMUM TEMPERATURE (F)   46        29      1993


SUNRISE AND SUNSET
SEPTEMBER 17 2014.....SUNRISE   657 AM CDT   SUNSET   723 PM CDT
SEPTEMBER 18 2014.....SUNRISE   658 AM CDT   SUNSET   721 PM CDT


-  INDICATES NEGATIVE NUMBERS.
R  INDICATES RECORD WAS SET OR TIED.
MM INDICATES DATA IS MISSING.
T  INDICATES TRACE AMOUNT.




$$




054
CDUS43 KMPX 180048
CLIMSP


CLIMATE REPORT
NATIONAL WEATHER SERVICE CHANHASSEN MN
747 PM CDT WED SEP 17 2014


...................................

...THE TWIN CITIES MN CLIMATE SUMMARY FOR SEPTEMBER 17 2014...
VALID TODAY AS OF 0700 PM LOCAL TIME.

CLIMATE NORMAL PERIOD 1981 TO 2010
CLIMATE RECORD PERIOD 1871 TO 2014


WEATHER ITEM   OBSERVED TIME   RECORD YEAR NORMAL DEPARTURE LAST
                VALUE   (LST)  VALUE       VALUE  FROM      YEAR
                                                  NORMAL
..................................................................
TEMPERATURE (F)
 TODAY
  MAXIMUM         77    256 PM  96    1895  71      6       67
  MINIMUM         55   1245 AM  34    1943  52      3       48
                                      1875
  AVERAGE         66                        62      4       58

PRECIPITATION (IN)
  TODAY            0.00          1.70 1942   0.10  -0.10     0.03
  MONTH TO DATE    0.57                      1.79  -1.22     0.85
  SINCE SEP 1      0.57                      1.79  -1.22     0.85
  SINCE JAN 1     31.57                     23.96   7.61    27.29

SNOWFALL (IN)
  TODAY            0.0           0.0    MM   0.0    0.0      0.0
  MONTH TO DATE    0.0                       0.0    0.0      0.0
  SINCE SEP 1      0.0                       0.0    0.0      0.0
  SINCE JUL 1      0.0                       0.0    0.0       T
  SNOW DEPTH       0

DEGREE DAYS
 HEATING
  TODAY            0                         5     -5        7
  MONTH TO DATE   82                        54     28       33
  SINCE SEP 1     82                        54     28       33
  SINCE JUL 1     89                        73     16       41

 COOLING
  TODAY            1                         2     -1        0
  MONTH TO DATE   35                        52    -17      104
  SINCE SEP 1     35                        52    -17      104
  SINCE JAN 1    731                       733     -2      953
..................................................................


WIND (MPH)
  HIGHEST WIND SPEED    10   HIGHEST WIND DIRECTION     E (90)
  HIGHEST GUST SPEED    18   HIGHEST GUST DIRECTION    NE (50)
  AVERAGE WIND SPEED     4.6


SKY COVER
  POSSIBLE SUNSHINE  MM
  AVERAGE SKY COVER 0.6


WEATHER CONDITIONS
 THE FOLLOWING WEATHER WAS RECORDED TODAY.
  NO SIGNIFICANT WEATHER WAS OBSERVED.


RELATIVE HUMIDITY (PERCENT)
 HIGHEST    77           700 AM
 LOWEST     43           200 PM
 AVERAGE    60

..........................................................


THE TWIN CITIES MN CLIMATE NORMALS FOR TOMORROW
                         NORMAL    RECORD    YEAR
 MAXIMUM TEMPERATURE (F)   71        93      1891
 MINIMUM TEMPERATURE (F)   51        32      1929


SUNRISE AND SUNSET
SEPTEMBER 17 2014.....SUNRISE   654 AM CDT   SUNSET   720 PM CDT
SEPTEMBER 18 2014.....SUNRISE   655 AM CDT   SUNSET   718 PM CDT


-  INDICATES NEGATIVE NUMBERS.
R  INDICATES RECORD WAS SET OR TIED.
MM INDICATES DATA IS MISSING.
T  INDICATES TRACE AMOUNT.




$$




053
CDUS43 KMPX 180048
CLIMPX


CLIMATE REPORT
NATIONAL WEATHER SERVICE CHANHASSEN MN
747 PM CDT WED SEP 17 2014


...................................

...THE CHANHASSEN MN CLIMATE SUMMARY FOR SEPTEMBER 17 2014...
VALID TODAY AS OF 0700 PM LOCAL TIME.

CLIMATE NORMAL PERIOD 1981 TO 2010
CLIMATE RECORD PERIOD 1995 TO 2014


WEATHER ITEM   OBSERVED NORMAL DEPARTURE LAST
                VALUE   VALUE  FROM      YEAR
                               NORMAL
...............................................
TEMPERATURE (F)
 TODAY
  MAXIMUM         73     70      3       65
  MINIMUM         54     50      4       47
  AVERAGE         64     60      4       56

PRECIPITATION (IN)
  TODAY            0.00   0.12  -0.12     0.08
  MONTH TO DATE    0.61   2.08  -1.47     1.07
  SINCE SEP 1      0.61   2.08  -1.47     1.07
  SINCE JAN 1     33.12  24.08   9.04    29.28

SNOWFALL (IN)
  TODAY            0.0    0.0    0.0      0.0
  MONTH TO DATE    0.0    0.0    0.0      0.0
  SINCE SEP 1      0.0    0.0    0.0      0.0
  SINCE JUL 1      0.0    0.0    0.0      0.0
  SNOW DEPTH       0

DEGREE DAYS
 HEATING
  TODAY            1      6     -5        9
  MONTH TO DATE  113     63     50       59
  SINCE SEP 1    113     63     50       59
  SINCE JUL 1    129     86     43       80

 COOLING
  TODAY            0      1     -1        0
  MONTH TO DATE   19     38    -19       68
  SINCE SEP 1     19     38    -19       68
  SINCE JAN 1    498    591    -93      647
...............................................







THE CHANHASSEN MN CLIMATE NORMALS FOR TOMORROW
                         NORMAL
 MAXIMUM TEMPERATURE (F)   70
 MINIMUM TEMPERATURE (F)   50



-  INDICATES NEGATIVE NUMBERS.
R  INDICATES RECORD WAS SET OR TIED.
MM INDICATES DATA IS MISSING.
T  INDICATES TRACE AMOUNT.




$$




National Weather Service
Disclaimer
Last Modified: August 31, 2005
Privacy Policy