011
CDUS45 KBOI 230932
CLIBNO


CLIMATE REPORT
NATIONAL WEATHER SERVICE BOISE ID
332 AM MDT WED APR 23 2014


...................................

...THE BURNS OR CLIMATE SUMMARY FOR APRIL 22 2014...

CLIMATE NORMAL PERIOD 1981 TO 2010
CLIMATE RECORD PERIOD 1939 TO 2014


WEATHER ITEM   OBSERVED TIME   RECORD YEAR NORMAL DEPARTURE LAST
                VALUE   (LST)  VALUE       VALUE  FROM      YEAR
                                                  NORMAL
..................................................................
TEMPERATURE (F)
 YESTERDAY
  MAXIMUM         50    408 PM  83    2012  59     -9       54
  MINIMUM         22   1159 PM  17    1972  30     -8       25
  AVERAGE         36                        44     -8       40

PRECIPITATION (IN)
  YESTERDAY        T             0.33 1979   0.03  -0.03     0.00
  MONTH TO DATE    0.48                      0.68  -0.20     0.39
  SINCE OCT 1      4.89                      7.48  -2.59     5.21
  SINCE JAN 1      3.92                      3.98  -0.06     1.31

DEGREE DAYS
 HEATING
  YESTERDAY       29                        21      8       25
  MONTH TO DATE  460                       500    -40      500
  SINCE MAR 1   1244                      1357   -113     1332
  SINCE JUL 1   6527                      6885   -358     6689

 COOLING
  YESTERDAY        0                         0      0        0
  MONTH TO DATE    0                         0      0        0
  SINCE MAR 1      0                         0      0        0
  SINCE JAN 1      0                         0      0        0
..................................................................


WIND (MPH)
  HIGHEST WIND SPEED    29   HIGHEST WIND DIRECTION     W (270)
  HIGHEST GUST SPEED    36   HIGHEST GUST DIRECTION     W (290)
  AVERAGE WIND SPEED    13.0


SKY COVER
  POSSIBLE SUNSHINE  MM
  AVERAGE SKY COVER 0.7


WEATHER CONDITIONS
 THE FOLLOWING WEATHER WAS RECORDED YESTERDAY.
  LIGHT RAIN


RELATIVE HUMIDITY (PERCENT)
 HIGHEST    79           600 AM
 LOWEST     25           400 PM
 AVERAGE    52

..........................................................


THE BURNS OR CLIMATE NORMALS FOR TODAY
                         NORMAL    RECORD    YEAR
 MAXIMUM TEMPERATURE (F)   59        82      2012
 MINIMUM TEMPERATURE (F)   30        13      2013


SUNRISE AND SUNSET
APRIL 23 2014.........SUNRISE   600 AM PDT   SUNSET   749 PM PDT
APRIL 24 2014.........SUNRISE   559 AM PDT   SUNSET   750 PM PDT


-  INDICATES NEGATIVE NUMBERS.
R  INDICATES RECORD WAS SET OR TIED.
MM INDICATES DATA IS MISSING.
T  INDICATES TRACE AMOUNT.




$$




106
CDUS46 KBOI 230932
CLIREO


CLIMATE REPORT
NATIONAL WEATHER SERVICE BOISE ID
332 AM MDT WED APR 23 2014


...................................

...THE ROME OR CLIMATE SUMMARY FOR APRIL 22 2014...

CLIMATE NORMAL PERIOD 1981 TO 2010
CLIMATE RECORD PERIOD 9999 TO 9999


WEATHER ITEM   OBSERVED TIME   NORMAL DEPARTURE LAST
                VALUE   (LST)  VALUE  FROM      YEAR
                                      NORMAL
......................................................
TEMPERATURE (F)
 YESTERDAY
  MAXIMUM         56   1206 AM  63     -7       55
  MINIMUM         31   1153 PM  32     -1       30
  AVERAGE         44            47     -3       43

PRECIPITATION (IN)
  YESTERDAY        0.03          0.04  -0.01     0.00
  MONTH TO DATE    0.30          0.70  -0.40     0.36
  SINCE OCT 1      1.62          5.28  -3.66     3.06
  SINCE JAN 1      1.43          3.09  -1.66     1.60

DEGREE DAYS
 HEATING
  YESTERDAY       21            18      3       22
  MONTH TO DATE  347           447   -100      436
  SINCE MAR 1   1020          1228   -208     1168
  SINCE JUL 1   5442          5962   -520     5817

 COOLING
  YESTERDAY        0             0      0        0
  MONTH TO DATE    0             0      0        0
  SINCE MAR 1      0             0      0        0
  SINCE JAN 1      0             0      0        0
......................................................


WIND (MPH)
  RESULTANT WIND SPEED  10   RESULTANT WIND DIRECTION   W (250)
  HIGHEST WIND SPEED    31   HIGHEST WIND DIRECTION     W (290)
  HIGHEST GUST SPEED    38   HIGHEST GUST DIRECTION     W (290)
  AVERAGE WIND SPEED    14.8


SKY COVER
  AVERAGE SKY COVER 0.0


WEATHER CONDITIONS
 THE FOLLOWING WEATHER WAS RECORDED YESTERDAY.
  NO SIGNIFICANT WEATHER WAS OBSERVED.


RELATIVE HUMIDITY (PERCENT)
 HIGHEST    76           600 AM
 LOWEST     24           500 PM
 AVERAGE    50

..........................................................


THE ROME OR CLIMATE NORMALS FOR TODAY
                         NORMAL    RECORD    YEAR
 MAXIMUM TEMPERATURE (F)   63        MM        MM
 MINIMUM TEMPERATURE (F)   32        MM        MM


SUNRISE AND SUNSET
APRIL 23 2014.........SUNRISE   558 AM PDT   SUNSET   743 PM PDT
APRIL 24 2014.........SUNRISE   556 AM PDT   SUNSET   744 PM PDT


-  INDICATES NEGATIVE NUMBERS.
R  INDICATES RECORD WAS SET OR TIED.
MM INDICATES DATA IS MISSING.
T  INDICATES TRACE AMOUNT.




$$




National Weather Service
Disclaimer
Last Modified: August 31, 2005
Privacy Policy