436
CDUS46 KSGX 220024
CLIONT


CLIMATE REPORT
NATIONAL WEATHER SERVICE SAN DIEGO, CA
423 PM PST SUN DEC 21 2014


...................................

...THE ONTARIO INTL AIRPORT CA CLIMATE SUMMARY FOR DECEMBER 21 2014...
VALID TODAY AS OF 0400 PM LOCAL TIME.

CLIMATE NORMAL PERIOD 1981 TO 2010
CLIMATE RECORD PERIOD 1998 TO 2014


WEATHER ITEM   OBSERVED TIME   RECORD YEAR NORMAL DEPARTURE LAST
                VALUE   (LST)  VALUE       VALUE  FROM      YEAR
                                                  NORMAL
..................................................................
TEMPERATURE (F)
 TODAY
  MAXIMUM         65    359 PM  82    2005  65      0       59
  MINIMUM         44    643 AM  33    2012  43      1       40
  AVERAGE         55                        54      1       50

PRECIPITATION (IN)
  TODAY            0.00          2.84 2010   0.08  -0.08     0.00
  MONTH TO DATE    4.40                      1.04   3.36     0.36
  SINCE JUL 1      5.88                      3.38   2.50     0.92
  SINCE JAN 1      9.37                     13.76  -4.39     3.71

SNOWFALL (IN)
  TODAY            0.0
  MONTH TO DATE    0.0
  SINCE JAN 1      0.0
  SINCE JUL 1      0.0
  SNOW DEPTH       0

DEGREE DAYS
 HEATING
  TODAY           10                        11     -1       15
  MONTH TO DATE  132                       225    -93      216
  SINCE DEC 1    132                       225    -93      216
  SINCE JUL 1    202                       447   -245      374

 COOLING
  TODAY            0                         0      0        0
  MONTH TO DATE    0                         0      0        4
  SINCE DEC 1      0                         0      0        4
  SINCE JAN 1   2397                      1705    692     2001
..................................................................


WIND (MPH)
  RESULTANT WIND SPEED   1   RESULTANT WIND DIRECTION  NE (50)
  HIGHEST WIND SPEED     7   HIGHEST WIND DIRECTION    SW (210)
  HIGHEST GUST SPEED     9   HIGHEST GUST DIRECTION    NE (40)
  AVERAGE WIND SPEED     1.2


SKY COVER
  POSSIBLE SUNSHINE  MM
  AVERAGE SKY COVER 0.6


WEATHER CONDITIONS
 THE FOLLOWING WEATHER WAS RECORDED TODAY.
  FOG
  HAZE


RELATIVE HUMIDITY (PERCENT)
 HIGHEST    92           700 AM
 LOWEST     56           200 PM
 AVERAGE    74

..........................................................


THE ONTARIO INTL AIRPORT CA CLIMATE NORMALS FOR TOMORROW
                         NORMAL    RECORD    YEAR
 MAXIMUM TEMPERATURE (F)   65        76      2005
 MINIMUM TEMPERATURE (F)   43        28      1998


SUNRISE AND SUNSET
DECEMBER 21 2014......SUNRISE   652 AM PST   SUNSET   445 PM PST
DECEMBER 22 2014......SUNRISE   653 AM PST   SUNSET   446 PM PST


-  INDICATES NEGATIVE NUMBERS.
R  INDICATES RECORD WAS SET OR TIED.
MM INDICATES DATA IS MISSING.
T  INDICATES TRACE AMOUNT.




$$




429
CDUS46 KSGX 220024
CLISNA


CLIMATE REPORT
NATIONAL WEATHER SERVICE SAN DIEGO, CA
423 PM PST SUN DEC 21 2014


...................................

...THE JOHN WAYNE AIRPORT CA CLIMATE SUMMARY FOR DECEMBER 21 2014...
VALID TODAY AS OF 0400 PM LOCAL TIME.

CLIMATE NORMAL PERIOD 1981 TO 2010
CLIMATE RECORD PERIOD 1999 TO 2014


WEATHER ITEM   OBSERVED TIME   RECORD YEAR NORMAL DEPARTURE LAST
                VALUE   (LST)  VALUE       VALUE  FROM      YEAR
                                                  NORMAL
..................................................................
TEMPERATURE (F)
 TODAY
  MAXIMUM         70    215 PM  77    2005  65      5       64
  MINIMUM         54    654 AM  40    2012  46      8       46
  AVERAGE         62                        56      6       55

PRECIPITATION (IN)
  TODAY            0.00          1.31 2010   0.07  -0.07     0.00
  MONTH TO DATE    3.46                      1.00   2.46     0.29
  SINCE JUL 1      3.70                      3.29   0.41     1.05
  SINCE JAN 1      6.29                     12.25  -5.96     3.02

SNOWFALL (IN)
  TODAY            0.0
  MONTH TO DATE    0.0
  SINCE JAN 1      0.0
  SINCE JUL 1      0.0
  SNOW DEPTH       0

DEGREE DAYS
 HEATING
  TODAY            3                        10     -7       10
  MONTH TO DATE   50                       185   -135      159
  SINCE DEC 1     50                       185   -135      159
  SINCE JUL 1     54                       338   -284      232

 COOLING
  TODAY            0                         0      0        0
  MONTH TO DATE   15                         0     15        0
  SINCE DEC 1     15                         0     15        0
  SINCE JAN 1   2055                       876   1179     1157
..................................................................


WIND (MPH)
  RESULTANT WIND SPEED   1   RESULTANT WIND DIRECTION  NE (60)
  HIGHEST WIND SPEED     8   HIGHEST WIND DIRECTION    SW (230)
  HIGHEST GUST SPEED    10   HIGHEST GUST DIRECTION    SW (220)
  AVERAGE WIND SPEED     1.6


SKY COVER
  POSSIBLE SUNSHINE  MM
  AVERAGE SKY COVER 0.7


WEATHER CONDITIONS
 THE FOLLOWING WEATHER WAS RECORDED TODAY.
  NO SIGNIFICANT WEATHER WAS OBSERVED.


RELATIVE HUMIDITY (PERCENT)
 HIGHEST    83           700 AM
 LOWEST     55           100 PM
 AVERAGE    69

..........................................................


THE JOHN WAYNE AIRPORT CA CLIMATE NORMALS FOR TOMORROW
                         NORMAL    RECORD    YEAR
 MAXIMUM TEMPERATURE (F)   65        74      2003
                                             1999
 MINIMUM TEMPERATURE (F)   46        41      2007


SUNRISE AND SUNSET
DECEMBER 21 2014......SUNRISE   652 AM PST   SUNSET   447 PM PST
DECEMBER 22 2014......SUNRISE   653 AM PST   SUNSET   448 PM PST


-  INDICATES NEGATIVE NUMBERS.
R  INDICATES RECORD WAS SET OR TIED.
MM INDICATES DATA IS MISSING.
T  INDICATES TRACE AMOUNT.




$$




020
CDUS46 KHNX 220024
CLIBFL


CLIMATE REPORT
NATIONAL WEATHER SERVICE SAN JOAQUIN VALLEY, CA
423 PM PST SUN DEC 21 2014


...................................

...THE BAKERSFIELD CLIMATE SUMMARY FOR DECEMBER 21 2014...
VALID AS OF 0400 PM LOCAL TIME.

CLIMATE NORMAL PERIOD 1981 TO 2010
CLIMATE RECORD PERIOD 1889 TO 2014


WEATHER ITEM   OBSERVED TIME   RECORD YEAR NORMAL DEPARTURE LAST
                VALUE   (LST)  VALUE       VALUE  FROM      YEAR
                                                  NORMAL
..................................................................
TEMPERATURE (F)
 TODAY
  MAXIMUM         60    359 PM  78    1919  56      4       61
  MINIMUM         48    723 AM  23    1905  39      9       34
  AVERAGE         54                        47      7       48

PRECIPITATION (IN)
  TODAY            0.00          0.84 1938   0.04  -0.04     0.00
  MONTH TO DATE    1.87                      0.64   1.23     0.10
  SINCE JUL 1      2.53                      1.70   0.83     1.07
  SINCE JAN 1      3.87                      6.09  -2.22     3.43

SNOWFALL (IN)
  TODAY            0.0
  MONTH TO DATE    0.0
  SINCE DEC 1      0.0
  SINCE JUL 1      0.0
  SNOW DEPTH       0

DEGREE DAYS
 HEATING
  TODAY           11                        18     -7       17
  MONTH TO DATE  172                       352   -180      390
  SINCE DEC 1    172                       352   -180      390
  SINCE JUL 1    346                       710   -364      634

 COOLING
  TODAY            0                         0      0        0
  MONTH TO DATE    0                         0      0        0
  SINCE DEC 1      0                         0      0        0
  SINCE JAN 1   2983                      2258    725     2557
..................................................................


WIND (MPH)
  HIGHEST WIND SPEED     9   HIGHEST WIND DIRECTION     W (290)
  HIGHEST GUST SPEED    11   HIGHEST GUST DIRECTION     W (290)
  AVERAGE WIND SPEED     1.4




RELATIVE HUMIDITY (PERCENT)
 HIGHEST    96
 LOWEST     72
 AVERAGE    84

..........................................................


THE BAKERSFIELD CLIMATE NORMALS FOR TOMORROW
                         NORMAL    RECORD    YEAR
 MAXIMUM TEMPERATURE (F)   55        76      2005
 MINIMUM TEMPERATURE (F)   39        20      1990
                                             1905


SUNRISE AND SUNSET
DECEMBER 21 2014......SUNRISE   701 AM PST   SUNSET   447 PM PST
DECEMBER 22 2014......SUNRISE   702 AM PST   SUNSET   448 PM PST


-  INDICATES NEGATIVE NUMBERS.
R  INDICATES RECORD WAS SET OR TIED.
MM INDICATES DATA IS MISSING.
T  INDICATES TRACE AMOUNT.




$$





National Weather Service
Disclaimer
Last Modified: August 31, 2005
Privacy Policy