388
CDUS44 KHUN 170719
CLIHSV


CLIMATE REPORT
NATIONAL WEATHER SERVICE HUNTSVILLE AL
218 AM CDT WED SEP 17 2014


...................................

...THE HUNTSVILLE CLIMATE SUMMARY FOR SEPTEMBER 16 2014...

CLIMATE NORMAL PERIOD 1981 TO 2010
CLIMATE RECORD PERIOD 1894 TO 2014


WEATHER ITEM   OBSERVED TIME   RECORD YEAR NORMAL DEPARTURE LAST
                VALUE   (LST)  VALUE       VALUE  FROM      YEAR
                                                  NORMAL
..................................................................
TEMPERATURE (F)
 YESTERDAY
  MAXIMUM         91    211 PM 102    1927  85      6       89
  MINIMUM         67   1159 PM  47    1961  63      4       59
  AVERAGE         79                        74      5       74

PRECIPITATION (IN)
  YESTERDAY        T             3.65 2004   0.12  -0.12     0.00
  MONTH TO DATE    0.27                      1.93  -1.66     1.27
  SINCE SEP 1      0.27                      1.93  -1.66     1.27
  SINCE JAN 1     38.42                     38.25   0.17    44.89

SNOWFALL (IN)
  YESTERDAY        0.0
  MONTH TO DATE    0.0
  SINCE SEP 1      0.0
  SINCE JUL 1      0.0
  SNOW DEPTH       0

DEGREE DAYS
 HEATING
  YESTERDAY        0                         0      0        0
  MONTH TO DATE    0                         0      0        0
  SINCE SEP 1      0                         0      0        0
  SINCE JUL 1      0                         0      0        0

 COOLING
  YESTERDAY       14                         9      5        9
  MONTH TO DATE  242                       181     61      188
  SINCE SEP 1    242                       181     61      188
  SINCE JAN 1   1794                      1776     18     1654
..................................................................


WIND (MPH)
  HIGHEST WIND SPEED    13   HIGHEST WIND DIRECTION     N (340)
  HIGHEST GUST SPEED    18   HIGHEST GUST DIRECTION     N (360)
  AVERAGE WIND SPEED     4.6


SKY COVER
  POSSIBLE SUNSHINE  MM
  AVERAGE SKY COVER 0.4


WEATHER CONDITIONS
 THE FOLLOWING WEATHER WAS RECORDED YESTERDAY.
  LIGHT RAIN
  FOG


RELATIVE HUMIDITY (PERCENT)
 HIGHEST    93           200 AM
 LOWEST     44           200 PM
 AVERAGE    69

..........................................................


THE HUNTSVILLE CLIMATE NORMALS FOR TODAY
                         NORMAL    RECORD    YEAR
 MAXIMUM TEMPERATURE (F)   85       103      1927
 MINIMUM TEMPERATURE (F)   62        47      2000
                                             1999
                                             1981


SUNRISE AND SUNSET
SEPTEMBER 17 2014.....SUNRISE   631 AM CDT   SUNSET   651 PM CDT
SEPTEMBER 18 2014.....SUNRISE   632 AM CDT   SUNSET   650 PM CDT


-  INDICATES NEGATIVE NUMBERS.
R  INDICATES RECORD WAS SET OR TIED.
MM INDICATES DATA IS MISSING.
T  INDICATES TRACE AMOUNT.




$$



National Weather Service
Disclaimer
Last Modified: August 31, 2005
Privacy Policy