714
CDUS41 KRNK 311007
CLILWB


CLIMATE REPORT
NATIONAL WEATHER SERVICE BLACKSBURG VA
506 AM EST SAT JAN 31 2015


...................................

...THE LEWISBURG WV CLIMATE SUMMARY FOR JANUARY 30 2015...

CLIMATE NORMAL PERIOD 1981 TO 2010
CLIMATE RECORD PERIOD 1973 TO 2015


WEATHER ITEM   OBSERVED TIME   RECORD YEAR NORMAL DEPARTURE
                VALUE   (LST)  VALUE       VALUE  FROM
                                                  NORMAL
...............................................................
TEMPERATURE (F)
 YESTERDAY
  MAXIMUM         38   1200 AM  70    2002  40     -2
  MINIMUM         19   1100 PM -12    2014  19      0
  AVERAGE         29                        29      0

SNOWFALL (IN)
  YESTERDAY        T
  MONTH TO DATE    T
  SINCE DEC 1      T
  SINCE JUL 1      2.0
  SNOW DEPTH       0

DEGREE DAYS
 HEATING
  YESTERDAY       36                                0
  MONTH TO DATE 1021                              -79
  SINCE DEC 1   1834                             -311
  SINCE JUL 1   3046                             -416

 COOLING
  YESTERDAY        0                                0
  MONTH TO DATE    0                                0
  SINCE DEC 1      0                                0
  SINCE JAN 1      0                                0
...............................................................


WIND (MPH)
  HIGHEST WIND SPEED    21   HIGHEST WIND DIRECTION    NW (310)
  HIGHEST GUST SPEED    30   HIGHEST GUST DIRECTION    NW (310)
  AVERAGE WIND SPEED     8.6




RELATIVE HUMIDITY (PERCENT)
 HIGHEST    89
 LOWEST     50
 AVERAGE    70

..........................................................


THE LEWISBURG WV CLIMATE NORMALS FOR TODAY
                         NORMAL    RECORD    YEAR
 MAXIMUM TEMPERATURE (F)   40        73      2002
 MINIMUM TEMPERATURE (F)   19        -2      2004


SUNRISE AND SUNSET
JANUARY 31 2015.......SUNRISE   727 AM EST   SUNSET   544 PM EST
FEBRUARY  1 2015......SUNRISE   726 AM EST   SUNSET   545 PM EST


-  INDICATES NEGATIVE NUMBERS.
R  INDICATES RECORD WAS SET OR TIED.
MM INDICATES DATA IS MISSING.
T  INDICATES TRACE AMOUNT.

REMARKS:
DUE TO HIGHLY SUSPECT PRECIPITATION VALUES FROM THE AUTOMATED RAIN
GAUGE...ALL LIQUID PRECIPITATION DATA WILL BE CODED AS MISSING.


$$





719
CDUS41 KRNK 311007
CLIRNK


CLIMATE REPORT
NATIONAL WEATHER SERVICE BLACKSBURG VA
506 AM EST SAT JAN 31 2015


...................................

...THE BLACKSBURG VA CLIMATE SUMMARY FOR JANUARY 30 2015...

CLIMATE NORMAL PERIOD 1981 TO 2010
CLIMATE RECORD PERIOD 1952 TO 2015


WEATHER ITEM   OBSERVED TIME   RECORD YEAR NORMAL DEPARTURE LAST
                VALUE   (LST)  VALUE       VALUE  FROM      YEAR
                                                  NORMAL
..................................................................
TEMPERATURE (F)
 YESTERDAY
  MAXIMUM         40   1200 AM  75    2002  42     -2       33
  MINIMUM         18   1100 PM -10    1966  22     -4       -5
  AVERAGE         29                        32     -3       14

PRECIPITATION (IN)
  YESTERDAY        0.03          2.06 2013   0.10  -0.07     0.00
  MONTH TO DATE    1.30                      2.98  -1.68     1.65
  SINCE DEC 1      3.95                      5.93  -1.98     6.91
  SINCE JAN 1      1.30                      2.98  -1.68     1.65

SNOWFALL (IN)
  YESTERDAY        0.5          12.0  1966   0.3    0.2      0.0
  MONTH TO DATE    1.1                       7.8   -6.7      6.5
  SINCE DEC 1      1.6                      12.7  -11.1      6.5
  SINCE JUL 1      4.0                      13.2   -9.2      6.6
  SNOW DEPTH       0

DEGREE DAYS
 HEATING
  YESTERDAY       36                        33      3       51
  MONTH TO DATE  995                      1011    -16     1177
  SINCE DEC 1   1822                      1978   -156     2037
  SINCE JUL 1   3015                      3158   -143     3272

 COOLING
  YESTERDAY        0                         0      0        0
  MONTH TO DATE    0                         0      0        0
  SINCE DEC 1      0                         0      0        0
  SINCE JAN 1      0                         0      0        0
..................................................................


WIND (MPH)
  RESULTANT WIND SPEED  13   RESULTANT WIND DIRECTION   W (290)
  HIGHEST WIND SPEED    22   HIGHEST WIND DIRECTION    NW (300)
  HIGHEST GUST SPEED    35   HIGHEST GUST DIRECTION    NW (300)
  AVERAGE WIND SPEED    12.9


SKY COVER
  POSSIBLE SUNSHINE  MM
  AVERAGE SKY COVER 0.7


WEATHER CONDITIONS
 THE FOLLOWING WEATHER WAS RECORDED YESTERDAY.
  LIGHT RAIN
  SNOW
  LIGHT SNOW
  FOG


RELATIVE HUMIDITY (PERCENT)
 HIGHEST    85           200 AM
 LOWEST     42           400 PM
 AVERAGE    64

..........................................................


THE BLACKSBURG VA CLIMATE NORMALS FOR TODAY
                         NORMAL    RECORD    YEAR
 MAXIMUM TEMPERATURE (F)   42        73      2002
 MINIMUM TEMPERATURE (F)   22       -10      1966


SUNRISE AND SUNSET
JANUARY 31 2015.......SUNRISE   726 AM EST   SUNSET   545 PM EST
FEBRUARY  1 2015......SUNRISE   725 AM EST   SUNSET   546 PM EST


-  INDICATES NEGATIVE NUMBERS.
R  INDICATES RECORD WAS SET OR TIED.
MM INDICATES DATA IS MISSING.
T  INDICATES TRACE AMOUNT.




$$




National Weather Service
Disclaimer
Last Modified: August 31, 2005
Privacy Policy