470
CDUS44 KEWX 241325
CLIDRT


CLIMATE REPORT
NATIONAL WEATHER SERVICE AUSTIN/SAN ANTONIO, TX
725 AM CST MON NOV 24 2014


...................................

...THE DEL RIO CLIMATE SUMMARY FOR NOVEMBER 24 2014...
VALID AS OF 725 AM LOCAL TIME.

CLIMATE NORMAL PERIOD 1981 TO 2010
CLIMATE RECORD PERIOD 1906 TO 2014


WEATHER ITEM   OBSERVED TIME   RECORD YEAR NORMAL DEPARTURE
                VALUE   (LST)  VALUE       VALUE  FROM
                                                  NORMAL
...............................................................
TEMPERATURE (F)
 TODAY
  MAXIMUM         62   1216 AM  92    1910  69
  MINIMUM         44    724 AM  26    1970  46

PRECIPITATION (IN)
  TODAY            0.00          0.91        0.03  -0.03
  MONTH TO DATE    3.26                      0.78   2.48
  SINCE SEP 1      8.73                      5.21   3.52
  SINCE JAN 1     15.90                     18.72  -2.82

...............................................................







THE DEL RIO CLIMATE NORMALS FOR TOMORROW
                         NORMAL
 MAXIMUM TEMPERATURE (F)   68
 MINIMUM TEMPERATURE (F)   46


SUNRISE AND SUNSET
NOVEMBER 24 2014......SUNRISE   715 AM CST   SUNSET   546 PM CST
NOVEMBER 25 2014......SUNRISE   716 AM CST   SUNSET   545 PM CST


-  INDICATES NEGATIVE NUMBERS.
R  INDICATES RECORD WAS SET OR TIED.
MM INDICATES DATA IS MISSING.
T  INDICATES TRACE AMOUNT.




$$





469
CDUS44 KEWX 241325
CLISAT


CLIMATE REPORT
NATIONAL WEATHER SERVICE AUSTIN/SAN ANTONIO, TX
725 AM CST MON NOV 24 2014


...................................

...THE SAN ANTONIO CLIMATE SUMMARY FOR NOVEMBER 24 2014...
VALID AS OF 725 AM LOCAL TIME.

CLIMATE NORMAL PERIOD 1981 TO 2010
CLIMATE RECORD PERIOD 1886 TO 2014


WEATHER ITEM   OBSERVED TIME   RECORD YEAR NORMAL DEPARTURE
                VALUE   (LST)  VALUE       VALUE  FROM
                                                  NORMAL
...............................................................
TEMPERATURE (F)
 TODAY
  MAXIMUM         61   1232 AM  85    2010  69
  MINIMUM         49    710 AM  25    1970  47

PRECIPITATION (IN)
  TODAY            0.00          2.63        0.06  -0.06
  MONTH TO DATE    7.21                      1.91   5.30
  SINCE SEP 1     10.89                      9.05   1.84
  SINCE JAN 1     26.96                     29.99  -3.03

...............................................................







THE SAN ANTONIO CLIMATE NORMALS FOR TOMORROW
                         NORMAL
 MAXIMUM TEMPERATURE (F)   69
 MINIMUM TEMPERATURE (F)   47


SUNRISE AND SUNSET
NOVEMBER 24 2014......SUNRISE   705 AM CST   SUNSET   535 PM CST
NOVEMBER 25 2014......SUNRISE   706 AM CST   SUNSET   535 PM CST


-  INDICATES NEGATIVE NUMBERS.
R  INDICATES RECORD WAS SET OR TIED.
MM INDICATES DATA IS MISSING.
T  INDICATES TRACE AMOUNT.




$$





National Weather Service
Disclaimer
Last Modified: August 31, 2005
Privacy Policy