135
CDUS43 KTOP 230635
CLIEMP


CLIMATE REPORT
NATIONAL WEATHER SERVICE TOPEKA KS
134 AM CDT THU OCT 23 2014


...................................

...THE EMPORIA KS CLIMATE SUMMARY FOR OCTOBER 22 2014...

CLIMATE NORMAL PERIOD 1981 TO 2010
CLIMATE RECORD PERIOD 9999 TO 9999


WEATHER ITEM   OBSERVED NORMAL DEPARTURE LAST
                VALUE   VALUE  FROM      YEAR
                               NORMAL
...............................................
TEMPERATURE (F)
 YESTERDAY
  MAXIMUM         78     67     11       65
  MINIMUM         51     43      8       39
  AVERAGE         65     55     10       52

PRECIPITATION (IN)
  YESTERDAY        0.03   0.10  -0.07     0.00
  MONTH TO DATE    3.30   2.16   1.14     1.42
  SINCE SEP 1      7.10   5.55   1.55     4.37
  SINCE JAN 1     25.86  32.16  -6.30    28.46

DEGREE DAYS
 HEATING
  YESTERDAY        0     11    -11       13
  MONTH TO DATE  150    167    -17      183
  SINCE SEP 1    196    216    -20      199
  SINCE JUL 1    198    217    -19      201

 COOLING
  YESTERDAY        0      0      0        0
  MONTH TO DATE   13     29    -16       30
  SINCE SEP 1    159    194    -35      246
  SINCE JAN 1   1362   1402    -40     1375
...............................................


WIND (MPH)
  HIGHEST WIND SPEED    21   HIGHEST WIND DIRECTION     S (170)
  HIGHEST GUST SPEED    27   HIGHEST GUST DIRECTION     S (170)
  AVERAGE WIND SPEED    10.2


SKY COVER
  AVERAGE SKY COVER 0.2


WEATHER CONDITIONS
 THE FOLLOWING WEATHER WAS RECORDED YESTERDAY.
  RAIN
  LIGHT RAIN
  FOG


RELATIVE HUMIDITY (PERCENT)
 HIGHEST    89
 LOWEST     47
 AVERAGE    68

..........................................................


THE EMPORIA KS CLIMATE NORMALS FOR TODAY
                         NORMAL
 MAXIMUM TEMPERATURE (F)   66
 MINIMUM TEMPERATURE (F)   43


SUNRISE AND SUNSET
OCTOBER 23 2014.......SUNRISE   742 AM CDT   SUNSET   636 PM CDT
OCTOBER 24 2014.......SUNRISE   743 AM CDT   SUNSET   635 PM CDT


-  INDICATES NEGATIVE NUMBERS.
R  INDICATES RECORD WAS SET OR TIED.
MM INDICATES DATA IS MISSING.
T  INDICATES TRACE AMOUNT.




$$




133
CDUS43 KTOP 230635
CLICNK


CLIMATE REPORT
NATIONAL WEATHER SERVICE TOPEKA KS
134 AM CDT THU OCT 23 2014


...................................

...THE CONCORDIA KS CLIMATE SUMMARY FOR OCTOBER 22 2014...

CLIMATE NORMAL PERIOD 1981 TO 2010
CLIMATE RECORD PERIOD 1885 TO 2014


WEATHER ITEM   OBSERVED TIME   RECORD YEAR NORMAL DEPARTURE LAST
                VALUE   (LST)  VALUE       VALUE  FROM      YEAR
                                                  NORMAL
..................................................................
TEMPERATURE (F)
 YESTERDAY
  MAXIMUM         78    213 PM  89    1899  65     13       64
  MINIMUM         55    708 AM  24    1898  42     13       37
  AVERAGE         67                        53     14       51

PRECIPITATION (IN)
  YESTERDAY        0.19          2.05 1932   0.06   0.13     0.00
  MONTH TO DATE    2.44                      1.46   0.98     0.75
  SINCE SEP 1      5.69                      4.37   1.32     1.88
  SINCE JAN 1     26.35                     25.47   0.88    25.45

SNOWFALL (IN)
  YESTERDAY        0.0           0.6  1979   0.1   -0.1      0.0
  MONTH TO DATE    0.0                       0.1   -0.1      0.0
  SINCE JAN 1     16.9                      13.8    3.1     20.3
  SINCE JUL 1      0.0                       0.1   -0.1      0.0
  SNOW DEPTH       0

DEGREE DAYS
 HEATING
  YESTERDAY        0                        12    -12       14
  MONTH TO DATE  176                       193    -17      180
  SINCE SEP 1    258                       263     -5      194
  SINCE JUL 1    260                       266     -6      201

 COOLING
  YESTERDAY        2                         0      2        0
  MONTH TO DATE   10                        20    -10       32
  SINCE SEP 1    145                       180    -35      274
  SINCE JAN 1   1354                      1346      8     1359
..................................................................


WIND (MPH)
  HIGHEST WIND SPEED    29   HIGHEST WIND DIRECTION     S (180)
  HIGHEST GUST SPEED    38   HIGHEST GUST DIRECTION     S (180)
  AVERAGE WIND SPEED    13.7


SKY COVER
  AVERAGE SKY COVER 0.3


WEATHER CONDITIONS
 THE FOLLOWING WEATHER WAS RECORDED YESTERDAY.
  HEAVY RAIN
  LIGHT RAIN
  FOG
  HAZE


RELATIVE HUMIDITY (PERCENT)
 HIGHEST   100           600 AM
 LOWEST     43           100 PM
 AVERAGE    72

..........................................................


THE CONCORDIA KS CLIMATE NORMALS FOR TODAY
                         NORMAL    RECORD    YEAR
 MAXIMUM TEMPERATURE (F)   64        88      1939
 MINIMUM TEMPERATURE (F)   41        21      1917


SUNRISE AND SUNSET
OCTOBER 23 2014.......SUNRISE   749 AM CDT   SUNSET   640 PM CDT
OCTOBER 24 2014.......SUNRISE   750 AM CDT   SUNSET   639 PM CDT


-  INDICATES NEGATIVE NUMBERS.
R  INDICATES RECORD WAS SET OR TIED.
MM INDICATES DATA IS MISSING.
T  INDICATES TRACE AMOUNT.




$$




National Weather Service
Disclaimer
Last Modified: August 31, 2005
Privacy Policy