280
CDUS41 KBTV 300557
CLIRUT


CLIMATE REPORT
NATIONAL WEATHER SERVICE BURLINGTON VT
1251 AM EST FRI JAN 30 2015


...................................

...THE RUTLAND VT CLIMATE SUMMARY FOR JANUARY 29 2015...

CLIMATE NORMAL PERIOD 9999 TO 9999
CLIMATE RECORD PERIOD 9999 TO 9999


WEATHER ITEM   OBSERVED TIME   NORMAL DEPARTURE LAST
                VALUE   (LST)  VALUE  FROM      YEAR
                                      NORMAL
......................................................
TEMPERATURE (F)
 YESTERDAY
  MAXIMUM         36    300 PM  MM     MM       16
  MINIMUM         -6        MM  MM     MM       -6
  AVERAGE         15            MM     MM        5

PRECIPITATION (IN)
  YESTERDAY        0.00         MM     MM        0.00
  MONTH TO DATE    1.61         MM     MM        2.03
  SINCE DEC 1      3.27         MM     MM        3.67
  SINCE JAN 1      1.61         MM     MM        2.03

DEGREE DAYS
 HEATING
  YESTERDAY       50            MM     MM       60
  MONTH TO DATE 1404            MM     MM     1384
  SINCE DEC 1   2490            MM     MM     2596
  SINCE JUL 1   4059            MM     MM     4316

 COOLING
  YESTERDAY        0            MM     MM        0
  MONTH TO DATE    0            MM     MM        0
  SINCE DEC 1      0            MM     MM        0
  SINCE JAN 1      0            MM     MM        0
......................................................


WIND (MPH)
  HIGHEST WIND SPEED    18   HIGHEST WIND DIRECTION    SE (120)
  HIGHEST GUST SPEED    25   HIGHEST GUST DIRECTION    SE (130)
  AVERAGE WIND SPEED    10.2


SKY COVER
  AVERAGE SKY COVER 0.4


WEATHER CONDITIONS
 THE FOLLOWING WEATHER WAS RECORDED YESTERDAY.
  NO SIGNIFICANT WEATHER WAS OBSERVED.


RELATIVE HUMIDITY (PERCENT)
 HIGHEST    87           800 AM
 LOWEST     23           200 PM
 AVERAGE    55

..........................................................


THE RUTLAND VT CLIMATE NORMALS FOR TODAY
                         NORMAL    RECORD    YEAR
 MAXIMUM TEMPERATURE (F)   MM        MM        MM
 MINIMUM TEMPERATURE (F)   MM        MM        MM


SUNRISE AND SUNSET
JANUARY 30 2015.......SUNRISE   710 AM EST   SUNSET   500 PM EST
JANUARY 31 2015.......SUNRISE   709 AM EST   SUNSET   502 PM EST


-  INDICATES NEGATIVE NUMBERS.
R  INDICATES RECORD WAS SET OR TIED.
MM INDICATES DATA IS MISSING.
T  INDICATES TRACE AMOUNT.




$$




281
CDUS41 KBTV 300557
CLIBTV


CLIMATE REPORT
NATIONAL WEATHER SERVICE BURLINGTON VT
1257 AM EST FRI JAN 30 2015


...................................

...THE BURLINGTON VT CLIMATE SUMMARY FOR JANUARY 29 2015...

CLIMATE NORMAL PERIOD 1981 TO 2010
CLIMATE RECORD PERIOD 1884 TO 2015


WEATHER ITEM   OBSERVED TIME   RECORD YEAR NORMAL DEPARTURE LAST
                VALUE   (LST)  VALUE       VALUE  FROM      YEAR
                                                  NORMAL
..................................................................
TEMPERATURE (F)
 YESTERDAY
  MAXIMUM         31   1006 PM  49    1950  27      4       19
  MINIMUM         -5    640 AM -18    1954  10    -15        4
  AVERAGE         13                        19     -6       12

PRECIPITATION (IN)
  YESTERDAY        0.02          0.80 1900   0.07  -0.05     0.00
  MONTH TO DATE    1.11                      1.93  -0.82     2.45
  SINCE DEC 1      3.96                      4.31  -0.35     4.99
  SINCE JAN 1      1.11                      1.93  -0.82     2.45

SNOWFALL (IN)
  YESTERDAY        0.2           8.3  1958   0.7   -0.5      0.0
  MONTH TO DATE   13.2                      19.8   -6.6     12.5
  SINCE DEC 1     35.1                      37.7   -2.6     27.8
  SINCE JUL 1     45.7                      43.1    2.6     34.2
  SNOW DEPTH       3

DEGREE DAYS
 HEATING
  YESTERDAY       52                        46      6       53
  MONTH TO DATE 1403                      1346     57     1360
  SINCE DEC 1   2481                      2560    -79     2640
  SINCE JUL 1   3806                      4105   -299     4133

 COOLING
  YESTERDAY        0                         0      0        0
  MONTH TO DATE    0                         0      0        0
  SINCE DEC 1      0                         0      0        0
  SINCE JAN 1      0                         0      0        0
..................................................................


WIND (MPH)
  HIGHEST WIND SPEED    22   HIGHEST WIND DIRECTION     S (170)
  HIGHEST GUST SPEED    30   HIGHEST GUST DIRECTION     S (190)
  AVERAGE WIND SPEED     7.6


SKY COVER
  POSSIBLE SUNSHINE  MM
  AVERAGE SKY COVER 0.6


WEATHER CONDITIONS
 THE FOLLOWING WEATHER WAS RECORDED YESTERDAY.
  LIGHT SNOW
  FOG


RELATIVE HUMIDITY (PERCENT)
 HIGHEST    79           300 AM
 LOWEST     28           500 PM
 AVERAGE    54

..........................................................


THE BURLINGTON VT CLIMATE NORMALS FOR TODAY
                         NORMAL    RECORD    YEAR
 MAXIMUM TEMPERATURE (F)   28        57      2013
 MINIMUM TEMPERATURE (F)   10       -20      1948


SUNRISE AND SUNSET
JANUARY 30 2015.......SUNRISE   714 AM EST   SUNSET   459 PM EST
JANUARY 31 2015.......SUNRISE   712 AM EST   SUNSET   500 PM EST


-  INDICATES NEGATIVE NUMBERS.
R  INDICATES RECORD WAS SET OR TIED.
MM INDICATES DATA IS MISSING.
T  INDICATES TRACE AMOUNT.

&&

LAKE CHAMPLAIN DATA:
LAKE LEVEL..........95.60 FEET
WATER TEMPERATURE...34 DEGREES

MOUNT MANSFIELD DATA:
HIGH TEMPERATURE...24 DEGREES
LOW TEMPERATURE.....6 DEGREES
PRECIPITATION......NONE
NEW SNOW...........NONE
SNOW AT STAKE......55 INCHES

$$




National Weather Service
Disclaimer
Last Modified: August 31, 2005
Privacy Policy