947
CDUS42 KTAE 210651
CLIVLD


CLIMATE REPORT
NATIONAL WEATHER SERVICE TALLAHASSEE FL
250 AM EDT TUE OCT 21 2014


...................................

...THE VALDOSTA CLIMATE SUMMARY FOR OCTOBER 20 2014...

CLIMATE NORMAL PERIOD 1981 TO 2010
CLIMATE RECORD PERIOD 1948 TO 2014


WEATHER ITEM   OBSERVED TIME   NORMAL DEPARTURE LAST
                VALUE   (LST)  VALUE  FROM      YEAR
                                      NORMAL
......................................................
TEMPERATURE (F)
 YESTERDAY
  MAXIMUM         83    350 PM  80      3       81
  MINIMUM         51    308 AM  55     -4       65
  AVERAGE         67            67      0       73

PRECIPITATION (IN)
  YESTERDAY        0.00          0.10  -0.10     0.00
  MONTH TO DATE    1.35          2.06  -0.71     0.95
  SINCE SEP 1      8.21          6.70   1.51     2.79
  SINCE JAN 1     43.64         43.73  -0.09    36.95

DEGREE DAYS
 HEATING
  YESTERDAY        0             2     -2        0
  MONTH TO DATE   11            11      0        0
  SINCE SEP 1     11            12     -1        0
  SINCE JUL 1     11            12     -1        0

 COOLING
  YESTERDAY        2             4     -2        8
  MONTH TO DATE  123           119      4      219
  SINCE SEP 1    526           490     36      673
  SINCE JAN 1   2887          2344    543     2947
......................................................


WIND (MPH)
  HIGHEST WIND SPEED    12   HIGHEST WIND DIRECTION     S (180)
  HIGHEST GUST SPEED    14   HIGHEST GUST DIRECTION     S (170)
  AVERAGE WIND SPEED     2.1




RELATIVE HUMIDITY (PERCENT)
 HIGHEST    90
 LOWEST     43
 AVERAGE    67

..........................................................




SUNRISE AND SUNSET
OCTOBER 21 2014.......SUNRISE   740 AM EDT   SUNSET   655 PM EDT
OCTOBER 22 2014.......SUNRISE   740 AM EDT   SUNSET   654 PM EDT


-  INDICATES NEGATIVE NUMBERS.
R  INDICATES RECORD WAS SET OR TIED.
MM INDICATES DATA IS MISSING.
T  INDICATES TRACE AMOUNT.




$$




793
CDUS42 KTAE 210651
CLIABY


CLIMATE REPORT
NATIONAL WEATHER SERVICE TALLAHASSEE FL
250 AM EDT TUE OCT 21 2014


...................................

...THE ALBANY CLIMATE SUMMARY FOR OCTOBER 20 2014...

CLIMATE NORMAL PERIOD 1981 TO 2010
CLIMATE RECORD PERIOD 1930 TO 2014


WEATHER ITEM   OBSERVED TIME   RECORD YEAR NORMAL DEPARTURE LAST
                VALUE   (LST)  VALUE       VALUE  FROM      YEAR
                                                  NORMAL
..................................................................
TEMPERATURE (F)
 YESTERDAY
  MAXIMUM         79    301 PM  94    1943  79      0       78
  MINIMUM         49    655 AM  32    1989  54     -5       59
  AVERAGE         64                        67     -3       69

PRECIPITATION (IN)
  YESTERDAY        0.00

DEGREE DAYS
 HEATING
  YESTERDAY        1                         2     -1        0
  MONTH TO DATE   15                        14      1        0
  SINCE SEP 1     15                        15      0        0
  SINCE JUL 1     15                        15      0        0

 COOLING
  YESTERDAY        0                         4     -4        4
  MONTH TO DATE  115                       114      1      150
  SINCE SEP 1    525                       497     28      551
  SINCE JAN 1   2458                      2470    -12     2372
..................................................................


WIND (MPH)
  HIGHEST WIND SPEED     7   HIGHEST WIND DIRECTION    NW (300)
  HIGHEST GUST SPEED    13   HIGHEST GUST DIRECTION     E (90)
  AVERAGE WIND SPEED     1.2




RELATIVE HUMIDITY (PERCENT)
 HIGHEST    93
 LOWEST     50
 AVERAGE    72

..........................................................


THE ALBANY CLIMATE NORMALS FOR TODAY
                         NORMAL    RECORD    YEAR
 MAXIMUM TEMPERATURE (F)   79        94      1943
 MINIMUM TEMPERATURE (F)   54        28      1989


SUNRISE AND SUNSET
OCTOBER 21 2014.......SUNRISE   744 AM EDT   SUNSET   658 PM EDT
OCTOBER 22 2014.......SUNRISE   745 AM EDT   SUNSET   657 PM EDT


-  INDICATES NEGATIVE NUMBERS.
R  INDICATES RECORD WAS SET OR TIED.
MM INDICATES DATA IS MISSING.
T  INDICATES TRACE AMOUNT.




$$




796
CDUS42 KTAE 210651
CLIAAF


CLIMATE REPORT
NATIONAL WEATHER SERVICE TALLAHASSEE FL
250 AM EDT TUE OCT 21 2014


...................................

...THE APALACHICOLA CLIMATE SUMMARY FOR OCTOBER 20 2014...

CLIMATE NORMAL PERIOD 1981 TO 2010
CLIMATE RECORD PERIOD 1931 TO 2014


WEATHER ITEM   OBSERVED TIME   RECORD YEAR NORMAL DEPARTURE
                VALUE   (LST)  VALUE       VALUE  FROM
                                                  NORMAL
...............................................................
TEMPERATURE (F)
 YESTERDAY
  MAXIMUM         83    137 PM  89    1998  80      3
  MINIMUM         60    227 AM  42    1989  59      1
  AVERAGE         72                        69      3

PRECIPITATION (IN)
  YESTERDAY        0.00          1.33 1951   0.13  -0.13
  MONTH TO DATE    4.32                      3.00   1.32
  SINCE SEP 1      9.85                      9.73   0.12
  SINCE JAN 1     49.05                     49.67  -0.62

DEGREE DAYS
 HEATING
  YESTERDAY        0                               -1
  MONTH TO DATE    1                               -6
  SINCE SEP 1      1                               -6
  SINCE JUL 1      1                               -6

 COOLING
  YESTERDAY        7                                2
  MONTH TO DATE  179                               21
  SINCE SEP 1    633                               55
  SINCE JAN 1   2613                              109
...............................................................


WIND (MPH)
  HIGHEST WIND SPEED    14   HIGHEST WIND DIRECTION    SE (130)
  HIGHEST GUST SPEED    17   HIGHEST GUST DIRECTION    SE (140)
  AVERAGE WIND SPEED     5.9




RELATIVE HUMIDITY (PERCENT)
 HIGHEST    90
 LOWEST     65
 AVERAGE    78

..........................................................


THE APALACHICOLA CLIMATE NORMALS FOR TODAY
                         NORMAL    RECORD    YEAR
 MAXIMUM TEMPERATURE (F)   80        89      1998
 MINIMUM TEMPERATURE (F)   59        37      1989


SUNRISE AND SUNSET
OCTOBER 21 2014.......SUNRISE   746 AM EDT   SUNSET   703 PM EDT
OCTOBER 22 2014.......SUNRISE   746 AM EDT   SUNSET   702 PM EDT


-  INDICATES NEGATIVE NUMBERS.
R  INDICATES RECORD WAS SET OR TIED.
MM INDICATES DATA IS MISSING.
T  INDICATES TRACE AMOUNT.




$$




945
CDUS42 KTAE 210651
CLIMAI


CLIMATE REPORT
NATIONAL WEATHER SERVICE TALLAHASSEE FL
250 AM EDT TUE OCT 21 2014


...................................

...THE MARIANNA CLIMATE SUMMARY FOR OCTOBER 20 2014...

CLIMATE NORMAL PERIOD 1981 TO 2010
CLIMATE RECORD PERIOD 1950 TO 2014


WEATHER ITEM   OBSERVED NORMAL DEPARTURE LAST
                VALUE   VALUE  FROM      YEAR
                               NORMAL
...............................................
TEMPERATURE (F)
 YESTERDAY
  MAXIMUM         81     79      2       79
  MINIMUM         49     55     -6       61
  AVERAGE         65     67     -2       70

PRECIPITATION (IN)
  YESTERDAY        0.00   0.11  -0.11     0.00
  MONTH TO DATE    1.98   2.13  -0.15     1.86
  SINCE SEP 1      6.79   5.93   0.86     4.23
  SINCE JAN 1     49.73  44.26   5.47    54.91

DEGREE DAYS
 HEATING
  YESTERDAY        0            -2
  MONTH TO DATE    7           -10
  SINCE SEP 1      7           -11
  SINCE JUL 1      7           -11

 COOLING
  YESTERDAY        0            -4
  MONTH TO DATE  125             3
  SINCE SEP 1    541            32
  SINCE JAN 1   2572            98
...............................................


WIND (MPH)
  HIGHEST WIND SPEED     9   HIGHEST WIND DIRECTION    SW (240)
  HIGHEST GUST SPEED    13   HIGHEST GUST DIRECTION     S (180)
  AVERAGE WIND SPEED     2.6




RELATIVE HUMIDITY (PERCENT)
 HIGHEST   100
 LOWEST     51
 AVERAGE    76

..........................................................




SUNRISE AND SUNSET
OCTOBER 21 2014.......SUNRISE   647 AM CDT   SUNSET   603 PM CDT
OCTOBER 22 2014.......SUNRISE   648 AM CDT   SUNSET   602 PM CDT


-  INDICATES NEGATIVE NUMBERS.
R  INDICATES RECORD WAS SET OR TIED.
MM INDICATES DATA IS MISSING.
T  INDICATES TRACE AMOUNT.




$$




National Weather Service
Disclaimer
Last Modified: August 31, 2005
Privacy Policy