311
CDUS45 KLKN 230929
CLIELY


CLIMATE REPORT
NATIONAL WEATHER SERVICE ELKO NV
226 AM PDT THU OCT 23 2014


...................................

...THE ELY AIRPORT NV CLIMATE SUMMARY FOR OCTOBER 22 2014...

CLIMATE NORMAL PERIOD 1981 TO 2010
CLIMATE RECORD PERIOD 1893 TO 2014


WEATHER ITEM   OBSERVED TIME   RECORD YEAR NORMAL DEPARTURE LAST
                VALUE   (LST)  VALUE       VALUE  FROM      YEAR
                                                  NORMAL
..................................................................
TEMPERATURE (F)
 YESTERDAY
  MAXIMUM         68    241 PM  81    2003  60      8       68
  MINIMUM         26    639 AM   8    1985  27     -1       25
  AVERAGE         47                        43      4       47

PRECIPITATION (IN)
  YESTERDAY        0.00          0.25 1897   0.03  -0.03     0.00
  MONTH TO DATE    T                         0.71  -0.71     0.56
  SINCE OCT 1      T                         0.71  -0.71     0.56
  SINCE JAN 1      8.09                      8.18  -0.09     6.42

SNOWFALL (IN)
  YESTERDAY        0.0           1.0  1899   0.1   -0.1      0.0
  MONTH TO DATE    0.0                       1.9   -1.9      0.5
  SINCE SEP 1      0.0                       2.3   -2.3      0.5
  SINCE JUL 1      0.0                       2.3   -2.3      0.5
  SNOW DEPTH       0

DEGREE DAYS
 HEATING
  YESTERDAY       18                        22     -4       18
  MONTH TO DATE  294                       400   -106      466
  SINCE SEP 1    414                       652   -238      689
  SINCE JUL 1    462                       716   -254      697

 COOLING
  YESTERDAY        0                         0      0        0
  MONTH TO DATE    0                         0      0        0
  SINCE SEP 1     18                         6     12       17
  SINCE JAN 1    286                       218     68      387
..................................................................


WIND (MPH)
  HIGHEST WIND SPEED    17   HIGHEST WIND DIRECTION     S (200)
  HIGHEST GUST SPEED    20   HIGHEST GUST DIRECTION     S (170)
  AVERAGE WIND SPEED     8.5



WEATHER CONDITIONS
 THE FOLLOWING WEATHER WAS RECORDED YESTERDAY.
  NO SIGNIFICANT WEATHER WAS OBSERVED.


RELATIVE HUMIDITY (PERCENT)
 HIGHEST    55           600 AM
 LOWEST     18           200 PM
 AVERAGE    37

..........................................................


THE ELY AIRPORT NV CLIMATE NORMALS FOR TODAY
                         NORMAL    RECORD    YEAR
 MAXIMUM TEMPERATURE (F)   60        75      1988
 MINIMUM TEMPERATURE (F)   26         9      1995
                                             1980


SUNRISE AND SUNSET
OCTOBER 23 2014.......SUNRISE   658 AM PDT   SUNSET   549 PM PDT
OCTOBER 24 2014.......SUNRISE   659 AM PDT   SUNSET   548 PM PDT


-  INDICATES NEGATIVE NUMBERS.
R  INDICATES RECORD WAS SET OR TIED.
MM INDICATES DATA IS MISSING.
T  INDICATES TRACE AMOUNT.




$$





394
CDUS45 KLKN 230929
CLITPH


CLIMATE REPORT
NATIONAL WEATHER SERVICE ELKO NV
226 AM PDT THU OCT 23 2014


...................................

...THE TONOPAH AIRPORT NV CLIMATE SUMMARY FOR OCTOBER 22 2014...

CLIMATE NORMAL PERIOD 1981 TO 2010
CLIMATE RECORD PERIOD 1954 TO 2014


WEATHER ITEM   OBSERVED TIME   RECORD YEAR NORMAL DEPARTURE LAST
                VALUE   (LST)  VALUE       VALUE  FROM      YEAR
                                                  NORMAL
..................................................................
TEMPERATURE (F)
 YESTERDAY
  MAXIMUM         70    401 PM  83    2003  66      4       70
  MINIMUM         37    609 AM  18    1996  35      2       37
  AVERAGE         54                        50      4       54

PRECIPITATION (IN)
  YESTERDAY        0.00          0.04 2010   0.01  -0.01     0.00
  MONTH TO DATE    0.00                      0.23  -0.23     0.05
  SINCE OCT 1      0.00                      0.23  -0.23     0.05
  SINCE JAN 1      3.71                      4.38  -0.67     4.08

DEGREE DAYS
 HEATING
  YESTERDAY       11                        15     -4       11
  MONTH TO DATE  125                       232   -107      306
  SINCE SEP 1    168                       317   -149      403
  SINCE JUL 1    168                       323   -155      403

 COOLING
  YESTERDAY        0                         0      0        0
  MONTH TO DATE    0                         0      0        0
  SINCE SEP 1    141                        68     73      121
  SINCE JAN 1   1004                       781    223     1042
..................................................................


WIND (MPH)
  HIGHEST WIND SPEED    15   HIGHEST WIND DIRECTION     N (10)
  HIGHEST GUST SPEED    17   HIGHEST GUST DIRECTION     N (10)
  AVERAGE WIND SPEED     6.3



WEATHER CONDITIONS
 THE FOLLOWING WEATHER WAS RECORDED YESTERDAY.
  NO SIGNIFICANT WEATHER WAS OBSERVED.


RELATIVE HUMIDITY (PERCENT)
 HIGHEST    29           500 AM
 LOWEST     12          1200 PM
 AVERAGE    21

..........................................................


THE TONOPAH AIRPORT NV CLIMATE NORMALS FOR TODAY
                         NORMAL    RECORD    YEAR
 MAXIMUM TEMPERATURE (F)   65        83      1959
 MINIMUM TEMPERATURE (F)   35        22      1961


SUNRISE AND SUNSET
OCTOBER 23 2014.......SUNRISE   705 AM PDT   SUNSET   600 PM PDT
OCTOBER 24 2014.......SUNRISE   706 AM PDT   SUNSET   559 PM PDT


-  INDICATES NEGATIVE NUMBERS.
R  INDICATES RECORD WAS SET OR TIED.
MM INDICATES DATA IS MISSING.
T  INDICATES TRACE AMOUNT.




$$





National Weather Service
Disclaimer
Last Modified: August 31, 2005
Privacy Policy