525
CDUS43 KABR 261031
CLIATY


CLIMATE REPORT
NATIONAL WEATHER SERVICE ABERDEEN SD
431 AM CST WED NOV 26 2014


...................................

...THE WATERTOWN SD CLIMATE SUMMARY FOR NOVEMBER 25 2014...

CLIMATE NORMAL PERIOD 1981 TO 2010
CLIMATE RECORD PERIOD 1898 TO 2014


WEATHER ITEM   OBSERVED TIME   RECORD YEAR NORMAL DEPARTURE LAST
                VALUE   (LST)  VALUE       VALUE  FROM      YEAR
                                                  NORMAL
..................................................................
TEMPERATURE (F)
 YESTERDAY
  MAXIMUM         32    402 PM  66    1960  33     -1       35
  MINIMUM          6    300 AM -19    1977  15     -9       25
  AVERAGE         19                        24     -5       30

PRECIPITATION (IN)
  YESTERDAY       MM             0.27 1959   0.02  MM        0.00
  MONTH TO DATE    0.69                      0.66   0.03      T
  SINCE SEP 1      2.14                      5.22  -3.08     7.33
  SINCE JAN 1     15.76                     21.45  -5.69    24.15

SNOWFALL (IN)
  YESTERDAY       MM
  MONTH TO DATE    9.9
  SINCE OCT 1      9.9
  SINCE JUL 1      9.9
  SNOW DEPTH       4

DEGREE DAYS
 HEATING
  YESTERDAY       46                        41      5       35
  MONTH TO DATE 1027                       844    183      846
  SINCE SEP 1   1755                      1671     84     1561
  SINCE JUL 1   1809                      1728     81     1612

 COOLING
  YESTERDAY        0                         0      0        0
  MONTH TO DATE    0                         0      0        0
  SINCE SEP 1     36                        41     -5      104
  SINCE JAN 1    369                       515   -146      618
..................................................................


WIND (MPH)
  HIGHEST WIND SPEED    14   HIGHEST WIND DIRECTION    SE (140)
  HIGHEST GUST SPEED    18   HIGHEST GUST DIRECTION    SE (140)
  AVERAGE WIND SPEED     7.4


SKY COVER
  POSSIBLE SUNSHINE  MM
  AVERAGE SKY COVER 0.7


WEATHER CONDITIONS
 THE FOLLOWING WEATHER WAS RECORDED YESTERDAY.
  LIGHT SNOW
  FOG


RELATIVE HUMIDITY (PERCENT)
 HIGHEST    92          1100 PM
 LOWEST     66          1200 AM
 AVERAGE    79

..........................................................


THE WATERTOWN SD CLIMATE NORMALS FOR TODAY
                         NORMAL    RECORD    YEAR
 MAXIMUM TEMPERATURE (F)   32        66      1914
 MINIMUM TEMPERATURE (F)   15       -15      1993


SUNRISE AND SUNSET
NOVEMBER 26 2014......SUNRISE   740 AM CST   SUNSET   451 PM CST
NOVEMBER 27 2014......SUNRISE   742 AM CST   SUNSET   451 PM CST


-  INDICATES NEGATIVE NUMBERS.
R  INDICATES RECORD WAS SET OR TIED.
MM INDICATES DATA IS MISSING.
T  INDICATES TRACE AMOUNT.




$$




National Weather Service
Disclaimer
Last Modified: August 31, 2005
Privacy Policy