707
CDAK48 PAFC 241240
CLIANC

CLIMATE REPORT
NATIONAL WEATHER SERVICE ANCHORAGE, AK
438 AM AKDT FRI OCT 24 2014


...................................

...THE ANCHORAGE AK CLIMATE SUMMARY FOR OCTOBER 23 2014...

CLIMATE NORMAL PERIOD 1981 TO 2010
CLIMATE RECORD PERIOD 1915 TO 2014


WEATHER ITEM   OBSERVED RECORD YEAR NORMAL DEPARTURE LAST
                VALUE   VALUE       VALUE  FROM      YEAR
                                           NORMAL
...........................................................
TEMPERATURE (F)
 YESTERDAY
  MAXIMUM         39     54    2002  37      2       40
                               1936
  MINIMUM         23      1    1933  25     -2       26
  AVERAGE         31                 31      0       33

PRECIPITATION (IN)
  YESTERDAY        0.00   0.50 1989   0.06  -0.06
  MONTH TO DATE    1.20               1.67  -0.47
  SINCE SEP 1      5.21               4.66   0.55
  SINCE JAN 1     17.52              13.95   3.57

SNOWFALL (IN)
  YESTERDAY        0.0    5.4  1989   0.3   -0.3
  MONTH TO DATE    3.8                5.2   -1.4
  SINCE SEP 1      3.8                5.6   -1.8
  SINCE JUL 1      3.8                5.6   -1.8
  SNOW DEPTH       1

DEGREE DAYS
 HEATING
  YESTERDAY       34                         0
  MONTH TO DATE  624                       -20
  SINCE SEP 1   1053                       -85
  SINCE JUL 1   1402                      -186

 COOLING
  YESTERDAY        0                         0
  MONTH TO DATE    0                         0
  SINCE SEP 1      0                         0
  SINCE JAN 1      3                         1
...........................................................


WIND (MPH)
  HIGHEST WIND SPEED     5   HIGHEST WIND DIRECTION     N (20)
  HIGHEST GUST SPEED    MM   HIGHEST GUST DIRECTION    MM
  AVERAGE WIND SPEED     1.1




RELATIVE HUMIDITY (PERCENT)
 HIGHEST    88
 LOWEST     48
 AVERAGE    68

..........................................................


THE ANCHORAGE AK CLIMATE NORMALS FOR TODAY
                         NORMAL    RECORD    YEAR
 MAXIMUM TEMPERATURE (F)   36        54      2002
                                             1980
                                             1938
 MINIMUM TEMPERATURE (F)   25         3      1933


SUNRISE AND SUNSET
OCTOBER 24 2014.......SUNRISE   907 AM AKDT  SUNSET   621 PM AKDT
OCTOBER 25 2014.......SUNRISE   909 AM AKDT  SUNSET   618 PM AKDT

CIVIL TWILIGHT
OCTOBER 24 2014         START   822 AM AKDT     END   706 PM AKDT
OCTOBER 25 2014         START   824 AM AKDT     END   704 PM AKDT



-  INDICATES NEGATIVE NUMBERS.
R  INDICATES RECORD WAS SET OR TIED.
MM INDICATES DATA IS MISSING.
T  INDICATES TRACE AMOUNT.




$$
&&
------------------------------------------------------
AMOUNT OF DAYLIGHT TODAY  (HOUR:MIN)........ 9:14
GAIN/LOSS SINCE YESTERDAY (HOUR:MIN:SEC)....-0:05:35



National Weather Service
Disclaimer
Last Modified: August 31, 2005
Privacy Policy