681
CDUS43 KUNR 210044
CLIRAP


CLIMATE REPORT
NATIONAL WEATHER SERVICE RAPID CITY SD
644 PM MDT SUN APR 20 2014


...................................

...THE RAPID CITY AIRPORT SD CLIMATE SUMMARY FOR APRIL 20 2014...
VALID TODAY AS OF 0500 PM LOCAL TIME.

CLIMATE NORMAL PERIOD 1981 TO 2010
CLIMATE RECORD PERIOD 1942 TO 2014


WEATHER ITEM   OBSERVED TIME   RECORD YEAR NORMAL DEPARTURE LAST
                VALUE   (LST)  VALUE       VALUE  FROM      YEAR
                                                  NORMAL
..................................................................
TEMPERATURE (F)
 TODAY
  MAXIMUM         74   1241 PM  89    1962  60     14       53
  MINIMUM         36    413 AM   2    1966  33      3       29
  AVERAGE         55                        46      9       41

PRECIPITATION (IN)
  TODAY            0.00          0.71 1964   0.06  -0.06     0.03
  MONTH TO DATE    0.54                      1.01  -0.47     2.23
  SINCE MAR 1      1.63                      1.94  -0.31     3.05
  SINCE JAN 1      2.12                      2.68  -0.56     3.66

SNOWFALL (IN)
  TODAY            0.0                       0.3   -0.3       T
  MONTH TO DATE    6.0                       5.9    0.1     36.8
  SINCE MAR 1     20.4                      14.6    5.8     49.7
  SINCE JUL 1     63.4                      38.0   25.4     70.1
  SNOW DEPTH       0

DEGREE DAYS
 HEATING
  TODAY           10                        19     -9       24
  MONTH TO DATE  468                       434     34      633
  SINCE MAR 1   1485                      1352    133     1601
  SINCE JUL 1   7118                      6562    556     6590

 COOLING
  TODAY            0                         0      0        0
  MONTH TO DATE    0                         0      0        0
  SINCE MAR 1      0                         0      0        0
  SINCE JAN 1      0                         0      0        0
..................................................................


WIND (MPH)
  HIGHEST WIND SPEED    38   HIGHEST WIND DIRECTION    NW (330)
  HIGHEST GUST SPEED    45   HIGHEST GUST DIRECTION    NW (330)
  AVERAGE WIND SPEED     9.5


SKY COVER
  AVERAGE SKY COVER 0.0


WEATHER CONDITIONS
 THE FOLLOWING WEATHER WAS RECORDED TODAY.
  NO SIGNIFICANT WEATHER WAS OBSERVED.


RELATIVE HUMIDITY (PERCENT)
 HIGHEST    70           300 AM
 LOWEST     24           300 PM
 AVERAGE    47

..........................................................


THE RAPID CITY AIRPORT SD CLIMATE NORMALS FOR TOMORROW
                         NORMAL    RECORD    YEAR
 MAXIMUM TEMPERATURE (F)   60        92      1980
 MINIMUM TEMPERATURE (F)   33        14      1959


SUNRISE AND SUNSET
APRIL 20 2014.........SUNRISE   601 AM MDT   SUNSET   742 PM MDT
APRIL 21 2014.........SUNRISE   559 AM MDT   SUNSET   744 PM MDT


-  INDICATES NEGATIVE NUMBERS.
R  INDICATES RECORD WAS SET OR TIED.
MM INDICATES DATA IS MISSING.
T  INDICATES TRACE AMOUNT.




$$




682
CDUS43 KUNR 210044
CLIUNR


CLIMATE REPORT
NATIONAL WEATHER SERVICE RAPID CITY SD
644 PM MDT SUN APR 20 2014


...................................

...THE EAST RAPID CITY SD CLIMATE SUMMARY FOR APRIL 20 2014...
VALID TODAY AS OF 0500 PM LOCAL TIME.

CLIMATE NORMAL PERIOD 1981 TO 2010
CLIMATE RECORD PERIOD 1888 TO 2014


WEATHER ITEM   OBSERVED RECORD YEAR NORMAL DEPARTURE LAST
                VALUE   VALUE       VALUE  FROM      YEAR
                                           NORMAL
...........................................................
TEMPERATURE (F)
 TODAY
  MAXIMUM         70     88    1910  57     13       53
  MINIMUM         42     11    1927  36      6       27
  AVERAGE         56                 46     10       40

PRECIPITATION (IN)
  TODAY            0.00   1.10 1971   0.07  -0.07     0.05
  MONTH TO DATE    0.68               1.22  -0.54     2.06
  SINCE MAR 1      1.81               2.21  -0.40     2.75
  SINCE JAN 1      2.32               2.98  -0.66     3.43

SNOWFALL (IN)
  TODAY            0.0                0.3   -0.3       T
  MONTH TO DATE    7.8                6.7    1.1     29.8
  SINCE MAR 1     22.2               18.5    3.7     41.6
  SINCE JUL 1     72.3               45.2   27.1     63.3
  SNOW DEPTH       0

DEGREE DAYS
 HEATING
  TODAY            9                 19    -10       25
  MONTH TO DATE  442                439      3      616
  SINCE MAR 1   1462               1347    115     1560
  SINCE JUL 1   6810               6301    509     6188

 COOLING
  TODAY            0                  0      0        0
  MONTH TO DATE    0                  0      0        0
  SINCE MAR 1      0                  0      0        0
  SINCE JAN 1      0                  0      0        0
...........................................................





WEATHER CONDITIONS
 THE FOLLOWING WEATHER WAS RECORDED TODAY.
  NO SIGNIFICANT WEATHER WAS OBSERVED.


..........................................................


THE EAST RAPID CITY SD CLIMATE NORMALS FOR TOMORROW
                         NORMAL    RECORD    YEAR
 MAXIMUM TEMPERATURE (F)   58        86      1901
 MINIMUM TEMPERATURE (F)   36        12      1927


SUNRISE AND SUNSET
APRIL 20 2014.........SUNRISE   601 AM MDT   SUNSET   743 PM MDT
APRIL 21 2014.........SUNRISE   600 AM MDT   SUNSET   744 PM MDT


-  INDICATES NEGATIVE NUMBERS.
R  INDICATES RECORD WAS SET OR TIED.
MM INDICATES DATA IS MISSING.
T  INDICATES TRACE AMOUNT.




$$




National Weather Service
Disclaimer
Last Modified: August 31, 2005
Privacy Policy