909
CDUS41 KRNK 252226
CLIROA


CLIMATE REPORT
NATIONAL WEATHER SERVICE BLACKSBURG VA
519 PM EST TUE NOV 25 2014


...................................

...THE ROANOKE VA CLIMATE SUMMARY FOR NOVEMBER 25 2014...
VALID TODAY AS OF 0500 PM LOCAL TIME.

CLIMATE NORMAL PERIOD 1981 TO 2010
CLIMATE RECORD PERIOD 1912 TO 2014


WEATHER ITEM   OBSERVED TIME   RECORD YEAR NORMAL DEPARTURE LAST
                VALUE   (LST)  VALUE       VALUE  FROM      YEAR
                                                  NORMAL
..................................................................
TEMPERATURE (F)
 TODAY
  MAXIMUM         59   1229 AM  73    1973  55      4       35
  MINIMUM         48    848 AM   9    1950  35     13       19
  AVERAGE         54                        45      9       27

PRECIPITATION (IN)
  TODAY            0.00          2.18 1964   0.11  -0.11     0.00
  MONTH TO DATE    2.06                      2.84  -0.78     0.63
  SINCE SEP 1      6.85                      9.62  -2.77     4.30
  SINCE JAN 1     35.43                     37.75  -2.32    46.61

SNOWFALL (IN)
  TODAY            0.0
  MONTH TO DATE    T
  SINCE SEP 1      T
  SINCE JUL 1      T
  SNOW DEPTH       0

DEGREE DAYS
 HEATING
  TODAY           11                        20     -9       38
  MONTH TO DATE  519                       401    118      471
  SINCE SEP 1    743                       697     46      718
  SINCE JUL 1    743                       698     45      719

 COOLING
  TODAY            0                         0      0        0
  MONTH TO DATE    0                         0      0        2
  SINCE SEP 1    158                       160     -2      167
  SINCE JAN 1   1128                      1207    -79     1227
..................................................................


WIND (MPH)
  HIGHEST WIND SPEED    15   HIGHEST WIND DIRECTION    NW (300)
  HIGHEST GUST SPEED    MM   HIGHEST GUST DIRECTION    MM
  AVERAGE WIND SPEED     7.8


SKY COVER
  POSSIBLE SUNSHINE  MM
  AVERAGE SKY COVER 0.5


WEATHER CONDITIONS
 THE FOLLOWING WEATHER WAS RECORDED TODAY.
  NO SIGNIFICANT WEATHER WAS OBSERVED.


RELATIVE HUMIDITY (PERCENT)
 HIGHEST    72          1200 AM
 LOWEST     27           300 PM
 AVERAGE    50

..........................................................


THE ROANOKE VA CLIMATE NORMALS FOR TOMORROW
                         NORMAL    RECORD    YEAR
 MAXIMUM TEMPERATURE (F)   54        74      1990
 MINIMUM TEMPERATURE (F)   35        10      1950


SUNRISE AND SUNSET
NOVEMBER 25 2014......SUNRISE   709 AM EST   SUNSET   504 PM EST
NOVEMBER 26 2014......SUNRISE   710 AM EST   SUNSET   504 PM EST


-  INDICATES NEGATIVE NUMBERS.
R  INDICATES RECORD WAS SET OR TIED.
MM INDICATES DATA IS MISSING.
T  INDICATES TRACE AMOUNT.




$$





National Weather Service
Disclaimer
Last Modified: August 31, 2005
Privacy Policy