039
CDUS45 KBOI 310933
CLIJER


CLIMATE REPORT
NATIONAL WEATHER SERVICE BOISE ID
332 AM MDT THU JUL 31 2014


...................................

...THE JEROME ID CLIMATE SUMMARY FOR JULY 30 2014...

CLIMATE NORMAL PERIOD 1981 TO 2010
CLIMATE RECORD PERIOD 1919 TO 2014


WEATHER ITEM   OBSERVED TIME   RECORD YEAR NORMAL DEPARTURE LAST
                VALUE   (LST)  VALUE       VALUE  FROM      YEAR
                                                  NORMAL
..................................................................
TEMPERATURE (F)
 YESTERDAY
  MAXIMUM         89    408 PM 103    1926  89      0       90
  MINIMUM         59    547 AM  40    1950  57      2       56
  AVERAGE         74                        73      1       73

PRECIPITATION (IN)
  YESTERDAY        0.00          0.06 1966   0.01  -0.01     0.00
  MONTH TO DATE    0.02                      0.22  -0.20      T
  SINCE OCT 1      5.65                     10.11  -4.46     5.82
  SINCE JAN 1      5.05                      6.59  -1.54     2.52

DEGREE DAYS
 HEATING
  YESTERDAY        0                         0      0        0
  MONTH TO DATE    0                        10    -10        0
  SINCE JUN 1     74                       117    -43       78
  SINCE JUL 1      0                        10    -10        0

 COOLING
  YESTERDAY        9                         8      1        8
  MONTH TO DATE  361                       196    165      360
  SINCE JUN 1    406                       264    142      490
  SINCE JAN 1    416                       277    139      505
..................................................................


WIND (MPH)
  HIGHEST WIND SPEED    21   HIGHEST WIND DIRECTION     N (20)
  HIGHEST GUST SPEED    27   HIGHEST GUST DIRECTION     N (360)
  AVERAGE WIND SPEED     6.4


SKY COVER
  AVERAGE SKY COVER 0.0


WEATHER CONDITIONS
 THE FOLLOWING WEATHER WAS RECORDED YESTERDAY.
  NO SIGNIFICANT WEATHER WAS OBSERVED.


RELATIVE HUMIDITY (PERCENT)
 HIGHEST    84           100 AM
 LOWEST     29           400 PM
 AVERAGE    57

..........................................................


THE JEROME ID CLIMATE NORMALS FOR TODAY
                         NORMAL    RECORD    YEAR
 MAXIMUM TEMPERATURE (F)   88       104      2003
 MINIMUM TEMPERATURE (F)   57        44      1995


SUNRISE AND SUNSET
JULY 31 2014..........SUNRISE   628 AM MDT   SUNSET   859 PM MDT
AUGUST  1 2014........SUNRISE   629 AM MDT   SUNSET   858 PM MDT


-  INDICATES NEGATIVE NUMBERS.
R  INDICATES RECORD WAS SET OR TIED.
MM INDICATES DATA IS MISSING.
T  INDICATES TRACE AMOUNT.




$$




044
CDUS45 KBOI 310933
CLIBOI


CLIMATE REPORT
NATIONAL WEATHER SERVICE BOISE ID
332 AM MDT THU JUL 31 2014


...................................

...THE BOISE ID CLIMATE SUMMARY FOR JULY 30 2014...

CLIMATE NORMAL PERIOD 1981 TO 2010
CLIMATE RECORD PERIOD 1878 TO 2014


WEATHER ITEM   OBSERVED TIME   RECORD YEAR NORMAL DEPARTURE LAST
                VALUE   (LST)  VALUE       VALUE  FROM      YEAR
                                                  NORMAL
..................................................................
TEMPERATURE (F)
 YESTERDAY
  MAXIMUM         96    451 PM 106    2003  93      3       95
  MINIMUM         72    740 AM  46    1950  62     10       65
                                      1890
                                      1877
  AVERAGE         84                        78      6       80

PRECIPITATION (IN)
  YESTERDAY        0.00          1.22 1912   0.01  -0.01     0.00
  MONTH TO DATE    0.08                      0.32  -0.24     0.13
  SINCE OCT 1     11.36                     10.90   0.46     7.11
  SINCE JAN 1      8.45                      7.25   1.20     4.46

SNOWFALL (IN)
  YESTERDAY        0.0           0.0  2006   0.0    0.0      0.0
  MONTH TO DATE    0.0                       0.0    0.0      0.0
  SINCE OCT 1     14.4                      19.2   -4.8     16.0
  SINCE JUL 1      0.0                       0.0    0.0      0.0
  SNOW DEPTH       0

DEGREE DAYS
 HEATING
  YESTERDAY        0                         0      0        0
  MONTH TO DATE    0                         4     -4        0
  SINCE JUN 1     36                        68    -32       35
  SINCE JUL 1      0                         4     -4        0

 COOLING
  YESTERDAY       19                        13      6       15
  MONTH TO DATE  486                       330    156      501
  SINCE JUN 1    598                       469    129      692
  SINCE JAN 1    622                       513    109      739
..................................................................


WIND (MPH)
  HIGHEST WIND SPEED    25   HIGHEST WIND DIRECTION    NE (60)
  HIGHEST GUST SPEED    32   HIGHEST GUST DIRECTION     E (80)
  AVERAGE WIND SPEED     7.1


SKY COVER
  POSSIBLE SUNSHINE  MM
  AVERAGE SKY COVER 0.0


WEATHER CONDITIONS
 THE FOLLOWING WEATHER WAS RECORDED YESTERDAY.
  HAZE


RELATIVE HUMIDITY (PERCENT)
 HIGHEST    53           900 AM
 LOWEST     19           500 PM
 AVERAGE    36

..........................................................


THE BOISE ID CLIMATE NORMALS FOR TODAY
                         NORMAL    RECORD    YEAR
 MAXIMUM TEMPERATURE (F)   93       109      1892
 MINIMUM TEMPERATURE (F)   62        44      1975


SUNRISE AND SUNSET
JULY 31 2014..........SUNRISE   633 AM MDT   SUNSET   909 PM MDT
AUGUST  1 2014........SUNRISE   634 AM MDT   SUNSET   907 PM MDT


-  INDICATES NEGATIVE NUMBERS.
R  INDICATES RECORD WAS SET OR TIED.
MM INDICATES DATA IS MISSING.
T  INDICATES TRACE AMOUNT.




$$




043
CDUS45 KBOI 310933
CLIMYL


CLIMATE REPORT
NATIONAL WEATHER SERVICE BOISE ID
332 AM MDT THU JUL 31 2014


...................................

...THE MCCALL ID CLIMATE SUMMARY FOR JULY 30 2014...

CLIMATE NORMAL PERIOD 1981 TO 2010
CLIMATE RECORD PERIOD 1930 TO 2014


WEATHER ITEM   OBSERVED TIME   RECORD YEAR NORMAL DEPARTURE LAST
                VALUE   (LST)  VALUE       VALUE  FROM      YEAR
                                                  NORMAL
..................................................................
TEMPERATURE (F)
 YESTERDAY
  MAXIMUM         89    343 PM  94    2000  81      8       83
  MINIMUM         55    653 AM  33    1995  44     11       50
  AVERAGE         72                        62     10       67

PRECIPITATION (IN)
  YESTERDAY        T             0.37 1964   0.02  -0.02      T
  MONTH TO DATE    0.23                      0.70  -0.47      T
  SINCE OCT 1     19.49                     18.52   0.97    24.74
  SINCE JAN 1     15.42                     12.34   3.08    11.25

DEGREE DAYS
 HEATING
  YESTERDAY        0                         4     -4        0
  MONTH TO DATE   18                       148   -130       17
  SINCE JUN 1    332                       515   -183      280
  SINCE JUL 1     18                       148   -130       17

 COOLING
  YESTERDAY        7                         1      6        2
  MONTH TO DATE  129                        15    114       99
  SINCE JUN 1    129                        16    113      121
  SINCE JAN 1    129                        16    113      121
..................................................................


WIND (MPH)
  HIGHEST WIND SPEED    17   HIGHEST WIND DIRECTION     S (180)
  HIGHEST GUST SPEED    22   HIGHEST GUST DIRECTION     S (180)
  AVERAGE WIND SPEED     6.3


SKY COVER
  AVERAGE SKY COVER 0.1


WEATHER CONDITIONS
 THE FOLLOWING WEATHER WAS RECORDED YESTERDAY.
  LIGHT RAIN


RELATIVE HUMIDITY (PERCENT)
 HIGHEST    72           700 AM
 LOWEST     15           400 PM
 AVERAGE    44

..........................................................


THE MCCALL ID CLIMATE NORMALS FOR TODAY
                         NORMAL    RECORD    YEAR
 MAXIMUM TEMPERATURE (F)   81        99      1988
 MINIMUM TEMPERATURE (F)   44        33      1995


SUNRISE AND SUNSET
JULY 31 2014..........SUNRISE   629 AM MDT   SUNSET   912 PM MDT
AUGUST  1 2014........SUNRISE   630 AM MDT   SUNSET   911 PM MDT


-  INDICATES NEGATIVE NUMBERS.
R  INDICATES RECORD WAS SET OR TIED.
MM INDICATES DATA IS MISSING.
T  INDICATES TRACE AMOUNT.




$$




National Weather Service
Disclaimer
Last Modified: August 31, 2005
Privacy Policy