173
CDUS44 KLZK 201005
CLILZK


CLIMATE REPORT
NATIONAL WEATHER SERVICE LITTLE ROCK AR
404 AM CST SAT DEC 20 2014


...................................

...THE NORTH LITTLE ROCK CLIMATE SUMMARY FOR DECEMBER 19 2014...

CLIMATE NORMAL PERIOD 1981 TO 2010
CLIMATE RECORD PERIOD 1975 TO 2014


WEATHER ITEM   OBSERVED TIME   RECORD YEAR NORMAL DEPARTURE LAST
                VALUE   (LST)  VALUE       VALUE  FROM      YEAR
                                                  NORMAL
..................................................................
TEMPERATURE (F)
 YESTERDAY
  MAXIMUM         42        MM  72    1978  50     -8       64
  MINIMUM         38        MM  11    1983  34      4       47
  AVERAGE         40                        42     -2       56

PRECIPITATION (IN)
  YESTERDAY        0.02          0.54 1984   0.15  -0.13     0.00
  MONTH TO DATE    2.00                      3.23  -1.23     2.15
  SINCE DEC 1      2.00                      3.23  -1.23     2.15
  SINCE JAN 1     46.16                     48.25  -2.09    46.13

SNOWFALL (IN)
  YESTERDAY        0.0           1.8  1983   0.0    0.0      0.0
  MONTH TO DATE    T                         0.2   -0.2      1.1
  SINCE DEC 1      T                         0.2   -0.2      1.1
  SINCE JUL 1      0.6                       0.2    0.4      1.1
  SNOW DEPTH       0

DEGREE DAYS
 HEATING
  YESTERDAY       25                        23      2        9
  MONTH TO DATE  376                       398    -22      430
  SINCE DEC 1    376                       398    -22      430
  SINCE JUL 1    991                       910     81     1036

 COOLING
  YESTERDAY        0                         0      0        0
  MONTH TO DATE    0                         0      0        0
  SINCE DEC 1      0                         0      0        0
  SINCE JAN 1   1934                      2169   -235     2118
..................................................................


WIND (MPH)
  HIGHEST WIND SPEED    MM   HIGHEST WIND DIRECTION    MM
  HIGHEST GUST SPEED    MM   HIGHEST GUST DIRECTION    MM
  AVERAGE WIND SPEED    MM


SKY COVER
  POSSIBLE SUNSHINE  MM
  AVERAGE SKY COVER  MM


WEATHER CONDITIONS
 THE FOLLOWING WEATHER WAS RECORDED YESTERDAY.
  LIGHT RAIN


RELATIVE HUMIDITY (PERCENT)
 HIGHEST    MM
 LOWEST     MM
 AVERAGE    MM

..........................................................


THE NORTH LITTLE ROCK CLIMATE NORMALS FOR TODAY
                         NORMAL    RECORD    YEAR
 MAXIMUM TEMPERATURE (F)   50        70      2013
 MINIMUM TEMPERATURE (F)   34        11      1983


SUNRISE AND SUNSET
DECEMBER 20 2014......SUNRISE   712 AM CST   SUNSET   501 PM CST
DECEMBER 21 2014......SUNRISE   713 AM CST   SUNSET   502 PM CST


-  INDICATES NEGATIVE NUMBERS.
R  INDICATES RECORD WAS SET OR TIED.
MM INDICATES DATA IS MISSING.
T  INDICATES TRACE AMOUNT.




$$




National Weather Service
Disclaimer
Last Modified: August 31, 2005
Privacy Policy