256
CDUS43 KTOP 250636
CLIMHK


CLIMATE REPORT
NATIONAL WEATHER SERVICE TOPEKA KS
135 AM CDT FRI APR 25 2014


...................................

...THE MANHATTAN KS CLIMATE SUMMARY FOR APRIL 24 2014...

CLIMATE NORMAL PERIOD 1981 TO 2010
CLIMATE RECORD PERIOD 9999 TO 9999


WEATHER ITEM   OBSERVED NORMAL DEPARTURE LAST
                VALUE   VALUE  FROM      YEAR
                               NORMAL
...............................................
TEMPERATURE (F)
 YESTERDAY
  MAXIMUM         73     69      4       58
  MINIMUM         42     44     -2       24
  AVERAGE         58     57      1       41

PRECIPITATION (IN)
  YESTERDAY        0.89   0.11   0.78     0.00
  MONTH TO DATE    1.56   2.01  -0.45     3.13
  SINCE MAR 1      2.09   4.21  -2.12     4.20
  SINCE JAN 1      3.31   5.93  -2.62     5.91

DEGREE DAYS
 HEATING
  YESTERDAY        7      9     -2       24
  MONTH TO DATE  290    298     -8      443
  SINCE MAR 1   1040    974     66     1223
  SINCE JUL 1   5571   5134    437     4980

 COOLING
  YESTERDAY        0      1     -1        0
  MONTH TO DATE   22     13      9        2
  SINCE MAR 1     22     15      7        2
  SINCE JAN 1     22     15      7        2
...............................................


WIND (MPH)
  HIGHEST WIND SPEED    23   HIGHEST WIND DIRECTION     N (20)
  HIGHEST GUST SPEED    32   HIGHEST GUST DIRECTION    NE (30)
  AVERAGE WIND SPEED     6.6


SKY COVER
  AVERAGE SKY COVER 0.6


WEATHER CONDITIONS
 THE FOLLOWING WEATHER WAS RECORDED YESTERDAY.
  THUNDERSTORM
  HEAVY RAIN
  RAIN
  LIGHT RAIN
  FOG


RELATIVE HUMIDITY (PERCENT)
 HIGHEST    96
 LOWEST     42
 AVERAGE    69

..........................................................


THE MANHATTAN KS CLIMATE NORMALS FOR TODAY
                         NORMAL
 MAXIMUM TEMPERATURE (F)   70
 MINIMUM TEMPERATURE (F)   44


SUNRISE AND SUNSET
APRIL 25 2014.........SUNRISE   636 AM CDT   SUNSET   814 PM CDT
APRIL 26 2014.........SUNRISE   635 AM CDT   SUNSET   815 PM CDT


-  INDICATES NEGATIVE NUMBERS.
R  INDICATES RECORD WAS SET OR TIED.
MM INDICATES DATA IS MISSING.
T  INDICATES TRACE AMOUNT.




$$




457
CDUS43 KGID 250636
CLIEAR


CLIMATE REPORT
NATIONAL WEATHER SERVICE HASTINGS NE
135 AM CDT FRI APR 25 2014


...................................

...THE KEARNEY CLIMATE SUMMARY FOR APRIL 24 2014...

CLIMATE NORMAL PERIOD 1981 TO 2010
CLIMATE RECORD PERIOD 1894 TO 2014


WEATHER ITEM   OBSERVED TIME   NORMAL DEPARTURE LAST
                VALUE   (LST)  VALUE  FROM      YEAR
                                      NORMAL
......................................................
TEMPERATURE (F)
 YESTERDAY
  MAXIMUM         70    515 PM  65      5       59
  MINIMUM         48   1155 PM  39      9       25
  AVERAGE         59            52      7       42

PRECIPITATION (IN)
  YESTERDAY        0.20

DEGREE DAYS
 HEATING
  YESTERDAY        6            14     -8

 COOLING
  YESTERDAY        0             0      0
......................................................


WIND (MPH)
  HIGHEST WIND SPEED    24   HIGHEST WIND DIRECTION     N (350)
  HIGHEST GUST SPEED    30   HIGHEST GUST DIRECTION     N (350)
  AVERAGE WIND SPEED    12.6


SKY COVER
  AVERAGE SKY COVER 0.3



RELATIVE HUMIDITY (PERCENT)
 HIGHEST    86           300 AM
 LOWEST     16           400 PM
 AVERAGE    51

..........................................................


THE KEARNEY CLIMATE NORMALS FOR TODAY
                         NORMAL
 MAXIMUM TEMPERATURE (F)   65
 MINIMUM TEMPERATURE (F)   39


SUNRISE AND SUNSET
APRIL 25 2014.........SUNRISE   643 AM CDT   SUNSET   826 PM CDT
APRIL 26 2014.........SUNRISE   641 AM CDT   SUNSET   827 PM CDT


-  INDICATES NEGATIVE NUMBERS.
R  INDICATES RECORD WAS SET OR TIED.
MM INDICATES DATA IS MISSING.
T  INDICATES TRACE AMOUNT.




$$




259
CDUS43 KTOP 250636
CLILWC


CLIMATE REPORT
NATIONAL WEATHER SERVICE TOPEKA KS
135 AM CDT FRI APR 25 2014


...................................

...THE LAWRENCE KS CLIMATE SUMMARY FOR APRIL 24 2014...

CLIMATE NORMAL PERIOD 1981 TO 2010
CLIMATE RECORD PERIOD 9999 TO 9999


WEATHER ITEM   OBSERVED NORMAL DEPARTURE LAST
                VALUE   VALUE  FROM      YEAR
                               NORMAL
...............................................
TEMPERATURE (F)
 YESTERDAY
  MAXIMUM         71     70      1       57
  MINIMUM         41     46     -5       26
  AVERAGE         56     58     -2       42

PRECIPITATION (IN)
  YESTERDAY        0.96   0.15   0.81     0.00
  MONTH TO DATE    2.94   2.83   0.11     3.02
  SINCE MAR 1      3.91   5.45  -1.54     4.70
  SINCE JAN 1      4.96   7.76  -2.80     7.42

DEGREE DAYS
 HEATING
  YESTERDAY        9      8      1       23
  MONTH TO DATE  306    280     26      413
  SINCE MAR 1   1047    921    126     1229
  SINCE JUL 1   5473   4936    537     5060

 COOLING
  YESTERDAY        0      1     -1        0
  MONTH TO DATE    6     17    -11        0
  SINCE MAR 1      6     20    -14        0
  SINCE JAN 1      6     20    -14        0
...............................................


WIND (MPH)
  HIGHEST WIND SPEED    35   HIGHEST WIND DIRECTION     N (340)
  HIGHEST GUST SPEED    44   HIGHEST GUST DIRECTION    NW (330)
  AVERAGE WIND SPEED    10.2


SKY COVER
  AVERAGE SKY COVER 0.5


WEATHER CONDITIONS
 THE FOLLOWING WEATHER WAS RECORDED YESTERDAY.
  THUNDERSTORM
  HEAVY RAIN
  RAIN
  LIGHT RAIN
  FOG


RELATIVE HUMIDITY (PERCENT)
 HIGHEST   100
 LOWEST     45
 AVERAGE    73

..........................................................


THE LAWRENCE KS CLIMATE NORMALS FOR TODAY
                         NORMAL
 MAXIMUM TEMPERATURE (F)   70
 MINIMUM TEMPERATURE (F)   46


SUNRISE AND SUNSET
APRIL 25 2014.........SUNRISE   630 AM CDT   SUNSET   808 PM CDT
APRIL 26 2014.........SUNRISE   629 AM CDT   SUNSET   809 PM CDT


-  INDICATES NEGATIVE NUMBERS.
R  INDICATES RECORD WAS SET OR TIED.
MM INDICATES DATA IS MISSING.
T  INDICATES TRACE AMOUNT.




$$




National Weather Service
Disclaimer
Last Modified: August 31, 2005
Privacy Policy