930
CDUS45 KCYS 310726
CLIAIA


CLIMATE REPORT
NATIONAL WEATHER SERVICE CHEYENNE WY
126 AM MDT FRI OCT 31 2014


...................................

...THE ALLIANCE NE AIRPORT CLIMATE SUMMARY FOR OCTOBER 30 2014...

CLIMATE NORMAL PERIOD 1981 TO 2010
CLIMATE RECORD PERIOD 1896 TO 2014


WEATHER ITEM   OBSERVED TIME   RECORD YEAR NORMAL DEPARTURE LAST
                VALUE   (LST)  VALUE       VALUE  FROM      YEAR
                                                  NORMAL
..................................................................
TEMPERATURE (F)
 YESTERDAY
  MAXIMUM         61    227 PM  82    1950  56      5       51
  MINIMUM         24   1111 PM   1    1991  24      0       26
  AVERAGE         43                        40      3       39

PRECIPITATION (IN)
  YESTERDAY        0.00          0.94 1929   0.01  -0.01      T
  MONTH TO DATE    0.37                      1.08  -0.71     1.23
  SINCE JAN 1     17.64                     14.88   2.76    13.17

DEGREE DAYS
 HEATING
  YESTERDAY       22                        25     -3       26
  MONTH TO DATE  449                       572   -123      634
  SINCE SEP 1    600                       780   -180      755
  SINCE JUL 1    637                       817   -180      763

 COOLING
  YESTERDAY        0                         0      0        0
  MONTH TO DATE    0                         0      0        0
  SINCE SEP 1     37                        40     -3      136
  SINCE JAN 1    499                       563    -64      795
..................................................................


WIND (MPH)
  HIGHEST WIND SPEED    22   HIGHEST WIND DIRECTION    NW (330)
  HIGHEST GUST SPEED    27   HIGHEST GUST DIRECTION     N (350)
  AVERAGE WIND SPEED     9.6


SKY COVER
  AVERAGE SKY COVER 0.0


WEATHER CONDITIONS
 THE FOLLOWING WEATHER WAS RECORDED YESTERDAY.
  LIGHT SNOW


RELATIVE HUMIDITY (PERCENT)
 HIGHEST    92          1000 PM
 LOWEST     32           200 PM
 AVERAGE    62

..........................................................


THE ALLIANCE NE AIRPORT CLIMATE NORMALS FOR TODAY
                         NORMAL    RECORD    YEAR
 MAXIMUM TEMPERATURE (F)   56        77      1999
 MINIMUM TEMPERATURE (F)   24        -8      1991


SUNRISE AND SUNSET
OCTOBER 31 2014.......SUNRISE   723 AM MDT   SUNSET   546 PM MDT
NOVEMBER  1 2014......SUNRISE   724 AM MDT   SUNSET   545 PM MDT


-  INDICATES NEGATIVE NUMBERS.
R  INDICATES RECORD WAS SET OR TIED.
MM INDICATES DATA IS MISSING.
T  INDICATES TRACE AMOUNT.




$$




995
CDUS45 KCYS 310726
CLIRWL


CLIMATE REPORT
NATIONAL WEATHER SERVICE CHEYENNE WY
126 AM MDT FRI OCT 31 2014


...................................

...THE RAWLINS WY AIRPORT CLIMATE SUMMARY FOR OCTOBER 30 2014...

CLIMATE NORMAL PERIOD 1981 TO 2010
CLIMATE RECORD PERIOD 1951 TO 2014


WEATHER ITEM   OBSERVED TIME   RECORD YEAR NORMAL DEPARTURE LAST
                VALUE   (LST)  VALUE       VALUE  FROM      YEAR
                                                  NORMAL
..................................................................
TEMPERATURE (F)
 YESTERDAY
  MAXIMUM         60    322 PM  66    2001  50     10       40
  MINIMUM         29   1154 PM  -4    1972  26      3       27
  AVERAGE         45                        38      7       34

PRECIPITATION (IN)
  YESTERDAY        0.00          0.25 2007   0.02  -0.02      T
  MONTH TO DATE    0.18                      0.73  -0.55     1.41
  SINCE JAN 1      5.96                      8.25  -2.29     7.65

DEGREE DAYS
 HEATING
  YESTERDAY       20                        27     -7       31
  MONTH TO DATE  496                       644   -148      744
  SINCE SEP 1    717                       937   -220      951
  SINCE JUL 1    817                      1030   -213      959

 COOLING
  YESTERDAY        0                         0      0        0
  MONTH TO DATE    0                         0      0        0
  SINCE SEP 1      2                         5     -3       49
  SINCE JAN 1    211                       186     25      371
..................................................................


WIND (MPH)
  HIGHEST WIND SPEED    14   HIGHEST WIND DIRECTION     W (250)
  HIGHEST GUST SPEED    18   HIGHEST GUST DIRECTION     W (270)
  AVERAGE WIND SPEED     6.3


SKY COVER
  AVERAGE SKY COVER 0.0


WEATHER CONDITIONS
 THE FOLLOWING WEATHER WAS RECORDED YESTERDAY.
  NO SIGNIFICANT WEATHER WAS OBSERVED.


RELATIVE HUMIDITY (PERCENT)
 HIGHEST    69           600 AM
 LOWEST     23           200 PM
 AVERAGE    46

..........................................................


THE RAWLINS WY AIRPORT CLIMATE NORMALS FOR TODAY
                         NORMAL    RECORD    YEAR
 MAXIMUM TEMPERATURE (F)   49        68      2008
 MINIMUM TEMPERATURE (F)   26        -7      1972


SUNRISE AND SUNSET
OCTOBER 31 2014.......SUNRISE   740 AM MDT   SUNSET   604 PM MDT
NOVEMBER  1 2014......SUNRISE   741 AM MDT   SUNSET   603 PM MDT


-  INDICATES NEGATIVE NUMBERS.
R  INDICATES RECORD WAS SET OR TIED.
MM INDICATES DATA IS MISSING.
T  INDICATES TRACE AMOUNT.




$$




929
CDUS45 KCYS 310726
CLIDGW


CLIMATE REPORT
NATIONAL WEATHER SERVICE CHEYENNE WY
126 AM MDT FRI OCT 31 2014


...................................

...THE DOUGLAS WY AIRPORT CLIMATE SUMMARY FOR OCTOBER 30 2014...

CLIMATE NORMAL PERIOD 1981 TO 2010
CLIMATE RECORD PERIOD 1998 TO 2014


WEATHER ITEM   OBSERVED TIME   RECORD YEAR NORMAL DEPARTURE LAST
                VALUE   (LST)  VALUE       VALUE  FROM      YEAR
                                                  NORMAL
..................................................................
TEMPERATURE (F)
 YESTERDAY
  MAXIMUM         62    210 PM  72    2001  56      6       52
  MINIMUM         26    645 AM  10    2009  26      0       32
                                      2002
  AVERAGE         44                        41      3       42

PRECIPITATION (IN)
  YESTERDAY        0.00          0.21 2003   0.02  -0.02     0.04
  MONTH TO DATE    0.42                      1.04  -0.62     2.00
  SINCE JAN 1     12.00                     12.32  -0.32     9.26

DEGREE DAYS
 HEATING
  YESTERDAY       21                        24     -3       23
  MONTH TO DATE  431                       574   -143      657
  SINCE SEP 1    603                       802   -199      795
  SINCE JUL 1    640                       843   -203      795

 COOLING
  YESTERDAY        0                         0      0        0
  MONTH TO DATE    0                         0      0        0
  SINCE SEP 1     24                        28     -4       88
  SINCE JAN 1    401                       486    -85      739
..................................................................


WIND (MPH)
  HIGHEST WIND SPEED    20   HIGHEST WIND DIRECTION    SE (140)
  HIGHEST GUST SPEED    25   HIGHEST GUST DIRECTION    SE (140)
  AVERAGE WIND SPEED     7.6


SKY COVER
  AVERAGE SKY COVER 0.0


WEATHER CONDITIONS
 THE FOLLOWING WEATHER WAS RECORDED YESTERDAY.
  NO SIGNIFICANT WEATHER WAS OBSERVED.


RELATIVE HUMIDITY (PERCENT)
 HIGHEST    75           700 AM
 LOWEST     25           200 PM
 AVERAGE    50

..........................................................


THE DOUGLAS WY AIRPORT CLIMATE NORMALS FOR TODAY
                         NORMAL    RECORD    YEAR
 MAXIMUM TEMPERATURE (F)   55        75      1999
 MINIMUM TEMPERATURE (F)   26         4      2002


SUNRISE AND SUNSET
OCTOBER 31 2014.......SUNRISE   734 AM MDT   SUNSET   555 PM MDT
NOVEMBER  1 2014......SUNRISE   736 AM MDT   SUNSET   554 PM MDT


-  INDICATES NEGATIVE NUMBERS.
R  INDICATES RECORD WAS SET OR TIED.
MM INDICATES DATA IS MISSING.
T  INDICATES TRACE AMOUNT.




$$




931
CDUS45 KCYS 310726
CLICYS


CLIMATE REPORT
NATIONAL WEATHER SERVICE CHEYENNE WY
126 AM MDT FRI OCT 31 2014


...................................

...THE CHEYENNE WYOMING CLIMATE SUMMARY FOR OCTOBER 30 2014...

CLIMATE NORMAL PERIOD 1981 TO 2010
CLIMATE RECORD PERIOD 1871 TO 2014


WEATHER ITEM   OBSERVED TIME   RECORD YEAR NORMAL DEPARTURE LAST
                VALUE   (LST)  VALUE       VALUE  FROM      YEAR
                                                  NORMAL
..................................................................
TEMPERATURE (F)
 YESTERDAY
  MAXIMUM         60    138 PM  74    1933  54      6       46
  MINIMUM         32   1134 PM   0    1993  30      2       28
  AVERAGE         46                        42      4       37

PRECIPITATION (IN)
  YESTERDAY        0.00          0.33 1929   0.02  -0.02     0.21
  MONTH TO DATE    0.51                      0.91  -0.40     2.14
  SINCE JAN 1     15.91                     14.84   1.07    17.52

SNOWFALL (IN)
  YESTERDAY        0.0           5.0  1929   0.2   -0.2      2.1
  MONTH TO DATE    0.8                       4.8   -4.0     12.5
  SINCE JUL 1      1.5                       6.1   -4.6     12.5
  SNOW DEPTH       0

DEGREE DAYS
 HEATING
  YESTERDAY       19                        23     -4       28
  MONTH TO DATE  406                       556   -150      649
  SINCE SEP 1    568                       781   -213      816
  SINCE JUL 1    626                       837   -211      831

 COOLING
  YESTERDAY        0                         0      0        0
  MONTH TO DATE    0                         0      0        0
  SINCE SEP 1     35                        22     13       67
  SINCE JAN 1    301                       348    -47      520
..................................................................


WIND (MPH)
  HIGHEST WIND SPEED    15   HIGHEST WIND DIRECTION    NW (310)
  HIGHEST GUST SPEED    20   HIGHEST GUST DIRECTION     N (340)
  AVERAGE WIND SPEED     6.8


SKY COVER
  AVERAGE SKY COVER 0.1


WEATHER CONDITIONS
 THE FOLLOWING WEATHER WAS RECORDED YESTERDAY.
  NO SIGNIFICANT WEATHER WAS OBSERVED.


RELATIVE HUMIDITY (PERCENT)
 HIGHEST    64           600 AM
 LOWEST     26           100 PM
 AVERAGE    45

..........................................................


THE CHEYENNE WYOMING CLIMATE NORMALS FOR TODAY
                         NORMAL    RECORD    YEAR
 MAXIMUM TEMPERATURE (F)   54        74      1887
 MINIMUM TEMPERATURE (F)   30        -1      1991


SUNRISE AND SUNSET
OCTOBER 31 2014.......SUNRISE   729 AM MDT   SUNSET   556 PM MDT
NOVEMBER  1 2014......SUNRISE   730 AM MDT   SUNSET   555 PM MDT


-  INDICATES NEGATIVE NUMBERS.
R  INDICATES RECORD WAS SET OR TIED.
MM INDICATES DATA IS MISSING.
T  INDICATES TRACE AMOUNT.




$$




National Weather Service
Disclaimer
Last Modified: August 31, 2005
Privacy Policy