785
CDUS42 KCAE 230526
CLICUB


CLIMATE REPORT
NATIONAL WEATHER SERVICE COLUMBIA SC
125 AM EDT THU OCT 23 2014


...................................

...THE HAMILTON - OWENS AIRPORT SC CLIMATE SUMMARY FOR OCTOBER 22 2014...

CLIMATE NORMAL PERIOD 1981 TO 2010
CLIMATE RECORD PERIOD 9999 TO 9999


WEATHER ITEM   OBSERVED TIME   RECORD YEAR NORMAL DEPARTURE LAST
                VALUE   (LST)  VALUE       VALUE  FROM      YEAR
                                                  NORMAL
..................................................................
TEMPERATURE (F)
 YESTERDAY
  MAXIMUM         69    412 PM  MM      MM  74     -5       69
  MINIMUM         46    658 AM  MM      MM  52     -6       60
  AVERAGE         58                        63     -5       65

PRECIPITATION (IN)
  YESTERDAY        0.00         MM      MM   0.11  -0.11      T
  MONTH TO DATE    2.57                      2.50   0.07     0.15
  SINCE SEP 1      8.11                      6.54   1.57     2.10
  SINCE JAN 1     37.77                     38.39  -0.62    44.99

DEGREE DAYS
 HEATING
  YESTERDAY        7                         4      3        0
  MONTH TO DATE   30                        43    -13        8
  SINCE SEP 1     34                        46    -12        8
  SINCE JUL 1     34                        46    -12        8

 COOLING
  YESTERDAY        0                         2     -2        0
  MONTH TO DATE  114                        83     31      126
  SINCE SEP 1    462                       412     50      471
  SINCE JAN 1   2389                      2230    159     2199
..................................................................


WIND (MPH)
  HIGHEST WIND SPEED    13   HIGHEST WIND DIRECTION    NW (320)
  HIGHEST GUST SPEED    20   HIGHEST GUST DIRECTION    NW (320)
  AVERAGE WIND SPEED     3.1


SKY COVER
  AVERAGE SKY COVER 0.0


WEATHER CONDITIONS
 THE FOLLOWING WEATHER WAS RECORDED YESTERDAY.
  NO SIGNIFICANT WEATHER WAS OBSERVED.


RELATIVE HUMIDITY (PERCENT)
 HIGHEST    86           700 AM
 LOWEST     34           200 PM

..........................................................


THE HAMILTON - OWENS AIRPORT SC CLIMATE NORMALS FOR TODAY
                         NORMAL    RECORD    YEAR
 MAXIMUM TEMPERATURE (F)   74        MM        MM
 MINIMUM TEMPERATURE (F)   52        MM        MM


SUNRISE AND SUNSET
OCTOBER 23 2014.......SUNRISE   736 AM EDT   SUNSET   641 PM EDT
OCTOBER 24 2014.......SUNRISE   736 AM EDT   SUNSET   639 PM EDT


-  INDICATES NEGATIVE NUMBERS.
R  INDICATES RECORD WAS SET OR TIED.
MM INDICATES DATA IS MISSING.
T  INDICATES TRACE AMOUNT.




$$




781
CDUS42 KCAE 230526
CLIDNL


CLIMATE REPORT
NATIONAL WEATHER SERVICE COLUMBIA SC
125 AM EDT THU OCT 23 2014


...................................

...THE AUGUSTA DANIEL FIELD GA CLIMATE SUMMARY FOR OCTOBER 22 2014...

CLIMATE NORMAL PERIOD 1981 TO 2010
CLIMATE RECORD PERIOD 9999 TO 9999


WEATHER ITEM   OBSERVED TIME   RECORD YEAR NORMAL DEPARTURE LAST
                VALUE   (LST)  VALUE       VALUE  FROM      YEAR
                                                  NORMAL
..................................................................
TEMPERATURE (F)
 YESTERDAY
  MAXIMUM         71    318 PM  MM      MM  74     -3       68
  MINIMUM         50    700 AM  MM      MM  54     -4       60
  AVERAGE         61                        64     -3       64

PRECIPITATION (IN)
  YESTERDAY        0.00         MM      MM   0.09  -0.09      T
  MONTH TO DATE    0.99                      2.56  -1.57     0.87
  SINCE SEP 1      5.03                      5.93  -0.90     2.27
  SINCE JAN 1     33.52                     39.09  -5.57    51.34

DEGREE DAYS
 HEATING
  YESTERDAY        4                         3      1        1
  MONTH TO DATE   16                        38    -22        5
  SINCE SEP 1     19                        41    -22        5
  SINCE JUL 1     19                        41    -22        5

 COOLING
  YESTERDAY        0                         2     -2        0
  MONTH TO DATE  141                        90     51      117
  SINCE SEP 1    523                       410    113      461
  SINCE JAN 1   2594                      2221    373     2063
..................................................................


WIND (MPH)
  HIGHEST WIND SPEED    14   HIGHEST WIND DIRECTION    NW (330)
  HIGHEST GUST SPEED    19   HIGHEST GUST DIRECTION     N (20)
  AVERAGE WIND SPEED     6.4


SKY COVER
  AVERAGE SKY COVER 0.0


WEATHER CONDITIONS
 THE FOLLOWING WEATHER WAS RECORDED YESTERDAY.
  NO SIGNIFICANT WEATHER WAS OBSERVED.


RELATIVE HUMIDITY (PERCENT)
 HIGHEST    77           500 AM
 LOWEST     31           200 PM

..........................................................


THE AUGUSTA DANIEL FIELD GA CLIMATE NORMALS FOR TODAY
                         NORMAL    RECORD    YEAR
 MAXIMUM TEMPERATURE (F)   74        MM        MM
 MINIMUM TEMPERATURE (F)   54        MM        MM


SUNRISE AND SUNSET
OCTOBER 23 2014.......SUNRISE   739 AM EDT   SUNSET   645 PM EDT
OCTOBER 24 2014.......SUNRISE   740 AM EDT   SUNSET   644 PM EDT


-  INDICATES NEGATIVE NUMBERS.
R  INDICATES RECORD WAS SET OR TIED.
MM INDICATES DATA IS MISSING.
T  INDICATES TRACE AMOUNT.




$$




783
CDUS42 KCAE 230526
CLIAGS


CLIMATE REPORT
NATIONAL WEATHER SERVICE COLUMBIA SC
125 AM EDT THU OCT 23 2014


...................................

...THE AUGUSTA REGIONAL BUSH FIELD GA CLIMATE SUMMARY FOR OCTOBER 22 2014...

CLIMATE NORMAL PERIOD 1981 TO 2010
CLIMATE RECORD PERIOD 1873 TO 2014


WEATHER ITEM   OBSERVED TIME   RECORD YEAR NORMAL DEPARTURE LAST
                VALUE   (LST)  VALUE       VALUE  FROM      YEAR
                                                  NORMAL
..................................................................
TEMPERATURE (F)
 YESTERDAY
  MAXIMUM         71    333 PM  90    1984  76     -5       70
  MINIMUM         40    709 AM  27    1974  49     -9       58
  AVERAGE         56                        62     -6       64

PRECIPITATION (IN)
  YESTERDAY        0.00          1.93 1890   0.10  -0.10     0.03
  MONTH TO DATE    0.51                      2.50  -1.99     0.36
  SINCE SEP 1      2.77                      5.72  -2.95     1.48
  SINCE JAN 1     31.19                     36.59  -5.40    46.80

SNOWFALL (IN)
  YESTERDAY        0.0          MM      MM   0.0             0.0
  MONTH TO DATE    0.0                       0.0             0.0
  SINCE SEP 1      0.0                       0.0             0.0
  SINCE JUL 1      0.0                       0.0             0.0

DEGREE DAYS
 HEATING
  YESTERDAY        9                         4      5        1
  MONTH TO DATE   50                        56     -6        9
  SINCE SEP 1     52                        63    -11        9
  SINCE JUL 1     52                        63    -11        9

 COOLING
  YESTERDAY        0                         2     -2        0
  MONTH TO DATE   98                        75     23       87
  SINCE SEP 1    431                       371     60      380
  SINCE JAN 1   2082                      2059     23     1855
..................................................................


WIND (MPH)
  HIGHEST WIND SPEED    16   HIGHEST WIND DIRECTION     N (360)
  HIGHEST GUST SPEED    20   HIGHEST GUST DIRECTION     N (340)
  AVERAGE WIND SPEED     4.3


SKY COVER
  AVERAGE SKY COVER 0.0


WEATHER CONDITIONS
 THE FOLLOWING WEATHER WAS RECORDED YESTERDAY.
  NO SIGNIFICANT WEATHER WAS OBSERVED.


RELATIVE HUMIDITY (PERCENT)
 HIGHEST   100           600 AM
 LOWEST     29           300 PM
 AVERAGE    65

..........................................................


THE AUGUSTA REGIONAL BUSH FIELD GA CLIMATE NORMALS FOR TODAY
                         NORMAL    RECORD    YEAR
 MAXIMUM TEMPERATURE (F)   76        91      2007
 MINIMUM TEMPERATURE (F)   48        28      1987
                                             1974


SUNRISE AND SUNSET
OCTOBER 23 2014.......SUNRISE   739 AM EDT   SUNSET   645 PM EDT
OCTOBER 24 2014.......SUNRISE   740 AM EDT   SUNSET   644 PM EDT


-  INDICATES NEGATIVE NUMBERS.
R  INDICATES RECORD WAS SET OR TIED.
MM INDICATES DATA IS MISSING.
T  INDICATES TRACE AMOUNT.




$$




National Weather Service
Disclaimer
Last Modified: August 31, 2005
Privacy Policy