503
CDUS46 KPQR 231243
CLIEUG


CLIMATE REPORT
NATIONAL WEATHER SERVICE PORTLAND OREGON
442 AM PST SUN NOV 23 2014


...................................

...THE EUGENE OR CLIMATE SUMMARY FOR NOVEMBER 22 2014...

CLIMATE NORMAL PERIOD 1981 TO 2010
CLIMATE RECORD PERIOD 1892 TO 2014


WEATHER ITEM   OBSERVED TIME   RECORD YEAR NORMAL DEPARTURE LAST
                VALUE   (LST)  VALUE       VALUE  FROM      YEAR
                                                  NORMAL
..................................................................
TEMPERATURE (F)
 YESTERDAY
  MAXIMUM         56   1236 PM  65    1915  50      6       46
  MINIMUM         39    939 PM  19    2013  37      2       19
  AVERAGE         48                        43      5       33

PRECIPITATION (IN)
  YESTERDAY        0.40          2.93 1961   0.28   0.12     0.00
  MONTH TO DATE    4.45                      5.34  -0.89     2.12
  SINCE OCT 1      9.15                      8.59   0.56     2.70
  SINCE JAN 1     33.40                     35.89  -2.49    19.70

SNOWFALL (IN)
  YESTERDAY       MM
  MONTH TO DATE    0.0
  SINCE SEP 1      0.0
  SINCE JUL 1      0.0

DEGREE DAYS
 HEATING
  YESTERDAY       17                        22     -5       32
  MONTH TO DATE  451                       422     29      394
  SINCE SEP 1    665                       925   -260      937
  SINCE JUL 1    672                       992   -320      955

 COOLING
  YESTERDAY        0                         0      0        0
  MONTH TO DATE    0                         0      0        0
  SINCE SEP 1     67                        31     36       63
  SINCE JAN 1    475                       239    236      411
..................................................................


WIND (MPH)
  HIGHEST WIND SPEED    18   HIGHEST WIND DIRECTION    NW (310)
  HIGHEST GUST SPEED    22   HIGHEST GUST DIRECTION    NW (310)
  AVERAGE WIND SPEED     6.2


SKY COVER
  POSSIBLE SUNSHINE  MM
  AVERAGE SKY COVER 0.6


WEATHER CONDITIONS
 THE FOLLOWING WEATHER WAS RECORDED YESTERDAY.
  HEAVY RAIN
  RAIN
  LIGHT RAIN
  FOG


RELATIVE HUMIDITY (PERCENT)
 HIGHEST   100           900 PM
 LOWEST     66           200 PM
 AVERAGE    83

..........................................................


THE EUGENE OR CLIMATE NORMALS FOR TODAY
                         NORMAL    RECORD    YEAR
 MAXIMUM TEMPERATURE (F)   50        71      1913
 MINIMUM TEMPERATURE (F)   37        18      1985


SUNRISE AND SUNSET
NOVEMBER 23 2014......SUNRISE   719 AM PST   SUNSET   440 PM PST
NOVEMBER 24 2014......SUNRISE   720 AM PST   SUNSET   439 PM PST


-  INDICATES NEGATIVE NUMBERS.
R  INDICATES RECORD WAS SET OR TIED.
MM INDICATES DATA IS MISSING.
T  INDICATES TRACE AMOUNT.




$$




502
CDUS46 KPQR 231243
CLIVUO


CLIMATE REPORT
NATIONAL WEATHER SERVICE PORTLAND OREGON
442 AM PST SUN NOV 23 2014


...................................

...THE VANCOUVER WA CLIMATE SUMMARY FOR NOVEMBER 22 2014...

CLIMATE NORMAL PERIOD 1981 TO 2010
CLIMATE RECORD PERIOD 1891 TO 2014


WEATHER ITEM   OBSERVED TIME   RECORD YEAR NORMAL DEPARTURE LAST
                VALUE   (LST)  VALUE       VALUE  FROM      YEAR
                                                  NORMAL
..................................................................
TEMPERATURE (F)
 YESTERDAY
  MAXIMUM         52    154 PM  62    1909  51      1       51
  MINIMUM         37    445 AM  21    2013  39     -2       21
  AVERAGE         45                        45      0       36

PRECIPITATION (IN)
  YESTERDAY        0.12                      0.21  -0.09     0.00
  MONTH TO DATE    1.71                      4.14  -2.43     2.68
  SINCE OCT 1      7.74                      7.21   0.53     3.80
  SINCE JAN 1     31.18                     30.60   0.58    24.87

DEGREE DAYS
 HEATING
  YESTERDAY       20                                        29
  MONTH TO DATE  463                                       398
  SINCE JUL 1    680                                       892

 COOLING
  YESTERDAY        0                                         0
  MONTH TO DATE    0                                         0
  SINCE JAN 1    531                                       450
..................................................................


WIND (MPH)
  HIGHEST WIND SPEED    16   HIGHEST WIND DIRECTION    NW (310)
  HIGHEST GUST SPEED    20   HIGHEST GUST DIRECTION    NW (330)
  AVERAGE WIND SPEED     2.7


SKY COVER
  POSSIBLE SUNSHINE  MM
  AVERAGE SKY COVER 0.6


WEATHER CONDITIONS
 THE FOLLOWING WEATHER WAS RECORDED YESTERDAY.
  RAIN
  LIGHT RAIN
  FOG


RELATIVE HUMIDITY (PERCENT)
 HIGHEST    93          1200 AM
 LOWEST     71           200 PM
 AVERAGE    82

..........................................................




SUNRISE AND SUNSET
NOVEMBER 23 2014......SUNRISE   721 AM PST   SUNSET   433 PM PST
NOVEMBER 24 2014......SUNRISE   722 AM PST   SUNSET   432 PM PST


-  INDICATES NEGATIVE NUMBERS.
R  INDICATES RECORD WAS SET OR TIED.
MM INDICATES DATA IS MISSING.
T  INDICATES TRACE AMOUNT.




$$




National Weather Service
Disclaimer
Last Modified: August 31, 2005
Privacy Policy