726
CDUS41 KRNK 300921
CLIROA


CLIMATE REPORT
NATIONAL WEATHER SERVICE BLACKSBURG VA
517 AM EDT TUE SEP 30 2014


...................................

...THE ROANOKE VA CLIMATE SUMMARY FOR SEPTEMBER 29 2014...

CLIMATE NORMAL PERIOD 1981 TO 2010
CLIMATE RECORD PERIOD 1912 TO 2014


WEATHER ITEM   OBSERVED TIME   RECORD YEAR NORMAL DEPARTURE LAST
                VALUE   (LST)  VALUE       VALUE  FROM      YEAR
                                                  NORMAL
..................................................................
TEMPERATURE (F)
 YESTERDAY
  MAXIMUM         75    446 PM  93    1953  74      1       74
  MINIMUM         60   1159 PM  32    1942  52      8       48
  AVERAGE         68                        63      5       61

PRECIPITATION (IN)
  YESTERDAY        0.01          3.45 1924   0.12  -0.11     0.00
  MONTH TO DATE    1.23                      3.77  -2.54     1.13
  SINCE SEP 1      1.23                      3.77  -2.54     1.13
  SINCE JAN 1     29.81                     31.90  -2.09    43.44

SNOWFALL (IN)
  YESTERDAY        0.0
  MONTH TO DATE    0.0
  SINCE SEP 1      0.0
  SINCE JUL 1      0.0
  SNOW DEPTH       0

DEGREE DAYS
 HEATING
  YESTERDAY        0                         4     -4        4
  MONTH TO DATE   19                        42    -23       33
  SINCE SEP 1     19                        42    -23       33
  SINCE JUL 1     19                        43    -24       34

 COOLING
  YESTERDAY        3                         2      1        0
  MONTH TO DATE  135                       137     -2      126
  SINCE SEP 1    135                       137     -2      126
  SINCE JAN 1   1105                      1184    -79     1186
..................................................................


WIND (MPH)
  HIGHEST WIND SPEED    10   HIGHEST WIND DIRECTION    SE (120)
  HIGHEST GUST SPEED    13   HIGHEST GUST DIRECTION    NW (310)
  AVERAGE WIND SPEED     3.2


SKY COVER
  POSSIBLE SUNSHINE  MM
  AVERAGE SKY COVER 0.7


WEATHER CONDITIONS
 THE FOLLOWING WEATHER WAS RECORDED YESTERDAY.
  LIGHT RAIN
  FOG


RELATIVE HUMIDITY (PERCENT)
 HIGHEST    93          1000 PM
 LOWEST     61           300 PM
 AVERAGE    77

..........................................................


THE ROANOKE VA CLIMATE NORMALS FOR TODAY
                         NORMAL    RECORD    YEAR
 MAXIMUM TEMPERATURE (F)   73        91      1953
 MINIMUM TEMPERATURE (F)   52        32      1942


SUNRISE AND SUNSET
SEPTEMBER 30 2014.....SUNRISE   714 AM EDT   SUNSET   705 PM EDT
OCTOBER  1 2014.......SUNRISE   715 AM EDT   SUNSET   703 PM EDT


-  INDICATES NEGATIVE NUMBERS.
R  INDICATES RECORD WAS SET OR TIED.
MM INDICATES DATA IS MISSING.
T  INDICATES TRACE AMOUNT.



$$





National Weather Service
Disclaimer
Last Modified: August 31, 2005
Privacy Policy