383
CDUS42 KFFC 272132
CLIVPC


CLIMATE REPORT
NATIONAL WEATHER SERVICE PEACHTREE CITY GA
432 PM EST THU NOV 27 2014


...................................

...THE CARTERSVILLE CLIMATE SUMMARY FOR NOVEMBER 27 2014...
VALID TODAY AS OF 0400 PM LOCAL TIME.

CLIMATE NORMAL PERIOD 1981 TO 2010
CLIMATE RECORD PERIOD 9999 TO 9999


WEATHER ITEM   OBSERVED TIME   RECORD YEAR NORMAL DEPARTURE LAST
                VALUE   (LST)  VALUE       VALUE  FROM      YEAR
                                                  NORMAL
..................................................................
TEMPERATURE (F)
 TODAY
  MAXIMUM         49   1219 AM  MM      MM  59    -10       41
  MINIMUM         38    707 AM  MM      MM  36      2       25
  AVERAGE         44                        47     -3       33

PRECIPITATION (IN)
  TODAY            0.00         MM      MM   0.17  -0.17     0.03
  MONTH TO DATE    3.67                      3.59   0.08     3.46
  SINCE SEP 1     10.82                     10.61   0.21     8.00

SNOWFALL (IN)
  TODAY           MM            MM      MM  MM     MM       MM
  MONTH TO DATE    0.0                      MM     MM        0.0
  SINCE SEP 1      0.0                      MM     MM        0.0
  SINCE JUL 1      0.0                      MM     MM        0.0
  SNOW DEPTH      MM

DEGREE DAYS
 HEATING
  TODAY           21                        18      3       32
  MONTH TO DATE  512                       363    149      432
  SINCE SEP 1    656                       555    101      573
  SINCE JUL 1    656                       555    101      573
..................................................................


WIND (MPH)
  RESULTANT WIND SPEED   4   RESULTANT WIND DIRECTION   E (100)
  HIGHEST WIND SPEED    14   HIGHEST WIND DIRECTION     N (340)
  HIGHEST GUST SPEED    23   HIGHEST GUST DIRECTION     N (360)
  AVERAGE WIND SPEED     3.9


SKY COVER
  AVERAGE SKY COVER 0.6


WEATHER CONDITIONS
 THE FOLLOWING WEATHER WAS RECORDED TODAY.
  NO SIGNIFICANT WEATHER WAS OBSERVED.


RELATIVE HUMIDITY (PERCENT)
 HIGHEST    70           600 AM
 LOWEST     39           100 AM
 AVERAGE    55

..........................................................


THE CARTERSVILLE CLIMATE NORMALS FOR TOMORROW
                         NORMAL    RECORD    YEAR
 MAXIMUM TEMPERATURE (F)   59        MM        MM
 MINIMUM TEMPERATURE (F)   35        MM        MM


SUNRISE AND SUNSET
NOVEMBER 27 2014......SUNRISE   723 AM EST   SUNSET   531 PM EST
NOVEMBER 28 2014......SUNRISE   724 AM EST   SUNSET   530 PM EST


-  INDICATES NEGATIVE NUMBERS.
R  INDICATES RECORD WAS SET OR TIED.
MM INDICATES DATA IS MISSING.
T  INDICATES TRACE AMOUNT.




$$




388
CDUS42 KFFC 272132
CLIATL


CLIMATE REPORT
NATIONAL WEATHER SERVICE PEACHTREE CITY GA
432 PM EST THU NOV 27 2014


...................................

...THE ATLANTA CLIMATE SUMMARY FOR NOVEMBER 27 2014...
VALID TODAY AS OF 0400 PM LOCAL TIME.

CLIMATE NORMAL PERIOD 1981 TO 2010
CLIMATE RECORD PERIOD 1878 TO 2014


WEATHER ITEM   OBSERVED TIME   RECORD YEAR NORMAL DEPARTURE LAST
                VALUE   (LST)  VALUE       VALUE  FROM      YEAR
                                                  NORMAL
..................................................................
TEMPERATURE (F)
 TODAY
  MAXIMUM         49   1257 AM  80    1973  60    -11       44
  MINIMUM         40    759 AM  18    1903  41     -1       27
                                      1898
  AVERAGE         45                        50     -5       36

PRECIPITATION (IN)
  TODAY            0.00          2.07 1988   0.14  -0.14     0.15
  MONTH TO DATE    3.85                      3.64   0.21     1.87
  SINCE SEP 1      8.14                     11.52  -3.38     7.18
  SINCE JAN 1     42.11                     45.35  -3.24    58.22

SNOWFALL (IN)
  TODAY            0.0           0.4  2013   0.0    0.0      0.4
  MONTH TO DATE    0.0                       0.0    0.0      0.4
  SINCE SEP 1      0.0                       0.0    0.0      0.4
  SINCE JUL 1      0.0                       0.0    0.0      0.4
  SNOW DEPTH       0

DEGREE DAYS
 HEATING
  TODAY           20                        15      5       29
  MONTH TO DATE  418                       293    125      358
  SINCE SEP 1    491                       422     69      455
  SINCE JUL 1    491                       422     69      456

 COOLING
  TODAY            0                         0      0        0
  MONTH TO DATE    1                        11    -10        1
  SINCE SEP 1    448                       344    104      373
  SINCE JAN 1   1986                      1883    103     1755
..................................................................


WIND (MPH)
  HIGHEST WIND SPEED    22   HIGHEST WIND DIRECTION    NW (320)
  HIGHEST GUST SPEED    29   HIGHEST GUST DIRECTION    NW (320)
  AVERAGE WIND SPEED    13.3


SKY COVER
  POSSIBLE SUNSHINE  MM
  AVERAGE SKY COVER 0.6


WEATHER CONDITIONS
 THE FOLLOWING WEATHER WAS RECORDED TODAY.
  NO SIGNIFICANT WEATHER WAS OBSERVED.


RELATIVE HUMIDITY (PERCENT)
 HIGHEST    70           800 AM
 LOWEST     37           300 AM
 AVERAGE    54

..........................................................


THE ATLANTA CLIMATE NORMALS FOR TOMORROW
                         NORMAL    RECORD    YEAR
 MAXIMUM TEMPERATURE (F)   59        75      1990
                                             1960
                                             1908
 MINIMUM TEMPERATURE (F)   41        20      1936


SUNRISE AND SUNSET
NOVEMBER 27 2014......SUNRISE   721 AM EST   SUNSET   530 PM EST
NOVEMBER 28 2014......SUNRISE   721 AM EST   SUNSET   530 PM EST


-  INDICATES NEGATIVE NUMBERS.
R  INDICATES RECORD WAS SET OR TIED.
MM INDICATES DATA IS MISSING.
T  INDICATES TRACE AMOUNT.




$$




National Weather Service
Disclaimer
Last Modified: August 31, 2005
Privacy Policy