464
CDUS44 KHGX 010729
CLIHOU


CLIMATE REPORT
NATIONAL WEATHER SERVICE HOUSTON/GALVESTON TX
219 AM CDT FRI AUG 1 2014


...................................

...THE HOUSTON INTERCONTINENTAL CLIMATE SUMMARY FOR JULY 31 2014...

CLIMATE NORMAL PERIOD 1981 TO 2010
CLIMATE RECORD PERIOD 1892 TO 2014


WEATHER ITEM   OBSERVED TIME   RECORD YEAR NORMAL DEPARTURE LAST
                VALUE   (LST)  VALUE       VALUE  FROM      YEAR
                                                  NORMAL
..................................................................
TEMPERATURE (F)
 YESTERDAY
  MAXIMUM         94    337 PM 103    1998  95     -1       98
  MINIMUM         73   1159 PM  67    1891  75     -2       74
  AVERAGE         84                        85     -1       86

PRECIPITATION (IN)
  YESTERDAY        3.91R         2.65 1938   0.09   3.82     0.00
  MONTH TO DATE    5.40                      3.79   1.61     4.09
  SINCE JUN 1      7.58                      9.72  -2.14     8.55
  SINCE JAN 1     26.65                     28.11  -1.46    17.87

DEGREE DAYS
 COOLING
  YESTERDAY       19                        20     -1       21
  MONTH TO DATE  588                       601    -13      596
  SINCE JUN 1   1121                      1121      0     1187
  SINCE JAN 1   1662                      1773   -111     1757
..................................................................


WIND (MPH)
  HIGHEST WIND SPEED    22   HIGHEST WIND DIRECTION    SE (150)
  HIGHEST GUST SPEED    28   HIGHEST GUST DIRECTION    SE (150)




RELATIVE HUMIDITY (PERCENT)
 HIGHEST    85
 LOWEST     49
 AVERAGE    67

..........................................................


THE HOUSTON INTERCONTINENTAL CLIMATE NORMALS FOR TODAY
                         NORMAL    RECORD    YEAR
 MAXIMUM TEMPERATURE (F)   95       103      1998
 MINIMUM TEMPERATURE (F)   75        67      1984
                                             1891


SUNRISE AND SUNSET
AUGUST  1 2014........SUNRISE   641 AM CDT   SUNSET   815 PM CDT
AUGUST  2 2014........SUNRISE   641 AM CDT   SUNSET   814 PM CDT


-  INDICATES NEGATIVE NUMBERS.
R  INDICATES RECORD WAS SET OR TIED.
MM INDICATES DATA IS MISSING.
T  INDICATES TRACE AMOUNT.




...................................

...THE HOUSTON/HOBBY AIRPORT CLIMATE SUMMARY FOR JULY 31 2014...

CLIMATE NORMAL PERIOD 1981 TO 2010
CLIMATE RECORD PERIOD 1930 TO 2014


WEATHER ITEM   OBSERVED TIME   RECORD YEAR NORMAL DEPARTURE LAST
                VALUE   (LST)  VALUE       VALUE  FROM      YEAR
                                                  NORMAL
..................................................................
TEMPERATURE (F)
 YESTERDAY
  MAXIMUM         93    131 PM 101    1948  93      0       98
  MINIMUM         78    616 AM  67    1936  76      2       74
  AVERAGE         86                        84      2       86

PRECIPITATION (IN)
  YESTERDAY        0.03          1.61 1953   0.12  -0.09     0.00
  MONTH TO DATE    1.26                      4.66  -3.40     1.58
  SINCE JUN 1      4.24                     11.76  -7.52     2.94
  SINCE JAN 1     21.08                     30.04  -8.96    21.40

DEGREE DAYS
 COOLING
  YESTERDAY       21                        19      2       21
  MONTH TO DATE  595                       583     12      621
  SINCE JUN 1   1124                      1093     31     1223
  SINCE JAN 1   1675                      1747    -72     1793
..................................................................


WIND (MPH)
  HIGHEST WIND SPEED    21   HIGHEST WIND DIRECTION    SW (230)
  HIGHEST GUST SPEED    28   HIGHEST GUST DIRECTION    SW (230)




RELATIVE HUMIDITY (PERCENT)
 HIGHEST    85
 LOWEST     49
 AVERAGE    67

..........................................................


THE HOUSTON/HOBBY AIRPORT CLIMATE NORMALS FOR TODAY
                         NORMAL    RECORD    YEAR
 MAXIMUM TEMPERATURE (F)   93       101      1998
 MINIMUM TEMPERATURE (F)   76        69      1938
                                             1936


SUNRISE AND SUNSET
AUGUST  1 2014........SUNRISE   641 AM CDT   SUNSET   814 PM CDT
AUGUST  2 2014........SUNRISE   641 AM CDT   SUNSET   813 PM CDT


-  INDICATES NEGATIVE NUMBERS.
R  INDICATES RECORD WAS SET OR TIED.
MM INDICATES DATA IS MISSING.
T  INDICATES TRACE AMOUNT.




$$




National Weather Service
Disclaimer
Last Modified: August 31, 2005
Privacy Policy