556
CDUS46 KPDT 200936
CLIPDT

CLIMATE REPORT
NATIONAL WEATHER SERVICE PENDLETON OR
236 AM PDT MON OCT 20 2014


...................................

...THE PENDLETON OR CLIMATE SUMMARY FOR OCTOBER 19 2014...

CLIMATE NORMAL PERIOD 1981 TO 2010
CLIMATE RECORD PERIOD 1890 TO 2014


WEATHER ITEM   OBSERVED TIME   RECORD YEAR NORMAL DEPARTURE LAST
                VALUE   (LST)  VALUE       VALUE  FROM      YEAR
                                                  NORMAL
..................................................................
TEMPERATURE (F)
 YESTERDAY
  MAXIMUM         74    111 PM  82    1940  62     12       66
  MINIMUM         42    638 AM  15    1911  39      3       33
  AVERAGE         58                        51      7       50

PRECIPITATION (IN)
  YESTERDAY        0.00          1.30 1899   0.03  -0.03     0.00
  MONTH TO DATE    0.11                      0.52  -0.41     0.08
  SINCE OCT 1      0.11                      0.52  -0.41     0.08
  SINCE JAN 1      8.65                      9.18  -0.53     7.57

SNOWFALL (IN)
  YESTERDAY        0.0           0.0  2002   0.0    0.0      0.0
                                      2001
                                      1999
  MONTH TO DATE    0.0                       0.0    0.0      0.0
  SINCE JAN 1     15.2                       7.7    7.5      0.2
  SINCE JUL 1      0.0                       0.0    0.0       T
  SNOW DEPTH       0

DEGREE DAYS
 HEATING
  YESTERDAY        7                        14     -7       15
  MONTH TO DATE   94                       209   -115      296
  SINCE SEP 1    157                       321   -164      402
  SINCE JUL 1    160                       343   -183      402

 COOLING
  YESTERDAY        0                         0      0        0
  MONTH TO DATE   12                         0     12        0
  SINCE SEP 1     78                        64     14      121
  SINCE JAN 1    839                       634    205      831
..................................................................


WIND (MPH)
  HIGHEST WIND SPEED    21   HIGHEST WIND DIRECTION     W (290)
  HIGHEST GUST SPEED    24   HIGHEST GUST DIRECTION    NW (310)
  AVERAGE WIND SPEED     6.9


SKY COVER
  POSSIBLE SUNSHINE  MM
  AVERAGE SKY COVER 0.0


WEATHER CONDITIONS
THE FOLLOWING WEATHER WAS RECORDED YESTERDAY.
  HAZE


RELATIVE HUMIDITY (PERCENT)
 HIGHEST    92           700 AM
 LOWEST     35           100 PM
 AVERAGE    64

..........................................................


THE PENDLETON OR CLIMATE NORMALS FOR TODAY
                         NORMAL    RECORD    YEAR
 MAXIMUM TEMPERATURE (F)   62        84      2003
 MINIMUM TEMPERATURE (F)   39        16      1911


SUNRISE AND SUNSET
OCTOBER 20 2014.......SUNRISE   719 AM PDT   SUNSET   601 PM PDT
OCTOBER 21 2014.......SUNRISE   720 AM PDT   SUNSET   559 PM PDT


-  INDICATES NEGATIVE NUMBERS.
R  INDICATES RECORD WAS SET OR TIED.
MM INDICATES DATA IS MISSING.
T  INDICATES TRACE AMOUNT.

$$







National Weather Service
Disclaimer
Last Modified: August 31, 2005
Privacy Policy