878
CDUS46 KPDT 190826
CLIPDT

CLIMATE REPORT
NATIONAL WEATHER SERVICE PENDLETON OR
1225 AM PST FRI DEC 19 2014


...................................

...THE PENDLETON OR CLIMATE SUMMARY FOR DECEMBER 18 2014...

CLIMATE NORMAL PERIOD 1981 TO 2010
CLIMATE RECORD PERIOD 1890 TO 2014


WEATHER ITEM   OBSERVED TIME   RECORD YEAR NORMAL DEPARTURE LAST
                VALUE   (LST)  VALUE       VALUE  FROM      YEAR
                                                  NORMAL
..................................................................
TEMPERATURE (F)
 YESTERDAY
  MAXIMUM         47   1055 PM  68    1917  39      8       48
  MINIMUM         30    820 AM  -5    1924  26      4       31
  AVERAGE         39                        32      7       40

PRECIPITATION (IN)
  YESTERDAY        T             0.85 1929   0.05  -0.05      T
  MONTH TO DATE    1.29                      0.86   0.43     0.45
  SINCE OCT 1      3.19                      3.39  -0.20     1.44
  SINCE JAN 1     11.73                     12.05  -0.32     8.93

SNOWFALL (IN)
  YESTERDAY       MM             2.6  1983   0.2   MM        0.0
  MONTH TO DATE    T                         3.2   -3.2      4.4
  SINCE JAN 1     19.8                      12.4    7.4      4.6
  SINCE JUL 1      4.6                       4.7   -0.1      4.4
  SNOW DEPTH       0

DEGREE DAYS
 HEATING
  YESTERDAY       26                        33     -7       25
  MONTH TO DATE  522                       562    -40      683
  SINCE DEC 1    522                       562    -40      683
  SINCE JUL 1   1652                      1815   -163     2066

 COOLING
  YESTERDAY        0                         0      0        0
  MONTH TO DATE    0                         0      0        0
  SINCE DEC 1      0                         0      0        0
  SINCE JAN 1    839                       636    203      831
..................................................................


WIND (MPH)
  HIGHEST WIND SPEED    18   HIGHEST WIND DIRECTION    NW (300)
  HIGHEST GUST SPEED    22   HIGHEST GUST DIRECTION    NW (300)
  AVERAGE WIND SPEED     3.4


SKY COVER
  POSSIBLE SUNSHINE  MM
  AVERAGE SKY COVER 0.7


WEATHER CONDITIONS
THE FOLLOWING WEATHER WAS RECORDED YESTERDAY.
  LIGHT RAIN
  FOG
  FOG W/VISIBILITY <= 1/4 MILE


RELATIVE HUMIDITY (PERCENT)
 HIGHEST   100          1200 AM
 LOWEST     65          1000 PM
 AVERAGE    83

..........................................................


THE PENDLETON OR CLIMATE NORMALS FOR TODAY
                         NORMAL    RECORD    YEAR
 MAXIMUM TEMPERATURE (F)   39        62      1917
 MINIMUM TEMPERATURE (F)   26        -7      1984


SUNRISE AND SUNSET
DECEMBER 19 2014......SUNRISE   732 AM PST   SUNSET   413 PM PST
DECEMBER 20 2014......SUNRISE   733 AM PST   SUNSET   414 PM PST


-  INDICATES NEGATIVE NUMBERS.
R  INDICATES RECORD WAS SET OR TIED.
MM INDICATES DATA IS MISSING.
T  INDICATES TRACE AMOUNT.




$$







National Weather Service
Disclaimer
Last Modified: August 31, 2005
Privacy Policy