940
CDUS46 KSTO 220038
CLISCK


CLIMATE REPORT
NATIONAL WEATHER SERVICE SACRAMENTO, CA
537 PM PDT TUE OCT 21 2014


...................................

...THE STOCKTON AIRPORT CA CLIMATE SUMMARY FOR OCTOBER 21 2014...
VALID TODAY AS OF 0500 PM LOCAL TIME.

CLIMATE NORMAL PERIOD 1981 TO 2010
CLIMATE RECORD PERIOD 1948 TO 2014


WEATHER ITEM   OBSERVED TIME   RECORD YEAR NORMAL DEPARTURE LAST
                VALUE   (LST)  VALUE       VALUE  FROM      YEAR
                                                  NORMAL
..................................................................
TEMPERATURE (F)
 TODAY
  MAXIMUM         74    310 PM  90    2003  76     -2       82
                                      1991
  MINIMUM         49    625 AM  36    1949  48      1       47
  AVERAGE         62

PRECIPITATION (IN)
  TODAY            0.00          1.25 1985   0.03  -0.03     0.00
  MONTH TO DATE    T                         0.43  -0.43     0.00
  SINCE JUL 1      0.60                      0.73  -0.13     0.28
  SINCE JAN 1      6.40                      9.76  -3.36     3.16

SNOWFALL (IN)
  TODAY            0.0           0.0  2002
                                      2001
  MONTH TO DATE    0.0
  SINCE SEP 1      0.0
  SINCE JUL 1      0.0

DEGREE DAYS
 HEATING
  TODAY            3                         4     -1        0
  MONTH TO DATE    3                        40    -37       27
  SINCE SEP 1      3                        46    -43       33
  SINCE JUL 1      3                        46    -43       33

 COOLING
  TODAY            0                         1     -1        0
  MONTH TO DATE  119                        50     69        2
  SINCE SEP 1    408                       272    136      206
  SINCE JAN 1   1654                      1316    338     1375
..................................................................


WIND (MPH)
  RESULTANT WIND SPEED   8   RESULTANT WIND DIRECTION  NW (320)
  HIGHEST WIND SPEED    18   HIGHEST WIND DIRECTION    NW (310)
  HIGHEST GUST SPEED    22   HIGHEST GUST DIRECTION    NW (300)


SKY COVER
  POSSIBLE SUNSHINE  MM
  AVERAGE SKY COVER 0.0


WEATHER CONDITIONS
 THE FOLLOWING WEATHER WAS RECORDED TODAY.
  NO SIGNIFICANT WEATHER WAS OBSERVED.


RELATIVE HUMIDITY (PERCENT)
 HIGHEST    83           200 AM
 LOWEST     33           300 PM
 AVERAGE    58

..........................................................


THE STOCKTON AIRPORT CA CLIMATE NORMALS FOR TOMORROW
                         NORMAL    RECORD    YEAR
 MAXIMUM TEMPERATURE (F)   75        88      1964
 MINIMUM TEMPERATURE (F)   48        36      1949


SUNRISE AND SUNSET
OCTOBER 21 2014.......SUNRISE   719 AM PDT   SUNSET   619 PM PDT
OCTOBER 22 2014.......SUNRISE   720 AM PDT   SUNSET   618 PM PDT


-  INDICATES NEGATIVE NUMBERS.
R  INDICATES RECORD WAS SET OR TIED.
MM INDICATES DATA IS MISSING.
T  INDICATES TRACE AMOUNT.




$$




939
CDUS46 KSTO 220038
CLIMOD


CLIMATE REPORT
NATIONAL WEATHER SERVICE SACRAMENTO, CA
537 PM PDT TUE OCT 21 2014


...................................

...THE MODESTO CA CLIMATE SUMMARY FOR OCTOBER 21 2014...
VALID TODAY AS OF 0500 PM LOCAL TIME.

CLIMATE NORMAL PERIOD 1981 TO 2010
CLIMATE RECORD PERIOD 1931 TO 2014


WEATHER ITEM   OBSERVED TIME   RECORD YEAR NORMAL DEPARTURE LAST
                VALUE   (LST)  VALUE       VALUE  FROM      YEAR
                                                  NORMAL
..................................................................
TEMPERATURE (F)
 TODAY
  MAXIMUM         72    350 PM  91    1991  77     -5       82
  MINIMUM         50    633 AM  31    1949  51     -1       47
  AVERAGE         61

PRECIPITATION (IN)
  TODAY            0.00          0.87 1959   0.02  -0.02     0.00
  MONTH TO DATE    0.00                      0.38  -0.38     0.00
  SINCE JUL 1      0.30                      0.66  -0.36     0.13
  SINCE JAN 1      5.81                      9.41  -3.60     3.34

SNOWFALL (IN)
  TODAY            0.0           0.0  2002
                                      2001
  MONTH TO DATE    0.0
  SINCE SEP 1      0.0
  SINCE JUL 1      0.0

DEGREE DAYS
 HEATING
  TODAY            4                         2      2        0
  MONTH TO DATE    4                        23    -19       25
  SINCE SEP 1      5                        26    -21       27
  SINCE JUL 1      5                        26    -21       27

 COOLING
  TODAY            0                         1     -1        0
  MONTH TO DATE  126                        76     50       11
  SINCE SEP 1    425                       352     73      245
  SINCE JAN 1   1854                      1688    166     1717
..................................................................


WIND (MPH)
  RESULTANT WIND SPEED  11   RESULTANT WIND DIRECTION  NW (310)
  HIGHEST WIND SPEED    20   HIGHEST WIND DIRECTION    NW (320)
  HIGHEST GUST SPEED    23   HIGHEST GUST DIRECTION    NW (320)


SKY COVER
  POSSIBLE SUNSHINE  MM
  AVERAGE SKY COVER 0.0


WEATHER CONDITIONS
 THE FOLLOWING WEATHER WAS RECORDED TODAY.
  NO SIGNIFICANT WEATHER WAS OBSERVED.


RELATIVE HUMIDITY (PERCENT)
 HIGHEST    89           200 AM
 LOWEST     31           400 PM
 AVERAGE    60

..........................................................


THE MODESTO CA CLIMATE NORMALS FOR TOMORROW
                         NORMAL    RECORD    YEAR
 MAXIMUM TEMPERATURE (F)   77        90      1939
 MINIMUM TEMPERATURE (F)   51        35      1949


SUNRISE AND SUNSET
OCTOBER 21 2014.......SUNRISE   718 AM PDT   SUNSET   618 PM PDT
OCTOBER 22 2014.......SUNRISE   719 AM PDT   SUNSET   617 PM PDT


-  INDICATES NEGATIVE NUMBERS.
R  INDICATES RECORD WAS SET OR TIED.
MM INDICATES DATA IS MISSING.
T  INDICATES TRACE AMOUNT.




$$




National Weather Service
Disclaimer
Last Modified: August 31, 2005
Privacy Policy