595
CDUS45 KBYZ 282324
CLILVM


CLIMATE REPORT
NATIONAL WEATHER SERVICE BILLINGS MT
420 PM MST FRI NOV 28 2014


...................................

...THE LIVINGSTON MT CLIMATE SUMMARY FOR NOVEMBER 28 2014...
VALID TODAY AS OF 0400 PM LOCAL TIME.

CLIMATE NORMAL PERIOD 1981 TO 2010
CLIMATE RECORD PERIOD 1948 TO 2014


WEATHER ITEM   OBSERVED TIME   RECORD YEAR NORMAL DEPARTURE LAST
                VALUE   (LST)  VALUE       VALUE  FROM      YEAR
                                                  NORMAL
..................................................................
TEMPERATURE (F)
 TODAY
  MAXIMUM         56    144 PM  57    2012  38     18       43
  MINIMUM         52    843 AM -10    2006  20     32       17
  AVERAGE         54                        29     25       30

PRECIPITATION (IN)
  TODAY            T             0.13        0.02  -0.02     0.00
  MONTH TO DATE    1.02                      0.55   0.47     0.36
  SINCE OCT 1      1.31                      1.81  -0.50     1.51
  SINCE JAN 1     14.98                     14.25   0.73    11.30

DEGREE DAYS
 HEATING
  TODAY           11                        36    -25       35
  MONTH TO DATE  917                       859     58      815
  SINCE SEP 1   1566                      1769   -203     1667
  SINCE JUL 1   1635                      1887   -252     1667

 COOLING
  TODAY            0                         0      0        0
  MONTH TO DATE    0                         0      0        0
  SINCE SEP 1     18                        15      3       56
  SINCE JAN 1    321                       230     91      495
..................................................................


WIND (MPH)
  HIGHEST WIND SPEED    44   HIGHEST WIND DIRECTION    SW (220)
  HIGHEST GUST SPEED    53   HIGHEST GUST DIRECTION    SW (220)
  AVERAGE WIND SPEED    29.9


SKY COVER
  POSSIBLE SUNSHINE  MM
  AVERAGE SKY COVER 0.7


WEATHER CONDITIONS
 THE FOLLOWING WEATHER WAS RECORDED TODAY.
  NO SIGNIFICANT WEATHER WAS OBSERVED.


RELATIVE HUMIDITY (PERCENT)
 HIGHEST    45          1200 AM
 LOWEST     24          1200 PM
 AVERAGE    35

..........................................................


THE LIVINGSTON MT CLIMATE NORMALS FOR TOMORROW
                         NORMAL    RECORD    YEAR
 MAXIMUM TEMPERATURE (F)   38        61      1999
 MINIMUM TEMPERATURE (F)   20       -12      2006


SUNRISE AND SUNSET
NOVEMBER 28 2014......SUNRISE   739 AM MST   SUNSET   441 PM MST
NOVEMBER 29 2014......SUNRISE   740 AM MST   SUNSET   440 PM MST


-  INDICATES NEGATIVE NUMBERS.
R  INDICATES RECORD WAS SET OR TIED.
MM INDICATES DATA IS MISSING.
T  INDICATES TRACE AMOUNT.





&&

THIS IS AN AUTOMATED...UNATTENDED WEATHER STATION AND MAY
UNDERESTIMATE WINTER PRECIPITATION.

$$





National Weather Service
Disclaimer
Last Modified: August 31, 2005
Privacy Policy