638
CDUS44 KLCH 232216
CLIAEX


CLIMATE REPORT
NATIONAL WEATHER SERVICE LAKE CHARLES, LA
415 PM CST SUN NOV 23 2014


...................................

...THE ALEXANDRIA CLIMATE SUMMARY FOR NOVEMBER 23 2014...
VALID TODAY AS OF 0400 PM LOCAL TIME.

CLIMATE NORMAL PERIOD 1981 TO 2010
CLIMATE RECORD PERIOD 1892 TO 2014


WEATHER ITEM   OBSERVED TIME   RECORD YEAR NORMAL DEPARTURE LAST
                VALUE   (LST)  VALUE       VALUE  FROM      YEAR
                                                  NORMAL
..................................................................
TEMPERATURE (F)
 TODAY
  MAXIMUM         73    320 PM  86    1900  66      7       56
  MINIMUM         62   1015 AM  28    1975  44     18       41
                                      1898
  AVERAGE         68                        55     13       49

PRECIPITATION (IN)
  TODAY            0.80          3.79 1940   0.23   0.57     0.14
  MONTH TO DATE    3.70                      3.76  -0.06     0.74
  SINCE SEP 1      9.12                     11.84  -2.72    11.02
  SINCE JAN 1     40.47                     48.07  -7.60    48.61

SNOWFALL (IN)
  TODAY            0.0           0.0    MM  MM     MM       MM
  MONTH TO DATE    0.0                      MM     MM        0.0
  SINCE SEP 1      0.0                      MM     MM        0.0
  SINCE JUL 1      0.0                      MM     MM        0.0
  SNOW DEPTH       0

DEGREE DAYS
 HEATING
  TODAY            0                        11    -11       16
  MONTH TO DATE  280                       170    110      166
  SINCE SEP 1    315                       243     72      209
  SINCE JUL 1    315                       243     72      209
..................................................................


WIND (MPH)
  HIGHEST WIND SPEED    30   HIGHEST WIND DIRECTION     W (250)
  HIGHEST GUST SPEED    40   HIGHEST GUST DIRECTION    SW (240)
  AVERAGE WIND SPEED    13.7


SKY COVER
  POSSIBLE SUNSHINE  MM
  AVERAGE SKY COVER 0.8


WEATHER CONDITIONS
 THE FOLLOWING WEATHER WAS RECORDED TODAY.
  HEAVY RAIN
  RAIN
  LIGHT RAIN
  FOG


RELATIVE HUMIDITY (PERCENT)
 HIGHEST   100           300 AM
 LOWEST     68           200 PM
 AVERAGE    84

..........................................................


THE ALEXANDRIA CLIMATE NORMALS FOR TOMORROW
                         NORMAL    RECORD    YEAR
 MAXIMUM TEMPERATURE (F)   66        86      1900
 MINIMUM TEMPERATURE (F)   43        24      1970
                                             1898
                                             1893


SUNRISE AND SUNSET
NOVEMBER 23 2014......SUNRISE   645 AM CST   SUNSET   508 PM CST
NOVEMBER 24 2014......SUNRISE   645 AM CST   SUNSET   508 PM CST


-  INDICATES NEGATIVE NUMBERS.
R  INDICATES RECORD WAS SET OR TIED.
MM INDICATES DATA IS MISSING.
T  INDICATES TRACE AMOUNT.




$$




636
CDUS44 KLCH 232216
CLILCH


CLIMATE REPORT
NATIONAL WEATHER SERVICE LAKE CHARLES, LA
415 PM CST SUN NOV 23 2014


...................................

...THE LAKE CHARLES CLIMATE SUMMARY FOR NOVEMBER 23 2014...
VALID TODAY AS OF 0400 PM LOCAL TIME.

CLIMATE NORMAL PERIOD 1981 TO 2010
CLIMATE RECORD PERIOD 1895 TO 2014


WEATHER ITEM   OBSERVED TIME   RECORD YEAR NORMAL DEPARTURE LAST
                VALUE   (LST)  VALUE       VALUE  FROM      YEAR
                                                  NORMAL
..................................................................
TEMPERATURE (F)
 TODAY
  MAXIMUM         72    225 PM  91    1915  69      3       60
  MINIMUM         61    736 AM  28    1975  49     12       45
  AVERAGE         67                        59      8       53

PRECIPITATION (IN)
  TODAY            3.37R         1.80 1986   0.14   3.23     0.02
  MONTH TO DATE    7.05                      3.43   3.62     0.54
  SINCE SEP 1     14.53                     13.59   0.94    13.77
  SINCE JAN 1     66.60                     51.81  14.79    52.77

SNOWFALL (IN)
  TODAY            0.0           0.0    MM   0.0    0.0     MM
  MONTH TO DATE    0.0                       0.0    0.0      0.0
  SINCE SEP 1      0.0                       0.0    0.0      0.0
  SINCE JUL 1      0.0                       0.0    0.0      0.0
  SNOW DEPTH       0

DEGREE DAYS
 HEATING
  TODAY            0                         7     -7       12
  MONTH TO DATE  210                       112     98      105
  SINCE SEP 1    215                       148     67      123
  SINCE JUL 1    215                       148     67      123

 COOLING
  TODAY            2                         1      1        0
  MONTH TO DATE   16                        47    -31       40
  SINCE SEP 1    675                       651     24      742
  SINCE JAN 1   2685                      2780    -95     2947
..................................................................


WIND (MPH)
  HIGHEST WIND SPEED    22   HIGHEST WIND DIRECTION    NW (310)
  HIGHEST GUST SPEED    32   HIGHEST GUST DIRECTION    SW (230)
  AVERAGE WIND SPEED    13.6


SKY COVER
  POSSIBLE SUNSHINE  MM
  AVERAGE SKY COVER 0.5


WEATHER CONDITIONS
 THE FOLLOWING WEATHER WAS RECORDED TODAY.
  THUNDERSTORM
  HEAVY RAIN
  RAIN
  LIGHT RAIN
  FOG


RELATIVE HUMIDITY (PERCENT)
 HIGHEST   100           400 AM
 LOWEST     66           100 PM
 AVERAGE    83

..........................................................


THE LAKE CHARLES CLIMATE NORMALS FOR TOMORROW
                         NORMAL    RECORD    YEAR
 MAXIMUM TEMPERATURE (F)   69        90      1915
 MINIMUM TEMPERATURE (F)   48        28      1911


SUNRISE AND SUNSET
NOVEMBER 23 2014......SUNRISE   645 AM CST   SUNSET   514 PM CST
NOVEMBER 24 2014......SUNRISE   646 AM CST   SUNSET   513 PM CST


-  INDICATES NEGATIVE NUMBERS.
R  INDICATES RECORD WAS SET OR TIED.
MM INDICATES DATA IS MISSING.
T  INDICATES TRACE AMOUNT.




$$




National Weather Service
Disclaimer
Last Modified: August 31, 2005
Privacy Policy