337
CDUS45 KSLC 301228
CLIEVW


CLIMATE REPORT
NATIONAL WEATHER SERVICE SALT LAKE CITY UT
628 AM MDT SAT AUG 30 2014


...................................

...THE EVANSTON WY CLIMATE SUMMARY FOR AUGUST 29 2014...

CLIMATE NORMAL PERIOD 1981 TO 2010
CLIMATE RECORD PERIOD 9999 TO 9999


WEATHER ITEM   OBSERVED TIME   RECORD YEAR NORMAL DEPARTURE LAST
                VALUE   (LST)  VALUE       VALUE  FROM      YEAR
                                                  NORMAL
..................................................................
TEMPERATURE (F)
 YESTERDAY
  MAXIMUM         79    222 PM  MM      MM  75      4       84
  MINIMUM         48    540 AM  MM      MM  47      1       55
  AVERAGE         64                        61      3       70

PRECIPITATION (IN)
  YESTERDAY        0.00         MM      MM   0.04  -0.04     0.00
  MONTH TO DATE    2.17                      0.90   1.27     0.35
  SINCE OCT 1      6.73                     10.76  -4.03     4.79
  SINCE JAN 1      5.53                      7.97  -2.44     2.56

DEGREE DAYS
 HEATING
  YESTERDAY        1                         4     -3        0
  MONTH TO DATE   88                        59     29       10
  SINCE JUN 1    330                       325      5      147
  SINCE JUL 1    107                        95     12       14

 COOLING
  YESTERDAY        0                         1     -1        5
  MONTH TO DATE   39                        59    -20       92
  SINCE JUN 1    201                       154     47      312
  SINCE JAN 1    206                       155     51      312
..................................................................


WIND (MPH)
  RESULTANT WIND SPEED   7   RESULTANT WIND DIRECTION  SW (210)
  HIGHEST WIND SPEED    21   HIGHEST WIND DIRECTION     W (260)
  HIGHEST GUST SPEED    25   HIGHEST GUST DIRECTION    SW (240)
  AVERAGE WIND SPEED     9.4


SKY COVER
  POSSIBLE SUNSHINE  MM
  AVERAGE SKY COVER 0.1


WEATHER CONDITIONS
 THE FOLLOWING WEATHER WAS RECORDED YESTERDAY.
  NO SIGNIFICANT WEATHER WAS OBSERVED.


RELATIVE HUMIDITY (PERCENT)
 HIGHEST    71           100 AM
 LOWEST     25           200 PM
 AVERAGE    48

..........................................................


THE EVANSTON WY CLIMATE NORMALS FOR TODAY
                         NORMAL    RECORD    YEAR
 MAXIMUM TEMPERATURE (F)   75        MM        MM
 MINIMUM TEMPERATURE (F)   47        MM        MM


SUNRISE AND SUNSET
AUGUST 30 2014........SUNRISE   649 AM MDT   SUNSET   800 PM MDT
AUGUST 31 2014........SUNRISE   650 AM MDT   SUNSET   758 PM MDT


-  INDICATES NEGATIVE NUMBERS.
R  INDICATES RECORD WAS SET OR TIED.
MM INDICATES DATA IS MISSING.
T  INDICATES TRACE AMOUNT.




$$





336
CDUS45 KSLC 301228
CLICDC


CLIMATE REPORT
NATIONAL WEATHER SERVICE SALT LAKE CITY UT
628 AM MDT SAT AUG 30 2014


...................................

...THE CEDAR CITY UT CLIMATE SUMMARY FOR AUGUST 29 2014...

CLIMATE NORMAL PERIOD 1981 TO 2010
CLIMATE RECORD PERIOD 1928 TO 2014


WEATHER ITEM   OBSERVED TIME   RECORD YEAR NORMAL DEPARTURE LAST
                VALUE   (LST)  VALUE       VALUE  FROM      YEAR
                                                  NORMAL
..................................................................
TEMPERATURE (F)
 YESTERDAY
  MAXIMUM         88    327 PM  96    1948  85      3       86
  MINIMUM         48    632 AM  42    2004  52     -4       55
                                      1973
  AVERAGE         68                        68      0       71

PRECIPITATION (IN)
  YESTERDAY        0.00          0.44 1986   0.03  -0.03     0.00
  MONTH TO DATE    1.24                      1.07   0.17     1.85
  SINCE OCT 1      7.05                     10.59  -3.54    13.88
  SINCE JAN 1      5.11                      7.48  -2.37    11.17

DEGREE DAYS
 HEATING
  YESTERDAY        0                         1     -1        0
  MONTH TO DATE    6                         2      4        3
  SINCE JUN 1     33                        81    -48       14
  SINCE JUL 1      6                         5      1        3

 COOLING
  YESTERDAY        3                         4     -1        6
  MONTH TO DATE  113                       187    -74      166
  SINCE JUN 1    508                       532    -24      618
  SINCE JAN 1    533                       540     -7      620
..................................................................


WIND (MPH)
  RESULTANT WIND SPEED   2   RESULTANT WIND DIRECTION  SW (220)
  HIGHEST WIND SPEED    14   HIGHEST WIND DIRECTION    SW (220)
  HIGHEST GUST SPEED    23   HIGHEST GUST DIRECTION    SW (220)
  AVERAGE WIND SPEED     4.1



WEATHER CONDITIONS
 THE FOLLOWING WEATHER WAS RECORDED YESTERDAY.
  NO SIGNIFICANT WEATHER WAS OBSERVED.


RELATIVE HUMIDITY (PERCENT)
 HIGHEST    63           700 AM
 LOWEST     10           400 PM
 AVERAGE    37

..........................................................


THE CEDAR CITY UT CLIMATE NORMALS FOR TODAY
                         NORMAL    RECORD    YEAR
 MAXIMUM TEMPERATURE (F)   85        96      1976
 MINIMUM TEMPERATURE (F)   52        42      1968


SUNRISE AND SUNSET
AUGUST 30 2014........SUNRISE   701 AM MDT   SUNSET   804 PM MDT
AUGUST 31 2014........SUNRISE   702 AM MDT   SUNSET   803 PM MDT


-  INDICATES NEGATIVE NUMBERS.
R  INDICATES RECORD WAS SET OR TIED.
MM INDICATES DATA IS MISSING.
T  INDICATES TRACE AMOUNT.




$$





National Weather Service
Disclaimer
Last Modified: August 31, 2005
Privacy Policy