667
CDUS41 KPBZ 311328
CLIMGW


CLIMATE REPORT
NATIONAL WEATHER SERVICE PITTSBURGH PA
828 AM EST SAT JAN 31 2015


...................................

...THE MORGANTOWN WV CLIMATE SUMMARY FOR JANUARY 31 2015...
VALID AS OF 0800 AM LOCAL TIME.

CLIMATE NORMAL PERIOD 1981 TO 2010
CLIMATE RECORD PERIOD 1948 TO 2015


WEATHER ITEM   OBSERVED TIME   RECORD YEAR NORMAL DEPARTURE LAST
                VALUE   (LST)  VALUE       VALUE  FROM      YEAR
                                                  NORMAL
..................................................................
TEMPERATURE (F)
 TODAY
  MINIMUM          8    606 AM  -4    1965  24    -16       29

PRECIPITATION (IN)
  TODAY            0.00         MM      MM   0.09  -0.09     0.00
  MONTH TO DATE    2.56                      2.81  -0.25     1.82
  SINCE JUN 1     28.79                     27.45   1.34    30.25
  SINCE JAN 1      2.56                      2.81  -0.25     1.82

DEGREE DAYS
 HEATING
  TODAY           54

 COOLING
  TODAY            0
..................................................................





WEATHER CONDITIONS
 THE FOLLOWING WEATHER WAS RECORDED TODAY.
  NO SIGNIFICANT WEATHER WAS OBSERVED.


RELATIVE HUMIDITY (PERCENT)
 HIGHEST    80           800 AM

..........................................................


THE MORGANTOWN WV CLIMATE NORMALS FOR TOMORROW
                         NORMAL    RECORD    YEAR
 MAXIMUM TEMPERATURE (F)   40        70      2002
 MINIMUM TEMPERATURE (F)   24        -2      1971


SUNRISE AND SUNSET
JANUARY 31 2015.......SUNRISE   729 AM EST   SUNSET   538 PM EST
FEBRUARY  1 2015......SUNRISE   728 AM EST   SUNSET   539 PM EST


-  INDICATES NEGATIVE NUMBERS.
R  INDICATES RECORD WAS SET OR TIED.
MM INDICATES DATA IS MISSING.
T  INDICATES TRACE AMOUNT.




$$




671
CDUS41 KPBZ 311328
CLIPHD


CLIMATE REPORT
NATIONAL WEATHER SERVICE PITTSBURGH PA
828 AM EST SAT JAN 31 2015


...................................

...THE NEW PHILADELPHIA OH CLIMATE SUMMARY FOR JANUARY 31 2015...
VALID AS OF 0800 AM LOCAL TIME.

CLIMATE NORMAL PERIOD 1981 TO 2010
CLIMATE RECORD PERIOD 1946 TO 2015


WEATHER ITEM   OBSERVED TIME   RECORD YEAR NORMAL DEPARTURE LAST
                VALUE   (LST)  VALUE       VALUE  FROM      YEAR
                                                  NORMAL
..................................................................
TEMPERATURE (F)
 TODAY
  MINIMUM          1    507 AM  -4    1965  21    -20       29

PRECIPITATION (IN)
  TODAY            0.00         MM      MM   0.09  -0.09      T
  MONTH TO DATE    1.80                      2.60  -0.80     1.82

DEGREE DAYS
 HEATING
  TODAY           62

 COOLING
  TODAY            0
..................................................................







THE NEW PHILADELPHIA OH CLIMATE NORMALS FOR TOMORROW
                         NORMAL    RECORD    YEAR
 MAXIMUM TEMPERATURE (F)   39        68      2002
 MINIMUM TEMPERATURE (F)   21        -7      2004


SUNRISE AND SUNSET
JANUARY 31 2015.......SUNRISE   736 AM EST   SUNSET   542 PM EST
FEBRUARY  1 2015......SUNRISE   735 AM EST   SUNSET   544 PM EST


-  INDICATES NEGATIVE NUMBERS.
R  INDICATES RECORD WAS SET OR TIED.
MM INDICATES DATA IS MISSING.
T  INDICATES TRACE AMOUNT.




$$




669
CDUS41 KPBZ 311328
CLIHLG


CLIMATE REPORT
NATIONAL WEATHER SERVICE PITTSBURGH PA
828 AM EST SAT JAN 31 2015


...................................

...THE WHEELING CLIMATE SUMMARY FOR JANUARY 31 2015...
VALID AS OF 0800 AM LOCAL TIME.

CLIMATE NORMAL PERIOD 1981 TO 2010
CLIMATE RECORD PERIOD 1943 TO 2015


WEATHER ITEM   OBSERVED TIME   RECORD YEAR NORMAL DEPARTURE LAST
                VALUE   (LST)  VALUE       VALUE  FROM      YEAR
                                                  NORMAL
..................................................................
TEMPERATURE (F)
 TODAY
  MINIMUM          5    641 AM  -1    2004  22    -17       31

PRECIPITATION (IN)
  TODAY            0.00         MM      MM   0.06  -0.06     0.00
  MONTH TO DATE    2.02                      2.62  -0.60     1.48

DEGREE DAYS
 HEATING
  TODAY           57
..................................................................





WEATHER CONDITIONS
 THE FOLLOWING WEATHER WAS RECORDED TODAY.
  NO SIGNIFICANT WEATHER WAS OBSERVED.


RELATIVE HUMIDITY (PERCENT)
 HIGHEST    88           400 AM

..........................................................


THE WHEELING CLIMATE NORMALS FOR TOMORROW
                         NORMAL    RECORD    YEAR
 MAXIMUM TEMPERATURE (F)   37        65      2002
 MINIMUM TEMPERATURE (F)   23         0      2004


SUNRISE AND SUNSET
JANUARY 31 2015.......SUNRISE   733 AM EST   SUNSET   540 PM EST
FEBRUARY  1 2015......SUNRISE   732 AM EST   SUNSET   541 PM EST


-  INDICATES NEGATIVE NUMBERS.
R  INDICATES RECORD WAS SET OR TIED.
MM INDICATES DATA IS MISSING.
T  INDICATES TRACE AMOUNT.




$$




666
CDUS41 KPBZ 311328
CLIDUJ


CLIMATE REPORT
NATIONAL WEATHER SERVICE PITTSBURGH PA
828 AM EST SAT JAN 31 2015


...................................

...THE DUBOIS CLIMATE SUMMARY FOR JANUARY 31 2015...
VALID AS OF 0800 AM LOCAL TIME.

CLIMATE NORMAL PERIOD 1981 TO 2010
CLIMATE RECORD PERIOD 1960 TO 2015


WEATHER ITEM   OBSERVED TIME   RECORD YEAR NORMAL DEPARTURE LAST
                VALUE   (LST)  VALUE       VALUE  FROM      YEAR
                                                  NORMAL
..................................................................
TEMPERATURE (F)
 TODAY
  MINIMUM          8    214 AM  -7    1971  17     -9       24

PRECIPITATION (IN)
  TODAY            0.00         MM      MM   0.10  -0.10      T
  MONTH TO DATE    1.62                      3.10  -1.48     1.76

DEGREE DAYS
 HEATING
  TODAY           56

 COOLING
  TODAY            0
..................................................................





WEATHER CONDITIONS
 THE FOLLOWING WEATHER WAS RECORDED TODAY.
  HAZE


RELATIVE HUMIDITY (PERCENT)
 HIGHEST    88           800 AM

..........................................................


THE DUBOIS CLIMATE NORMALS FOR TOMORROW
                         NORMAL    RECORD    YEAR
 MAXIMUM TEMPERATURE (F)   32        60      1989
 MINIMUM TEMPERATURE (F)   17        -7      1971


SUNRISE AND SUNSET
JANUARY 31 2015.......SUNRISE   728 AM EST   SUNSET   531 PM EST
FEBRUARY  1 2015......SUNRISE   727 AM EST   SUNSET   532 PM EST


-  INDICATES NEGATIVE NUMBERS.
R  INDICATES RECORD WAS SET OR TIED.
MM INDICATES DATA IS MISSING.
T  INDICATES TRACE AMOUNT.




$$




National Weather Service
Disclaimer
Last Modified: August 31, 2005
Privacy Policy