648
CDUS43 KUNR 260831
CLIGCC


CLIMATE REPORT
NATIONAL WEATHER SERVICE RAPID CITY SD
230 AM MDT SUN OCT 26 2014


...................................

...THE GILLETTE AIRPORT WY CLIMATE SUMMARY FOR OCTOBER 25 2014...

CLIMATE NORMAL PERIOD 1981 TO 2010
CLIMATE RECORD PERIOD 9999 TO 9999


WEATHER ITEM   OBSERVED TIME   NORMAL DEPARTURE LAST
                VALUE   (LST)  VALUE  FROM      YEAR
                                      NORMAL
......................................................
TEMPERATURE (F)
 YESTERDAY
  MAXIMUM         75    207 PM  55     20       65
  MINIMUM         29    251 AM  29      0       30
  AVERAGE         52            42     10       48

PRECIPITATION (IN)
  YESTERDAY        0.00          0.03  -0.03     0.00
  MONTH TO DATE    0.59          1.12  -0.53     2.62
  SINCE SEP 1      1.88          2.31  -0.43     5.00
  SINCE JAN 1     17.14         12.79   4.35    18.43

DEGREE DAYS
 HEATING
  YESTERDAY       13            23    -10       17
  MONTH TO DATE  318           470   -152      523
  SINCE SEP 1    545           708   -163      664
  SINCE JUL 1    594           765   -171      664

 COOLING
  YESTERDAY        0             0      0        0
  MONTH TO DATE    0             0      0        0
  SINCE SEP 1     57            40     17       93
  SINCE JAN 1    412           500    -88      615
......................................................


WIND (MPH)
  HIGHEST WIND SPEED    26   HIGHEST WIND DIRECTION     S (160)
  HIGHEST GUST SPEED    31   HIGHEST GUST DIRECTION     S (160)
  AVERAGE WIND SPEED    15.9


SKY COVER
  AVERAGE SKY COVER 0.0


WEATHER CONDITIONS
 THE FOLLOWING WEATHER WAS RECORDED YESTERDAY.
  NO SIGNIFICANT WEATHER WAS OBSERVED.


RELATIVE HUMIDITY (PERCENT)
 HIGHEST    92           200 AM
 LOWEST     21           200 PM
 AVERAGE    57

..........................................................




SUNRISE AND SUNSET
OCTOBER 26 2014.......SUNRISE   731 AM MDT   SUNSET   600 PM MDT
OCTOBER 27 2014.......SUNRISE   733 AM MDT   SUNSET   559 PM MDT


-  INDICATES NEGATIVE NUMBERS.
R  INDICATES RECORD WAS SET OR TIED.
MM INDICATES DATA IS MISSING.
T  INDICATES TRACE AMOUNT.




$$




National Weather Service
Disclaimer
Last Modified: August 31, 2005
Privacy Policy