822
CDUS45 KBYZ 242222
CLIBIL


CLIMATE REPORT
NATIONAL WEATHER SERVICE BILLINGS MT
421 PM MDT THU APR 24 2014


...................................

...THE BILLINGS MT CLIMATE SUMMARY FOR APRIL 24 2014...
VALID TODAY AS OF 0400 PM LOCAL TIME.

CLIMATE NORMAL PERIOD 1981 TO 2010
CLIMATE RECORD PERIOD 1934 TO 2014


WEATHER ITEM   OBSERVED TIME   RECORD YEAR NORMAL DEPARTURE LAST
                VALUE   (LST)  VALUE       VALUE  FROM      YEAR
                                                  NORMAL
..................................................................
TEMPERATURE (F)
 TODAY
  MAXIMUM         61    215 PM  86    2012  60      1       57
  MINIMUM         38    511 AM  22    1967  37      1       32
  AVERAGE         50                        49      1       45

PRECIPITATION (IN)
  TODAY            0.00          0.61 1971   0.06  -0.06      T
  MONTH TO DATE    0.26                      1.28  -1.02     1.02
  SINCE OCT 1      9.55                      5.61   3.94     4.21
  SINCE JAN 1      4.66                      3.30   1.36     2.16

SNOWFALL (IN)
  TODAY            0.0           2.9  1960   0.2   -0.2       T
  MONTH TO DATE    0.6                       7.1   -6.5      5.6
  SINCE MAR 1     11.2                      17.3   -6.1      8.3
  SINCE JUL 1    101.4                      51.8   49.6     40.4
  SNOW DEPTH       0

DEGREE DAYS
 HEATING
  TODAY           15                        16     -1       20
  MONTH TO DATE  444                       475    -31      629
  SINCE MAR 1   1411                      1320     91     1471
  SINCE JUL 1   6684                      6285    399     6032

 COOLING
  TODAY            0                         0      0        0
  MONTH TO DATE    0                         0      0        0
  SINCE MAR 1      0                         0      0        0
  SINCE JAN 1      0                         0      0        0
..................................................................


WIND (MPH)
  HIGHEST WIND SPEED    28   HIGHEST WIND DIRECTION     W (260)
  HIGHEST GUST SPEED    35   HIGHEST GUST DIRECTION    SW (240)
  AVERAGE WIND SPEED     9.2


SKY COVER
  POSSIBLE SUNSHINE  MM
  AVERAGE SKY COVER 0.7


WEATHER CONDITIONS
 THE FOLLOWING WEATHER WAS RECORDED TODAY.
  NO SIGNIFICANT WEATHER WAS OBSERVED.


RELATIVE HUMIDITY (PERCENT)
 HIGHEST    59           500 AM
 LOWEST     23          1200 PM
 AVERAGE    41

..........................................................


THE BILLINGS MT CLIMATE NORMALS FOR TOMORROW
                         NORMAL    RECORD    YEAR
 MAXIMUM TEMPERATURE (F)   61        84      1974
 MINIMUM TEMPERATURE (F)   37        23      2002
                                             1960


SUNRISE AND SUNSET
APRIL 24 2014.........SUNRISE   613 AM MDT   SUNSET   813 PM MDT
APRIL 25 2014.........SUNRISE   611 AM MDT   SUNSET   814 PM MDT


-  INDICATES NEGATIVE NUMBERS.
R  INDICATES RECORD WAS SET OR TIED.
MM INDICATES DATA IS MISSING.
T  INDICATES TRACE AMOUNT.




$$





National Weather Service
Disclaimer
Last Modified: August 31, 2005
Privacy Policy