202
CDUS44 KHGX 220735
CLICLL


CLIMATE REPORT
NATIONAL WEATHER SERVICE HOUSTON/GALVESTON TX
231 AM CDT WED OCT 22 2014


...................................

...THE COLLEGE STATION CLIMATE SUMMARY FOR OCTOBER 21 2014...

CLIMATE NORMAL PERIOD 1981 TO 2010
CLIMATE RECORD PERIOD 1902 TO 2014


WEATHER ITEM   OBSERVED TIME   RECORD YEAR NORMAL DEPARTURE LAST
                VALUE   (LST)  VALUE       VALUE  FROM      YEAR
                                                  NORMAL
..................................................................
TEMPERATURE (F)
 YESTERDAY
  MAXIMUM         82    322 PM  95    1934  80      2       80
  MINIMUM         56    637 AM  35    1976  59     -3       57
  AVERAGE         69                        69      0       69

PRECIPITATION (IN)
  YESTERDAY        0.00          1.86 1985   0.18  -0.18     0.20
  MONTH TO DATE    1.81                      3.37  -1.56     5.70
  SINCE SEP 1      8.38                      6.55   1.83    10.89
  SINCE JAN 1     31.15                     32.07  -0.92    30.62

SNOWFALL (IN)
  YESTERDAY        0.0
  MONTH TO DATE    0.0
  SINCE JUL 1      0.0

DEGREE DAYS
 HEATING
  YESTERDAY        0                         1     -1        0
  MONTH TO DATE    1                        11    -10       18
  SINCE SEP 1      1                        13    -12       18
  SINCE JUL 1      1                        13    -12       18

 COOLING
  YESTERDAY        4                         6     -2        4
  MONTH TO DATE  175                       167      8      155
  SINCE SEP 1    648                       617     31      711
  SINCE JAN 1   2855                      2963   -108     3188
..................................................................


WIND (MPH)
  HIGHEST WIND SPEED    10   HIGHEST WIND DIRECTION    NE (50)
  HIGHEST GUST SPEED    14   HIGHEST GUST DIRECTION     E (70)
  AVERAGE WIND SPEED     4.5


SKY COVER
  AVERAGE SKY COVER 0.0


WEATHER CONDITIONS
 THE FOLLOWING WEATHER WAS RECORDED YESTERDAY.
  FOG


RELATIVE HUMIDITY (PERCENT)
 HIGHEST    93           700 AM
 LOWEST     42           100 PM
 AVERAGE    68

..........................................................


THE COLLEGE STATION CLIMATE NORMALS FOR TODAY
                         NORMAL    RECORD    YEAR
 MAXIMUM TEMPERATURE (F)   80        95      1939
 MINIMUM TEMPERATURE (F)   59        38      1911


SUNRISE AND SUNSET
OCTOBER 22 2014.......SUNRISE   733 AM CDT   SUNSET   647 PM CDT
OCTOBER 23 2014.......SUNRISE   733 AM CDT   SUNSET   646 PM CDT


-  INDICATES NEGATIVE NUMBERS.
R  INDICATES RECORD WAS SET OR TIED.
MM INDICATES DATA IS MISSING.
T  INDICATES TRACE AMOUNT.




$$




203
CDUS44 KHGX 220735
CLIGLS


CLIMATE REPORT
NATIONAL WEATHER SERVICE HOUSTON/GALVESTON TX
231 AM CDT WED OCT 22 2014


...................................

...THE GALVESTON CLIMATE SUMMARY FOR OCTOBER 21 2014...

CLIMATE NORMAL PERIOD 1981 TO 2010
CLIMATE RECORD PERIOD 1875 TO 2014


WEATHER ITEM   OBSERVED TIME   RECORD YEAR NORMAL DEPARTURE LAST
                VALUE   (LST)  VALUE       VALUE  FROM      YEAR
                                                  NORMAL
..................................................................
TEMPERATURE (F)
 YESTERDAY
  MAXIMUM         81    239 PM  87    1927  79      2       75
  MINIMUM         67    641 AM  49    1877  67      0       68
  AVERAGE         74                        73      1       72

PRECIPITATION (IN)
  YESTERDAY        0.00          3.81 1984   0.20  -0.20     0.44
  MONTH TO DATE    1.75                      4.02  -2.27     3.14
  SINCE SEP 1      7.86                     10.05  -2.19     8.20
  SINCE JAN 1     24.11                     41.23 -17.12    32.43

SNOWFALL (IN)
  YESTERDAY        0.0           0.0  2002  MM     MM        0.0
                                      2001
  MONTH TO DATE    0.0                      MM     MM        0.0
  SINCE SEP 1      0.0                      MM     MM        0.0
  SINCE JUL 1      0.0                      MM     MM        0.0
  SNOW DEPTH       0

DEGREE DAYS
 HEATING
  YESTERDAY        0                         0      0        0
  MONTH TO DATE    0                         0      0        0
  SINCE SEP 1      0                         0      0        0
  SINCE JUL 1      0                         0      0        0

 COOLING
  YESTERDAY        9                         8      1        7
  MONTH TO DATE  266                       228     38      234
  SINCE SEP 1    771                       727     44      776
  SINCE JAN 1   3098                      3121    -23     3170
..................................................................


WIND (MPH)
  RESULTANT WIND SPEED  10   RESULTANT WIND DIRECTION  NE (50)
  HIGHEST WIND SPEED    16   HIGHEST WIND DIRECTION    NE (60)
  HIGHEST GUST SPEED    21   HIGHEST GUST DIRECTION    NE (60)
  AVERAGE WIND SPEED    10.0


SKY COVER
  AVERAGE SKY COVER 0.0


WEATHER CONDITIONS
 THE FOLLOWING WEATHER WAS RECORDED YESTERDAY.
  FOG
  HAZE


RELATIVE HUMIDITY (PERCENT)
 HIGHEST    87
 LOWEST     48
 AVERAGE    68

..........................................................


THE GALVESTON CLIMATE NORMALS FOR TODAY
                         NORMAL    RECORD    YEAR
 MAXIMUM TEMPERATURE (F)   79        87      2004
 MINIMUM TEMPERATURE (F)   66        49      1911


SUNRISE AND SUNSET
OCTOBER 22 2014.......SUNRISE   725 AM CDT   SUNSET   642 PM CDT
OCTOBER 23 2014.......SUNRISE   726 AM CDT   SUNSET   641 PM CDT


-  INDICATES NEGATIVE NUMBERS.
R  INDICATES RECORD WAS SET OR TIED.
MM INDICATES DATA IS MISSING.
T  INDICATES TRACE AMOUNT.




$$




National Weather Service
Disclaimer
Last Modified: August 31, 2005
Privacy Policy