465
CDUS41 KRLX 270824
CLIBKW


CLIMATE REPORT
NATIONAL WEATHER SERVICE CHARLESTON WV
322 AM EST THU NOV 27 2014


...................................

...THE BECKLEY WV CLIMATE SUMMARY FOR NOVEMBER 26 2014...

CLIMATE NORMAL PERIOD 1981 TO 2010
CLIMATE RECORD PERIOD 1963 TO 2014


WEATHER ITEM   OBSERVED TIME   RECORD YEAR NORMAL DEPARTURE LAST
                VALUE   (LST)  VALUE       VALUE  FROM      YEAR
                                                  NORMAL
..................................................................
TEMPERATURE (F)
 YESTERDAY
  MAXIMUM         41   1219 AM  73    1908  49     -8       44
  MINIMUM         32   1137 PM   3    1950  32      0       30
  AVERAGE         37                        40     -3       37

PRECIPITATION (IN)
  YESTERDAY        0.39          1.51 2013   0.10   0.29     1.51
  MONTH TO DATE    2.17                      2.54  -0.37     3.14
  SINCE JAN 1     34.19                     37.78  -3.59    36.34

SNOWFALL (IN)
  YESTERDAY       MM
  MONTH TO DATE    1.5
  SINCE SEP 1      1.5
  SNOW DEPTH       0

DEGREE DAYS
 HEATING
  YESTERDAY       28                        25      3       28
  MONTH TO DATE  682                       530    152      602
  SINCE SEP 1   1097                      1015     82     1015
  SINCE JUL 1   1126                      1036     90     1035

 COOLING
  YESTERDAY        0                         0      0        0
  MONTH TO DATE    0                         0      0        0
  SINCE SEP 1     78                        63     15       72
  SINCE JAN 1    602                       556     46      615
..................................................................


WIND (MPH)
  HIGHEST WIND SPEED    14   HIGHEST WIND DIRECTION    SE (130)
  HIGHEST GUST SPEED    22   HIGHEST GUST DIRECTION    SE (130)
  AVERAGE WIND SPEED     4.4


SKY COVER
  POSSIBLE SUNSHINE  MM
  AVERAGE SKY COVER 0.9


WEATHER CONDITIONS
 THE FOLLOWING WEATHER WAS RECORDED YESTERDAY.
  LIGHT RAIN
  SNOW
  LIGHT SNOW
  FOG
  FOG W/VISIBILITY <= 1/4 MILE


RELATIVE HUMIDITY (PERCENT)
 HIGHEST    96           800 AM
 LOWEST     51          1200 AM
 AVERAGE    74

..........................................................


THE BECKLEY WV CLIMATE NORMALS FOR TODAY
                         NORMAL    RECORD    YEAR
 MAXIMUM TEMPERATURE (F)   48        74      1990
 MINIMUM TEMPERATURE (F)   31         1      1930


SUNRISE AND SUNSET
NOVEMBER 27 2014......SUNRISE   717 AM EST   SUNSET   507 PM EST
NOVEMBER 28 2014......SUNRISE   718 AM EST   SUNSET   507 PM EST


-  INDICATES NEGATIVE NUMBERS.
R  INDICATES RECORD WAS SET OR TIED.
MM INDICATES DATA IS MISSING.
T  INDICATES TRACE AMOUNT.




$$




National Weather Service
Disclaimer
Last Modified: August 31, 2005
Privacy Policy