081
CDUS43 KSGF 190627
CLISGF


CLIMATE REPORT
NATIONAL WEATHER SERVICE SPRINGFIELD MO
1226 AM CST FRI DEC 19 2014


...................................

...THE SPRINGFIELD MO CLIMATE SUMMARY FOR DECEMBER 18 2014...

CLIMATE NORMAL PERIOD 1981 TO 2010
CLIMATE RECORD PERIOD 1888 TO 2014


WEATHER ITEM   OBSERVED TIME   RECORD YEAR NORMAL DEPARTURE LAST
                VALUE   (LST)  VALUE       VALUE  FROM      YEAR
                                                  NORMAL
..................................................................
TEMPERATURE (F)
 YESTERDAY
  MAXIMUM         39    428 PM  70    1939  44     -5       62
  MINIMUM         33    751 AM  -3    1901  24      9       26
  AVERAGE         36                        34      2       44

PRECIPITATION (IN)
  YESTERDAY        0.03          4.96 1895   0.09  -0.06     0.00
  MONTH TO DATE    1.32                      1.91  -0.59     1.46
  SINCE DEC 1      1.32                      1.91  -0.59     1.46
  SINCE JAN 1     38.14                     44.44  -6.30    50.74

SNOWFALL (IN)
  YESTERDAY        T
  MONTH TO DATE    0.5
  SINCE DEC 1      0.5
  SINCE JUL 1      2.2
  SNOW DEPTH       0

DEGREE DAYS
 HEATING
  YESTERDAY       29                        31     -2       21
  MONTH TO DATE  452                       519    -67      578
  SINCE DEC 1    452                       519    -67      578
  SINCE JUL 1   1402                      1398      4     1515

 COOLING
  YESTERDAY        0                         0      0        0
  MONTH TO DATE    0                         0      0        0
  SINCE DEC 1      0                         0      0        0
  SINCE JAN 1   1470                      1389     81     1417
..................................................................


WIND (MPH)
  HIGHEST WIND SPEED    12   HIGHEST WIND DIRECTION    SE (140)
  HIGHEST GUST SPEED    16   HIGHEST GUST DIRECTION    SE (140)
  AVERAGE WIND SPEED     5.2


SKY COVER
  AVERAGE SKY COVER 1.0


WEATHER CONDITIONS
 THE FOLLOWING WEATHER WAS RECORDED YESTERDAY.
  LIGHT SNOW
  FOG


RELATIVE HUMIDITY (PERCENT)
 HIGHEST   100          1000 AM
 LOWEST     89           100 AM
 AVERAGE    95

..........................................................


THE SPRINGFIELD MO CLIMATE NORMALS FOR TODAY
                         NORMAL    RECORD    YEAR
 MAXIMUM TEMPERATURE (F)   44        72      1978
                                             1889
 MINIMUM TEMPERATURE (F)   24        -5      1945


SUNRISE AND SUNSET
DECEMBER 19 2014......SUNRISE   723 AM CST   SUNSET   459 PM CST
DECEMBER 20 2014......SUNRISE   723 AM CST   SUNSET   459 PM CST


-  INDICATES NEGATIVE NUMBERS.
R  INDICATES RECORD WAS SET OR TIED.
MM INDICATES DATA IS MISSING.
T  INDICATES TRACE AMOUNT.




$$





038
CDUS43 KSGF 190627
CLIUNO


CLIMATE REPORT
NATIONAL WEATHER SERVICE SPRINGFIELD MO
1226 AM CST FRI DEC 19 2014


...................................

...THE WEST PLAINS MO CLIMATE SUMMARY FOR DECEMBER 18 2014...

CLIMATE NORMAL PERIOD 1981 TO 2010
CLIMATE RECORD PERIOD 1947 TO 2014


WEATHER ITEM   OBSERVED TIME   RECORD YEAR NORMAL DEPARTURE LAST
                VALUE   (LST)  VALUE       VALUE  FROM      YEAR
                                                  NORMAL
..................................................................
TEMPERATURE (F)
 YESTERDAY
  MAXIMUM         37    713 PM  72    1957  46     -9       54
  MINIMUM         32    751 AM   1    1964  25      7       25
  AVERAGE         35                        35      0       40

PRECIPITATION (IN)
  YESTERDAY        0.02          2.00 1995   0.11  -0.09     0.00
  MONTH TO DATE    2.30                      2.50  -0.20     0.70
  SINCE DEC 1      2.30                      2.50  -0.20     0.70
  SINCE JAN 1     35.73                     45.08  -9.35    52.59

DEGREE DAYS
 HEATING
  YESTERDAY       30                        30      0       25
  MONTH TO DATE  459                       497    -38      455
  SINCE DEC 1    459                       497    -38      455
  SINCE JUL 1   1471                      1349    122     1367

 COOLING
  YESTERDAY        0                         0      0        0
  MONTH TO DATE    0                         0      0        0
  SINCE DEC 1      0                         0      0        0
  SINCE JAN 1   1231                      1354   -123     1073
..................................................................


WIND (MPH)
  HIGHEST WIND SPEED     8   HIGHEST WIND DIRECTION     E (110)
  HIGHEST GUST SPEED    10   HIGHEST GUST DIRECTION    SE (120)
  AVERAGE WIND SPEED     3.5


SKY COVER
  AVERAGE SKY COVER 1.0


WEATHER CONDITIONS
 THE FOLLOWING WEATHER WAS RECORDED YESTERDAY.
  FOG
  FOG W/VISIBILITY <= 1/4 MILE


RELATIVE HUMIDITY (PERCENT)
 HIGHEST   100           900 PM
 LOWEST     76           200 PM
 AVERAGE    88

..........................................................


THE WEST PLAINS MO CLIMATE NORMALS FOR TODAY
                         NORMAL    RECORD    YEAR
 MAXIMUM TEMPERATURE (F)   45        73      1978
 MINIMUM TEMPERATURE (F)   25         2      1981


SUNRISE AND SUNSET
DECEMBER 19 2014......SUNRISE   716 AM CST   SUNSET   454 PM CST
DECEMBER 20 2014......SUNRISE   716 AM CST   SUNSET   454 PM CST


-  INDICATES NEGATIVE NUMBERS.
R  INDICATES RECORD WAS SET OR TIED.
MM INDICATES DATA IS MISSING.
T  INDICATES TRACE AMOUNT.




$$




860
CDUS43 KLMK 190627
CLILOU


CLIMATE REPORT
NATIONAL WEATHER SERVICE LOUISVILLE KY
127 AM EST FRI DEC 19 2014


...................................

...THE LOUISVILLE BOWMAN KY CLIMATE SUMMARY FOR DECEMBER 18 2014...

CLIMATE NORMAL PERIOD 1981 TO 2010
CLIMATE RECORD PERIOD 9999 TO 9999


WEATHER ITEM   OBSERVED TIME   RECORD YEAR NORMAL DEPARTURE LAST
                VALUE   (LST)  VALUE       VALUE  FROM      YEAR
                                                  NORMAL
..................................................................
TEMPERATURE (F)
 YESTERDAY
  MAXIMUM         33    455 PM  MM      MM  44    -11       44
  MINIMUM         29    825 AM  MM      MM  29      0       24
  AVERAGE         31                        36     -5       34

PRECIPITATION (IN)
  YESTERDAY        0.00         MM      MM   0.12  -0.12     0.00
  MONTH TO DATE    2.26                      2.31  -0.05     2.09
  SINCE DEC 1      2.26                      2.31  -0.05     2.09
  SINCE JAN 1     41.70                     43.84  -2.14    55.76

SNOWFALL (IN)
  YESTERDAY       MM            MM      MM  MM     MM       MM
  MONTH TO DATE   MM                        MM     MM       MM
  SINCE DEC 1     MM                        MM     MM       MM
  SINCE JUL 1     MM                        MM     MM       MM
  SNOW DEPTH      MM

DEGREE DAYS
 HEATING
  YESTERDAY       34                        29      5       31
  MONTH TO DATE  430                       478    -48      517
  SINCE DEC 1    430                       478    -48      517
  SINCE JUL 1   1409                      1282    127     1425

 COOLING
  YESTERDAY        0                         0      0        0
  MONTH TO DATE    0                         0      0        0
  SINCE DEC 1      0                         0      0        0
  SINCE JAN 1   1536                      1444     92     1446
..................................................................


WIND (MPH)
  HIGHEST WIND SPEED     8   HIGHEST WIND DIRECTION     N (20)
  HIGHEST GUST SPEED    12   HIGHEST GUST DIRECTION     N (20)
  AVERAGE WIND SPEED     3.5


SKY COVER
  POSSIBLE SUNSHINE  MM
  AVERAGE SKY COVER 1.0


WEATHER CONDITIONS
 THE FOLLOWING WEATHER WAS RECORDED YESTERDAY.
  NO SIGNIFICANT WEATHER WAS OBSERVED.


RELATIVE HUMIDITY (PERCENT)
 HIGHEST    75           200 AM
 LOWEST     64           400 PM
 AVERAGE    70

..........................................................


THE LOUISVILLE BOWMAN KY CLIMATE NORMALS FOR TODAY
                         NORMAL
 MAXIMUM TEMPERATURE (F)   44
 MINIMUM TEMPERATURE (F)   29


SUNRISE AND SUNSET
DECEMBER 19 2014......SUNRISE   755 AM EST   SUNSET   525 PM EST
DECEMBER 20 2014......SUNRISE   755 AM EST   SUNSET   525 PM EST


-  INDICATES NEGATIVE NUMBERS.
R  INDICATES RECORD WAS SET OR TIED.
MM INDICATES DATA IS MISSING.
T  INDICATES TRACE AMOUNT.




$$




772
CDUS41 KALY 190627
CLIGFL


CLIMATE REPORT
NATIONAL WEATHER SERVICE ALBANY NY
127 AM EST FRI DEC 19 2014


...................................

...THE GLENS FALLS NY CLIMATE SUMMARY FOR DECEMBER 18 2014...

CLIMATE NORMAL PERIOD 1981 TO 2010
CLIMATE RECORD PERIOD 1949 TO 2014


WEATHER ITEM   OBSERVED TIME   RECORD YEAR NORMAL DEPARTURE LAST
                VALUE   (LST)  VALUE       VALUE  FROM      YEAR
                                                  NORMAL
..................................................................
TEMPERATURE (F)
 YESTERDAY
  MAXIMUM         39    249 PM  51    2006  33      6       27
  MINIMUM         32   1159 PM -13    2007  15     17        5
  AVERAGE         36                        24     12       16

PRECIPITATION (IN)
  YESTERDAY        T             1.64 1986   0.09  -0.09      T
  MONTH TO DATE    2.67                      1.89   0.78     1.37
  SINCE DEC 1      2.67                      1.89   0.78     1.37
  SINCE JAN 1     35.02                     37.90  -2.88    34.21

DEGREE DAYS
 HEATING
  YESTERDAY       29                        41    -12       49
  MONTH TO DATE  629                       675    -46      749
  SINCE DEC 1    629                       675    -46      749
  SINCE JUL 1   2090                      2373   -283     2428

 COOLING
  YESTERDAY        0                         0      0        0
  MONTH TO DATE    0                         0      0        0
  SINCE DEC 1      0                         0      0        0
  SINCE JAN 1    392                       352     40      537
..................................................................


WIND (MPH)
  HIGHEST WIND SPEED    14   HIGHEST WIND DIRECTION     W (290)
  HIGHEST GUST SPEED    17   HIGHEST GUST DIRECTION     W (280)
  AVERAGE WIND SPEED     6.1


SKY COVER
  AVERAGE SKY COVER 1.0



RELATIVE HUMIDITY (PERCENT)
 HIGHEST    89           400 AM
 LOWEST     54           100 PM
 AVERAGE    72

..........................................................


THE GLENS FALLS NY CLIMATE NORMALS FOR TODAY
                         NORMAL    RECORD    YEAR
 MAXIMUM TEMPERATURE (F)   33        49      1957
 MINIMUM TEMPERATURE (F)   15       -18      1973


SUNRISE AND SUNSET
DECEMBER 19 2014......SUNRISE   722 AM EST   SUNSET   421 PM EST
DECEMBER 20 2014......SUNRISE   723 AM EST   SUNSET   421 PM EST


-  INDICATES NEGATIVE NUMBERS.
R  INDICATES RECORD WAS SET OR TIED.
MM INDICATES DATA IS MISSING.
T  INDICATES TRACE AMOUNT.




$$




National Weather Service
Disclaimer
Last Modified: August 31, 2005
Privacy Policy