393
CDUS42 KTBW 260928
CLITPA


CLIMATE REPORT
NATIONAL WEATHER SERVICE TAMPA BAY FL
426 AM EST MON JAN 26 2015


...................................

...THE TAMPA CLIMATE SUMMARY FOR JANUARY 25 2015...

CLIMATE NORMAL PERIOD 1981 TO 2010
CLIMATE RECORD PERIOD 1890 TO 2015


WEATHER ITEM   OBSERVED TIME   RECORD YEAR NORMAL DEPARTURE LAST
                VALUE   (LST)  VALUE       VALUE  FROM      YEAR
                                                  NORMAL
..................................................................
TEMPERATURE (F)
 YESTERDAY
  MAXIMUM         63    346 PM  84    2012  70     -7       64
                                      1950
  MINIMUM         46    559 AM  29    1905  52     -6       45
  AVERAGE         55                        61     -6       55

PRECIPITATION (IN)
  YESTERDAY        0.00          1.40 2011   0.09  -0.09     0.00
  MONTH TO DATE    1.48                      1.74  -0.26     1.51
  SINCE DEC 1      3.05                      4.21  -1.16     2.32
  SINCE JAN 1      1.48                      1.74  -0.26     1.51

DEGREE DAYS
 HEATING
  YESTERDAY       10                         6      4       10
  MONTH TO DATE   89                       150    -61      214
  SINCE DEC 1    178                       289   -111      246
  SINCE JUL 1    266                       333    -67      276

 COOLING
  YESTERDAY        0                         2     -2        0
  MONTH TO DATE   56                        48      8       20
  SINCE DEC 1    151                       128     23      170
  SINCE JAN 1     56                        48      8       20
..................................................................


WIND (MPH)
  RESULTANT WIND SPEED   1   RESULTANT WIND DIRECTION   S (170)
  HIGHEST WIND SPEED    10   HIGHEST WIND DIRECTION     S (170)
  HIGHEST GUST SPEED    15   HIGHEST GUST DIRECTION     S (170)
  AVERAGE WIND SPEED     5.2


SKY COVER
  POSSIBLE SUNSHINE  MM
  AVERAGE SKY COVER 0.4


WEATHER CONDITIONS
 THE FOLLOWING WEATHER WAS RECORDED YESTERDAY.
  NO SIGNIFICANT WEATHER WAS OBSERVED.


RELATIVE HUMIDITY (PERCENT)
 HIGHEST    86           300 AM
 LOWEST     46          1200 PM
 AVERAGE    66

..........................................................


THE TAMPA CLIMATE NORMALS FOR TODAY
                         NORMAL    RECORD    YEAR
 MAXIMUM TEMPERATURE (F)   70        84      1950
 MINIMUM TEMPERATURE (F)   52        23      1905


SUNRISE AND SUNSET
JANUARY 26 2015.......SUNRISE   720 AM EST   SUNSET   606 PM EST
JANUARY 27 2015.......SUNRISE   720 AM EST   SUNSET   606 PM EST


-  INDICATES NEGATIVE NUMBERS.
R  INDICATES RECORD WAS SET OR TIED.
MM INDICATES DATA IS MISSING.
T  INDICATES TRACE AMOUNT.




$$


&&
------------------------------------------------------------------
******************** SUPPLEMENTAL DATA ***************************

...RUSKIN                HIGH 66    LOW 46    PCPN 0.00
...SARASOTA/BRADENTON    HIGH 64    LOW 45    PCPN 0.00
...ST. PETERSBURG        HIGH 62    LOW 52    PCPN 0.00
...GULF WATER TEMPERATURE AT CLEARWATER BEACH 64 DEGREES.




National Weather Service
Disclaimer
Last Modified: August 31, 2005
Privacy Policy