438
CDAK48 PAFC 231237
CLIANC

CLIMATE REPORT
NATIONAL WEATHER SERVICE ANCHORAGE, AK
436 AM AKDT SAT AUG 23 2014


...................................

...THE ANCHORAGE AK CLIMATE SUMMARY FOR AUGUST 22 2014...

CLIMATE NORMAL PERIOD 1981 TO 2010
CLIMATE RECORD PERIOD 1915 TO 2014


WEATHER ITEM   OBSERVED RECORD YEAR NORMAL DEPARTURE LAST
                VALUE   VALUE       VALUE  FROM      YEAR
                                           NORMAL
...........................................................
TEMPERATURE (F)
 YESTERDAY
  MAXIMUM         64     82    1923  63      1       55
  MINIMUM         51     33    1916  49      2       50
  AVERAGE         58                 56      2       53

PRECIPITATION (IN)
  YESTERDAY        T      0.60 1953   0.12  -0.12
  MONTH TO DATE    0.80               2.21  -1.41
  SINCE JUN 1      7.36               5.01   2.35
  SINCE JAN 1     10.59               8.25   2.34

SNOWFALL (IN)
  YESTERDAY        0.0    0.0    MM   0.0    0.0
  MONTH TO DATE    0.0                0.0    0.0
  SINCE JUN 1      0.0                0.0    0.0
  SINCE JUL 1      0.0                0.0    0.0
  SNOW DEPTH       0

DEGREE DAYS
 HEATING
  YESTERDAY        7                        -2
  MONTH TO DATE  109                       -53
  SINCE JUN 1    591                       -58
  SINCE JUL 1    263                       -93

 COOLING
  YESTERDAY        0                         0
  MONTH TO DATE    0                         0
  SINCE JUN 1      3                         1
  SINCE JAN 1      3                         1
...........................................................


WIND (MPH)
  HIGHEST WIND SPEED     9   HIGHEST WIND DIRECTION     W (290)
  HIGHEST GUST SPEED    MM   HIGHEST GUST DIRECTION    MM
  AVERAGE WIND SPEED     3.8




RELATIVE HUMIDITY (PERCENT)
 HIGHEST    89
 LOWEST     63
 AVERAGE    76

..........................................................


THE ANCHORAGE AK CLIMATE NORMALS FOR TODAY
                         NORMAL    RECORD    YEAR
 MAXIMUM TEMPERATURE (F)   63        76      2004
 MINIMUM TEMPERATURE (F)   49        33      1948


SUNRISE AND SUNSET
AUGUST 23 2014........SUNRISE   630 AM AKDT  SUNSET   934 PM AKDT
AUGUST 24 2014........SUNRISE   632 AM AKDT  SUNSET   931 PM AKDT

CIVIL TWILIGHT
AUGUST 23 2014          START   540 AM AKDT     END  1024 PM AKDT
AUGUST 24 2014          START   543 AM AKDT     END  1020 PM AKDT



-  INDICATES NEGATIVE NUMBERS.
R  INDICATES RECORD WAS SET OR TIED.
MM INDICATES DATA IS MISSING.
T  INDICATES TRACE AMOUNT.




$$
&&
------------------------------------------------------
AMOUNT OF DAYLIGHT TODAY  (HOUR:MIN)........15:04
GAIN/LOSS SINCE YESTERDAY (HOUR:MIN:SEC)....-0:05:36



National Weather Service
Disclaimer
Last Modified: August 31, 2005
Privacy Policy