522
CDUS41 KRNK 240915
CLIRNK


CLIMATE REPORT
NATIONAL WEATHER SERVICE BLACKSBURG VA
513 AM EDT THU APR 24 2014


...................................

...THE BLACKSBURG VA CLIMATE SUMMARY FOR APRIL 23 2014...

CLIMATE NORMAL PERIOD 1981 TO 2010
CLIMATE RECORD PERIOD 1952 TO 2014


WEATHER ITEM   OBSERVED TIME   RECORD YEAR NORMAL DEPARTURE LAST
                VALUE   (LST)  VALUE       VALUE  FROM      YEAR
                                                  NORMAL
..................................................................
TEMPERATURE (F)
 YESTERDAY
  MAXIMUM         61    500 PM  85    1985  66     -5       68
  MINIMUM         42    700 AM  20    1982  40      2       39
  AVERAGE         52                        53     -1       54

PRECIPITATION (IN)
  YESTERDAY        0.00          1.45 1958   0.12  -0.12     0.00
  MONTH TO DATE    1.97                      2.67  -0.70     3.09
  SINCE MAR 1      4.39                      6.31  -1.92     6.41
  SINCE JAN 1     10.02                     12.20  -2.18    15.51

SNOWFALL (IN)
  YESTERDAY        0.0
  MONTH TO DATE    T
  SINCE MAR 1      7.3
  SINCE JUL 1     34.4
  SNOW DEPTH       0

DEGREE DAYS
 HEATING
  YESTERDAY       13                        12      1       11
  MONTH TO DATE  301                       353    -52      302
  SINCE MAR 1   1088                      1080      8     1201
  SINCE JUL 1   5269                      5128    141     5061

 COOLING
  YESTERDAY        0                         0      0        0
  MONTH TO DATE    0                         0      0        0
  SINCE MAR 1      0                         0      0        0
  SINCE JAN 1      0                         0      0        0
..................................................................


WIND (MPH)
  HIGHEST WIND SPEED    16   HIGHEST WIND DIRECTION    NW (300)
  HIGHEST GUST SPEED    25   HIGHEST GUST DIRECTION    NW (300)
  AVERAGE WIND SPEED    11.6


SKY COVER
  POSSIBLE SUNSHINE  MM
  AVERAGE SKY COVER 0.0


WEATHER CONDITIONS
 THE FOLLOWING WEATHER WAS RECORDED YESTERDAY.
  NO SIGNIFICANT WEATHER WAS OBSERVED.


RELATIVE HUMIDITY (PERCENT)
 HIGHEST    70           700 AM
 LOWEST     35           500 PM
 AVERAGE    53

..........................................................


THE BLACKSBURG VA CLIMATE NORMALS FOR TODAY
                         NORMAL    RECORD    YEAR
 MAXIMUM TEMPERATURE (F)   66        85      2001
 MINIMUM TEMPERATURE (F)   41        28      1974


SUNRISE AND SUNSET
APRIL 24 2014.........SUNRISE   635 AM EDT   SUNSET   805 PM EDT
APRIL 25 2014.........SUNRISE   634 AM EDT   SUNSET   806 PM EDT


-  INDICATES NEGATIVE NUMBERS.
R  INDICATES RECORD WAS SET OR TIED.
MM INDICATES DATA IS MISSING.
T  INDICATES TRACE AMOUNT.




$$




National Weather Service
Disclaimer
Last Modified: August 31, 2005
Privacy Policy