857
CDUS45 KSLC 021230
CLIEVW


CLIMATE REPORT
NATIONAL WEATHER SERVICE SALT LAKE CITY UT
630 AM MDT THU OCT 2 2014


...................................

...THE EVANSTON WY CLIMATE SUMMARY FOR OCTOBER 1 2014...

CLIMATE NORMAL PERIOD 1981 TO 2010
CLIMATE RECORD PERIOD 9999 TO 9999


WEATHER ITEM   OBSERVED TIME   RECORD YEAR NORMAL DEPARTURE LAST
                VALUE   (LST)  VALUE       VALUE  FROM      YEAR
                                                  NORMAL
..................................................................
TEMPERATURE (F)
 YESTERDAY
  MAXIMUM         47    100 PM  MM      MM  63    -16       69
  MINIMUM         31   1149 PM  MM      MM  37     -6       35
  AVERAGE         39                        50    -11       52

PRECIPITATION (IN)
  YESTERDAY        0.06         MM      MM   0.03   0.03     0.00
  MONTH TO DATE    0.06                      0.03   0.03     0.00
  SINCE OCT 1      0.06                      0.03   0.03     0.00
  SINCE JAN 1      9.19                      9.37  -0.18     4.06

DEGREE DAYS
 HEATING
  YESTERDAY       26                        15     11       13
  MONTH TO DATE   26                        15     11       13
  SINCE SEP 1    214                       309    -95      278
  SINCE JUL 1    334                       412    -78      292

 COOLING
  YESTERDAY        0                         0      0        0
  MONTH TO DATE    0                         0      0        0
  SINCE SEP 1     13                         5      8       26
  SINCE JAN 1    219                       162     57      348
..................................................................


WIND (MPH)
  RESULTANT WIND SPEED   6   RESULTANT WIND DIRECTION   W (290)
  HIGHEST WIND SPEED    25   HIGHEST WIND DIRECTION     N (340)
  HIGHEST GUST SPEED    32   HIGHEST GUST DIRECTION     N (350)
  AVERAGE WIND SPEED     9.0


SKY COVER
  POSSIBLE SUNSHINE  MM
  AVERAGE SKY COVER 0.6


WEATHER CONDITIONS
 THE FOLLOWING WEATHER WAS RECORDED YESTERDAY.
  LIGHT RAIN
  LIGHT SNOW
  FOG
  FOG W/VISIBILITY <= 1/4 MILE


RELATIVE HUMIDITY (PERCENT)
 HIGHEST   100           400 AM
 LOWEST     45           100 PM
 AVERAGE    73

..........................................................


THE EVANSTON WY CLIMATE NORMALS FOR TODAY
                         NORMAL    RECORD    YEAR
 MAXIMUM TEMPERATURE (F)   62        MM        MM
 MINIMUM TEMPERATURE (F)   37        MM        MM


SUNRISE AND SUNSET
OCTOBER  2 2014.......SUNRISE   722 AM MDT   SUNSET   704 PM MDT
OCTOBER  3 2014.......SUNRISE   723 AM MDT   SUNSET   703 PM MDT


-  INDICATES NEGATIVE NUMBERS.
R  INDICATES RECORD WAS SET OR TIED.
MM INDICATES DATA IS MISSING.
T  INDICATES TRACE AMOUNT.




$$




National Weather Service
Disclaimer
Last Modified: August 31, 2005
Privacy Policy