171
CDUS43 KFSD 260647
CLIMHE


CLIMATE REPORT
NATIONAL WEATHER SERVICE SIOUX FALLS SD
145 AM CDT SUN OCT 26 2014


...................................

...THE MITCHELL SD CLIMATE SUMMARY FOR OCTOBER 25 2014...

CLIMATE NORMAL PERIOD 1981 TO 2010
CLIMATE RECORD PERIOD 1893 TO 2014


WEATHER ITEM   OBSERVED TIME   RECORD YEAR NORMAL DEPARTURE LAST
                VALUE   (LST)  VALUE       VALUE  FROM      YEAR
                                                  NORMAL
..................................................................
TEMPERATURE (F)
 YESTERDAY
  MAXIMUM         69    358 PM  85    1927  58     11       66
  MINIMUM         41    638 AM  16    1907  34      7       25
  AVERAGE         55                        46      9       46

PRECIPITATION (IN)
  YESTERDAY        0.00          1.50 1897   0.04  -0.04     0.00
                                      2003
                                      2008
  MONTH TO DATE    0.36                      1.43  -1.07     4.22
  SINCE SEP 1      2.10                      3.75  -1.65     6.66
  SINCE JAN 1     17.20                     20.10  -2.90    25.15

SNOWFALL (IN)
  YESTERDAY        0.0           2.0  1908  MM     MM        0.0
  MONTH TO DATE    0.0                      MM     MM         T
  SINCE SEP 1      0.0                      MM     MM         T
  SINCE JUL 1      0.0                      MM     MM         T
  SNOW DEPTH       0

DEGREE DAYS
 HEATING
  YESTERDAY       10                        19     -9       19
  MONTH TO DATE  278                       359    -81      373
  SINCE SEP 1    396                       500   -104      411
  SINCE JUL 1    408                       517   -109      434

 COOLING
  YESTERDAY        0                         0      0        0
  MONTH TO DATE    0                         7     -7        2
  SINCE SEP 1     78                        79     -1      165
  SINCE JAN 1    724                       824   -100      946
..................................................................


WIND (MPH)
  HIGHEST WIND SPEED     9   HIGHEST WIND DIRECTION     E (110)
  HIGHEST GUST SPEED    11   HIGHEST GUST DIRECTION    SE (130)
  AVERAGE WIND SPEED     4.5


SKY COVER
  POSSIBLE SUNSHINE  MM
  AVERAGE SKY COVER 0.0


WEATHER CONDITIONS
 THE FOLLOWING WEATHER WAS RECORDED YESTERDAY.
  HAZE


RELATIVE HUMIDITY (PERCENT)
 HIGHEST    83           800 AM
 LOWEST     25           400 PM
 AVERAGE    54

..........................................................


THE MITCHELL SD CLIMATE NORMALS FOR TODAY
                         NORMAL    RECORD    YEAR
 MAXIMUM TEMPERATURE (F)   57        89      1927
 MINIMUM TEMPERATURE (F)   34         9      1919


SUNRISE AND SUNSET
OCTOBER 26 2014.......SUNRISE   800 AM CDT   SUNSET   631 PM CDT
OCTOBER 27 2014.......SUNRISE   802 AM CDT   SUNSET   630 PM CDT


-  INDICATES NEGATIVE NUMBERS.
R  INDICATES RECORD WAS SET OR TIED.
MM INDICATES DATA IS MISSING.
T  INDICATES TRACE AMOUNT.




$$





992
CDUS43 KFSD 260647
CLIFSD


CLIMATE REPORT
NATIONAL WEATHER SERVICE SIOUX FALLS SD
145 AM CDT SUN OCT 26 2014


...................................

...THE SIOUX FALLS SD CLIMATE SUMMARY FOR OCTOBER 25 2014...

CLIMATE NORMAL PERIOD 1981 TO 2010
CLIMATE RECORD PERIOD 1893 TO 2014


WEATHER ITEM   OBSERVED TIME   RECORD YEAR NORMAL DEPARTURE LAST
                VALUE   (LST)  VALUE       VALUE  FROM      YEAR
                                                  NORMAL
..................................................................
TEMPERATURE (F)
 YESTERDAY
  MAXIMUM         68    257 PM  80    1927  55     13       62
  MINIMUM         40   1155 PM  17    1919  33      7       24
  AVERAGE         54                        44     10       43

PRECIPITATION (IN)
  YESTERDAY        0.00          0.90 1921   0.05  -0.05     0.00
  MONTH TO DATE    0.65                      1.86  -1.21     2.78
  SINCE SEP 1      2.93                      4.63  -1.70     3.55
  SINCE JAN 1     27.36                     24.02   3.34    23.97

SNOWFALL (IN)
  YESTERDAY        0.0           2.0  1916   0.0    0.0      0.0
  MONTH TO DATE    0.0                       0.7   -0.7      0.4
  SINCE SEP 1      0.0                       0.7   -0.7      0.4
  SINCE JUL 1      T                         0.7   -0.7      0.4
  SNOW DEPTH       0

DEGREE DAYS
 HEATING
  YESTERDAY       11                        21    -10       22
  MONTH TO DATE  319                       401    -82      386
  SINCE SEP 1    449                       574   -125      452
  SINCE JUL 1    467                       605   -138      486

 COOLING
  YESTERDAY        0                         0      0        0
  MONTH TO DATE    0                         0      0        3
  SINCE SEP 1     59                        60     -1      133
  SINCE JAN 1    610                       685    -75      787
..................................................................


WIND (MPH)
  HIGHEST WIND SPEED    12   HIGHEST WIND DIRECTION    NE (30)
  HIGHEST GUST SPEED    13   HIGHEST GUST DIRECTION    NE (30)
  AVERAGE WIND SPEED     3.5


SKY COVER
  POSSIBLE SUNSHINE  MM
  AVERAGE SKY COVER 0.1


WEATHER CONDITIONS
 THE FOLLOWING WEATHER WAS RECORDED YESTERDAY.
  HAZE


RELATIVE HUMIDITY (PERCENT)
 HIGHEST    89           400 AM
 LOWEST     24           200 PM
 AVERAGE    57

..........................................................


THE SIOUX FALLS SD CLIMATE NORMALS FOR TODAY
                         NORMAL    RECORD    YEAR
 MAXIMUM TEMPERATURE (F)   55        83      1955
                                             1927
 MINIMUM TEMPERATURE (F)   32        10      1936


SUNRISE AND SUNSET
OCTOBER 26 2014.......SUNRISE   755 AM CDT   SUNSET   626 PM CDT
OCTOBER 27 2014.......SUNRISE   756 AM CDT   SUNSET   625 PM CDT


-  INDICATES NEGATIVE NUMBERS.
R  INDICATES RECORD WAS SET OR TIED.
MM INDICATES DATA IS MISSING.
T  INDICATES TRACE AMOUNT.




$$





094
CDUS43 KFSD 260647
CLIHON


CLIMATE REPORT
NATIONAL WEATHER SERVICE SIOUX FALLS SD
145 AM CDT SUN OCT 26 2014


...................................

...THE HURON SD CLIMATE SUMMARY FOR OCTOBER 25 2014...

CLIMATE NORMAL PERIOD 1981 TO 2010
CLIMATE RECORD PERIOD 1881 TO 2014


WEATHER ITEM   OBSERVED TIME   RECORD YEAR NORMAL DEPARTURE LAST
                VALUE   (LST)  VALUE       VALUE  FROM      YEAR
                                                  NORMAL
..................................................................
TEMPERATURE (F)
 YESTERDAY
  MAXIMUM         68    344 PM  82    1989  56     12       66
                                      1940
                                      1927
  MINIMUM         40    724 AM   5    1887  32      8       26
  AVERAGE         54                        44     10       46

PRECIPITATION (IN)
  YESTERDAY        0.00          0.59 2010   0.05  -0.05     0.00
  MONTH TO DATE    0.14                      1.52  -1.38     5.24
  SINCE SEP 1      1.24                      3.98  -2.74     6.65
  SINCE JAN 1     14.80                     21.24  -6.44    23.85

SNOWFALL (IN)
  YESTERDAY        0.0           1.1  1919   0.0    0.0      0.0
  MONTH TO DATE    0.0                       0.6   -0.6      0.6
  SINCE SEP 1      0.0                       0.6   -0.6      0.6
  SINCE JUL 1      0.0                       0.6   -0.6      0.6
  SNOW DEPTH       0

DEGREE DAYS
 HEATING
  YESTERDAY       11                        21    -10       19
  MONTH TO DATE  328                       399    -71      405
  SINCE SEP 1    467                       566    -99      458
  SINCE JUL 1    500                       595    -95      480

 COOLING
  YESTERDAY        0                         0      0        0
  MONTH TO DATE    0                         0      0        0
  SINCE SEP 1     74                        69      5      160
  SINCE JAN 1    597                       738   -141      848
..................................................................


WIND (MPH)
  HIGHEST WIND SPEED    10   HIGHEST WIND DIRECTION    SE (130)
  HIGHEST GUST SPEED    13   HIGHEST GUST DIRECTION    SE (130)
  AVERAGE WIND SPEED     5.8


SKY COVER
  POSSIBLE SUNSHINE  MM
  AVERAGE SKY COVER 0.0


WEATHER CONDITIONS
 THE FOLLOWING WEATHER WAS RECORDED YESTERDAY.
  NO SIGNIFICANT WEATHER WAS OBSERVED.


RELATIVE HUMIDITY (PERCENT)
 HIGHEST    85           700 AM
 LOWEST     24           100 PM
 AVERAGE    55

..........................................................


THE HURON SD CLIMATE NORMALS FOR TODAY
                         NORMAL    RECORD    YEAR
 MAXIMUM TEMPERATURE (F)   56        86      1927
 MINIMUM TEMPERATURE (F)   32         2      1919


SUNRISE AND SUNSET
OCTOBER 26 2014.......SUNRISE   802 AM CDT   SUNSET   631 PM CDT
OCTOBER 27 2014.......SUNRISE   803 AM CDT   SUNSET   629 PM CDT


-  INDICATES NEGATIVE NUMBERS.
R  INDICATES RECORD WAS SET OR TIED.
MM INDICATES DATA IS MISSING.
T  INDICATES TRACE AMOUNT.




$$





National Weather Service
Disclaimer
Last Modified: August 31, 2005
Privacy Policy