579
CDUS44 KFWD 240643
CLIDFW

CLIMATE REPORT
NATIONAL WEATHER SERVICE FORT WORTH TX
144 AM CDT THU APR 24 2014

...................................

...THE DALLAS FORT WORTH CLIMATE SUMMARY FOR APRIL 23 2014...

CLIMATE NORMAL PERIOD 1981 TO 2010
CLIMATE RECORD PERIOD 1898 TO 2014


WEATHER ITEM   OBSERVED TIME   RECORD YEAR NORMAL DEPARTURE LAST
                VALUE   (LST)  VALUE       VALUE  FROM      YEAR
                                                  NORMAL
..................................................................
TEMPERATURE (F)
 YESTERDAY
  MAXIMUM         87    208 PM  90    1934  78      9       69
  MINIMUM         60    541 AM  41    2013  57      3       41
                                      1907
  AVERAGE         74                        68      6       55

PRECIPITATION (IN)
  YESTERDAY        0.00          2.31 1953   0.12  -0.12     0.03
  MONTH TO DATE    1.66                      2.17  -0.51     1.98
  SINCE MAR 1      3.11                      5.66  -2.55     4.25
  SINCE JAN 1      3.85                     10.45  -6.60     9.99

SNOWFALL (IN)
  YESTERDAY        0.0           0.0    MM   0.0    0.0      0.0
  MONTH TO DATE    0.0                       0.0    0.0      0.0
  SINCE MAR 1      0.1                       0.2   -0.1      0.0
  SINCE JUL 1      2.9                       1.2    1.7      0.8
  SNOW DEPTH       0

DEGREE DAYS
 HEATING
  YESTERDAY        0                         2     -2       10
  MONTH TO DATE   94                        76     18      119
  SINCE MAR 1    415                       337     78      398
  SINCE JUL 1   2588                      2269    319     1988

 COOLING
  YESTERDAY        9                         4      5        0
  MONTH TO DATE   94                        66     28       63
  SINCE MAR 1    116                        98     18       84
  SINCE JAN 1    116                       105     11       96
..................................................................


WIND (MPH)
  HIGHEST WIND SPEED    24   HIGHEST WIND DIRECTION     S (160)
  HIGHEST GUST SPEED    32   HIGHEST GUST DIRECTION     S (170)
  AVERAGE WIND SPEED    12.5


SKY COVER
  POSSIBLE SUNSHINE  MM
  AVERAGE SKY COVER 0.4


WEATHER CONDITIONS
 THE FOLLOWING WEATHER WAS RECORDED YESTERDAY.
  NO SIGNIFICANT WEATHER WAS OBSERVED.


RELATIVE HUMIDITY (PERCENT)
 HIGHEST    84           300 AM
 LOWEST     37           500 PM
 AVERAGE    61

..........................................................


THE DALLAS FORT WORTH CLIMATE NORMALS FOR TODAY
                         NORMAL    RECORD    YEAR
 MAXIMUM TEMPERATURE (F)   78        91      1984
                                             1950
                                             1901
 MINIMUM TEMPERATURE (F)   57        37      2013


SUNRISE AND SUNSET
APRIL 24 2014.........SUNRISE   648 AM CDT   SUNSET   805 PM CDT
APRIL 25 2014.........SUNRISE   647 AM CDT   SUNSET   806 PM CDT


-  INDICATES NEGATIVE NUMBERS.
R  INDICATES RECORD WAS SET OR TIED.
MM INDICATES DATA IS MISSING.
T  INDICATES TRACE AMOUNT.


$$


58






National Weather Service
Disclaimer
Last Modified: August 31, 2005
Privacy Policy