195
CDAK49 PAFG 220933
CLIFAI

CLIMATE REPORT
NATIONAL WEATHER SERVICE FAIRBANKS AK
1233 AM AKST MON DEC 22 2014

...................................

...THE FAIRBANKS AK CLIMATE SUMMARY FOR DECEMBER 21 2014...

CLIMATE NORMAL PERIOD 1981 TO 2010
CLIMATE RECORD PERIOD 1904 TO 2014


WEATHER ITEM   OBSERVED TIME   RECORD YEAR NORMAL DEPARTURE LAST
                VALUE   (LST)  VALUE       VALUE  FROM      YEAR
                                                  NORMAL
..................................................................
TEMPERATURE (F)
 YESTERDAY
  MAXIMUM         12    326 AM  41    1985   4      8       16
  MINIMUM         -9    203 PM -49    1961 -14      5       -7
  AVERAGE          2                        -5      7        5

PRECIPITATION (IN)
  YESTERDAY        0.00          0.33 1990   0.03  -0.03     0.15
  MONTH TO DATE    0.57                      0.42   0.15     0.49
  SINCE DEC 1      0.57                      0.42   0.15     0.49
  SINCE JAN 1     16.80                     10.59   6.21    10.36

SNOWFALL (IN)
  YESTERDAY        0.0           5.8  1977   0.4   -0.4      3.6
  MONTH TO DATE    8.4                       8.0    0.4      9.1
  SINCE DEC 1      8.4                       8.0    0.4      9.1
  SINCE JUL 1     18.2                      33.8  -15.6     28.1
  SNOW DEPTH       8

DEGREE DAYS
 HEATING
  YESTERDAY       63                        70     -7       60
  MONTH TO DATE 1196                      1434   -238     1337
  SINCE DEC 1   1196                      1434   -238     1337
  SINCE JUL 1   4914                      5565   -651     4874

 COOLING
  YESTERDAY        0                         0      0        0
  MONTH TO DATE    0                         0      0        0
  SINCE DEC 1      0                         0      0        0
  SINCE JAN 1     27                        61    -34      226
..................................................................


WIND (MPH)
  HIGHEST GUST SPEED    12   HIGHEST GUST DIRECTION    NE (30)


SKY COVER
  AVERAGE SKY COVER 0.7


WEATHER CONDITIONS
 THE FOLLOWING WEATHER WAS RECORDED YESTERDAY.
  NO SIGNIFICANT WEATHER WAS OBSERVED.


RELATIVE HUMIDITY (PERCENT)
 HIGHEST    83
 LOWEST     68
 AVERAGE    76

..........................................................


THE FAIRBANKS AK CLIMATE NORMALS FOR TODAY
                         NORMAL    RECORD    YEAR
 MAXIMUM TEMPERATURE (F)    4        45      1999
 MINIMUM TEMPERATURE (F)  -14       -51      1961


SUNRISE AND SUNSET
DECEMBER 22 2014..........SUNRISE  1100 AM AKST   SUNSET  242 PM AKST
DECEMBER 23 2014..........SUNRISE  1100 AM AKST   SUNSET  243 PM AKST


-  INDICATES NEGATIVE NUMBERS.
R  INDICATES RECORD WAS SET OR TIED.
MM INDICATES DATA IS MISSING.
T  INDICATES TRACE AMOUNT.

&&

SNOW DEPTH IS MEASURED AT 3AM AKST/4AM AKDT

----------------------------
AVAILABLE DAYLIGHT

AMOUNT OF DAYLIGHT TODAY  (HOUR:MIN)........3:42
GAIN SINCE YESTERDAY........................0 MINUTES
----------------------------

$$
RF DEC 14



National Weather Service
Disclaimer
Last Modified: August 31, 2005
Privacy Policy