894
CDAK48 PAFC 011256
CLIANC

CLIMATE REPORT
NATIONAL WEATHER SERVICE ANCHORAGE, AK
456 AM AKDT MON SEP 1 2014


...................................

...THE ANCHORAGE AK CLIMATE SUMMARY FOR AUGUST 31 2014...

CLIMATE NORMAL PERIOD 1981 TO 2010
CLIMATE RECORD PERIOD 1915 TO 2014


WEATHER ITEM   OBSERVED RECORD YEAR NORMAL DEPARTURE LAST
                VALUE   VALUE       VALUE  FROM      YEAR
                                           NORMAL
...........................................................
TEMPERATURE (F)
 YESTERDAY
  MAXIMUM         61     74    1930  61      0       58
  MINIMUM         42     31    1984  47     -5       52
  AVERAGE         52                 54     -2       55

PRECIPITATION (IN)
  YESTERDAY        0.00   2.51 1997   0.11  -0.11
  MONTH TO DATE    2.52               3.25  -0.73
  SINCE JUN 1      9.08               6.05   3.03
  SINCE JAN 1     12.31               9.29   3.02

SNOWFALL (IN)
  YESTERDAY        0.0    0.0    MM   0.0    0.0
  MONTH TO DATE    0.0                0.0    0.0
  SINCE JUN 1      0.0                0.0    0.0
  SINCE JUL 1      0.0                0.0    0.0
  SNOW DEPTH       0

DEGREE DAYS
 HEATING
  YESTERDAY       13                         2
  MONTH TO DATE  195                       -60
  SINCE JUN 1    677                       -66
  SINCE JUL 1    349                      -101

 COOLING
  YESTERDAY        0                         0
  MONTH TO DATE    0                         0
  SINCE JUN 1      3                         1
  SINCE JAN 1      3                         1
...........................................................


WIND (MPH)
  HIGHEST WIND SPEED     8   HIGHEST WIND DIRECTION     W (260)
  HIGHEST GUST SPEED    MM   HIGHEST GUST DIRECTION    MM
  AVERAGE WIND SPEED     4.2




RELATIVE HUMIDITY (PERCENT)
 HIGHEST    92
 LOWEST     36
 AVERAGE    64

..........................................................


THE ANCHORAGE AK CLIMATE NORMALS FOR TODAY
                         NORMAL    RECORD    YEAR
 MAXIMUM TEMPERATURE (F)   60        71      1978
 MINIMUM TEMPERATURE (F)   46        32      1924
                                             1922
                                             1919


SUNRISE AND SUNSET
SEPTEMBER  1 2014.....SUNRISE   652 AM AKDT  SUNSET   906 PM AKDT
SEPTEMBER  2 2014.....SUNRISE   655 AM AKDT  SUNSET   903 PM AKDT

CIVIL TWILIGHT
SEPTEMBER 1 2014        START   606 AM AKDT     END   953 PM AKDT
SEPTEMBER 2 2014        START   609 AM AKDT     END   949 PM AKDT



-  INDICATES NEGATIVE NUMBERS.
R  INDICATES RECORD WAS SET OR TIED.
MM INDICATES DATA IS MISSING.
T  INDICATES TRACE AMOUNT.




$$
&&
------------------------------------------------------
AMOUNT OF DAYLIGHT TODAY  (HOUR:MIN)........14:13
GAIN/LOSS SINCE YESTERDAY (HOUR:MIN:SEC)....-0:05:38



National Weather Service
Disclaimer
Last Modified: August 31, 2005
Privacy Policy