586
CDUS43 KEAX 251251
CLIDMO


CLIMATE REPORT
NATIONAL WEATHER SERVICE KANSAS CITY/PLEASANT HILL MO
750 AM CDT FRI JUL 25 2014


...................................

...THE SEDALIA MO CLIMATE SUMMARY FOR JULY 25 2014...
VALID AS OF 0700 AM LOCAL TIME.

CLIMATE NORMAL PERIOD 1981 TO 2010
CLIMATE RECORD PERIOD 9999 TO 9999


WEATHER ITEM   OBSERVED TIME   NORMAL DEPARTURE LAST
                VALUE   (LST)  VALUE  FROM      YEAR
                                      NORMAL
......................................................
TEMPERATURE (F)
 TODAY
  MAXIMUM         69    559 AM  90    -21       87
  MINIMUM         64    222 AM  69     -5       61
  AVERAGE         67            79    -12       74

PRECIPITATION (IN)
  TODAY            0.00          0.12  -0.12      T
  MONTH TO DATE    0.54          3.61  -3.07     0.94
  SINCE JUN 1      6.65          8.70  -2.05     3.35
  SINCE JAN 1     18.02         23.85  -5.83    26.35

DEGREE DAYS
 HEATING
  TODAY            0             0      0        0
  MONTH TO DATE    0             0      0        0
  SINCE JUN 1      0             6     -6        9
  SINCE JUL 1      0             0      0        0

 COOLING
  TODAY            2            14    -12        9
  MONTH TO DATE  226           347   -121      336
  SINCE JUN 1    538           651   -113      643
  SINCE JAN 1    733           790    -57      791
......................................................


WIND (MPH)
  HIGHEST WIND SPEED    14   HIGHEST WIND DIRECTION     S (180)
  HIGHEST GUST SPEED    18   HIGHEST GUST DIRECTION     S (170)
  AVERAGE WIND SPEED     8.7


SKY COVER
  AVERAGE SKY COVER 0.0


WEATHER CONDITIONS
 THE FOLLOWING WEATHER WAS RECORDED TODAY.
  NO SIGNIFICANT WEATHER WAS OBSERVED.


RELATIVE HUMIDITY (PERCENT)
 HIGHEST    78          1200 AM
 LOWEST     66           600 AM
 AVERAGE    72

..........................................................


THE SEDALIA MO CLIMATE NORMALS FOR TOMORROW
                         NORMAL
 MAXIMUM TEMPERATURE (F)   90
 MINIMUM TEMPERATURE (F)   69


SUNRISE AND SUNSET
JULY 25 2014..........SUNRISE   608 AM CDT   SUNSET   830 PM CDT
JULY 26 2014..........SUNRISE   609 AM CDT   SUNSET   829 PM CDT


-  INDICATES NEGATIVE NUMBERS.
R  INDICATES RECORD WAS SET OR TIED.
MM INDICATES DATA IS MISSING.
T  INDICATES TRACE AMOUNT.




$$




585
CDUS43 KEAX 251251
CLIIRK


CLIMATE REPORT
NATIONAL WEATHER SERVICE KANSAS CITY/PLEASANT HILL MO
750 AM CDT FRI JUL 25 2014


...................................

...THE KIRKSVILLE MO CLIMATE SUMMARY FOR JULY 25 2014...
VALID AS OF 0700 AM LOCAL TIME.

CLIMATE NORMAL PERIOD 1981 TO 2010
CLIMATE RECORD PERIOD 9999 TO 9999


WEATHER ITEM   OBSERVED TIME   NORMAL DEPARTURE LAST
                VALUE   (LST)  VALUE  FROM      YEAR
                                      NORMAL
......................................................
TEMPERATURE (F)
 TODAY
  MAXIMUM         65    553 AM  86    -21       86
  MINIMUM         63    421 AM  65     -2       54
  AVERAGE         64            76    -12       70

PRECIPITATION (IN)
  TODAY            0.00          0.17  -0.17     0.00
  MONTH TO DATE    2.70          3.70  -1.00     0.63
  SINCE JUN 1     10.12          8.48   1.64     4.07
  SINCE JAN 1     19.22         22.63  -3.41    28.54

DEGREE DAYS
 HEATING
  TODAY            1             0      1        0
  MONTH TO DATE    7             0      7        0
  SINCE JUN 1     13            16     -3       36
  SINCE JUL 1      7             0      7        0

 COOLING
  TODAY            0            11    -11        5
  MONTH TO DATE  149           250   -101      239
  SINCE JUN 1    396           442    -46      446
  SINCE JAN 1    518           504     14      514
......................................................


WIND (MPH)
  HIGHEST WIND SPEED    14   HIGHEST WIND DIRECTION    SE (130)
  HIGHEST GUST SPEED    19   HIGHEST GUST DIRECTION     S (160)
  AVERAGE WIND SPEED    10.5


SKY COVER
  AVERAGE SKY COVER 0.2


WEATHER CONDITIONS
 THE FOLLOWING WEATHER WAS RECORDED TODAY.
  NO SIGNIFICANT WEATHER WAS OBSERVED.


RELATIVE HUMIDITY (PERCENT)
 HIGHEST    84          1200 AM
 LOWEST     73           200 AM
 AVERAGE    79

..........................................................


THE KIRKSVILLE MO CLIMATE NORMALS FOR TOMORROW
                         NORMAL
 MAXIMUM TEMPERATURE (F)   86
 MINIMUM TEMPERATURE (F)   65


SUNRISE AND SUNSET
JULY 25 2014..........SUNRISE   602 AM CDT   SUNSET   831 PM CDT
JULY 26 2014..........SUNRISE   603 AM CDT   SUNSET   830 PM CDT


-  INDICATES NEGATIVE NUMBERS.
R  INDICATES RECORD WAS SET OR TIED.
MM INDICATES DATA IS MISSING.
T  INDICATES TRACE AMOUNT.




$$




National Weather Service
Disclaimer
Last Modified: August 31, 2005
Privacy Policy