692
CDUS44 KOHX 231501
CLIBNA

CLIMATE REPORT
NATIONAL WEATHER SERVICE NASHVILLE TN
1001 AM CDT SAT AUG 23 2014


...................................

...THE NASHVILLE CLIMATE SUMMARY FOR AUGUST 22 2014...

CLIMATE NORMAL PERIOD 1981 TO 2010
CLIMATE RECORD PERIOD 1871 TO 2014


WEATHER ITEM   OBSERVED TIME   RECORD YEAR NORMAL DEPARTURE LAST
                VALUE   (LST)  VALUE       VALUE  FROM      YEAR
                                                  NORMAL
..................................................................
TEMPERATURE (F)
 YESTERDAY
  MAXIMUM         94    317 PM 102    2007  89      5       92
  MINIMUM         73    452 AM  53    1956  68      5       69
  AVERAGE         84                        78      6       81

PRECIPITATION (IN)
  YESTERDAY        0.00          2.24 1877   0.10  -0.10     0.00
  MONTH TO DATE    3.59                      2.30   1.29     1.62
  SINCE JUN 1     11.70                     10.08   1.62    12.70
  SINCE JAN 1     33.52                     31.38   2.14    37.14

SNOWFALL (IN)
  YESTERDAY        0.0           0.0  2002   0.0    0.0      0.0
                                      2001
                                      2000
  MONTH TO DATE    0.0                       0.0    0.0      0.0
  SINCE JUN 1      0.0                       0.0    0.0      0.0
  SINCE JUL 1      0.0                       0.0    0.0      0.0
  SNOW DEPTH       0

DEGREE DAYS
 HEATING
  YESTERDAY        0                         0      0        0
  MONTH TO DATE    0                         0      0        0
  SINCE JUN 1      0                         3     -3        0
  SINCE JUL 1      0                         0      0        0

 COOLING
  YESTERDAY       19                        13      6       16
  MONTH TO DATE  310                       307      3      263
  SINCE JUN 1   1075                      1077     -2     1039
  SINCE JAN 1   1339                      1256     83     1246
..................................................................


WIND (MPH)
  HIGHEST WIND SPEED    14   HIGHEST WIND DIRECTION     W (260)
  HIGHEST GUST SPEED    17   HIGHEST GUST DIRECTION     W (270)
  AVERAGE WIND SPEED     3.6


SKY COVER
  POSSIBLE SUNSHINE  MM
  AVERAGE SKY COVER 0.5


WEATHER CONDITIONS
 THE FOLLOWING WEATHER WAS RECORDED YESTERDAY.
  NO SIGNIFICANT WEATHER WAS OBSERVED.


RELATIVE HUMIDITY (PERCENT)
 HIGHEST    94
 LOWEST     52
 AVERAGE    73

..........................................................
LOW SINCE MIDNIGHT........................................75
PRECIPITATION SINCE MIDNIGHT..............................0.00
..........................................................

NATIONAL TEMPERATURE EXTREMES.............................

THE HIGH ON FRIDAY WAS 112 DEGREES AT DEATH VALLEY CA

THE LOW ON SATURDAY MORNING WAS 24 DEGREES AT LEADVILLE CO

..........................................................


THE NASHVILLE CLIMATE NORMALS FOR TODAY
                         NORMAL    RECORD    YEAR
 MAXIMUM TEMPERATURE (F)   89       103      2007
 MINIMUM TEMPERATURE (F)   68        54      1956


SUNRISE AND SUNSET
AUGUST 23 2014........SUNRISE   611 AM CDT   SUNSET   727 PM CDT
AUGUST 24 2014........SUNRISE   612 AM CDT   SUNSET   725 PM CDT


-  INDICATES NEGATIVE NUMBERS.
R  INDICATES RECORD WAS SET OR TIED.
MM INDICATES DATA IS MISSING.
T  INDICATES TRACE AMOUNT.




$$











National Weather Service
Disclaimer
Last Modified: August 31, 2005
Privacy Policy