204
CDUS45 KRIW 250753
CLICPR


CLIMATE REPORT
NATIONAL WEATHER SERVICE RIVERTON WY
146 AM MDT SAT OCT 25 2014


...................................

...THE CASPER WY CLIMATE SUMMARY FOR OCTOBER 24 2014...

CLIMATE NORMAL PERIOD 1981 TO 2010
CLIMATE RECORD PERIOD 1939 TO 2014


WEATHER ITEM   OBSERVED TIME   RECORD YEAR NORMAL DEPARTURE LAST
                VALUE   (LST)  VALUE       VALUE  FROM      YEAR
                                                  NORMAL
..................................................................
TEMPERATURE (F)
 YESTERDAY
  MAXIMUM         75    312 PM  77    1992  56     19       57
  MINIMUM         40   1159 PM  13    2001  29     11       23
  AVERAGE         58                        43     15       40

PRECIPITATION (IN)
  YESTERDAY        0.00          0.28 1957   0.03  -0.03     0.00
  MONTH TO DATE    1.05                      0.88   0.17     3.03
  SINCE SEP 1      1.69                      1.96  -0.27     4.50
  SINCE JAN 1     10.07                     11.04  -0.97    13.70

SNOWFALL (IN)
  YESTERDAY        0.0                       0.2   -0.2      0.0
  MONTH TO DATE    3.2                       5.3   -2.1     16.4
  SINCE SEP 1      4.2                       7.1   -2.9     21.2
  SINCE JUL 1      4.2                       7.1   -2.9     21.2
  SNOW DEPTH       0

DEGREE DAYS
 HEATING
  YESTERDAY        7                        22    -15       25
  MONTH TO DATE  318                       449   -131      560
  SINCE SEP 1    508                       688   -180      727
  SINCE JUL 1    555                       734   -179      727

 COOLING
  YESTERDAY        0                         0      0        0
  MONTH TO DATE    0                         0      0        0
  SINCE SEP 1     29                        25      4       80
  SINCE JAN 1    357                       422    -65      618
..................................................................


WIND (MPH)
  HIGHEST WIND SPEED    31   HIGHEST WIND DIRECTION    SW (240)
  HIGHEST GUST SPEED    40   HIGHEST GUST DIRECTION    SW (230)
  AVERAGE WIND SPEED    15.6


SKY COVER
  POSSIBLE SUNSHINE  MM
  AVERAGE SKY COVER 0.0


WEATHER CONDITIONS
 THE FOLLOWING WEATHER WAS RECORDED YESTERDAY.
  NO SIGNIFICANT WEATHER WAS OBSERVED.


RELATIVE HUMIDITY (PERCENT)
 HIGHEST    55          1100 PM
 LOWEST     12           300 PM
 AVERAGE    34

..........................................................


THE CASPER WY CLIMATE NORMALS FOR TODAY
                         NORMAL    RECORD    YEAR
 MAXIMUM TEMPERATURE (F)   56        72      2007
                                             1990
                                             1977
 MINIMUM TEMPERATURE (F)   29        13      1997


SUNRISE AND SUNSET
OCTOBER 25 2014.......SUNRISE   732 AM MDT   SUNSET   608 PM MDT
OCTOBER 26 2014.......SUNRISE   733 AM MDT   SUNSET   606 PM MDT


-  INDICATES NEGATIVE NUMBERS.
R  INDICATES RECORD WAS SET OR TIED.
MM INDICATES DATA IS MISSING.
T  INDICATES TRACE AMOUNT.




$$





211
CDUS45 KRIW 250753
CLILND


CLIMATE REPORT
NATIONAL WEATHER SERVICE RIVERTON WY
146 AM MDT SAT OCT 25 2014


...................................

...THE LANDER WY CLIMATE SUMMARY FOR OCTOBER 24 2014...

CLIMATE NORMAL PERIOD 1981 TO 2010
CLIMATE RECORD PERIOD 1891 TO 2014


WEATHER ITEM   OBSERVED TIME   RECORD YEAR NORMAL DEPARTURE LAST
                VALUE   (LST)  VALUE       VALUE  FROM      YEAR
                                                  NORMAL
..................................................................
TEMPERATURE (F)
 YESTERDAY
  MAXIMUM         75R   308 PM  74    1965  55     20       57
                                      1937
  MINIMUM         43    835 AM   3    1916  30     13       32
  AVERAGE         59                        43     16       45

PRECIPITATION (IN)
  YESTERDAY        0.00          1.04 1923   0.04  -0.04     0.00
  MONTH TO DATE    0.50                      1.03  -0.53     2.28
  SINCE SEP 1      2.29                      2.08   0.21     6.06
  SINCE JAN 1      9.31                     10.96  -1.65    13.92

SNOWFALL (IN)
  YESTERDAY        0.0                       0.4   -0.4      0.0
  MONTH TO DATE    T                         7.2   -7.2     14.9
  SINCE SEP 1      T                         9.9   -9.9     19.0
  SINCE JUL 1      T                         9.9   -9.9     19.0
  SNOW DEPTH       0

DEGREE DAYS
 HEATING
  YESTERDAY        6                        22    -16       20
  MONTH TO DATE  300                       433   -133      568
  SINCE SEP 1    453                       652   -199      760
  SINCE JUL 1    497                       692   -195      760

 COOLING
  YESTERDAY        0                         0      0        0
  MONTH TO DATE    0                         0      0        0
  SINCE SEP 1     39                        27     12       65
  SINCE JAN 1    445                       472    -27      743
..................................................................


WIND (MPH)
  HIGHEST WIND SPEED    18   HIGHEST WIND DIRECTION     W (270)
  HIGHEST GUST SPEED    24   HIGHEST GUST DIRECTION    SW (220)
  AVERAGE WIND SPEED     5.0


SKY COVER
  POSSIBLE SUNSHINE  MM
  AVERAGE SKY COVER 0.0


WEATHER CONDITIONS
 THE FOLLOWING WEATHER WAS RECORDED YESTERDAY.
  NO SIGNIFICANT WEATHER WAS OBSERVED.


RELATIVE HUMIDITY (PERCENT)
 HIGHEST    42           300 AM
 LOWEST     13           300 PM
 AVERAGE    28

..........................................................


THE LANDER WY CLIMATE NORMALS FOR TODAY
                         NORMAL    RECORD    YEAR
 MAXIMUM TEMPERATURE (F)   55        73      1922
 MINIMUM TEMPERATURE (F)   30         4      1919


SUNRISE AND SUNSET
OCTOBER 25 2014.......SUNRISE   740 AM MDT   SUNSET   617 PM MDT
OCTOBER 26 2014.......SUNRISE   742 AM MDT   SUNSET   615 PM MDT


-  INDICATES NEGATIVE NUMBERS.
R  INDICATES RECORD WAS SET OR TIED.
MM INDICATES DATA IS MISSING.
T  INDICATES TRACE AMOUNT.




$$





212
CDUS45 KRIW 250753
CLIWRL


CLIMATE REPORT
NATIONAL WEATHER SERVICE RIVERTON WY
146 AM MDT SAT OCT 25 2014


...................................

...THE WORLAND WY CLIMATE SUMMARY FOR OCTOBER 24 2014...

CLIMATE NORMAL PERIOD 1981 TO 2010
CLIMATE RECORD PERIOD 1947 TO 2014


WEATHER ITEM   OBSERVED TIME   RECORD YEAR NORMAL DEPARTURE LAST
                VALUE   (LST)  VALUE       VALUE  FROM      YEAR
                                                  NORMAL
..................................................................
TEMPERATURE (F)
 YESTERDAY
  MAXIMUM         77    425 PM  83    1992  57     20       59
  MINIMUM         33    603 AM  19    1976  28      5       31
  AVERAGE         55                        42     13       45

PRECIPITATION (IN)
  YESTERDAY        0.00          0.24 1981   0.01  -0.01     0.00
  MONTH TO DATE    0.27                      0.59  -0.32     1.65
  SINCE SEP 1      1.40                      1.44  -0.04     4.28
  SINCE JAN 1      6.99                      6.89   0.10     7.49

DEGREE DAYS
 HEATING
  YESTERDAY       10                        23    -13       20
  MONTH TO DATE  302                       435   -133      534
  SINCE SEP 1    480                       656   -176      680
  SINCE JUL 1    514                       692   -178      680

 COOLING
  YESTERDAY        0                         0      0        0
  MONTH TO DATE    0                         0      0        0
  SINCE SEP 1     34                        29      5       91
  SINCE JAN 1    543                       535      8      852
..................................................................


WIND (MPH)
  HIGHEST WIND SPEED     9   HIGHEST WIND DIRECTION    SE (120)
  HIGHEST GUST SPEED    13   HIGHEST GUST DIRECTION     N (360)
  AVERAGE WIND SPEED     3.2


SKY COVER
  POSSIBLE SUNSHINE  MM
  AVERAGE SKY COVER 0.0


WEATHER CONDITIONS
 THE FOLLOWING WEATHER WAS RECORDED YESTERDAY.
  LIGHT SNOW
  HAZE


RELATIVE HUMIDITY (PERCENT)
 HIGHEST    70          1100 PM
 LOWEST     16           400 PM
 AVERAGE    43

..........................................................


THE WORLAND WY CLIMATE NORMALS FOR TODAY
                         NORMAL    RECORD    YEAR
 MAXIMUM TEMPERATURE (F)   57        79      1979
 MINIMUM TEMPERATURE (F)   27        16      2001


SUNRISE AND SUNSET
OCTOBER 25 2014.......SUNRISE   739 AM MDT   SUNSET   612 PM MDT
OCTOBER 26 2014.......SUNRISE   740 AM MDT   SUNSET   610 PM MDT


-  INDICATES NEGATIVE NUMBERS.
R  INDICATES RECORD WAS SET OR TIED.
MM INDICATES DATA IS MISSING.
T  INDICATES TRACE AMOUNT.




$$





208
CDUS45 KRIW 250753
CLIBYG


CLIMATE REPORT
NATIONAL WEATHER SERVICE RIVERTON WY
146 AM MDT SAT OCT 25 2014


...................................

...THE BUFFALO WY CLIMATE SUMMARY FOR OCTOBER 24 2014...

CLIMATE NORMAL PERIOD 1981 TO 2010
CLIMATE RECORD PERIOD 1998 TO 2014


WEATHER ITEM   OBSERVED TIME   RECORD YEAR NORMAL DEPARTURE LAST
                VALUE   (LST)  VALUE       VALUE  FROM      YEAR
                                                  NORMAL
..................................................................
TEMPERATURE (F)
 YESTERDAY
  MAXIMUM         68    212 PM  77    2007  55     13       56
  MINIMUM         37   1121 PM  22    2012  32      5       32
  AVERAGE         53                        44      9       44

PRECIPITATION (IN)
  YESTERDAY        0.00          0.09 2009   0.02  -0.02     0.00
  MONTH TO DATE    0.20                      0.84  -0.64     1.95
  SINCE SEP 1      1.30                      2.15  -0.85     5.29
  SINCE JAN 1     11.51                     12.42  -0.91     9.71

DEGREE DAYS
 HEATING
  YESTERDAY       12                        21     -9       21
  MONTH TO DATE  282                       432   -150      517
  SINCE SEP 1    520                       681   -161      668
  SINCE JUL 1    579                       746   -167      669

 COOLING
  YESTERDAY        0                         0      0        0
  MONTH TO DATE    2                         0      2        0
  SINCE SEP 1     53                        45      8       95
  SINCE JAN 1    387                       491   -104      709
..................................................................


WIND (MPH)
  HIGHEST WIND SPEED    15   HIGHEST WIND DIRECTION     N (340)
  HIGHEST GUST SPEED    24   HIGHEST GUST DIRECTION     N (340)
  AVERAGE WIND SPEED     5.7


SKY COVER
  POSSIBLE SUNSHINE  MM
  AVERAGE SKY COVER 0.1


WEATHER CONDITIONS
 THE FOLLOWING WEATHER WAS RECORDED YESTERDAY.
  NO SIGNIFICANT WEATHER WAS OBSERVED.


RELATIVE HUMIDITY (PERCENT)
 HIGHEST    62           900 PM
 LOWEST     22           100 PM
 AVERAGE    42

..........................................................


THE BUFFALO WY CLIMATE NORMALS FOR TODAY
                         NORMAL    RECORD    YEAR
 MAXIMUM TEMPERATURE (F)   55        74      2007
 MINIMUM TEMPERATURE (F)   32        21      2012
                                             2001


SUNRISE AND SUNSET
OCTOBER 25 2014.......SUNRISE   735 AM MDT   SUNSET   606 PM MDT
OCTOBER 26 2014.......SUNRISE   736 AM MDT   SUNSET   605 PM MDT


-  INDICATES NEGATIVE NUMBERS.
R  INDICATES RECORD WAS SET OR TIED.
MM INDICATES DATA IS MISSING.
T  INDICATES TRACE AMOUNT.




$$





National Weather Service
Disclaimer
Last Modified: August 31, 2005
Privacy Policy