768
CDUS44 KOHX 160052
CLIBNA

CLIMATE REPORT
NATIONAL WEATHER SERVICE NASHVILLE TN
751 PM CDT MON SEP 15 2014


...................................

...THE NASHVILLE CLIMATE SUMMARY FOR SEPTEMBER 15 2014...
VALID TODAY AS OF 0700 PM LOCAL TIME.

CLIMATE NORMAL PERIOD 1981 TO 2010
CLIMATE RECORD PERIOD 1871 TO 2014


WEATHER ITEM   OBSERVED TIME   RECORD YEAR NORMAL DEPARTURE
                VALUE   (LST)  VALUE       VALUE  FROM
                                                  NORMAL
...............................................................
TEMPERATURE (F)
 TODAY
  MAXIMUM         79   1212 PM  98    1927  83     -4
  MINIMUM         55    435 AM  44    1902  61     -6
  AVERAGE         67                        72     -5

PRECIPITATION (IN)
  TODAY            T             4.21 1881   0.12  -0.12
  MONTH TO DATE    0.21                      1.64  -1.43
  SINCE SEP 1      0.21                      1.64  -1.43
  SINCE JAN 1     35.61                     33.89   1.72

SNOWFALL (IN)
  TODAY            0.0           0.0  2002   0.0    0.0
                                      2001
                                      2000
  MONTH TO DATE    0.0                       0.0    0.0
  SINCE SEP 1      0.0                       0.0    0.0
  SINCE JUL 1      0.0                       0.0    0.0
  SNOW DEPTH       0

DEGREE DAYS
 HEATING
  TODAY            0                                0
  MONTH TO DATE    2                                2
  SINCE SEP 1      2                                2
  SINCE JUL 1      2                                2

 COOLING
  TODAY            2                               -5
  MONTH TO DATE  164                               21
  SINCE SEP 1    164                               21
  SINCE JAN 1   1653                              136
...............................................................


WIND (MPH)
  HIGHEST WIND SPEED     8   HIGHEST WIND DIRECTION    NW (330)
  HIGHEST GUST SPEED    17   HIGHEST GUST DIRECTION    SE (140)
  AVERAGE WIND SPEED     1.2




RELATIVE HUMIDITY (PERCENT)
 HIGHEST    93
 LOWEST     60
 AVERAGE    77

..........................................................


THE NASHVILLE CLIMATE NORMALS FOR TOMORROW
                         NORMAL    RECORD    YEAR
 MAXIMUM TEMPERATURE (F)   82        98      1927
 MINIMUM TEMPERATURE (F)   61        43      1961


SUNRISE AND SUNSET
SEPTEMBER 15 2014.....SUNRISE   629 AM CDT   SUNSET   654 PM CDT
SEPTEMBER 16 2014.....SUNRISE   630 AM CDT   SUNSET   653 PM CDT


-  INDICATES NEGATIVE NUMBERS.
R  INDICATES RECORD WAS SET OR TIED.
MM INDICATES DATA IS MISSING.
T  INDICATES TRACE AMOUNT.




$$







National Weather Service
Disclaimer
Last Modified: August 31, 2005
Privacy Policy