253
CDUS45 KMSO 220738
CLIGPI


CLIMATE REPORT
NATIONAL WEATHER SERVICE MISSOULA, MT
137 AM MDT WED OCT 22 2014


...................................

...THE KALISPELL MT CLIMATE SUMMARY FOR OCTOBER 21 2014...

CLIMATE NORMAL PERIOD 1981 TO 2010
CLIMATE RECORD PERIOD 1894 TO 2014


WEATHER ITEM   OBSERVED TIME   RECORD YEAR NORMAL DEPARTURE LAST
                VALUE   (LST)  VALUE       VALUE  FROM      YEAR
                                                  NORMAL
..................................................................
TEMPERATURE (F)
 YESTERDAY
  MAXIMUM         51    501 PM  75    2003  52     -1       59
  MINIMUM         38   1232 AM  12    1981  28     10       24
  AVERAGE         45                        40      5       42

PRECIPITATION (IN)
  YESTERDAY        0.18          0.48 1990   0.03   0.15     0.00
  MONTH TO DATE    0.31                      0.62  -0.31     0.32
  SINCE OCT 1      0.31                      0.62  -0.31     0.32
  SINCE JAN 1     15.79                     13.61   2.18    13.35

SNOWFALL (IN)
  YESTERDAY        0.0
  MONTH TO DATE    0.0
  SINCE JAN 1     38.2
  SINCE JUL 1      0.0
  SNOW DEPTH       0

DEGREE DAYS
 HEATING
  YESTERDAY       20                        25     -5       23
  MONTH TO DATE  321                       443   -122      514
  SINCE SEP 1    609                       773   -164      746
  SINCE JUL 1    686                       943   -257      787

 COOLING
  YESTERDAY        0                         0      0        0
  MONTH TO DATE    0                         0      0        0
  SINCE SEP 1      2                         4     -2       29
  SINCE JAN 1    217                       147     70      264
..................................................................


WIND (MPH)
  HIGHEST WIND SPEED    14   HIGHEST WIND DIRECTION     S (180)
  HIGHEST GUST SPEED    24   HIGHEST GUST DIRECTION     S (170)
  AVERAGE WIND SPEED     4.1


SKY COVER
  POSSIBLE SUNSHINE  MM
  AVERAGE SKY COVER 0.9


WEATHER CONDITIONS
 THE FOLLOWING WEATHER WAS RECORDED YESTERDAY.
  RAIN
  LIGHT RAIN
  FOG


RELATIVE HUMIDITY (PERCENT)
 HIGHEST    96           600 AM
 LOWEST     76           900 PM
 AVERAGE    86

..........................................................


THE KALISPELL MT CLIMATE NORMALS FOR TODAY
                         NORMAL    RECORD    YEAR
 MAXIMUM TEMPERATURE (F)   52        70      2003
 MINIMUM TEMPERATURE (F)   28        12      1981


SUNRISE AND SUNSET
OCTOBER 22 2014.......SUNRISE   807 AM MDT   SUNSET   635 PM MDT
OCTOBER 23 2014.......SUNRISE   809 AM MDT   SUNSET   633 PM MDT


-  INDICATES NEGATIVE NUMBERS.
R  INDICATES RECORD WAS SET OR TIED.
MM INDICATES DATA IS MISSING.
T  INDICATES TRACE AMOUNT.




$$





National Weather Service
Disclaimer
Last Modified: August 31, 2005
Privacy Policy