874
CDUS41 KPBZ 021329
CLIZZV


CLIMATE REPORT
NATIONAL WEATHER SERVICE PITTSBURGH PA
929 AM EDT TUE SEP 2 2014


...................................

...THE ZANESVILLE OH CLIMATE SUMMARY FOR SEPTEMBER 2 2014...
VALID AS OF 0900 AM LOCAL TIME.

CLIMATE NORMAL PERIOD 1981 TO 2010
CLIMATE RECORD PERIOD 1946 TO 2014


WEATHER ITEM   OBSERVED TIME   RECORD YEAR NORMAL DEPARTURE LAST
                VALUE   (LST)  VALUE       VALUE  FROM      YEAR
                                                  NORMAL
..................................................................
TEMPERATURE (F)
 TODAY
  MINIMUM         69    603 AM  40    1949  58     11       67

PRECIPITATION (IN)
  TODAY            0.02         MM      MM   0.10  -0.08     0.00
  MONTH TO DATE    0.08                      0.20  -0.12     0.00
  SINCE JUN 1     13.93                     11.26   2.67    17.42
  SINCE JAN 1     28.26                     26.72   1.54    28.01

DEGREE DAYS
 HEATING
  TODAY            0

 COOLING
  TODAY            6
..................................................................







THE ZANESVILLE OH CLIMATE NORMALS FOR TOMORROW
                         NORMAL    RECORD    YEAR
 MAXIMUM TEMPERATURE (F)   81       102      1953
 MINIMUM TEMPERATURE (F)   57        38      1946


SUNRISE AND SUNSET
SEPTEMBER  2 2014.....SUNRISE   656 AM EDT   SUNSET   757 PM EDT
SEPTEMBER  3 2014.....SUNRISE   657 AM EDT   SUNSET   756 PM EDT


-  INDICATES NEGATIVE NUMBERS.
R  INDICATES RECORD WAS SET OR TIED.
MM INDICATES DATA IS MISSING.
T  INDICATES TRACE AMOUNT.




$$




National Weather Service
Disclaimer
Last Modified: August 31, 2005
Privacy Policy