377
CDUS42 KTAE 280637
CLIABY


CLIMATE REPORT
NATIONAL WEATHER SERVICE TALLAHASSEE FL
135 AM EST FRI NOV 28 2014


...................................

...THE ALBANY CLIMATE SUMMARY FOR NOVEMBER 27 2014...

CLIMATE NORMAL PERIOD 1981 TO 2010
CLIMATE RECORD PERIOD 1930 TO 2014


WEATHER ITEM   OBSERVED TIME   RECORD YEAR NORMAL DEPARTURE LAST
                VALUE   (LST)  VALUE       VALUE  FROM      YEAR
                                                  NORMAL
..................................................................
TEMPERATURE (F)
 YESTERDAY
  MAXIMUM         58    220 PM  83    1973  67     -9       50
  MINIMUM         37   1159 PM  22    1950  43     -6       30
  AVERAGE         48                        55     -7       40

PRECIPITATION (IN)
  YESTERDAY        0.00

DEGREE DAYS
 HEATING
  YESTERDAY       17                        10      7       25
  MONTH TO DATE  315                       186    129      192
  SINCE SEP 1    354                       236    118      233
  SINCE JUL 1    354                       236    118      233

 COOLING
  YESTERDAY        0                         0      0        0
  MONTH TO DATE   10                        31    -21       20
  SINCE SEP 1    557                       561     -4      587
  SINCE JAN 1   2490                      2534    -44     2408
..................................................................


WIND (MPH)
  HIGHEST WIND SPEED    21   HIGHEST WIND DIRECTION     N (340)
  HIGHEST GUST SPEED    24   HIGHEST GUST DIRECTION    NW (330)
  AVERAGE WIND SPEED     7.7




RELATIVE HUMIDITY (PERCENT)
 HIGHEST    92
 LOWEST     33
 AVERAGE    63

..........................................................


THE ALBANY CLIMATE NORMALS FOR TODAY
                         NORMAL    RECORD    YEAR
 MAXIMUM TEMPERATURE (F)   67        84      1973
 MINIMUM TEMPERATURE (F)   43        24      1936


SUNRISE AND SUNSET
NOVEMBER 28 2014......SUNRISE   716 AM EST   SUNSET   533 PM EST
NOVEMBER 29 2014......SUNRISE   717 AM EST   SUNSET   533 PM EST


-  INDICATES NEGATIVE NUMBERS.
R  INDICATES RECORD WAS SET OR TIED.
MM INDICATES DATA IS MISSING.
T  INDICATES TRACE AMOUNT.




$$




376
CDUS42 KTAE 280637
CLIAAF


CLIMATE REPORT
NATIONAL WEATHER SERVICE TALLAHASSEE FL
135 AM EST FRI NOV 28 2014


...................................

...THE APALACHICOLA CLIMATE SUMMARY FOR NOVEMBER 27 2014...

CLIMATE NORMAL PERIOD 1981 TO 2010
CLIMATE RECORD PERIOD 1931 TO 2014


WEATHER ITEM   OBSERVED TIME   RECORD YEAR NORMAL DEPARTURE
                VALUE   (LST)  VALUE       VALUE  FROM
                                                  NORMAL
...............................................................
TEMPERATURE (F)
 YESTERDAY
  MAXIMUM         66    309 PM  80    1948  70     -4
  MINIMUM         46   1210 AM  34    1956  48     -2
  AVERAGE         56                        59     -3

PRECIPITATION (IN)
  YESTERDAY        0.00          2.29 1944   0.12  -0.12
  MONTH TO DATE    5.16                      3.14   2.02
  SINCE SEP 1     15.08                     14.07   1.01
  SINCE JAN 1     54.28                     54.01   0.27

DEGREE DAYS
 HEATING
  YESTERDAY        9                                2
  MONTH TO DATE  204                               81
  SINCE SEP 1    207                               57
  SINCE JUL 1    207                               57

 COOLING
  YESTERDAY        0                               -1
  MONTH TO DATE   19                              -33
  SINCE SEP 1    696                               21
  SINCE JAN 1   2676                               75
...............................................................


WIND (MPH)
  HIGHEST WIND SPEED    17   HIGHEST WIND DIRECTION    NW (330)
  HIGHEST GUST SPEED    23   HIGHEST GUST DIRECTION     N (340)
  AVERAGE WIND SPEED     8.5




RELATIVE HUMIDITY (PERCENT)
 HIGHEST    83
 LOWEST     30
 AVERAGE    57

..........................................................


THE APALACHICOLA CLIMATE NORMALS FOR TODAY
                         NORMAL    RECORD    YEAR
 MAXIMUM TEMPERATURE (F)   70        83      1981
 MINIMUM TEMPERATURE (F)   48        29      1938


SUNRISE AND SUNSET
NOVEMBER 28 2014......SUNRISE   715 AM EST   SUNSET   541 PM EST
NOVEMBER 29 2014......SUNRISE   716 AM EST   SUNSET   541 PM EST


-  INDICATES NEGATIVE NUMBERS.
R  INDICATES RECORD WAS SET OR TIED.
MM INDICATES DATA IS MISSING.
T  INDICATES TRACE AMOUNT.




$$




National Weather Service
Disclaimer
Last Modified: August 31, 2005
Privacy Policy