797
CDUS44 KHGX 230735
CLIHOU


CLIMATE REPORT
NATIONAL WEATHER SERVICE HOUSTON/GALVESTON TX
235 AM CDT THU OCT 23 2014


...................................

...THE HOUSTON INTERCONTINENTAL CLIMATE SUMMARY FOR OCTOBER 22 2014...

CLIMATE NORMAL PERIOD 1981 TO 2010
CLIMATE RECORD PERIOD 1892 TO 2014


WEATHER ITEM   OBSERVED TIME   RECORD YEAR NORMAL DEPARTURE LAST
                VALUE   (LST)  VALUE       VALUE  FROM      YEAR
                                                  NORMAL
..................................................................
TEMPERATURE (F)
 YESTERDAY
  MAXIMUM         82    214 PM  91    2004  80      2       76
  MINIMUM         61    526 AM  41    1898  59      2       54
  AVERAGE         72                        70      2       65

PRECIPITATION (IN)
  YESTERDAY        0.00          3.70 2008   0.20  -0.20     0.00
  MONTH TO DATE    2.95                      4.04  -1.09     2.79
  SINCE SEP 1      6.83                      8.16  -1.33     7.88
  SINCE JAN 1     34.72                     40.03  -5.31    29.08

SNOWFALL (IN)
  YESTERDAY        0.0           0.0  2002
                                      2001
  MONTH TO DATE    0.0
  SINCE SEP 1      0.0
  SINCE JUL 1      0.0

DEGREE DAYS
 HEATING
  YESTERDAY        0                         1     -1        0
  MONTH TO DATE    0                        11    -11        8
  SINCE SEP 1      0                        12    -12        8
  SINCE JUL 1      0                        12    -12        8

 COOLING
  YESTERDAY        7                         6      1        0
  MONTH TO DATE  204                       180     24      170
  SINCE SEP 1    678                       623     55      698
  SINCE JAN 1   2954                      3005    -51     3091
..................................................................


WIND (MPH)
  HIGHEST WIND SPEED    14   HIGHEST WIND DIRECTION    NE (50)
  HIGHEST GUST SPEED    18   HIGHEST GUST DIRECTION     E (80)




RELATIVE HUMIDITY (PERCENT)
 HIGHEST   100
 LOWEST     45
 AVERAGE    73

..........................................................


THE HOUSTON INTERCONTINENTAL CLIMATE NORMALS FOR TODAY
                         NORMAL    RECORD    YEAR
 MAXIMUM TEMPERATURE (F)   80        91      1988
 MINIMUM TEMPERATURE (F)   59        40      1996


SUNRISE AND SUNSET
OCTOBER 23 2014.......SUNRISE   729 AM CDT   SUNSET   642 PM CDT
OCTOBER 24 2014.......SUNRISE   729 AM CDT   SUNSET   641 PM CDT


-  INDICATES NEGATIVE NUMBERS.
R  INDICATES RECORD WAS SET OR TIED.
MM INDICATES DATA IS MISSING.
T  INDICATES TRACE AMOUNT.




...................................

...THE HOUSTON/HOBBY AIRPORT CLIMATE SUMMARY FOR OCTOBER 22 2014...

CLIMATE NORMAL PERIOD 1981 TO 2010
CLIMATE RECORD PERIOD 1930 TO 2014


WEATHER ITEM   OBSERVED TIME   RECORD YEAR NORMAL DEPARTURE LAST
                VALUE   (LST)  VALUE       VALUE  FROM      YEAR
                                                  NORMAL
..................................................................
TEMPERATURE (F)
 YESTERDAY
  MAXIMUM         81    312 PM  90    1933  80      1       77
  MINIMUM         64   1119 PM  45    1996  61      3       57
                                      1952
  AVERAGE         73                        71      2       67

PRECIPITATION (IN)
  YESTERDAY        0.00          2.05 1954   0.22  -0.22     0.00
  MONTH TO DATE    2.56                      4.22  -1.66     4.72
  SINCE SEP 1      7.55                      9.43  -1.88    10.67
  SINCE JAN 1     32.08                     44.53 -12.45    33.54

SNOWFALL (IN)
  YESTERDAY        0.0          MM      MM
  MONTH TO DATE    0.0
  SINCE SEP 1      0.0
  SINCE JUL 1      0.0

DEGREE DAYS
 HEATING
  YESTERDAY        0                         1     -1        0
  MONTH TO DATE    0                         7     -7        3
  SINCE SEP 1      0                         7     -7        3
  SINCE JUL 1      0                         7     -7        3

 COOLING
  YESTERDAY        8                         6      2        2
  MONTH TO DATE  233                       193     40      194
  SINCE SEP 1    719                       645     74      740
  SINCE JAN 1   3023                      2986     37     3166
..................................................................


WIND (MPH)
  HIGHEST WIND SPEED    14   HIGHEST WIND DIRECTION    NE (60)
  HIGHEST GUST SPEED    20   HIGHEST GUST DIRECTION    NE (60)




RELATIVE HUMIDITY (PERCENT)
 HIGHEST    93
 LOWEST     45
 AVERAGE    69

..........................................................


THE HOUSTON/HOBBY AIRPORT CLIMATE NORMALS FOR TODAY
                         NORMAL    RECORD    YEAR
 MAXIMUM TEMPERATURE (F)   80        90      2003
 MINIMUM TEMPERATURE (F)   61        37      1937


SUNRISE AND SUNSET
OCTOBER 23 2014.......SUNRISE   728 AM CDT   SUNSET   642 PM CDT
OCTOBER 24 2014.......SUNRISE   729 AM CDT   SUNSET   641 PM CDT


-  INDICATES NEGATIVE NUMBERS.
R  INDICATES RECORD WAS SET OR TIED.
MM INDICATES DATA IS MISSING.
T  INDICATES TRACE AMOUNT.




$$




936
CDUS44 KSHV 230735
CLITXK


CLIMATE REPORT
NATIONAL WEATHER SERVICE SHREVEPORT, LA
234 AM CDT THU OCT 23 2014


...................................

...THE TEXARKANA CLIMATE SUMMARY FOR OCTOBER 22 2014...

CLIMATE NORMAL PERIOD 1981 TO 2010
CLIMATE RECORD PERIOD 1896 TO 2014


WEATHER ITEM   OBSERVED TIME   RECORD YEAR NORMAL DEPARTURE LAST
                VALUE   (LST)  VALUE       VALUE  FROM      YEAR
                                                  NORMAL
..................................................................
TEMPERATURE (F)
 YESTERDAY
  MAXIMUM         76    244 PM  96    1939  74      2       71
  MINIMUM         53    522 AM  32    1898  51      2       53
  AVERAGE         65                        63      2       62

PRECIPITATION (IN)
  YESTERDAY        0.00          2.35 2009   0.17  -0.17     0.00
  MONTH TO DATE    2.45                      3.47  -1.02     2.85
  SINCE DEC 1     35.26                     43.37  -8.11    36.75
  SINCE JAN 1     29.43                     38.32  -8.89    32.29

SNOWFALL (IN)
  YESTERDAY        0.0
  MONTH TO DATE    0.0
  SINCE SEP 1      0.0
  SINCE JUL 1      0.0
  SNOW DEPTH       0

DEGREE DAYS
 HEATING
  YESTERDAY        0                         4     -4        3
  MONTH TO DATE   22                        56    -34       51
  SINCE SEP 1     25                        67    -42       51
  SINCE JUL 1     25                        67    -42       51

 COOLING
  YESTERDAY        0                         2     -2        0
  MONTH TO DATE  110                        80     30       87
  SINCE SEP 1    456                       386     70      524
  SINCE JAN 1   2107                      2174    -67     2339
..................................................................


WIND (MPH)
  HIGHEST WIND SPEED    12   HIGHEST WIND DIRECTION    NE (50)
  HIGHEST GUST SPEED    16   HIGHEST GUST DIRECTION     E (70)
  AVERAGE WIND SPEED     4.4


SKY COVER
  POSSIBLE SUNSHINE  MM
  AVERAGE SKY COVER 0.0


WEATHER CONDITIONS
 THE FOLLOWING WEATHER WAS RECORDED YESTERDAY.
  FOG


RELATIVE HUMIDITY (PERCENT)
 HIGHEST   100           200 AM
 LOWEST     41           200 PM
 AVERAGE    71

..........................................................


THE TEXARKANA CLIMATE NORMALS FOR TODAY
                         NORMAL    RECORD    YEAR
 MAXIMUM TEMPERATURE (F)   74        96      1939
 MINIMUM TEMPERATURE (F)   51        29      1937


SUNRISE AND SUNSET
OCTOBER 23 2014.......SUNRISE   727 AM CDT   SUNSET   633 PM CDT
OCTOBER 24 2014.......SUNRISE   728 AM CDT   SUNSET   632 PM CDT


-  INDICATES NEGATIVE NUMBERS.
R  INDICATES RECORD WAS SET OR TIED.
MM INDICATES DATA IS MISSING.
T  INDICATES TRACE AMOUNT.




$$




National Weather Service
Disclaimer
Last Modified: August 31, 2005
Privacy Policy