318
CDUS45 KSLC 260054
CLISLC


CLIMATE REPORT
NATIONAL WEATHER SERVICE SALT LAKE CITY UT
654 PM MDT SAT OCT 25 2014


...................................

...THE SALT LAKE CITY UT CLIMATE SUMMARY FOR OCTOBER 25 2014...
VALID TODAY AS OF 0500 PM LOCAL TIME.

CLIMATE NORMAL PERIOD 1981 TO 2010
CLIMATE RECORD PERIOD 1874 TO 2014


WEATHER ITEM   OBSERVED TIME   RECORD YEAR NORMAL DEPARTURE LAST
                VALUE   (LST)  VALUE       VALUE  FROM      YEAR
                                                  NORMAL
..................................................................
TEMPERATURE (F)
 TODAY
  MAXIMUM         79R   234 PM  78    1979  61     18       69
  MINIMUM         54    625 AM  19    1932  38     16       41
  AVERAGE         67                        50     17       55

PRECIPITATION (IN)
  TODAY            0.00          0.84 2010   0.05  -0.05     0.00
  MONTH TO DATE    0.01                      1.20  -1.19     0.61
  SINCE OCT 1      0.01                      1.20  -1.19     0.61
  SINCE JAN 1     12.46                     12.92  -0.46     9.22

SNOWFALL (IN)
  TODAY            0.0           1.2  1996   0.1   -0.1      0.0
  MONTH TO DATE    0.0                       0.9   -0.9       T
  SINCE OCT 1      0.0                       0.9   -0.9       T
  SINCE JUL 1      0.0                       0.9   -0.9       T
  SNOW DEPTH       0

DEGREE DAYS
 HEATING
  TODAY            0                        16    -16       10
  MONTH TO DATE  161                       278   -117      309
  SINCE SEP 1    193                       362   -169      364
  SINCE JUL 1    194                       367   -173      364

 COOLING
  TODAY            2                         0      2        0
  MONTH TO DATE    2                         5     -3        0
  SINCE SEP 1    191                       122     69      222
  SINCE JAN 1   1244                      1158     86     1768
..................................................................


WIND (MPH)
  RESULTANT WIND SPEED  16   RESULTANT WIND DIRECTION  SE (150)
  HIGHEST WIND SPEED    29   HIGHEST WIND DIRECTION     S (170)
  HIGHEST GUST SPEED    37   HIGHEST GUST DIRECTION     S (160)
  AVERAGE WIND SPEED    16.4


SKY COVER
  POSSIBLE SUNSHINE  MM
  AVERAGE SKY COVER 0.1


WEATHER CONDITIONS
 THE FOLLOWING WEATHER WAS RECORDED TODAY.
  NO SIGNIFICANT WEATHER WAS OBSERVED.


RELATIVE HUMIDITY (PERCENT)
 HIGHEST    36           100 AM
 LOWEST     18           100 PM
 AVERAGE    27

..........................................................


THE SALT LAKE CITY UT CLIMATE NORMALS FOR TOMORROW
                         NORMAL    RECORD    YEAR
 MAXIMUM TEMPERATURE (F)   60        80      1977
 MINIMUM TEMPERATURE (F)   38        22      1878


SUNRISE AND SUNSET
OCTOBER 25 2014.......SUNRISE   750 AM MDT   SUNSET   633 PM MDT
OCTOBER 26 2014.......SUNRISE   751 AM MDT   SUNSET   632 PM MDT


-  INDICATES NEGATIVE NUMBERS.
R  INDICATES RECORD WAS SET OR TIED.
MM INDICATES DATA IS MISSING.
T  INDICATES TRACE AMOUNT.




$$




319
CDUS45 KSLC 260054
CLIEVW


CLIMATE REPORT
NATIONAL WEATHER SERVICE SALT LAKE CITY UT
654 PM MDT SAT OCT 25 2014


...................................

...THE EVANSTON WY CLIMATE SUMMARY FOR OCTOBER 25 2014...
VALID TODAY AS OF 0500 PM LOCAL TIME.

CLIMATE NORMAL PERIOD 1981 TO 2010
CLIMATE RECORD PERIOD 9999 TO 9999


WEATHER ITEM   OBSERVED TIME   RECORD YEAR NORMAL DEPARTURE LAST
                VALUE   (LST)  VALUE       VALUE  FROM      YEAR
                                                  NORMAL
..................................................................
TEMPERATURE (F)
 TODAY
  MAXIMUM         72    100 PM  MM      MM  51     21       61
  MINIMUM         46    300 AM  MM      MM  29     17       38
  AVERAGE         59                        40     19       50

PRECIPITATION (IN)
  TODAY            0.00         MM      MM   0.04  -0.04     0.00
  MONTH TO DATE    0.10                      0.90  -0.80     0.40
  SINCE OCT 1      0.10                      0.90  -0.80     0.40
  SINCE JAN 1      9.23                     10.24  -1.01     4.46

DEGREE DAYS
 HEATING
  TODAY            6                        25    -19       15
  MONTH TO DATE  362                       497   -135      544
  SINCE SEP 1    550                       791   -241      809
  SINCE JUL 1    670                       894   -224      823

 COOLING
  TODAY            0                         0      0        0
  MONTH TO DATE    0                         0      0        0
  SINCE SEP 1     13                         5      8       26
  SINCE JAN 1    219                       162     57      348
..................................................................


WIND (MPH)
  RESULTANT WIND SPEED  10   RESULTANT WIND DIRECTION   S (200)
  HIGHEST WIND SPEED    33   HIGHEST WIND DIRECTION    SW (210)
  HIGHEST GUST SPEED    48   HIGHEST GUST DIRECTION    SW (210)
  AVERAGE WIND SPEED    12.0


SKY COVER
  POSSIBLE SUNSHINE  MM
  AVERAGE SKY COVER 0.0


WEATHER CONDITIONS
 THE FOLLOWING WEATHER WAS RECORDED TODAY.
  NO SIGNIFICANT WEATHER WAS OBSERVED.


RELATIVE HUMIDITY (PERCENT)
 HIGHEST    32           800 AM
 LOWEST     14           400 PM
 AVERAGE    23

..........................................................


THE EVANSTON WY CLIMATE NORMALS FOR TOMORROW
                         NORMAL    RECORD    YEAR
 MAXIMUM TEMPERATURE (F)   51        MM        MM
 MINIMUM TEMPERATURE (F)   29        MM        MM


SUNRISE AND SUNSET
OCTOBER 25 2014.......SUNRISE   747 AM MDT   SUNSET   628 PM MDT
OCTOBER 26 2014.......SUNRISE   748 AM MDT   SUNSET   627 PM MDT


-  INDICATES NEGATIVE NUMBERS.
R  INDICATES RECORD WAS SET OR TIED.
MM INDICATES DATA IS MISSING.
T  INDICATES TRACE AMOUNT.




$$




National Weather Service
Disclaimer
Last Modified: August 31, 2005
Privacy Policy