099
CDUS44 KOHX 310119
CLIBNA

MEMCLIOHX 000
TTAA00 KOHX 310119


CLIMATE REPORT
NATIONAL WEATHER SERVICE NASHVILLE TN
819 PM CDT SAT AUG 30 2014


...................................

...THE NASHVILLE CLIMATE SUMMARY FOR AUGUST 30 2014...
VALID TODAY AS OF 0700 PM LOCAL TIME.

CLIMATE NORMAL PERIOD 1981 TO 2010
CLIMATE RECORD PERIOD 1871 TO 2014


WEATHER ITEM   OBSERVED TIME   RECORD YEAR NORMAL DEPARTURE LAST
                VALUE   (LST)  VALUE       VALUE  FROM      YEAR
                                                  NORMAL
..................................................................
TEMPERATURE (F)
 TODAY
  MAXIMUM         85    107 PM 100    1951  88     -3       96
  MINIMUM         70    507 AM  53    1891  67      3       75
  AVERAGE         78                        77      1       86

PRECIPITATION (IN)
  TODAY            1.28          1.97 2005   0.10   1.18     0.00
  MONTH TO DATE    4.94                      3.08   1.86     1.94
  SINCE JUN 1     13.05                     10.86   2.19    13.02
  SINCE JAN 1     34.87                     32.16   2.71    37.46

SNOWFALL (IN)
  TODAY            0.0           0.0  2002   0.0    0.0      0.0
                                      2001
                                      2000
  MONTH TO DATE    0.0                       0.0    0.0      0.0
  SINCE JUN 1      0.0                       0.0    0.0      0.0
  SINCE JUL 1      0.0                       0.0    0.0      0.0
  SNOW DEPTH       0

DEGREE DAYS
 HEATING
  TODAY            0                         0      0        0
  MONTH TO DATE    0                         0      0        0
  SINCE JUN 1      0                         3     -3        0
  SINCE JUL 1      0                         0      0        0

 COOLING
  TODAY           13                        12      1       21
  MONTH TO DATE  447                       408     39      389
  SINCE JUN 1   1212                      1178     34     1165
  SINCE JAN 1   1476                      1357    119     1372
..................................................................


WIND (MPH)
  RESULTANT WIND SPEED   1   RESULTANT WIND DIRECTION   S (160)
  HIGHEST WIND SPEED    16   HIGHEST WIND DIRECTION    SE (130)
  HIGHEST GUST SPEED    22   HIGHEST GUST DIRECTION    SE (130)
  AVERAGE WIND SPEED     4.4


SKY COVER
  AVERAGE SKY COVER 0.8


WEATHER CONDITIONS
 THE FOLLOWING WEATHER WAS RECORDED TODAY.
  THUNDERSTORM
  HEAVY RAIN
  RAIN
  LIGHT RAIN
  FOG


RELATIVE HUMIDITY (PERCENT)
 HIGHEST    84           500 AM
 LOWEST     62           900 AM
 AVERAGE    73

..........................................................


THE NASHVILLE CLIMATE NORMALS FOR TOMORROW
                         NORMAL    RECORD    YEAR
 MAXIMUM TEMPERATURE (F)   87       101      1951
 MINIMUM TEMPERATURE (F)   66        47      1946


SUNRISE AND SUNSET
AUGUST 30 2014........SUNRISE   617 AM CDT   SUNSET   717 PM CDT
AUGUST 31 2014........SUNRISE   618 AM CDT   SUNSET   716 PM CDT


-  INDICATES NEGATIVE NUMBERS.
R  INDICATES RECORD WAS SET OR TIED.
MM INDICATES DATA IS MISSING.
T  INDICATES TRACE AMOUNT.




$$








National Weather Service
Disclaimer
Last Modified: August 31, 2005
Privacy Policy