148
CDUS44 KMRX 311249
CLICHA

CLIMATE REPORT
NATIONAL WEATHER SERVICE MORRISTOWN TN
848 AM EDT FRI OCT 31 2014


...................................

...THE CHATTANOOGA CLIMATE SUMMARY FOR OCTOBER 30 2014...

CLIMATE NORMAL PERIOD 1981 TO 2010
CLIMATE RECORD PERIOD 1879 TO 2014


WEATHER ITEM   OBSERVED TIME   RECORD YEAR NORMAL DEPARTURE LAST
                VALUE   (LST)  VALUE       VALUE  FROM      YEAR
                                                  NORMAL
..................................................................
TEMPERATURE (F)
 YESTERDAY
  MAXIMUM         67    408 PM  88    1937  69     -2       80
  MINIMUM         40    712 AM  22    1952  45     -5       53
  AVERAGE         54                        57     -3       67

PRECIPITATION (IN)
  YESTERDAY        0.00          2.94 1949   0.12  -0.12     0.00
  MONTH TO DATE    6.28                      3.17   3.11     0.17
  SINCE SEP 1      8.76                      7.21   1.55     2.28
  SINCE JAN 1     37.41                     42.47  -5.06    56.48

SNOWFALL (IN)
  YESTERDAY        0.0                       0.0    0.0      0.0
  MONTH TO DATE    0.0                       0.0    0.0      0.0
  SINCE SEP 1      0.0                       0.0    0.0      0.0
  SINCE JUL 1      0.0                       0.0    0.0      0.0
  SNOW DEPTH       0

DEGREE DAYS
 HEATING
  YESTERDAY       11                         9      2        0
  MONTH TO DATE  105                       148    -43      129
  SINCE SEP 1    105                       163    -58      129
  SINCE JUL 1    105                       163    -58      129

 COOLING
  YESTERDAY        0                         0      0        2
  MONTH TO DATE   84                        50     34       80
  SINCE SEP 1    409                       289    120      358
  SINCE JAN 1   1910                      1739    171     1750
..................................................................


WIND (MPH)
  HIGHEST WIND SPEED    10   HIGHEST WIND DIRECTION     N (360)
  HIGHEST GUST SPEED    15   HIGHEST GUST DIRECTION    NE (40)
  AVERAGE WIND SPEED     1.9


SKY COVER
  POSSIBLE SUNSHINE  MM
  AVERAGE SKY COVER  MM


WEATHER CONDITIONS
 THE FOLLOWING WEATHER WAS RECORDED YESTERDAY.
  FOG


RELATIVE HUMIDITY (PERCENT)
 HIGHEST    93          1200 AM
 LOWEST     37           300 PM
 AVERAGE    65

..........................................................


THE CHATTANOOGA  ASOS CLIMATE NORMALS FOR TODAY
                         NORMAL    RECORD    YEAR
 MAXIMUM TEMPERATURE (F)   68        84      1950
 MINIMUM TEMPERATURE (F)   45        25      1954


SUNRISE AND SUNSET
OCTOBER 31 2014.......SUNRISE   801 AM EDT   SUNSET   647 PM EDT
NOVEMBER  1 2014......SUNRISE   802 AM EDT   SUNSET   646 PM EDT


-  INDICATES NEGATIVE NUMBERS.
R  INDICATES RECORD WAS SET OR TIED.
MM INDICATES DATA IS MISSING.
T  INDICATES TRACE AMOUNT.

&&

THE LOW TEMPERATURE THIS MORNING WAS 43 DEGREES.
THERE WAS HAS BEEN NO PRECIPITATION SINCE MIDNIGHT.

$$



National Weather Service
Disclaimer
Last Modified: August 31, 2005
Privacy Policy