015
CDUS43 KDVN 231004
CLIDVN


CLIMATE REPORT
NATIONAL WEATHER SERVICE QUAD CITIES IA IL
403 AM CST SUN NOV 23 2014


...................................

...THE DAVENPORT IA CLIMATE SUMMARY FOR NOVEMBER 22 2014...

CLIMATE NORMAL PERIOD 1981 TO 2010
CLIMATE RECORD PERIOD 9999 TO 9999


WEATHER ITEM   OBSERVED TIME   RECORD YEAR NORMAL DEPARTURE LAST
                VALUE   (LST)  VALUE       VALUE  FROM      YEAR
                                                  NORMAL
..................................................................
TEMPERATURE (F)
 YESTERDAY
  MAXIMUM         54    851 PM  MM      MM  44     10       39
  MINIMUM         33    148 AM  MM      MM  27      6       21
  AVERAGE         44                        35      9       30

PRECIPITATION (IN)
  YESTERDAY        0.10         MM      MM   0.06   0.04     0.02
  MONTH TO DATE    0.53                      1.87  -1.34     1.70
  SINCE SEP 1      7.47                      7.90  -0.43     5.38
  SINCE JAN 1     32.16                     33.72  -1.56    33.77

SNOWFALL (IN)
  YESTERDAY       MM            MM      MM  MM     MM         T
  MONTH TO DATE    1.6                      MM     MM        0.7
  SINCE SEP 1      1.6                      MM     MM        3.2
  SINCE JUL 1      1.6                      MM     MM        3.2
  SNOW DEPTH       0

DEGREE DAYS
 HEATING
  YESTERDAY       21                        30     -9       35
  MONTH TO DATE  731                       531    200      546
  SINCE SEP 1   1299                      1077    222     1063
  SINCE JUL 1   1320                      1091    229     1082

 COOLING
  YESTERDAY        0                         0      0        0
  MONTH TO DATE    0                         0      0        0
  SINCE SEP 1     69                        82    -13      165
  SINCE JAN 1    728                       786    -58      938
..................................................................


WIND (MPH)
  HIGHEST WIND SPEED    23   HIGHEST WIND DIRECTION     S (190)
  HIGHEST GUST SPEED    31   HIGHEST GUST DIRECTION     S (180)
  AVERAGE WIND SPEED    13.1


SKY COVER
  POSSIBLE SUNSHINE  MM
  AVERAGE SKY COVER 0.9


WEATHER CONDITIONS
 THE FOLLOWING WEATHER WAS RECORDED YESTERDAY.
  HEAVY RAIN
  LIGHT RAIN
  FOG


RELATIVE HUMIDITY (PERCENT)
 HIGHEST    93           800 AM
 LOWEST     77           300 PM
 AVERAGE    85

..........................................................


THE DAVENPORT IA CLIMATE NORMALS FOR TODAY
                         NORMAL    RECORD    YEAR
 MAXIMUM TEMPERATURE (F)   44        MM        MM
 MINIMUM TEMPERATURE (F)   26        MM        MM


SUNRISE AND SUNSET
NOVEMBER 23 2014......SUNRISE   701 AM CST   SUNSET   436 PM CST
NOVEMBER 24 2014......SUNRISE   702 AM CST   SUNSET   436 PM CST


-  INDICATES NEGATIVE NUMBERS.
R  INDICATES RECORD WAS SET OR TIED.
MM INDICATES DATA IS MISSING.
T  INDICATES TRACE AMOUNT.




$$




National Weather Service
Disclaimer
Last Modified: August 31, 2005
Privacy Policy