454
CDUS43 KABR 191042
CLIPIR


CLIMATE REPORT
NATIONAL WEATHER SERVICE ABERDEEN SD
542 AM CDT SAT APR 19 2014


...................................

...THE PIERRE SD CLIMATE SUMMARY FOR APRIL 18 2014...

CLIMATE NORMAL PERIOD 1981 TO 2010
CLIMATE RECORD PERIOD 1892 TO 2014


WEATHER ITEM   OBSERVED TIME   RECORD YEAR NORMAL DEPARTURE LAST
                VALUE   (LST)  VALUE       VALUE  FROM      YEAR
                                                  NORMAL
..................................................................
TEMPERATURE (F)
 YESTERDAY
  MAXIMUM         83    317 PM  90    1987  61     22       38
  MINIMUM         35    617 AM  16    1953  35      0       25
  AVERAGE         59                        48     11       32

PRECIPITATION (IN)
  YESTERDAY        0.00          1.04 1930   0.07  -0.07      T
  MONTH TO DATE    0.07                      0.96  -0.89     2.44
  SINCE MAR 1      1.06                      2.19  -1.13     2.59
  SINCE JAN 1      1.63                      3.20  -1.57     4.25

SNOWFALL (IN)
  YESTERDAY        0.0           5.0  1995   0.1   -0.1       T
  MONTH TO DATE    T                         2.9   -2.9     15.0
  SINCE OCT 1     34.6                      30.7    3.9     49.7
  SINCE JUL 1     34.6                      30.7    3.9     49.7
  SNOW DEPTH       0

DEGREE DAYS
 HEATING
  YESTERDAY        6                        17    -11       33
  MONTH TO DATE  438                       371     67      564
  SINCE MAR 1   1511                      1318    193     1665
  SINCE JUL 1   7506                      6816    690     7089

 COOLING
  YESTERDAY        0                         0      0        0
  MONTH TO DATE    0                         0      0        0
  SINCE MAR 1      0                         0      0        0
  SINCE JAN 1      0                         0      0        0
..................................................................


WIND (MPH)
  RESULTANT WIND SPEED  17   RESULTANT WIND DIRECTION  SE (150)
  HIGHEST WIND SPEED    36   HIGHEST WIND DIRECTION     S (180)
  HIGHEST GUST SPEED    41   HIGHEST GUST DIRECTION     S (180)
  AVERAGE WIND SPEED    18.8




RELATIVE HUMIDITY (PERCENT)
 HIGHEST    70           400 AM
 LOWEST     18           400 PM
 AVERAGE    44

..........................................................


THE PIERRE SD CLIMATE NORMALS FOR TODAY
                         NORMAL    RECORD    YEAR
 MAXIMUM TEMPERATURE (F)   62        88      1961
 MINIMUM TEMPERATURE (F)   36        17      1966


SUNRISE AND SUNSET
APRIL 19 2014.........SUNRISE   651 AM CDT   SUNSET   831 PM CDT
APRIL 20 2014.........SUNRISE   649 AM CDT   SUNSET   832 PM CDT


-  INDICATES NEGATIVE NUMBERS.
R  INDICATES RECORD WAS SET OR TIED.
MM INDICATES DATA IS MISSING.
T  INDICATES TRACE AMOUNT.




$$




National Weather Service
Disclaimer
Last Modified: August 31, 2005
Privacy Policy