668
CDUS44 KJAN 160654
CLIJAN


CLIMATE REPORT
NATIONAL WEATHER SERVICE JACKSON MS
153 AM CDT TUE SEP 16 2014


...................................

...THE JACKSON CLIMATE SUMMARY FOR SEPTEMBER 15 2014...

CLIMATE NORMAL PERIOD 1981 TO 2010
CLIMATE RECORD PERIOD 1896 TO 2014


WEATHER ITEM   OBSERVED TIME   RECORD YEAR NORMAL DEPARTURE LAST
                VALUE   (LST)  VALUE       VALUE  FROM      YEAR
                                                  NORMAL
..................................................................
TEMPERATURE (F)
 YESTERDAY
  MAXIMUM         91    342 PM 104    1980  87      4       93
  MINIMUM         69    533 AM  42    1902  65      4       57
  AVERAGE         80                        76      4       75

PRECIPITATION (IN)
  YESTERDAY        0.00          1.44 1949   0.10  -0.10     0.00
  MONTH TO DATE    1.54                      1.50   0.04     0.27
  SINCE SEP 1      1.54                      1.50   0.04     0.27
  SINCE JAN 1     45.22                     38.78   6.44    43.93

SNOWFALL (IN)
  YESTERDAY        0.0           0.0  2002   0.0    0.0      0.0
                                      2001
  MONTH TO DATE    0.0                       0.0    0.0      0.0
  SINCE SEP 1      0.0                       0.0    0.0      0.0
  SINCE JUL 1      0.0                       0.0    0.0      0.0

DEGREE DAYS
 HEATING
  YESTERDAY        0                         0      0        0
  MONTH TO DATE    0                         0      0        0
  SINCE SEP 1      0                         0      0        0
  SINCE JUL 1      0                         0      0        0

 COOLING
  YESTERDAY       15                        11      4       10
  MONTH TO DATE  237                       196     41      259
  SINCE SEP 1    237                       196     41      259
  SINCE JAN 1   1967                      1995    -28     2023
..................................................................


WIND (MPH)
  HIGHEST WIND SPEED    12   HIGHEST WIND DIRECTION     N (340)
  HIGHEST GUST SPEED    14   HIGHEST GUST DIRECTION    NW (330)
  AVERAGE WIND SPEED     2.9


SKY COVER
  POSSIBLE SUNSHINE  MM
  AVERAGE SKY COVER 0.2


WEATHER CONDITIONS
 THE FOLLOWING WEATHER WAS RECORDED YESTERDAY.
  NO SIGNIFICANT WEATHER WAS OBSERVED.


RELATIVE HUMIDITY (PERCENT)
 HIGHEST    97           200 AM
 LOWEST     49          1200 PM
 AVERAGE    73

..........................................................


THE JACKSON CLIMATE NORMALS FOR TODAY
                         NORMAL    RECORD    YEAR
 MAXIMUM TEMPERATURE (F)   87       103      1927
 MINIMUM TEMPERATURE (F)   65        42      1902


SUNRISE AND SUNSET
SEPTEMBER 16 2014.....SUNRISE   645 AM CDT   SUNSET   705 PM CDT
SEPTEMBER 17 2014.....SUNRISE   645 AM CDT   SUNSET   704 PM CDT


-  INDICATES NEGATIVE NUMBERS.
R  INDICATES RECORD WAS SET OR TIED.
MM INDICATES DATA IS MISSING.
T  INDICATES TRACE AMOUNT.

&&

AT 2 AM:

THE PEARL RIVER STAGE AT JACKSON WAS 3.7 FEET. THE RIVER FELL 0.1
FOOT OVER THE PAST 24 HOURS.

THE MISSISSIPPI RIVER STAGE AT VICKSBURG WAS 16.6 FEET. THE RIVER
HAS RISEN 0.1 FEET OVER THE PAST 24 HOURS.



$$





National Weather Service
Disclaimer
Last Modified: August 31, 2005
Privacy Policy