798
CDUS46 KMTR 260835
CLIOAK


CLIMATE REPORT
NATIONAL WEATHER SERVICE SAN FRANCISCO BAY AREA
1226 AM PST WED NOV 26 2014


...................................

...THE OAKLAND AIRPORT CLIMATE SUMMARY FOR NOVEMBER 25 2014...

CLIMATE NORMAL PERIOD 1981 TO 2010
CLIMATE RECORD PERIOD 1948 TO 2014


WEATHER ITEM   OBSERVED TIME   RECORD YEAR NORMAL DEPARTURE LAST
                VALUE   (LST)  VALUE       VALUE  FROM      YEAR
                                                  NORMAL
..................................................................
TEMPERATURE (F)
 YESTERDAY
  MAXIMUM         73    206 PM  76    1975  61     12       63
  MINIMUM         41    722 AM  32    2010  43     -2       38
  AVERAGE         57                        52      5       51

PRECIPITATION (IN)
  YESTERDAY        0.00          1.61 1960   0.08  -0.08     0.00
  MONTH TO DATE    1.39                      2.04  -0.65     1.17
  SINCE JUL 1      2.41                      3.52  -1.11     1.79
  SINCE JAN 1     10.39                     16.74  -6.35     4.61

SNOWFALL (IN)
  YESTERDAY        0.0                                       0.0
  MONTH TO DATE    0.0                                       0.0
  SINCE SEP 1      0.0                                       0.0
  SINCE JUL 1      0.0                                       0.0

DEGREE DAYS
 HEATING
  YESTERDAY        8                        13     -5       14
  MONTH TO DATE  195                       254    -59      225
  SINCE SEP 1    263                       466   -203      410
  SINCE JUL 1    288                       606   -318      497

 COOLING
  YESTERDAY        0                         0      0        0
  MONTH TO DATE    0                         0      0        0
  SINCE SEP 1    109                        57     52       68
  SINCE JAN 1    305                       137    168      212
..................................................................


WIND (MPH)
  RESULTANT WIND SPEED   1   RESULTANT WIND DIRECTION  SE (140)
  HIGHEST WIND SPEED    13   HIGHEST WIND DIRECTION     E (80)
  HIGHEST GUST SPEED    15   HIGHEST GUST DIRECTION     E (70)
  AVERAGE WIND SPEED     4.2


SKY COVER
  POSSIBLE SUNSHINE  MM
  AVERAGE SKY COVER 0.2


WEATHER CONDITIONS
 THE FOLLOWING WEATHER WAS RECORDED YESTERDAY.
  NO SIGNIFICANT WEATHER WAS OBSERVED.


RELATIVE HUMIDITY (PERCENT)
 HIGHEST    83           400 AM
 LOWEST     58           300 PM
 AVERAGE    71

..........................................................


THE OAKLAND AIRPORT CLIMATE NORMALS FOR TODAY
                         NORMAL    RECORD    YEAR
 MAXIMUM TEMPERATURE (F)   60        78      1959
 MINIMUM TEMPERATURE (F)   43        35      2010
                                             1952


SUNRISE AND SUNSET
NOVEMBER 26 2014......SUNRISE   701 AM PST   SUNSET   452 PM PST
NOVEMBER 27 2014......SUNRISE   702 AM PST   SUNSET   451 PM PST


-  INDICATES NEGATIVE NUMBERS.
R  INDICATES RECORD WAS SET OR TIED.
MM INDICATES DATA IS MISSING.
T  INDICATES TRACE AMOUNT.




$$





799
CDUS46 KMTR 260835
CLIWVI


CLIMATE REPORT
NATIONAL WEATHER SERVICE SAN FRANCISCO BAY AREA
1226 AM PST WED NOV 26 2014


...................................

...THE WATSONVILLE AIRPORT CLIMATE SUMMARY FOR NOVEMBER 25 2014...

CLIMATE NORMAL PERIOD 1981 TO 2010
CLIMATE RECORD PERIOD 1998 TO 2014


WEATHER ITEM   OBSERVED TIME   RECORD YEAR NORMAL DEPARTURE LAST
                VALUE   (LST)  VALUE       VALUE  FROM      YEAR
                                                  NORMAL
..................................................................
TEMPERATURE (F)
 YESTERDAY
  MAXIMUM         75R   306 PM  74    2009  63     12       71
  MINIMUM         43    411 AM  30    2010  42      1       40
  AVERAGE         59                        52      7       56

PRECIPITATION (IN)
  YESTERDAY        0.00                                      0.00
  MONTH TO DATE    1.94                                      0.45
  SINCE JUL 1      3.41                                      0.82
  SINCE JAN 1     11.59                                      3.21

DEGREE DAYS
 HEATING
  YESTERDAY        6                                         9
  MONTH TO DATE  134                                       236
  SINCE SEP 1    174                                       465
  SINCE JUL 1    189                                       610

 COOLING
  YESTERDAY        0                                         0
  MONTH TO DATE    4                                         0
  SINCE SEP 1    151                                        59
  SINCE JAN 1    351                                       128
..................................................................


WIND (MPH)
  RESULTANT WIND SPEED   1   RESULTANT WIND DIRECTION  NE (40)
  HIGHEST WIND SPEED    10   HIGHEST WIND DIRECTION     E (90)
  HIGHEST GUST SPEED    16   HIGHEST GUST DIRECTION     E (80)
  AVERAGE WIND SPEED     4.1


SKY COVER
  POSSIBLE SUNSHINE  MM
  AVERAGE SKY COVER 0.0


WEATHER CONDITIONS
 THE FOLLOWING WEATHER WAS RECORDED YESTERDAY.
  NO SIGNIFICANT WEATHER WAS OBSERVED.


RELATIVE HUMIDITY (PERCENT)
 HIGHEST    77          1200 AM
 LOWEST     27           300 PM
 AVERAGE    52

..........................................................


THE WATSONVILLE AIRPORT CLIMATE NORMALS FOR TODAY
                         NORMAL    RECORD    YEAR
 MAXIMUM TEMPERATURE (F)   63        75      2009
 MINIMUM TEMPERATURE (F)   41        30      2010


SUNRISE AND SUNSET
NOVEMBER 26 2014......SUNRISE   657 AM PST   SUNSET   452 PM PST
NOVEMBER 27 2014......SUNRISE   658 AM PST   SUNSET   452 PM PST


-  INDICATES NEGATIVE NUMBERS.
R  INDICATES RECORD WAS SET OR TIED.
MM INDICATES DATA IS MISSING.
T  INDICATES TRACE AMOUNT.




$$




National Weather Service
Disclaimer
Last Modified: August 31, 2005
Privacy Policy