442
CDUS45 KBOU 200742
CLIDEN


CLIMATE REPORT
NATIONAL WEATHER SERVICE DENVER CO
141 AM MDT SUN APR 20 2014


...................................

...THE DENVER CO CLIMATE SUMMARY FOR APRIL 19 2014...

CLIMATE NORMAL PERIOD 1981 TO 2010
CLIMATE RECORD PERIOD 1872 TO 2014


WEATHER ITEM   OBSERVED TIME   RECORD YEAR NORMAL DEPARTURE LAST
                VALUE   (LST)  VALUE       VALUE  FROM      YEAR
                                                  NORMAL
..................................................................
TEMPERATURE (F)
 YESTERDAY
  MAXIMUM         67    247 PM  83    1961  62      5       55
  MINIMUM         47    444 AM  13    1893  34     13       27
  AVERAGE         57                        48      9       41

PRECIPITATION (IN)
  YESTERDAY        0.07          1.26 1942   0.06   0.01     0.00
  MONTH TO DATE    0.76                      0.95  -0.19     1.36
  SINCE MAR 1      1.59                      1.87  -0.28     2.83
  SINCE JAN 1      2.72                      2.65   0.07     3.91

SNOWFALL (IN)
  YESTERDAY        0.0
  MONTH TO DATE    5.6
  SINCE MAR 1     11.6
  SINCE JUL 1     37.3
  SNOW DEPTH       0


DEGREE DAYS
 HEATING
  YESTERDAY        8                        17     -9       24
  MONTH TO DATE  333                       361    -28      502
  SINCE MAR 1   1072                      1124    -52     1342
  SINCE JUL 1   5591                      5563     28     5614

 COOLING
  YESTERDAY        0                         0      0        0
  MONTH TO DATE    0                         0      0        0
  SINCE MAR 1      0                         0      0        0
  SINCE JAN 1      0                         0      0        0
..................................................................


WIND (MPH)
  HIGHEST WIND SPEED    18   HIGHEST WIND DIRECTION     W (280)
  HIGHEST GUST SPEED    25   HIGHEST GUST DIRECTION     E (100)
  AVERAGE WIND SPEED    10.5


SKY COVER **
  POSSIBLE SUNSHINE  MM
  AVERAGE SKY COVER 0.9


WEATHER CONDITIONS
 THE FOLLOWING WEATHER WAS RECORDED YESTERDAY.
  LIGHT RAIN


RELATIVE HUMIDITY (PERCENT)
 HIGHEST    83           700 PM
 LOWEST     33           100 AM
 AVERAGE    58

..........................................................


THE DENVER CO CLIMATE NORMALS FOR TODAY
                         NORMAL    RECORD    YEAR
 MAXIMUM TEMPERATURE (F)   62        83      1989
                                             1962
 MINIMUM TEMPERATURE (F)   34        13      1966


SUNRISE AND SUNSET
APRIL 20 2014.........SUNRISE   614 AM MDT   SUNSET   741 PM MDT
APRIL 21 2014.........SUNRISE   612 AM MDT   SUNSET   742 PM MDT


-  INDICATES NEGATIVE NUMBERS.
R  INDICATES RECORD WAS SET OR TIED.
MM INDICATES DATA IS MISSING.
T  INDICATES TRACE AMOUNT.

&&

** SUNSHINE DATA WILL NO LONGER BE AVAILABLE EFFECTIVE OCTOBER 1ST 2009.




$$




National Weather Service
Disclaimer
Last Modified: August 31, 2005
Privacy Policy