806
CDUS46 KPQR 261144
CLIHIO


CLIMATE REPORT
NATIONAL WEATHER SERVICE PORTLAND OREGON
444 AM PDT SAT JUL 26 2014


...................................

...THE HILLSBORO OR CLIMATE SUMMARY FOR JULY 25 2014...

CLIMATE NORMAL PERIOD 1981 TO 2010
CLIMATE RECORD PERIOD 1929 TO 2014


WEATHER ITEM   OBSERVED TIME   RECORD YEAR NORMAL DEPARTURE LAST
                VALUE   (LST)  VALUE       VALUE  FROM      YEAR
                                                  NORMAL
..................................................................
TEMPERATURE (F)
 YESTERDAY
  MAXIMUM         78    447 PM 100    1988  82     -4       91
  MINIMUM         49    306 AM  36    1930  52     -3       51
  AVERAGE         64                        67     -3       71

PRECIPITATION (IN)
  YESTERDAY        0.00          0.33 1977   0.01  -0.01
  MONTH TO DATE    0.52                      0.47   0.05
  SINCE OCT 1     24.78                     37.75 -12.97
  SINCE JAN 1     20.10                     21.36  -1.26

SNOWFALL (IN)
  YESTERDAY        0.0
  MONTH TO DATE    0.0
  SINCE JUN 1      0.0
  SINCE JUL 1      0.0
  SNOW DEPTH       0

DEGREE DAYS
 HEATING
  YESTERDAY        1                         1      0
  MONTH TO DATE    6                        48    -42
  SINCE JUL 1      6                        48    -42

 COOLING
  YESTERDAY        0                         3     -3
  MONTH TO DATE  124                        57     67
  SINCE JAN 1    136                        83     53
..................................................................


WIND (MPH)
  HIGHEST WIND SPEED    13   HIGHEST WIND DIRECTION    NW (310)
  HIGHEST GUST SPEED    16   HIGHEST GUST DIRECTION    NE (50)
  AVERAGE WIND SPEED     4.6


SKY COVER
  POSSIBLE SUNSHINE  MM
  AVERAGE SKY COVER 0.1


WEATHER CONDITIONS
 THE FOLLOWING WEATHER WAS RECORDED YESTERDAY.
  NO SIGNIFICANT WEATHER WAS OBSERVED.


RELATIVE HUMIDITY (PERCENT)
 HIGHEST    93           500 AM
 LOWEST     43           400 PM
 AVERAGE    68

..........................................................


THE HILLSBORO OR CLIMATE NORMALS FOR TODAY
                         NORMAL    RECORD    YEAR
 MAXIMUM TEMPERATURE (F)   82       103      1939
 MINIMUM TEMPERATURE (F)   52        37      1930


SUNRISE AND SUNSET
JULY 26 2014..........SUNRISE   549 AM PDT   SUNSET   847 PM PDT
JULY 27 2014..........SUNRISE   550 AM PDT   SUNSET   846 PM PDT


-  INDICATES NEGATIVE NUMBERS.
R  INDICATES RECORD WAS SET OR TIED.
MM INDICATES DATA IS MISSING.
T  INDICATES TRACE AMOUNT.




$$




809
CDUS46 KPQR 261144
CLIMMV


CLIMATE REPORT
NATIONAL WEATHER SERVICE PORTLAND OREGON
444 AM PDT SAT JUL 26 2014


...................................

...THE MCMINNVILLE OR CLIMATE SUMMARY FOR JULY 25 2014...

CLIMATE NORMAL PERIOD 1981 TO 2010
CLIMATE RECORD PERIOD 1894 TO 2014


WEATHER ITEM   OBSERVED TIME   RECORD YEAR NORMAL DEPARTURE LAST
                VALUE   (LST)  VALUE       VALUE  FROM      YEAR
                                                  NORMAL
..................................................................
TEMPERATURE (F)
 YESTERDAY
  MAXIMUM         81    603 PM 107    1928  83     -2       94
  MINIMUM         49    508 AM  40    1930  52     -3       53
  AVERAGE         65                        67     -2       74

PRECIPITATION (IN)
  YESTERDAY        0.00          0.10 1983   0.01  -0.01     0.00
  MONTH TO DATE    0.38                      0.45  -0.07      T
  SINCE OCT 1     27.46                     37.73 -10.27    31.54
  SINCE JAN 1     22.50                     21.70   0.80    10.40

DEGREE DAYS
 HEATING
  YESTERDAY        0                         1     -1        0
  MONTH TO DATE    4                        39    -35       10
  SINCE JUL 1      4                        39    -35       10

 COOLING
  YESTERDAY        0                         3     -3        9
  MONTH TO DATE  157                        59     98      117
  SINCE JAN 1    187                        81    106      170
..................................................................


WIND (MPH)
  HIGHEST WIND SPEED    10   HIGHEST WIND DIRECTION    SW (220)
  HIGHEST GUST SPEED    13   HIGHEST GUST DIRECTION    SW (220)
  AVERAGE WIND SPEED     3.4


SKY COVER
  POSSIBLE SUNSHINE  MM
  AVERAGE SKY COVER 0.1


WEATHER CONDITIONS
 THE FOLLOWING WEATHER WAS RECORDED YESTERDAY.
  NO SIGNIFICANT WEATHER WAS OBSERVED.


RELATIVE HUMIDITY (PERCENT)
 HIGHEST    93           600 AM
 LOWEST     39           400 PM
 AVERAGE    66

..........................................................


THE MCMINNVILLE OR CLIMATE NORMALS FOR TODAY
                         NORMAL    RECORD    YEAR
 MAXIMUM TEMPERATURE (F)   83       104      1939
 MINIMUM TEMPERATURE (F)   52        39      1969


SUNRISE AND SUNSET
JULY 26 2014..........SUNRISE   451 AM PST   SUNSET   747 PM PST
JULY 27 2014..........SUNRISE   452 AM PST   SUNSET   746 PM PST


-  INDICATES NEGATIVE NUMBERS.
R  INDICATES RECORD WAS SET OR TIED.
MM INDICATES DATA IS MISSING.
T  INDICATES TRACE AMOUNT.




$$




808
CDUS46 KPQR 261144
CLIPDX


CLIMATE REPORT
NATIONAL WEATHER SERVICE PORTLAND OREGON
444 AM PDT SAT JUL 26 2014


...................................

...THE PORTLAND OR CLIMATE SUMMARY FOR JULY 25 2014...

CLIMATE NORMAL PERIOD 1981 TO 2010
CLIMATE RECORD PERIOD 1940 TO 2014


WEATHER ITEM   OBSERVED TIME   RECORD YEAR NORMAL DEPARTURE LAST
                VALUE   (LST)  VALUE       VALUE  FROM      YEAR
                                                  NORMAL
..................................................................
TEMPERATURE (F)
 YESTERDAY
  MAXIMUM         78    521 PM 100    1988  82     -4       90
  MINIMUM         54    439 AM  49    1963  59     -5       57
  AVERAGE         66                        70     -4       74

PRECIPITATION (IN)
  YESTERDAY        0.00          0.42 1983   0.02  -0.02     0.00
  MONTH TO DATE    1.05                      0.56   0.49      T
  SINCE OCT 1     29.96                     33.80  -3.84    36.43
  SINCE JAN 1     24.14                     19.68   4.46    14.50

DEGREE DAYS
 HEATING
  YESTERDAY        0                         0      0        0
  MONTH TO DATE    1                        15    -14        1
  SINCE JUN 1     63                       106    -43       50
  SINCE JUL 1      1                        15    -14        1

 COOLING
  YESTERDAY        1                         6     -5        9
  MONTH TO DATE  159                       113     46      144
  SINCE JUN 1    188                       160     28      211
  SINCE JAN 1    216                       177     39      226
..................................................................


WIND (MPH)
  HIGHEST WIND SPEED    13   HIGHEST WIND DIRECTION    NW (310)
  HIGHEST GUST SPEED    17   HIGHEST GUST DIRECTION    NW (300)
  AVERAGE WIND SPEED     5.9


SKY COVER
  POSSIBLE SUNSHINE  MM
  AVERAGE SKY COVER 0.3


WEATHER CONDITIONS
 THE FOLLOWING WEATHER WAS RECORDED YESTERDAY.
  NO SIGNIFICANT WEATHER WAS OBSERVED.


RELATIVE HUMIDITY (PERCENT)
 HIGHEST    86          1200 AM
 LOWEST     38           200 PM
 AVERAGE    62

..........................................................


THE PORTLAND OR CLIMATE NORMALS FOR TODAY
                         NORMAL    RECORD    YEAR
 MAXIMUM TEMPERATURE (F)   82        99      1998
 MINIMUM TEMPERATURE (F)   59        48      1953
                                             1951


SUNRISE AND SUNSET
JULY 26 2014..........SUNRISE   547 AM PDT   SUNSET   846 PM PDT
JULY 27 2014..........SUNRISE   548 AM PDT   SUNSET   845 PM PDT


-  INDICATES NEGATIVE NUMBERS.
R  INDICATES RECORD WAS SET OR TIED.
MM INDICATES DATA IS MISSING.
T  INDICATES TRACE AMOUNT.




$$




National Weather Service
Disclaimer
Last Modified: August 31, 2005
Privacy Policy