775
CDAK48 PAFC 201248
CLIANC


CLIMATE REPORT
NATIONAL WEATHER SERVICE ANCHORAGE, AK
448 AM AKDT WED AUG 20 2014


...................................

...THE ANCHORAGE AK CLIMATE SUMMARY FOR AUGUST 19 2014...

CLIMATE NORMAL PERIOD 1981 TO 2010
CLIMATE RECORD PERIOD 1915 TO 2014


WEATHER ITEM   OBSERVED RECORD YEAR NORMAL DEPARTURE LAST
                VALUE   VALUE       VALUE  FROM      YEAR
                                           NORMAL
...........................................................
TEMPERATURE (F)
 YESTERDAY
  MAXIMUM         69     72    1950  63      6       57
  MINIMUM         51     38    1998  50      1       52
                               1949
  AVERAGE         60                 56      4       55

PRECIPITATION (IN)
  YESTERDAY        0.00   0.64 1981   0.11  -0.11
  MONTH TO DATE    0.80               1.86  -1.06
  SINCE JUN 1      7.36               4.66   2.70
  SINCE JAN 1     10.59               7.90   2.69

SNOWFALL (IN)
  YESTERDAY        0.0    0.0    MM   0.0    0.0
  MONTH TO DATE    0.0                0.0    0.0
  SINCE JUN 1      0.0                0.0    0.0
  SINCE JUL 1      0.0                0.0    0.0
  SNOW DEPTH       0

DEGREE DAYS
 HEATING
  YESTERDAY        5                        -4
  MONTH TO DATE   90                       -45
  SINCE JUN 1    572                       -50
  SINCE JUL 1    244                       -85

 COOLING
  YESTERDAY        0                         0
  MONTH TO DATE    0                         0
  SINCE JUN 1      3                         1
  SINCE JAN 1      3                         1
...........................................................


WIND (MPH)
  HIGHEST WIND SPEED     7   HIGHEST WIND DIRECTION     S (190)
  HIGHEST GUST SPEED    MM   HIGHEST GUST DIRECTION    MM
  AVERAGE WIND SPEED     3.9




RELATIVE HUMIDITY (PERCENT)
 HIGHEST    89
 LOWEST     53
 AVERAGE    71

..........................................................


THE ANCHORAGE AK CLIMATE NORMALS FOR TODAY
                         NORMAL    RECORD    YEAR
 MAXIMUM TEMPERATURE (F)   63        77      1977
 MINIMUM TEMPERATURE (F)   49        36      1918


SUNRISE AND SUNSET
AUGUST 20 2014........SUNRISE   622 AM AKDT  SUNSET   943 PM AKDT
AUGUST 21 2014........SUNRISE   625 AM AKDT  SUNSET   940 PM AKDT


-  INDICATES NEGATIVE NUMBERS.
R  INDICATES RECORD WAS SET OR TIED.
MM INDICATES DATA IS MISSING.
T  INDICATES TRACE AMOUNT.




$$




National Weather Service
Disclaimer
Last Modified: August 31, 2005
Privacy Policy