715
CDUS41 KCAR 232026
CLIMLT


CLIMATE REPORT
NATIONAL WEATHER SERVICE CARIBOU, ME
425 PM EDT WED APR 23 2014


...................................

...THE MILLINOCKET ME CLIMATE SUMMARY FOR APRIL 23 2014...
VALID TODAY AS OF 0400 PM LOCAL TIME.

CLIMATE NORMAL PERIOD 1981 TO 2010
CLIMATE RECORD PERIOD 1903 TO 2014


WEATHER ITEM   OBSERVED TIME   RECORD YEAR NORMAL DEPARTURE LAST
                VALUE   (LST)  VALUE       VALUE  FROM      YEAR
                                                  NORMAL
..................................................................
TEMPERATURE (F)
 TODAY
  MAXIMUM         50   1044 AM  80    2007  55     -5       54
  MINIMUM         43    259 PM  17    1933  34      9       25
  AVERAGE         47                        45      2       40

PRECIPITATION (IN)
  TODAY            0.35          1.98 2012   0.11   0.24     0.00
  MONTH TO DATE    2.27                      2.79  -0.52     1.32
  SINCE MAR 1      4.87                      5.85  -0.98     2.82
  SINCE JAN 1     10.06                     10.96  -0.90     6.25

SNOWFALL (IN)
  TODAY           MM            MM      MM  MM     MM       MM
  MONTH TO DATE    0.0                      MM     MM       MM
  SINCE MAR 1      0.0                      MM     MM       MM
  SINCE JUL 1      0.0                      MM     MM       MM
  SNOW DEPTH      MM

DEGREE DAYS
 HEATING
  TODAY           18                        20     -2       25
  MONTH TO DATE  571                       592    -21      612
  SINCE MAR 1   1949                      1739    210     1619
  SINCE JUL 1   7987                      7791    196     7170

 COOLING
  TODAY            0                         0      0        0
  MONTH TO DATE    0                         0      0        0
  SINCE MAR 1      0                         0      0        0
  SINCE JAN 1      0                         0      0        0
..................................................................


WIND (MPH)
  HIGHEST WIND SPEED    16   HIGHEST WIND DIRECTION    NW (300)
  HIGHEST GUST SPEED    23   HIGHEST GUST DIRECTION    NW (300)
  AVERAGE WIND SPEED     4.6


SKY COVER
  POSSIBLE SUNSHINE  MM
  AVERAGE SKY COVER 1.0


WEATHER CONDITIONS
 THE FOLLOWING WEATHER WAS RECORDED TODAY.
  RAIN
  LIGHT RAIN
  FOG


RELATIVE HUMIDITY (PERCENT)
 HIGHEST   100           300 AM
 LOWEST     76           100 PM
 AVERAGE    88

..........................................................


THE MILLINOCKET ME CLIMATE NORMALS FOR TOMORROW
                         NORMAL    RECORD    YEAR
 MAXIMUM TEMPERATURE (F)   56        82      1913
 MINIMUM TEMPERATURE (F)   35        20      1930


SUNRISE AND SUNSET
APRIL 23 2014.........SUNRISE   535 AM EDT   SUNSET   732 PM EDT
APRIL 24 2014.........SUNRISE   534 AM EDT   SUNSET   733 PM EDT


-  INDICATES NEGATIVE NUMBERS.
R  INDICATES RECORD WAS SET OR TIED.
MM INDICATES DATA IS MISSING.
T  INDICATES TRACE AMOUNT.




$$




714
CDUS41 KCAR 232026
CLIBGR


CLIMATE REPORT
NATIONAL WEATHER SERVICE CARIBOU, ME
425 PM EDT WED APR 23 2014


...................................

...THE BANGOR ME CLIMATE SUMMARY FOR APRIL 23 2014...
VALID TODAY AS OF 0400 PM LOCAL TIME.

CLIMATE NORMAL PERIOD 1981 TO 2010
CLIMATE RECORD PERIOD 1925 TO 2014


WEATHER ITEM   OBSERVED TIME   RECORD YEAR NORMAL DEPARTURE LAST
                VALUE   (LST)  VALUE       VALUE  FROM      YEAR
                                                  NORMAL
..................................................................
TEMPERATURE (F)
 TODAY
  MAXIMUM         55   1206 PM  83    2007  56     -1       49
  MINIMUM         46    603 AM   1    1928  35     11       25
  AVERAGE         51                        46      5       37

PRECIPITATION (IN)
  TODAY            0.20          2.32 2012   0.12   0.08      T
  MONTH TO DATE    1.94                      2.79  -0.85     1.59
  SINCE MAR 1      5.59                      6.17  -0.58     3.64
  SINCE JAN 1     10.76                     11.58  -0.82     6.55

SNOWFALL (IN)
  TODAY            0.0           2.6  1964   0.0    0.0      0.0
  MONTH TO DATE    1.1                       3.5   -2.4      1.1
  SINCE MAR 1     16.8                      15.2    1.6     14.8
  SINCE JUL 1     80.0                      65.9   14.1     74.3
  SNOW DEPTH       0

DEGREE DAYS
 HEATING
  TODAY           14                        19     -5       28
  MONTH TO DATE  538                       550    -12      601
  SINCE MAR 1   1842                      1627    215     1604
  SINCE JUL 1   7594                      7273    321     6981

 COOLING
  TODAY            0                         0      0        0
  MONTH TO DATE    0                         0      0        0
  SINCE MAR 1      0                         0      0        0
  SINCE JAN 1      0                         0      0        0
..................................................................


WIND (MPH)
  HIGHEST WIND SPEED    20   HIGHEST WIND DIRECTION    NW (320)
  HIGHEST GUST SPEED    24   HIGHEST GUST DIRECTION    NW (330)
  AVERAGE WIND SPEED     7.9


SKY COVER
  POSSIBLE SUNSHINE  MM
  AVERAGE SKY COVER 0.9


WEATHER CONDITIONS
 THE FOLLOWING WEATHER WAS RECORDED TODAY.
  RAIN
  LIGHT RAIN
  FOG


RELATIVE HUMIDITY (PERCENT)
 HIGHEST    93           200 AM
 LOWEST     59           200 PM
 AVERAGE    76

..........................................................


THE BANGOR ME CLIMATE NORMALS FOR TOMORROW
                         NORMAL    RECORD    YEAR
 MAXIMUM TEMPERATURE (F)   57        79      1942
 MINIMUM TEMPERATURE (F)   35        22      1944


SUNRISE AND SUNSET
APRIL 23 2014.........SUNRISE   538 AM EDT   SUNSET   730 PM EDT
APRIL 24 2014.........SUNRISE   536 AM EDT   SUNSET   732 PM EDT


-  INDICATES NEGATIVE NUMBERS.
R  INDICATES RECORD WAS SET OR TIED.
MM INDICATES DATA IS MISSING.
T  INDICATES TRACE AMOUNT.




$$




National Weather Service
Disclaimer
Last Modified: August 31, 2005
Privacy Policy