770
CDUS46 KPQR 311142
CLIUAO


CLIMATE REPORT
NATIONAL WEATHER SERVICE PORTLAND OREGON
441 AM PDT THU JUL 31 2014


...................................

...THE AURORA STATE OR CLIMATE SUMMARY FOR JULY 30 2014...

CLIMATE NORMAL PERIOD 1981 TO 2010
CLIMATE RECORD PERIOD 9999 TO 9999


WEATHER ITEM   OBSERVED TIME       LAST
                VALUE   (LST)      YEAR
........................................
TEMPERATURE (F)
 YESTERDAY
  MAXIMUM         90    444 PM
  MINIMUM         58    430 AM

PRECIPITATION (IN)
  YESTERDAY        0.00            0.00
  MONTH TO DATE    0.69            0.01
  SINCE OCT 1     29.92           35.72
  SINCE JAN 1     23.76           12.97

DEGREE DAYS
 HEATING
  YESTERDAY        0               0
  MONTH TO DATE    5               5
  SINCE JUN 1     92              85
  SINCE JUL 1      5               5

 COOLING
  YESTERDAY        9               2
  MONTH TO DATE  191             137
  SINCE JUN 1    197             191
  SINCE JAN 1    224             206
........................................


WIND (MPH)
  HIGHEST WIND SPEED    17   HIGHEST WIND DIRECTION     N (10)
  HIGHEST GUST SPEED    22   HIGHEST GUST DIRECTION    NE (30)
  AVERAGE WIND SPEED     6.2


SKY COVER
  AVERAGE SKY COVER 0.0


WEATHER CONDITIONS
 THE FOLLOWING WEATHER WAS RECORDED YESTERDAY.
  NO SIGNIFICANT WEATHER WAS OBSERVED.


RELATIVE HUMIDITY (PERCENT)
 HIGHEST    80           400 AM
 LOWEST     29           400 PM
 AVERAGE    55

..........................................................




SUNRISE AND SUNSET
JULY 31 2014..........SUNRISE   555 AM PDT   SUNSET   839 PM PDT
AUGUST  1 2014........SUNRISE   556 AM PDT   SUNSET   838 PM PDT


-  INDICATES NEGATIVE NUMBERS.
R  INDICATES RECORD WAS SET OR TIED.
MM INDICATES DATA IS MISSING.
T  INDICATES TRACE AMOUNT.




$$




769
CDUS46 KPQR 311142
CLIVUO


CLIMATE REPORT
NATIONAL WEATHER SERVICE PORTLAND OREGON
441 AM PDT THU JUL 31 2014


...................................

...THE VANCOUVER WA CLIMATE SUMMARY FOR JULY 30 2014...

CLIMATE NORMAL PERIOD 1981 TO 2010
CLIMATE RECORD PERIOD 1891 TO 2014


WEATHER ITEM   OBSERVED TIME   RECORD YEAR NORMAL DEPARTURE LAST
                VALUE   (LST)  VALUE       VALUE  FROM      YEAR
                                                  NORMAL
..................................................................
TEMPERATURE (F)
 YESTERDAY
  MAXIMUM         89    348 PM 105    1907  82      7       81
  MINIMUM         60    612 AM  46    1901  58      2       57
  AVERAGE         75                        70      5       69

PRECIPITATION (IN)
  YESTERDAY        0.00                      0.01  -0.01     0.00
  MONTH TO DATE    0.82                      0.68   0.14     0.00
  SINCE OCT 1     27.72                     36.80  -9.08    34.24
  SINCE JAN 1     22.25                     21.05   1.20    14.98

DEGREE DAYS
 HEATING
  YESTERDAY        0                                         0
  MONTH TO DATE    3                                         9
  SINCE JUL 1      3                                         9

 COOLING
  YESTERDAY       10                                         4
  MONTH TO DATE  190                                       134
  SINCE JAN 1    221                                       201
..................................................................


WIND (MPH)
  HIGHEST WIND SPEED    16   HIGHEST WIND DIRECTION    NW (320)
  HIGHEST GUST SPEED    24   HIGHEST GUST DIRECTION    NW (330)
  AVERAGE WIND SPEED     6.9


SKY COVER
  POSSIBLE SUNSHINE  MM
  AVERAGE SKY COVER 0.1


WEATHER CONDITIONS
 THE FOLLOWING WEATHER WAS RECORDED YESTERDAY.
  NO SIGNIFICANT WEATHER WAS OBSERVED.


RELATIVE HUMIDITY (PERCENT)
 HIGHEST    84           400 AM
 LOWEST     31           500 PM
 AVERAGE    58

..........................................................




SUNRISE AND SUNSET
JULY 31 2014..........SUNRISE   553 AM PDT   SUNSET   840 PM PDT
AUGUST  1 2014........SUNRISE   554 AM PDT   SUNSET   839 PM PDT


-  INDICATES NEGATIVE NUMBERS.
R  INDICATES RECORD WAS SET OR TIED.
MM INDICATES DATA IS MISSING.
T  INDICATES TRACE AMOUNT.




$$




768
CDUS46 KPQR 311142
CLISLE


CLIMATE REPORT
NATIONAL WEATHER SERVICE PORTLAND OREGON
441 AM PDT THU JUL 31 2014


...................................

...THE SALEM OR CLIMATE SUMMARY FOR JULY 30 2014...

CLIMATE NORMAL PERIOD 1981 TO 2010
CLIMATE RECORD PERIOD 1892 TO 2014


WEATHER ITEM   OBSERVED TIME   RECORD YEAR NORMAL DEPARTURE LAST
                VALUE   (LST)  VALUE       VALUE  FROM      YEAR
                                                  NORMAL
..................................................................
TEMPERATURE (F)
 YESTERDAY
  MAXIMUM         93    502 PM 103    1965  84      9       84
  MINIMUM         55    510 AM  36    1920  54      1       50
  AVERAGE         74                        69      5       67

PRECIPITATION (IN)
  YESTERDAY        0.00          0.31 1985   0.01  -0.01     0.00
  MONTH TO DATE    0.46                      0.45   0.01     0.00
  SINCE OCT 1     27.05                     37.93 -10.88    33.87
  SINCE JAN 1     22.47                     21.54   0.93    11.61

DEGREE DAYS
 HEATING
  YESTERDAY        0                         0      0        0
  MONTH TO DATE    3                        30    -27        2
  SINCE JUN 1     69                       160    -91       81
  SINCE JUL 1      3                        30    -27        2

 COOLING
  YESTERDAY        9                         4      5        2
  MONTH TO DATE  229                       101    128      172
  SINCE JUN 1    248                       129    119      225
  SINCE JAN 1    264                       138    126      235
..................................................................


WIND (MPH)
  HIGHEST WIND SPEED    18   HIGHEST WIND DIRECTION     N (20)
  HIGHEST GUST SPEED    25   HIGHEST GUST DIRECTION     N (20)
  AVERAGE WIND SPEED     7.3


SKY COVER
  POSSIBLE SUNSHINE  MM
  AVERAGE SKY COVER 0.0


WEATHER CONDITIONS
 THE FOLLOWING WEATHER WAS RECORDED YESTERDAY.
  NO SIGNIFICANT WEATHER WAS OBSERVED.


RELATIVE HUMIDITY (PERCENT)
 HIGHEST    80           400 AM
 LOWEST     28           300 PM
 AVERAGE    54

..........................................................


THE SALEM OR CLIMATE NORMALS FOR TODAY
                         NORMAL    RECORD    YEAR
 MAXIMUM TEMPERATURE (F)   84       104      1965
 MINIMUM TEMPERATURE (F)   54        41      1920


SUNRISE AND SUNSET
JULY 31 2014..........SUNRISE   557 AM PDT   SUNSET   839 PM PDT
AUGUST  1 2014........SUNRISE   558 AM PDT   SUNSET   838 PM PDT


-  INDICATES NEGATIVE NUMBERS.
R  INDICATES RECORD WAS SET OR TIED.
MM INDICATES DATA IS MISSING.
T  INDICATES TRACE AMOUNT.




$$




National Weather Service
Disclaimer
Last Modified: August 31, 2005
Privacy Policy