276
CDUS46 KSGX 302315
CLIOKB


CLIMATE REPORT
NATIONAL WEATHER SERVICE SAN DIEGO, CA
415 PM PDT TUE SEP 30 2014


...................................

...THE OCEANSIDE AIRPORT CA CLIMATE SUMMARY FOR SEPTEMBER 30 2014...
VALID TODAY AS OF 0400 PM LOCAL TIME.

CLIMATE NORMAL PERIOD 1981 TO 2010
CLIMATE RECORD PERIOD 1999 TO 2014


WEATHER ITEM   OBSERVED TIME   RECORD YEAR NORMAL DEPARTURE LAST
                VALUE   (LST)  VALUE       VALUE  FROM      YEAR
                                                  NORMAL
..................................................................
TEMPERATURE (F)
 TODAY
  MAXIMUM         79   1000 AM  87    2008  75      4       79
                                      1999
  MINIMUM         62   1200 AM  46    2013  56      6       46
  AVERAGE         71                        66      5       63

PRECIPITATION (IN)
  TODAY            0.00          T    2009   0.01  -0.01     0.00
  MONTH TO DATE    0.00                      0.24  -0.24     0.00
  SINCE JUL 1      0.14                      0.51  -0.37     0.01
  SINCE JAN 1      2.74                      9.78  -7.04     2.33

SNOWFALL (IN)
  TODAY            0.0
  MONTH TO DATE    0.0
  SINCE JAN 1      0.0
  SINCE JUL 1      0.0
  SNOW DEPTH      MM

DEGREE DAYS
 HEATING
  TODAY            0                         1     -1        2
  MONTH TO DATE    0                         7     -7        8
  SINCE SEP 1      0                        10    -10        8
  SINCE JUL 1      0                        15    -15        8

 COOLING
  TODAY            6                         2      4        0
  MONTH TO DATE  254                        94    160      114
  SINCE SEP 1    254                        94    160      114
  SINCE JAN 1    761                       394    367      515
..................................................................


WIND (MPH)
  RESULTANT WIND SPEED   3   RESULTANT WIND DIRECTION   W (250)
  HIGHEST WIND SPEED    13   HIGHEST WIND DIRECTION    SW (240)
  HIGHEST GUST SPEED    MM   HIGHEST GUST DIRECTION    MM
  AVERAGE WIND SPEED     4.9


SKY COVER
  POSSIBLE SUNSHINE  MM
  AVERAGE SKY COVER 0.0


WEATHER CONDITIONS
 THE FOLLOWING WEATHER WAS RECORDED TODAY.
  NO SIGNIFICANT WEATHER WAS OBSERVED.


RELATIVE HUMIDITY (PERCENT)
 HIGHEST    84          1200 AM
 LOWEST     46           900 AM
 AVERAGE    65

..........................................................


THE OCEANSIDE AIRPORT CA CLIMATE NORMALS FOR TOMORROW
                         NORMAL    RECORD    YEAR
 MAXIMUM TEMPERATURE (F)   75        93      2008
 MINIMUM TEMPERATURE (F)   56        46      2009


SUNRISE AND SUNSET
SEPTEMBER 30 2014.....SUNRISE   643 AM PDT   SUNSET   635 PM PDT
OCTOBER  1 2014.......SUNRISE   644 AM PDT   SUNSET   634 PM PDT


-  INDICATES NEGATIVE NUMBERS.
R  INDICATES RECORD WAS SET OR TIED.
MM INDICATES DATA IS MISSING.
T  INDICATES TRACE AMOUNT.




$$




National Weather Service
Disclaimer
Last Modified: August 31, 2005
Privacy Policy