887
CDUS43 KGRR 260516
CLIGRR


CLIMATE REPORT
NATIONAL WEATHER SERVICE GRAND RAPIDS, MI
1214 AM EST WED NOV 26 2014


...................................

...THE GRAND RAPIDS MI CLIMATE SUMMARY FOR NOVEMBER 25 2014...

CLIMATE NORMAL PERIOD 1981 TO 2010
CLIMATE RECORD PERIOD 1892 TO 2014


WEATHER ITEM   OBSERVED TIME   RECORD YEAR NORMAL DEPARTURE LAST
                VALUE   (LST)  VALUE       VALUE  FROM      YEAR
                                                  NORMAL
..................................................................
TEMPERATURE (F)
 YESTERDAY
  MAXIMUM         31    113 PM  65    1908  43    -12       32
  MINIMUM         29   1159 PM -10    1950  30     -1       22
  AVERAGE         30                        36     -6       27

PRECIPITATION (IN)
  YESTERDAY        0.07          1.39 1979   0.11  -0.04     0.05
  MONTH TO DATE    4.07                      2.98   1.09     3.72
  SINCE SEP 1     12.15                     10.52   1.63    10.43
  SINCE JAN 1     38.67                     35.24   3.43    42.75

SNOWFALL (IN)
  YESTERDAY        1.0           3.6  1950   0.4    0.6      0.4
  MONTH TO DATE   30.3                       4.9   25.4      0.8
  SINCE SEP 1     30.3                       5.4   24.9      0.8
  SINCE JUL 1     30.3                       5.4   24.9      0.8
  SNOW DEPTH       T

DEGREE DAYS
 HEATING
  YESTERDAY       35                        29      6       38
  MONTH TO DATE  747                       596    151      625
  SINCE SEP 1   1310                      1168    142     1113
  SINCE JUL 1   1329                      1188    141     1139

 COOLING
  YESTERDAY        0                         0      0        0
  MONTH TO DATE    0                         0      0        0
  SINCE SEP 1     51                        74    -23       97
  SINCE JAN 1    611                       699    -88      767
..................................................................


WIND (MPH)
  RESULTANT WIND SPEED  14   RESULTANT WIND DIRECTION   W (250)
  HIGHEST WIND SPEED    32   HIGHEST WIND DIRECTION    SW (230)
  HIGHEST GUST SPEED    39   HIGHEST GUST DIRECTION    SW (240)
  AVERAGE WIND SPEED    13.8


SKY COVER
  POSSIBLE SUNSHINE   1 PERCENT
  AVERAGE SKY COVER 1.0


WEATHER CONDITIONS
 THE FOLLOWING WEATHER WAS RECORDED YESTERDAY.
  MIXED PRECIP
  LT FREEZING RAIN
  SNOW
  LIGHT SNOW
  FOG


RELATIVE HUMIDITY (PERCENT)
 HIGHEST    92          1000 AM
 LOWEST     69           200 PM
 AVERAGE    81

..........................................................


THE GRAND RAPIDS MI CLIMATE NORMALS FOR TODAY
                         NORMAL    RECORD    YEAR
 MAXIMUM TEMPERATURE (F)   42        65      1896
 MINIMUM TEMPERATURE (F)   30         3      1949


SUNRISE AND SUNSET
NOVEMBER 26 2014......SUNRISE   748 AM EST   SUNSET   511 PM EST
NOVEMBER 27 2014......SUNRISE   749 AM EST   SUNSET   510 PM EST


-  INDICATES NEGATIVE NUMBERS.
R  INDICATES RECORD WAS SET OR TIED.
MM INDICATES DATA IS MISSING.
T  INDICATES TRACE AMOUNT.




$$

63




National Weather Service
Disclaimer
Last Modified: August 31, 2005
Privacy Policy