926
CDUS43 KDVN 191026
CLICID


CLIMATE REPORT
NATIONAL WEATHER SERVICE QUAD CITIES IA IL
426 AM CST FRI DEC 19 2014


...................................

...THE CEDAR RAPIDS IA CLIMATE SUMMARY FOR DECEMBER 18 2014...

CLIMATE NORMAL PERIOD 1981 TO 2010
CLIMATE RECORD PERIOD 1891 TO 2014


WEATHER ITEM   OBSERVED TIME   RECORD YEAR NORMAL DEPARTURE LAST
                VALUE   (LST)  VALUE       VALUE  FROM      YEAR
                                                  NORMAL
..................................................................
TEMPERATURE (F)
 YESTERDAY
  MAXIMUM         25    841 PM  57    2002  31     -6       41
  MINIMUM         12    214 AM -21    1985  14     -2       11
  AVERAGE         19                        22     -3       26

PRECIPITATION (IN)
  YESTERDAY        0.00         MM      MM   0.04  -0.04     0.00
  MONTH TO DATE    0.22                      0.93  -0.71     0.23
  SINCE DEC 1      0.22                      0.93  -0.71     0.23
  SINCE JAN 1     38.11                     34.12   3.99    37.36

DEGREE DAYS
 HEATING
  YESTERDAY       46                        43      3       39
  MONTH TO DATE  568                       718   -150      846
  SINCE DEC 1    568                       718   -150      846
  SINCE JUL 1   2229                      2164     65     2289

 COOLING
  YESTERDAY        0                         0      0        0
  MONTH TO DATE    0                         0      0        0
  SINCE DEC 1      0                         0      0        0
  SINCE JAN 1    670                       748    -78      884
..................................................................


WIND (MPH)
  HIGHEST WIND SPEED     7   HIGHEST WIND DIRECTION     N (340)
  HIGHEST GUST SPEED    12   HIGHEST GUST DIRECTION     N (10)
  AVERAGE WIND SPEED     2.6


SKY COVER
  POSSIBLE SUNSHINE  MM
  AVERAGE SKY COVER 0.6


WEATHER CONDITIONS
 THE FOLLOWING WEATHER WAS RECORDED YESTERDAY.
  FOG


RELATIVE HUMIDITY (PERCENT)
 HIGHEST    96           500 AM
 LOWEST     74           100 PM
 AVERAGE    85

..........................................................


THE CEDAR RAPIDS IA CLIMATE NORMALS FOR TODAY
                         NORMAL    RECORD    YEAR
 MAXIMUM TEMPERATURE (F)   30        55      1988
 MINIMUM TEMPERATURE (F)   14       -19      1985


SUNRISE AND SUNSET
DECEMBER 19 2014......SUNRISE   730 AM CST   SUNSET   438 PM CST
DECEMBER 20 2014......SUNRISE   731 AM CST   SUNSET   438 PM CST


-  INDICATES NEGATIVE NUMBERS.
R  INDICATES RECORD WAS SET OR TIED.
MM INDICATES DATA IS MISSING.
T  INDICATES TRACE AMOUNT.




$$




925
CDUS43 KDVN 191026
CLIDVN


CLIMATE REPORT
NATIONAL WEATHER SERVICE QUAD CITIES IA IL
426 AM CST FRI DEC 19 2014


...................................

...THE DAVENPORT IA CLIMATE SUMMARY FOR DECEMBER 18 2014...

CLIMATE NORMAL PERIOD 1981 TO 2010
CLIMATE RECORD PERIOD 9999 TO 9999


WEATHER ITEM   OBSERVED TIME   RECORD YEAR NORMAL DEPARTURE LAST
                VALUE   (LST)  VALUE       VALUE  FROM      YEAR
                                                  NORMAL
..................................................................
TEMPERATURE (F)
 YESTERDAY
  MAXIMUM         26    250 PM  MM      MM  32     -6       39
  MINIMUM         14    517 AM  MM      MM  16     -2        9
  AVERAGE         20                        24     -4       24

PRECIPITATION (IN)
  YESTERDAY        0.00         MM      MM   0.06  -0.06     0.00
  MONTH TO DATE    0.44                      1.20  -0.76     0.37
  SINCE DEC 1      0.44                      1.20  -0.76     0.37
  SINCE JAN 1     33.87                     35.50  -1.63    34.14

SNOWFALL (IN)
  YESTERDAY        0.0          MM      MM  MM     MM        0.0
  MONTH TO DATE    T                        MM     MM        5.5
  SINCE DEC 1      T                        MM     MM        5.5
  SINCE JUL 1      4.0                      MM     MM        8.8
  SNOW DEPTH       0

DEGREE DAYS
 HEATING
  YESTERDAY       45                        41      4       41
  MONTH TO DATE  619                       682    -63      813
  SINCE DEC 1    619                       682    -63      813
  SINCE JUL 1   2224                      2030    194     2226

 COOLING
  YESTERDAY        0                         0      0        0
  MONTH TO DATE    0                         0      0        0
  SINCE DEC 1      0                         0      0        0
  SINCE JAN 1    728                       786    -58      938
..................................................................


WIND (MPH)
  HIGHEST WIND SPEED     7   HIGHEST WIND DIRECTION     N (350)
  HIGHEST GUST SPEED    10   HIGHEST GUST DIRECTION    NW (310)
  AVERAGE WIND SPEED     1.8


SKY COVER
  POSSIBLE SUNSHINE  MM
  AVERAGE SKY COVER 0.3


WEATHER CONDITIONS
 THE FOLLOWING WEATHER WAS RECORDED YESTERDAY.
  NO SIGNIFICANT WEATHER WAS OBSERVED.


RELATIVE HUMIDITY (PERCENT)
 HIGHEST    88           100 AM
 LOWEST     68           200 PM
 AVERAGE    78

..........................................................


THE DAVENPORT IA CLIMATE NORMALS FOR TODAY
                         NORMAL    RECORD    YEAR
 MAXIMUM TEMPERATURE (F)   32        MM        MM
 MINIMUM TEMPERATURE (F)   16        MM        MM


SUNRISE AND SUNSET
DECEMBER 19 2014......SUNRISE   725 AM CST   SUNSET   434 PM CST
DECEMBER 20 2014......SUNRISE   725 AM CST   SUNSET   435 PM CST


-  INDICATES NEGATIVE NUMBERS.
R  INDICATES RECORD WAS SET OR TIED.
MM INDICATES DATA IS MISSING.
T  INDICATES TRACE AMOUNT.




$$




928
CDUS43 KDVN 191026
CLIDBQ


CLIMATE REPORT
NATIONAL WEATHER SERVICE QUAD CITIES IA IL
426 AM CST FRI DEC 19 2014


...................................

...THE DUBUQUE IA CLIMATE SUMMARY FOR DECEMBER 18 2014...

CLIMATE NORMAL PERIOD 1981 TO 2010
CLIMATE RECORD PERIOD 1873 TO 2014


WEATHER ITEM   OBSERVED TIME   RECORD YEAR NORMAL DEPARTURE LAST
                VALUE   (LST)  VALUE       VALUE  FROM      YEAR
                                                  NORMAL
..................................................................
TEMPERATURE (F)
 YESTERDAY
  MAXIMUM         26    323 PM  60    1877  29     -3       35
  MINIMUM         14    825 AM -19    1985  14      0        9
                                      1983
  AVERAGE         20                        22     -2       22

PRECIPITATION (IN)
  YESTERDAY        0.00          0.99 1957   0.06  -0.06     0.00
  MONTH TO DATE    0.47                      1.21  -0.74     0.41
  SINCE DEC 1      0.47                      1.21  -0.74     0.41
  SINCE JAN 1     36.99                     35.66   1.33    37.22

SNOWFALL (IN)
  YESTERDAY        0.0          MM      MM   0.4   -0.4      0.0
  MONTH TO DATE    T                         6.8   -6.8      6.4
  SINCE DEC 1      T                         6.8   -6.8      6.4
  SINCE JUL 1      3.5                       9.6   -6.1     10.3
  SNOW DEPTH       0

DEGREE DAYS
 HEATING
  YESTERDAY       45                        43      2       43
  MONTH TO DATE  656                       728    -72      869
  SINCE DEC 1    656                       728    -72      869
  SINCE JUL 1   2438                      2228    210     2468

 COOLING
  YESTERDAY        0                         0      0        0
  MONTH TO DATE    0                         0      0        0
  SINCE DEC 1      0                         0      0        0
  SINCE JAN 1    526                       643   -117      640
..................................................................


WIND (MPH)
  HIGHEST WIND SPEED     8   HIGHEST WIND DIRECTION     N (20)
  HIGHEST GUST SPEED     9   HIGHEST GUST DIRECTION     N (20)
  AVERAGE WIND SPEED     1.7


SKY COVER
  POSSIBLE SUNSHINE  MM
  AVERAGE SKY COVER 0.3


WEATHER CONDITIONS
 THE FOLLOWING WEATHER WAS RECORDED YESTERDAY.
  NO SIGNIFICANT WEATHER WAS OBSERVED.


RELATIVE HUMIDITY (PERCENT)
 HIGHEST    96           800 AM
 LOWEST     74           300 PM
 AVERAGE    85

..........................................................


THE DUBUQUE IA CLIMATE NORMALS FOR TODAY
                         NORMAL    RECORD    YEAR
 MAXIMUM TEMPERATURE (F)   29        57      1877
 MINIMUM TEMPERATURE (F)   14       -21      1983


SUNRISE AND SUNSET
DECEMBER 19 2014......SUNRISE   728 AM CST   SUNSET   432 PM CST
DECEMBER 20 2014......SUNRISE   728 AM CST   SUNSET   433 PM CST


-  INDICATES NEGATIVE NUMBERS.
R  INDICATES RECORD WAS SET OR TIED.
MM INDICATES DATA IS MISSING.
T  INDICATES TRACE AMOUNT.




$$




National Weather Service
Disclaimer
Last Modified: August 31, 2005
Privacy Policy