408
CDUS46 KSGX 281419
CLIONT


CLIMATE REPORT
NATIONAL WEATHER SERVICE SAN DIEGO, CA
619 AM PST WED JAN 28 2015


...................................

...THE ONTARIO INTL AIRPORT CA CLIMATE SUMMARY FOR JANUARY 27 2015...

CLIMATE NORMAL PERIOD 1981 TO 2010
CLIMATE RECORD PERIOD 1998 TO 2015


WEATHER ITEM   OBSERVED TIME   RECORD YEAR NORMAL DEPARTURE LAST
                VALUE   (LST)  VALUE       VALUE  FROM      YEAR
                                                  NORMAL
..................................................................
TEMPERATURE (F)
 YESTERDAY
  MAXIMUM         71    215 PM  79    2003  65      6       71
  MINIMUM         54   1138 PM  39    2002  44     10       48
  AVERAGE         63                        54      9       60

PRECIPITATION (IN)
  YESTERDAY        T             1.07 2008   0.04  -0.04     0.00
  MONTH TO DATE    0.93                      2.99  -2.06     0.00
  SINCE OCT 1      6.57                      7.16  -0.59     0.88
  SINCE JAN 1      0.93                      2.99  -2.06     0.00

SNOWFALL (IN)
  YESTERDAY        0.0
  MONTH TO DATE    0.0
  SINCE JAN 1      0.0
  SINCE JUL 1      0.0
  SNOW DEPTH       0

DEGREE DAYS
 HEATING
  YESTERDAY        2                        11     -9        5
  MONTH TO DATE  180                       297   -117       99
  SINCE DEC 1    431                       635   -204      363
  SINCE JUL 1    501                       857   -356      521

 COOLING
  YESTERDAY        0                         0      0        0
  MONTH TO DATE   13                         0     13       19
  SINCE DEC 1     15                         2     13       23
  SINCE JAN 1     13                         0     13       19
..................................................................


WIND (MPH)
  RESULTANT WIND SPEED   1   RESULTANT WIND DIRECTION   S (200)
  HIGHEST WIND SPEED    10   HIGHEST WIND DIRECTION    SW (220)
  HIGHEST GUST SPEED    14   HIGHEST GUST DIRECTION     W (260)
  AVERAGE WIND SPEED     2.7


SKY COVER
  POSSIBLE SUNSHINE  MM
  AVERAGE SKY COVER 0.6


WEATHER CONDITIONS
 THE FOLLOWING WEATHER WAS RECORDED YESTERDAY.
  LIGHT RAIN
  FOG
  HAZE


RELATIVE HUMIDITY (PERCENT)
 HIGHEST    93          1200 AM
 LOWEST     40           400 PM
 AVERAGE    67

..........................................................


THE ONTARIO INTL AIRPORT CA CLIMATE NORMALS FOR TODAY
                         NORMAL    RECORD    YEAR
 MAXIMUM TEMPERATURE (F)   65        78      2012
 MINIMUM TEMPERATURE (F)   44        36      1999


SUNRISE AND SUNSET
JANUARY 28 2015.......SUNRISE   650 AM PST   SUNSET   517 PM PST
JANUARY 29 2015.......SUNRISE   650 AM PST   SUNSET   518 PM PST


-  INDICATES NEGATIVE NUMBERS.
R  INDICATES RECORD WAS SET OR TIED.
MM INDICATES DATA IS MISSING.
T  INDICATES TRACE AMOUNT.




$$




507
CDUS46 KSGX 281419
CLITRM


CLIMATE REPORT
NATIONAL WEATHER SERVICE SAN DIEGO, CA
619 AM PST WED JAN 28 2015


...................................

...THE THERMAL AIRPORT CA CLIMATE SUMMARY FOR JANUARY 27 2015...

CLIMATE NORMAL PERIOD 1981 TO 2010
CLIMATE RECORD PERIOD 1950 TO 2015


WEATHER ITEM   OBSERVED TIME   RECORD YEAR NORMAL DEPARTURE LAST
                VALUE   (LST)  VALUE       VALUE  FROM      YEAR
                                                  NORMAL
..................................................................
TEMPERATURE (F)
 YESTERDAY
  MAXIMUM         71    233 PM  90    1971  72     -1       82
  MINIMUM         52   1159 PM  26    1979  39     13       48
  AVERAGE         62                        56      6       65

PRECIPITATION (IN)
  YESTERDAY        0.00          1.09 2008   0.02  -0.02     0.00
  MONTH TO DATE    0.17                      0.59  -0.42     0.00
  SINCE OCT 1      0.32                      1.40  -1.08     0.08
  SINCE JAN 1      0.17                      0.59  -0.42     0.00

SNOWFALL (IN)
  YESTERDAY        0.0
  MONTH TO DATE    0.0
  SINCE JAN 1      0.0
  SINCE JUL 1      0.0
  SNOW DEPTH       0

DEGREE DAYS
 HEATING
  YESTERDAY        3                        10     -7        0
  MONTH TO DATE  242                       285    -43      188
  SINCE DEC 1    541                       656   -115      554
  SINCE JUL 1    650                       823   -173      663

 COOLING
  YESTERDAY        0                         0      0        0
  MONTH TO DATE    0                         0      0        0
  SINCE DEC 1      3                         1      2        0
  SINCE JAN 1      0                         0      0        0
..................................................................


WIND (MPH)
  RESULTANT WIND SPEED   1   RESULTANT WIND DIRECTION   N (10)
  HIGHEST WIND SPEED     9   HIGHEST WIND DIRECTION    SE (140)
  HIGHEST GUST SPEED    14   HIGHEST GUST DIRECTION    SE (130)
  AVERAGE WIND SPEED     2.5


SKY COVER
  POSSIBLE SUNSHINE  MM
  AVERAGE SKY COVER 0.5


WEATHER CONDITIONS
 THE FOLLOWING WEATHER WAS RECORDED YESTERDAY.
  FOG
  HAZE


RELATIVE HUMIDITY (PERCENT)
 HIGHEST    93          1200 AM
 LOWEST     53           100 PM
 AVERAGE    73

..........................................................


THE THERMAL AIRPORT CA CLIMATE NORMALS FOR TODAY
                         NORMAL    RECORD    YEAR
 MAXIMUM TEMPERATURE (F)   73        88      1971
 MINIMUM TEMPERATURE (F)   39        27      1994


SUNRISE AND SUNSET
JANUARY 28 2015.......SUNRISE   644 AM PST   SUNSET   512 PM PST
JANUARY 29 2015.......SUNRISE   643 AM PST   SUNSET   513 PM PST


-  INDICATES NEGATIVE NUMBERS.
R  INDICATES RECORD WAS SET OR TIED.
MM INDICATES DATA IS MISSING.
T  INDICATES TRACE AMOUNT.




$$




509
CDUS46 KSGX 281419
CLISAN


CLIMATE REPORT
NATIONAL WEATHER SERVICE SAN DIEGO, CA
619 AM PST WED JAN 28 2015


...................................

...THE SAN DIEGO/LINDBERGH FIELD CA CLIMATE SUMMARY FOR JANUARY 27 2015...

CLIMATE NORMAL PERIOD 1981 TO 2010
CLIMATE RECORD PERIOD 1850 TO 2015


WEATHER ITEM   OBSERVED TIME   RECORD YEAR NORMAL DEPARTURE LAST
                VALUE   (LST)  VALUE       VALUE  FROM      YEAR
                                                  NORMAL
..................................................................
TEMPERATURE (F)
 YESTERDAY
  MAXIMUM         72   1019 AM  83    1984  65      7       69
  MINIMUM         55    450 AM  37    1950  50      5       58
                                      1898
                                      1895
  AVERAGE         64                        57      7       64

PRECIPITATION (IN)
  YESTERDAY        0.00          2.19 1916   0.06  -0.06     0.00
  MONTH TO DATE    0.41                      1.72  -1.31     0.00
  SINCE OCT 1      5.28                      4.83   0.45     2.19
  SINCE JAN 1      0.41                      1.72  -1.31     0.00

SNOWFALL (IN)
  YESTERDAY        0.0
  MONTH TO DATE    0.0
  SINCE JAN 1      0.0
  SINCE JUL 1      0.0
  SNOW DEPTH       0

DEGREE DAYS
 HEATING
  YESTERDAY        1                         8     -7        1
  MONTH TO DATE  115                       219   -104       94
  SINCE DEC 1    247                       481   -234      264
  SINCE JUL 1    269                       626   -357      334

 COOLING
  YESTERDAY        0                         0      0        0
  MONTH TO DATE    0                         0      0        7
  SINCE DEC 1      4                         0      4       11
  SINCE JAN 1      0                         0      0        7
..................................................................


WIND (MPH)
  RESULTANT WIND SPEED   3   RESULTANT WIND DIRECTION  NW (320)
  HIGHEST WIND SPEED    14   HIGHEST WIND DIRECTION    NW (310)
  HIGHEST GUST SPEED    17   HIGHEST GUST DIRECTION    NW (310)
  AVERAGE WIND SPEED     3.2


SKY COVER
  POSSIBLE SUNSHINE  MM
  AVERAGE SKY COVER 0.5


WEATHER CONDITIONS
 THE FOLLOWING WEATHER WAS RECORDED YESTERDAY.
  NO SIGNIFICANT WEATHER WAS OBSERVED.


RELATIVE HUMIDITY (PERCENT)
 HIGHEST    83           300 AM
 LOWEST     41          1100 AM
 AVERAGE    62

..........................................................


THE SAN DIEGO/LINDBERGH FIELD CA CLIMATE NORMALS FOR TODAY
                         NORMAL    RECORD    YEAR
 MAXIMUM TEMPERATURE (F)   65        83      1962
 MINIMUM TEMPERATURE (F)   50        36      1948
                                             1895


SUNRISE AND SUNSET
JANUARY 28 2015.......SUNRISE   646 AM PST   SUNSET   517 PM PST
JANUARY 29 2015.......SUNRISE   645 AM PST   SUNSET   518 PM PST


-  INDICATES NEGATIVE NUMBERS.
R  INDICATES RECORD WAS SET OR TIED.
MM INDICATES DATA IS MISSING.
T  INDICATES TRACE AMOUNT.




$$




National Weather Service
Disclaimer
Last Modified: August 31, 2005
Privacy Policy