361
CDAK49 PAFG 270935
CLIFAI

CLIMATE REPORT
NATIONAL WEATHER SERVICE FAIRBANKS AK
1235 AM AKST TUE JAN 27 2015

...................................

...THE FAIRBANKS AK CLIMATE SUMMARY FOR JANUARY 26 2015...

CLIMATE NORMAL PERIOD 1981 TO 2010
CLIMATE RECORD PERIOD 1904 TO 2015


WEATHER ITEM   OBSERVED TIME   RECORD YEAR NORMAL DEPARTURE LAST
                VALUE   (LST)  VALUE       VALUE  FROM      YEAR
                                                  NORMAL
..................................................................
TEMPERATURE (F)
 YESTERDAY
  MAXIMUM        -29    234 PM  39    1991   2    -31       32
  MINIMUM        -43   1031 AM -60    1934 -17    -26       19
  AVERAGE        -36                        -8    -28       26

PRECIPITATION (IN)
  YESTERDAY        T             0.56 1968   0.02  -0.02     0.00
  MONTH TO DATE    0.15                      0.49  -0.34     0.22
  SINCE DEC 1      1.08                      1.13  -0.05     1.00
  SINCE JAN 1      0.15                      0.49  -0.34     0.22

SNOWFALL (IN)
  YESTERDAY        T             9.4  1968   0.3   -0.3      0.0
  MONTH TO DATE    4.6                       8.7   -4.1      2.5
  SINCE DEC 1     19.8                      20.8   -1.0     16.8
  SINCE JUL 1     29.6                      46.6  -17.0     35.8
  SNOW DEPTH      13

DEGREE DAYS
 HEATING
  YESTERDAY      101                        73     28       39
  MONTH TO DATE 1730                      1902   -172     1486
  SINCE DEC 1   3487                      4043   -556     3633
  SINCE JUL 1   7205                      8174   -969     7170

 COOLING
  YESTERDAY        0                         0      0        0
  MONTH TO DATE    0                         0      0        0
  SINCE DEC 1      0                         0      0        0
  SINCE JAN 1      0                         0      0        0
..................................................................


WIND (MPH)
  HIGHEST GUST SPEED     6   HIGHEST GUST DIRECTION    NE (30)


SKY COVER
  AVERAGE SKY COVER 0.3


WEATHER CONDITIONS
 THE FOLLOWING WEATHER WAS RECORDED YESTERDAY.
  LIGHT SNOW
  FOG


RELATIVE HUMIDITY (PERCENT)
 HIGHEST    MM
 LOWEST     MM
 AVERAGE    MM

..........................................................


THE FAIRBANKS AK CLIMATE NORMALS FOR TODAY
                         NORMAL    RECORD    YEAR
 MAXIMUM TEMPERATURE (F)    2        39      1945
 MINIMUM TEMPERATURE (F)  -17       -58      1933


SUNRISE AND SUNSET
JANUARY 27 2015..........SUNRISE  953 AM AKST   SUNSET  417 PM AKST
JANUARY 28 2015..........SUNRISE  950 AM AKST   SUNSET  421 PM AKST


-  INDICATES NEGATIVE NUMBERS.
R  INDICATES RECORD WAS SET OR TIED.
MM INDICATES DATA IS MISSING.
T  INDICATES TRACE AMOUNT.

&&

SNOW DEPTH IS MEASURED AT 3AM AKST/4AM AKDT

----------------------------
AVAILABLE DAYLIGHT

AMOUNT OF DAYLIGHT TODAY  (HOUR:MIN)........6:24
GAIN SINCE YESTERDAY........................7 MINUTES
----------------------------

$$
JAN 15



National Weather Service
Disclaimer
Last Modified: August 31, 2005
Privacy Policy