153
CDUS45 KBOI 240932
CLIJER


CLIMATE REPORT
NATIONAL WEATHER SERVICE BOISE ID
331 AM MDT FRI OCT 24 2014


...................................

...THE JEROME ID CLIMATE SUMMARY FOR OCTOBER 23 2014...

CLIMATE NORMAL PERIOD 1981 TO 2010
CLIMATE RECORD PERIOD 1919 TO 2014


WEATHER ITEM   OBSERVED TIME   RECORD YEAR NORMAL DEPARTURE LAST
                VALUE   (LST)  VALUE       VALUE  FROM      YEAR
                                                  NORMAL
..................................................................
TEMPERATURE (F)
 YESTERDAY
  MAXIMUM         63    129 PM  86    2003  58      5       71
  MINIMUM         46    600 AM  23    1984  35     11       44
  AVERAGE         55                        46      9       58

PRECIPITATION (IN)
  YESTERDAY        0.00          0.76 1985   0.02  -0.02     0.00
  MONTH TO DATE    0.15                      0.55  -0.40     0.02
  SINCE OCT 1      0.15                      0.55  -0.40     0.02
  SINCE JAN 1      9.22                      7.84   1.38     3.04

DEGREE DAYS
 HEATING
  YESTERDAY       10                        19     -9        7
  MONTH TO DATE  210                       334   -124      410
  SINCE SEP 1    318                       504   -186      548
  SINCE JUL 1    345                       537   -192      548

 COOLING
  YESTERDAY        0                         0      0        0
  MONTH TO DATE    0                         0      0        0
  SINCE SEP 1     60                        44     16       86
  SINCE JAN 1    652                       509    143      904
..................................................................


WIND (MPH)
  HIGHEST WIND SPEED    18   HIGHEST WIND DIRECTION     W (270)
  HIGHEST GUST SPEED    21   HIGHEST GUST DIRECTION    NE (30)
  AVERAGE WIND SPEED     8.1


SKY COVER
  AVERAGE SKY COVER 0.6


WEATHER CONDITIONS
 THE FOLLOWING WEATHER WAS RECORDED YESTERDAY.
  NO SIGNIFICANT WEATHER WAS OBSERVED.


RELATIVE HUMIDITY (PERCENT)
 HIGHEST    71          1000 PM
 LOWEST     36          1100 AM
 AVERAGE    54

..........................................................


THE JEROME ID CLIMATE NORMALS FOR TODAY
                         NORMAL    RECORD    YEAR
 MAXIMUM TEMPERATURE (F)   57        82      1959
 MINIMUM TEMPERATURE (F)   35        21      1919


SUNRISE AND SUNSET
OCTOBER 24 2014.......SUNRISE   802 AM MDT   SUNSET   641 PM MDT
OCTOBER 25 2014.......SUNRISE   803 AM MDT   SUNSET   640 PM MDT


-  INDICATES NEGATIVE NUMBERS.
R  INDICATES RECORD WAS SET OR TIED.
MM INDICATES DATA IS MISSING.
T  INDICATES TRACE AMOUNT.




$$




154
CDUS45 KBOI 240932
CLIMUO


CLIMATE REPORT
NATIONAL WEATHER SERVICE BOISE ID
331 AM MDT FRI OCT 24 2014


...................................

...THE MOUNTAIN HOME AFB CLIMATE SUMMARY FOR OCTOBER 23 2014...

CLIMATE NORMAL PERIOD 1981 TO 2010
CLIMATE RECORD PERIOD 1906 TO 2014


WEATHER ITEM   OBSERVED RECORD YEAR NORMAL DEPARTURE
                VALUE   VALUE       VALUE  FROM
                                           NORMAL
........................................................
TEMPERATURE (F)
 YESTERDAY
  MAXIMUM         63     89    2003  62      1
  MINIMUM         50     11    1935  34     16
  AVERAGE         57                 49      8

PRECIPITATION (IN)
  YESTERDAY        T      0.42 2004   0.03  -0.03
  MONTH TO DATE    0.29               0.53  -0.24

DEGREE DAYS
 HEATING
  YESTERDAY        8                 16     -8
  MONTH TO DATE  166                274   -108

 COOLING
  YESTERDAY        0                  0      0
  MONTH TO DATE    4                  2      2
........................................................







THE MOUNTAIN HOME AFB CLIMATE NORMALS FOR TODAY
                         NORMAL    RECORD    YEAR
 MAXIMUM TEMPERATURE (F)   62        85      1933
 MINIMUM TEMPERATURE (F)   33        15      1935


SUNRISE AND SUNSET
OCTOBER 24 2014.......SUNRISE   808 AM MDT   SUNSET   647 PM MDT
OCTOBER 25 2014.......SUNRISE   809 AM MDT   SUNSET   645 PM MDT


-  INDICATES NEGATIVE NUMBERS.
R  INDICATES RECORD WAS SET OR TIED.
MM INDICATES DATA IS MISSING.
T  INDICATES TRACE AMOUNT.




$$




National Weather Service
Disclaimer
Last Modified: August 31, 2005
Privacy Policy