939
CDUS45 KBYZ 242222
CLISHR


CLIMATE REPORT
NATIONAL WEATHER SERVICE BILLINGS MT
421 PM MDT THU APR 24 2014


...................................

...THE SHERIDAN WY CLIMATE SUMMARY FOR APRIL 24 2014...
VALID TODAY AS OF 0400 PM LOCAL TIME.

CLIMATE NORMAL PERIOD 1981 TO 2010
CLIMATE RECORD PERIOD 1907 TO 2014


WEATHER ITEM   OBSERVED TIME   RECORD YEAR NORMAL DEPARTURE LAST
                VALUE   (LST)  VALUE       VALUE  FROM      YEAR
                                                  NORMAL
..................................................................
TEMPERATURE (F)
 TODAY
  MAXIMUM         61    118 PM  84    2012  60      1       47
                                      1962
  MINIMUM         31    527 AM  13    1958  32     -1       28
  AVERAGE         46                        46      0       38

PRECIPITATION (IN)
  TODAY            0.00          1.32 1971   0.07  -0.07     0.06
  MONTH TO DATE    1.24                      1.17   0.07     1.99
  SINCE OCT 1      8.54                      5.93   2.61     6.55
  SINCE JAN 1      4.78                      3.25   1.53     4.01

SNOWFALL (IN)
  TODAY           MM             3.1  1960   0.2   MM       MM
  MONTH TO DATE   MM                         8.0   MM       MM
  SINCE MAR 1     MM                        19.4   MM       MM
  SINCE JUL 1     MM                        68.5   MM       MM
  SNOW DEPTH      MM

DEGREE DAYS
 HEATING
  TODAY           19                        19      0       27
  MONTH TO DATE  512                       533    -21      720
  SINCE MAR 1   1501                      1457     44     1676
  SINCE JUL 1   7251                      6992    259     6999

 COOLING
  TODAY            0                         0      0        0
  MONTH TO DATE    0                         0      0        0
  SINCE MAR 1      0                         0      0        0
  SINCE JAN 1      0                         0      0        0
..................................................................


WIND (MPH)
  HIGHEST WIND SPEED    17   HIGHEST WIND DIRECTION     W (260)
  HIGHEST GUST SPEED    23   HIGHEST GUST DIRECTION     E (90)
  AVERAGE WIND SPEED     5.5


SKY COVER
  POSSIBLE SUNSHINE  MM
  AVERAGE SKY COVER 0.0


WEATHER CONDITIONS
 THE FOLLOWING WEATHER WAS RECORDED TODAY.
  NO SIGNIFICANT WEATHER WAS OBSERVED.


RELATIVE HUMIDITY (PERCENT)
 HIGHEST    61           600 AM
 LOWEST     24          1200 PM
 AVERAGE    43

..........................................................


THE SHERIDAN WY CLIMATE NORMALS FOR TOMORROW
                         NORMAL    RECORD    YEAR
 MAXIMUM TEMPERATURE (F)   60        81      1952
                                             1910
 MINIMUM TEMPERATURE (F)   32        14      1988
                                             1958
                                             1950


SUNRISE AND SUNSET
APRIL 24 2014.........SUNRISE   608 AM MDT   SUNSET   804 PM MDT
APRIL 25 2014.........SUNRISE   607 AM MDT   SUNSET   806 PM MDT


-  INDICATES NEGATIVE NUMBERS.
R  INDICATES RECORD WAS SET OR TIED.
MM INDICATES DATA IS MISSING.
T  INDICATES TRACE AMOUNT.




$$





938
CDUS45 KBYZ 242222
CLIMLS


CLIMATE REPORT
NATIONAL WEATHER SERVICE BILLINGS MT
421 PM MDT THU APR 24 2014


...................................

...THE MILES CITY MT CLIMATE SUMMARY FOR APRIL 24 2014...
VALID TODAY AS OF 0400 PM LOCAL TIME.

CLIMATE NORMAL PERIOD 1981 TO 2010
CLIMATE RECORD PERIOD 1937 TO 2014


WEATHER ITEM   OBSERVED TIME   RECORD YEAR NORMAL DEPARTURE LAST
                VALUE   (LST)  VALUE       VALUE  FROM      YEAR
                                                  NORMAL
..................................................................
TEMPERATURE (F)
 TODAY
  MAXIMUM         63    241 PM  90    2012  62      1       52
  MINIMUM         37    513 AM  24    1958  36      1       33
  AVERAGE         50                        49      1       43

PRECIPITATION (IN)
  TODAY            0.00          1.29 1990   0.05  -0.05     0.00
  MONTH TO DATE    0.19                      1.01  -0.82     1.25
  SINCE OCT 1      3.43                      3.76  -0.33     3.34
  SINCE JAN 1      1.75                      2.16  -0.41     1.81

SNOWFALL (IN)
  TODAY           MM
  MONTH TO DATE   MM
  SINCE MAR 1     MM
  SINCE JUL 1     MM
  SNOW DEPTH      MM

DEGREE DAYS
 HEATING
  TODAY           15                        16     -1       22
  MONTH TO DATE  504                       480     24      645
  SINCE MAR 1   1559                      1421    138     1621
  SINCE JUL 1   7598                      7155    443     6815

 COOLING
  TODAY            0                         0      0        0
  MONTH TO DATE    0                         0      0        0
  SINCE MAR 1      0                         0      0        0
  SINCE JAN 1      0                         0      0        0
..................................................................


WIND (MPH)
  HIGHEST WIND SPEED    26   HIGHEST WIND DIRECTION    NW (300)
  HIGHEST GUST SPEED    33   HIGHEST GUST DIRECTION     W (280)
  AVERAGE WIND SPEED    13.7


SKY COVER
  POSSIBLE SUNSHINE  MM
  AVERAGE SKY COVER 0.3


WEATHER CONDITIONS
 THE FOLLOWING WEATHER WAS RECORDED TODAY.
  NO SIGNIFICANT WEATHER WAS OBSERVED.


RELATIVE HUMIDITY (PERCENT)
 HIGHEST    59           500 AM
 LOWEST     23          1200 PM
 AVERAGE    41

..........................................................


THE MILES CITY MT CLIMATE NORMALS FOR TOMORROW
                         NORMAL    RECORD    YEAR
 MAXIMUM TEMPERATURE (F)   62        89      1974
 MINIMUM TEMPERATURE (F)   36        21      2002


SUNRISE AND SUNSET
APRIL 24 2014.........SUNRISE   601 AM MDT   SUNSET   803 PM MDT
APRIL 25 2014.........SUNRISE   559 AM MDT   SUNSET   805 PM MDT


-  INDICATES NEGATIVE NUMBERS.
R  INDICATES RECORD WAS SET OR TIED.
MM INDICATES DATA IS MISSING.
T  INDICATES TRACE AMOUNT.





&&

THIS IS AN AUTOMATED...UNATTENDED WEATHER STATION AND MAY
UNDERESTIMATE WINTER PRECIPITATION.

$$





National Weather Service
Disclaimer
Last Modified: August 31, 2005
Privacy Policy