980
CDUS45 KBOI 210959
CLITWF


CLIMATE REPORT
NATIONAL WEATHER SERVICE BOISE ID
259 AM MST FRI NOV 21 2014


...................................

...THE TWIN FALLS ID CLIMATE SUMMARY FOR NOVEMBER 20 2014...

CLIMATE NORMAL PERIOD 1981 TO 2010
CLIMATE RECORD PERIOD 9999 TO 9999


WEATHER ITEM   OBSERVED TIME   NORMAL DEPARTURE LAST
                VALUE   (LST)  VALUE  FROM      YEAR
                                      NORMAL
......................................................
TEMPERATURE (F)
 YESTERDAY
  MAXIMUM         48    238 PM  46      2       48
  MINIMUM         20    127 AM  25     -5       31
  AVERAGE         34

PRECIPITATION (IN)
  YESTERDAY        0.00          0.04  -0.04     0.07
  MONTH TO DATE    0.57          0.72  -0.15     0.23
  SINCE OCT 1      0.70          1.52  -0.82     0.35
  SINCE JAN 1     13.74          8.97   4.77     4.46

DEGREE DAYS
 HEATING
  YESTERDAY       31            29      2       25
  MONTH TO DATE  599           502     97      427
  SINCE SEP 1    961          1100   -139     1038
  SINCE JUL 1    980          1121   -141     1038

 COOLING
  YESTERDAY        0             0      0        0
  MONTH TO DATE    0             0      0        0
  SINCE SEP 1     92            63     29       99
  SINCE JAN 1    851           680    171     1138
......................................................


WIND (MPH)
  HIGHEST WIND SPEED    12   HIGHEST WIND DIRECTION     S (170)
  HIGHEST GUST SPEED    14   HIGHEST GUST DIRECTION     S (180)
  AVERAGE WIND SPEED     3.5


SKY COVER
  AVERAGE SKY COVER 0.3


WEATHER CONDITIONS
 THE FOLLOWING WEATHER WAS RECORDED YESTERDAY.
  FOG
  HAZE


RELATIVE HUMIDITY (PERCENT)
 HIGHEST    85           600 PM
 LOWEST     58           400 PM
 AVERAGE    72

..........................................................




SUNRISE AND SUNSET
NOVEMBER 21 2014......SUNRISE   736 AM MST   SUNSET   511 PM MST
NOVEMBER 22 2014......SUNRISE   738 AM MST   SUNSET   510 PM MST


-  INDICATES NEGATIVE NUMBERS.
R  INDICATES RECORD WAS SET OR TIED.
MM INDICATES DATA IS MISSING.
T  INDICATES TRACE AMOUNT.




$$




023
CDUS46 KBOI 210959
CLIREO


CLIMATE REPORT
NATIONAL WEATHER SERVICE BOISE ID
259 AM MST FRI NOV 21 2014


...................................

...THE ROME OR CLIMATE SUMMARY FOR NOVEMBER 20 2014...

CLIMATE NORMAL PERIOD 1981 TO 2010
CLIMATE RECORD PERIOD 9999 TO 9999


WEATHER ITEM   OBSERVED TIME   NORMAL DEPARTURE LAST
                VALUE   (LST)  VALUE  FROM      YEAR
                                      NORMAL
......................................................
TEMPERATURE (F)
 YESTERDAY
  MAXIMUM         48    219 PM  47      1       47
  MINIMUM         23    613 AM  22      1       25
  AVERAGE         36            35      1       36

PRECIPITATION (IN)
  YESTERDAY        0.00          0.02  -0.02     0.00
  MONTH TO DATE    0.83          0.42   0.41     0.00
  SINCE OCT 1      1.02          1.16  -0.14     0.04
  SINCE JAN 1      4.42          7.89  -3.47     5.14

DEGREE DAYS
 HEATING
  YESTERDAY       29            30     -1       29
  MONTH TO DATE  577           531     46      465
  SINCE SEP 1   1009          1247   -238     1196
  SINCE JUL 1   1019          1288   -269     1196

 COOLING
  YESTERDAY        0             0      0        0
  MONTH TO DATE    0             0      0        0
  SINCE SEP 1     64            41     23       78
  SINCE JAN 1    690           507    183      878
......................................................


WIND (MPH)
  RESULTANT WIND SPEED   4   RESULTANT WIND DIRECTION  NE (30)
  HIGHEST WIND SPEED    10   HIGHEST WIND DIRECTION    NE (30)
  HIGHEST GUST SPEED    13   HIGHEST GUST DIRECTION    NE (30)
  AVERAGE WIND SPEED     4.3


SKY COVER
  AVERAGE SKY COVER 0.0


WEATHER CONDITIONS
 THE FOLLOWING WEATHER WAS RECORDED YESTERDAY.
  NO SIGNIFICANT WEATHER WAS OBSERVED.


RELATIVE HUMIDITY (PERCENT)
 HIGHEST    88           700 AM
 LOWEST     58          1200 PM
 AVERAGE    73

..........................................................


THE ROME OR CLIMATE NORMALS FOR TODAY
                         NORMAL    RECORD    YEAR
 MAXIMUM TEMPERATURE (F)   46        MM        MM
 MINIMUM TEMPERATURE (F)   22        MM        MM


SUNRISE AND SUNSET
NOVEMBER 21 2014......SUNRISE   650 AM PST   SUNSET   424 PM PST
NOVEMBER 22 2014......SUNRISE   651 AM PST   SUNSET   423 PM PST


-  INDICATES NEGATIVE NUMBERS.
R  INDICATES RECORD WAS SET OR TIED.
MM INDICATES DATA IS MISSING.
T  INDICATES TRACE AMOUNT.




$$




981
CDUS45 KBOI 210959
CLIJER


CLIMATE REPORT
NATIONAL WEATHER SERVICE BOISE ID
259 AM MST FRI NOV 21 2014


...................................

...THE JEROME ID CLIMATE SUMMARY FOR NOVEMBER 20 2014...

CLIMATE NORMAL PERIOD 1981 TO 2010
CLIMATE RECORD PERIOD 1919 TO 2014


WEATHER ITEM   OBSERVED TIME   RECORD YEAR NORMAL DEPARTURE LAST
                VALUE   (LST)  VALUE       VALUE  FROM      YEAR
                                                  NORMAL
..................................................................
TEMPERATURE (F)
 YESTERDAY
  MAXIMUM         43    401 PM  69    1966  43      0       45
  MINIMUM         21    240 AM  10    1985  26     -5       28
  AVERAGE         32                        34     -2       37

PRECIPITATION (IN)
  YESTERDAY        0.00          0.45 1983   0.04  -0.04     0.11
  MONTH TO DATE    0.39                      0.69  -0.30     0.25
  SINCE OCT 1      0.73                      1.50  -0.77     0.33
  SINCE JAN 1      9.80                      8.79   1.01     3.35

DEGREE DAYS
 HEATING
  YESTERDAY       33                        30      3       28
  MONTH TO DATE  633                       523    110      467
  SINCE SEP 1   1059                      1189   -130     1158
  SINCE JUL 1   1086                      1222   -136     1158

 COOLING
  YESTERDAY        0                         0      0        0
  MONTH TO DATE    0                         0      0        0
  SINCE SEP 1     60                        45     15       86
  SINCE JAN 1    652                       510    142      904
..................................................................


WIND (MPH)
  HIGHEST WIND SPEED    12   HIGHEST WIND DIRECTION    NE (50)
  HIGHEST GUST SPEED    13   HIGHEST GUST DIRECTION    NE (50)
  AVERAGE WIND SPEED     3.7


SKY COVER
  AVERAGE SKY COVER 0.3


WEATHER CONDITIONS
 THE FOLLOWING WEATHER WAS RECORDED YESTERDAY.
  FOG


RELATIVE HUMIDITY (PERCENT)
 HIGHEST    88           200 AM
 LOWEST     62           300 PM
 AVERAGE    75

..........................................................


THE JEROME ID CLIMATE NORMALS FOR TODAY
                         NORMAL    RECORD    YEAR
 MAXIMUM TEMPERATURE (F)   42        62      1986
 MINIMUM TEMPERATURE (F)   26         0      1994


SUNRISE AND SUNSET
NOVEMBER 21 2014......SUNRISE   737 AM MST   SUNSET   510 PM MST
NOVEMBER 22 2014......SUNRISE   738 AM MST   SUNSET   509 PM MST


-  INDICATES NEGATIVE NUMBERS.
R  INDICATES RECORD WAS SET OR TIED.
MM INDICATES DATA IS MISSING.
T  INDICATES TRACE AMOUNT.




$$




National Weather Service
Disclaimer
Last Modified: August 31, 2005
Privacy Policy