505
CDUS45 KBYZ 230937
CLILVM


CLIMATE REPORT
NATIONAL WEATHER SERVICE BILLINGS MT
336 AM MDT WED APR 23 2014


...................................

...THE LIVINGSTON MT CLIMATE SUMMARY FOR APRIL 22 2014...

CLIMATE NORMAL PERIOD 1981 TO 2010
CLIMATE RECORD PERIOD 1948 TO 2014


WEATHER ITEM   OBSERVED TIME   RECORD YEAR NORMAL DEPARTURE LAST
                VALUE   (LST)  VALUE       VALUE  FROM      YEAR
                                                  NORMAL
..................................................................
TEMPERATURE (F)
 YESTERDAY
  MAXIMUM         70    138 PM  82    2012  57     13       33
  MINIMUM         40    239 AM  12    2013  30     10       12
  AVERAGE         55                        44     11       23

PRECIPITATION (IN)
  YESTERDAY        0.19          0.67 1976   0.06   0.13      T
  MONTH TO DATE    0.83                      1.20  -0.37     0.32
  SINCE OCT 1      6.20                      5.40   0.80     3.38
  SINCE JAN 1      3.91                      3.03   0.88     1.08

DEGREE DAYS
 HEATING
  YESTERDAY       10                        21    -11       42
  MONTH TO DATE  438                       528    -90      602
  SINCE MAR 1   1367                      1439    -72     1486
  SINCE JUL 1   6610                      6787   -177     6153

 COOLING
  YESTERDAY        0                         0      0        0
  MONTH TO DATE    0                         0      0        0
  SINCE MAR 1      0                         0      0        0
  SINCE JAN 1      0                         0      0        0
..................................................................


WIND (MPH)
  HIGHEST WIND SPEED    45   HIGHEST WIND DIRECTION     S (190)
  HIGHEST GUST SPEED    61   HIGHEST GUST DIRECTION     S (180)
  AVERAGE WIND SPEED    11.1


SKY COVER
  POSSIBLE SUNSHINE  MM
  AVERAGE SKY COVER 0.4


WEATHER CONDITIONS
 THE FOLLOWING WEATHER WAS RECORDED YESTERDAY.
  THUNDERSTORM
  RAIN
  LIGHT RAIN
  FOG


RELATIVE HUMIDITY (PERCENT)
 HIGHEST    74           800 PM
 LOWEST     30           200 PM
 AVERAGE    52

..........................................................


THE LIVINGSTON MT CLIMATE NORMALS FOR TODAY
                         NORMAL    RECORD    YEAR
 MAXIMUM TEMPERATURE (F)   57        86      2012
 MINIMUM TEMPERATURE (F)   30        12      2013


SUNRISE AND SUNSET
APRIL 23 2014.........SUNRISE   622 AM MDT   SUNSET   819 PM MDT
APRIL 24 2014.........SUNRISE   620 AM MDT   SUNSET   820 PM MDT


-  INDICATES NEGATIVE NUMBERS.
R  INDICATES RECORD WAS SET OR TIED.
MM INDICATES DATA IS MISSING.
T  INDICATES TRACE AMOUNT.





&&

THIS IS AN AUTOMATED...UNATTENDED WEATHER STATION AND MAY
UNDERESTIMATE WINTER PRECIPITATION.

$$




506
CDUS45 KBYZ 230937
CLISHR


CLIMATE REPORT
NATIONAL WEATHER SERVICE BILLINGS MT
336 AM MDT WED APR 23 2014


...................................

...THE SHERIDAN WY CLIMATE SUMMARY FOR APRIL 22 2014...

CLIMATE NORMAL PERIOD 1981 TO 2010
CLIMATE RECORD PERIOD 1907 TO 2014


WEATHER ITEM   OBSERVED TIME   RECORD YEAR NORMAL DEPARTURE LAST
                VALUE   (LST)  VALUE       VALUE  FROM      YEAR
                                                  NORMAL
..................................................................
TEMPERATURE (F)
 YESTERDAY
  MAXIMUM         73    317 PM  83    1994  59     14       27
                                      1989
                                      1986
  MINIMUM         42    324 AM   4    2013  31     11        4
  AVERAGE         58                        45     13       16

PRECIPITATION (IN)
  YESTERDAY        0.00          1.61 1958   0.06  -0.06     0.20
  MONTH TO DATE    1.21                      1.04   0.17     1.93
  SINCE OCT 1      8.51                      5.80   2.71     6.49
  SINCE JAN 1      4.75                      3.12   1.63     3.95

SNOWFALL (IN)
  YESTERDAY       MM            14.5  1958   0.3   MM       MM
  MONTH TO DATE   MM                         7.5   MM       MM
  SINCE MAR 1     MM                        18.9   MM       MM
  SINCE JUL 1     MM                        68.0   MM       MM
  SNOW DEPTH      MM

DEGREE DAYS
 HEATING
  YESTERDAY        7                        20    -13       49
  MONTH TO DATE  478                       495    -17      645
  SINCE MAR 1   1467                      1419     48     1601
  SINCE JUL 1   7217                      6954    263     6924

 COOLING
  YESTERDAY        0                         0      0        0
  MONTH TO DATE    0                         0      0        0
  SINCE MAR 1      0                         0      0        0
  SINCE JAN 1      0                         0      0        0
..................................................................


WIND (MPH)
  HIGHEST WIND SPEED    29   HIGHEST WIND DIRECTION    SE (130)
  HIGHEST GUST SPEED    38   HIGHEST GUST DIRECTION    SE (130)
  AVERAGE WIND SPEED     5.7


SKY COVER
  POSSIBLE SUNSHINE  MM
  AVERAGE SKY COVER 0.1


WEATHER CONDITIONS
 THE FOLLOWING WEATHER WAS RECORDED YESTERDAY.
  NO SIGNIFICANT WEATHER WAS OBSERVED.


RELATIVE HUMIDITY (PERCENT)
 HIGHEST    83           600 AM
 LOWEST     19           200 PM
 AVERAGE    51

..........................................................


THE SHERIDAN WY CLIMATE NORMALS FOR TODAY
                         NORMAL    RECORD    YEAR
 MAXIMUM TEMPERATURE (F)   60        85      2012
 MINIMUM TEMPERATURE (F)   32        -2      2013


SUNRISE AND SUNSET
APRIL 23 2014.........SUNRISE   610 AM MDT   SUNSET   803 PM MDT
APRIL 24 2014.........SUNRISE   608 AM MDT   SUNSET   804 PM MDT


-  INDICATES NEGATIVE NUMBERS.
R  INDICATES RECORD WAS SET OR TIED.
MM INDICATES DATA IS MISSING.
T  INDICATES TRACE AMOUNT.




$$




507
CDUS45 KBYZ 230937
CLIBIL


CLIMATE REPORT
NATIONAL WEATHER SERVICE BILLINGS MT
336 AM MDT WED APR 23 2014


...................................

...THE BILLINGS MT CLIMATE SUMMARY FOR APRIL 22 2014...

CLIMATE NORMAL PERIOD 1981 TO 2010
CLIMATE RECORD PERIOD 1934 TO 2014


WEATHER ITEM   OBSERVED TIME   RECORD YEAR NORMAL DEPARTURE LAST
                VALUE   (LST)  VALUE       VALUE  FROM      YEAR
                                                  NORMAL
..................................................................
TEMPERATURE (F)
 YESTERDAY
  MAXIMUM         73    247 PM  84    1939  60     13       34
  MINIMUM         47    618 AM  17    1967  36     11       23
  AVERAGE         60                        48     12       29

PRECIPITATION (IN)
  YESTERDAY        0.00          0.87 1958   0.06  -0.06     0.02
  MONTH TO DATE    0.26                      1.17  -0.91     1.02
  SINCE OCT 1      9.55                      5.50   4.05     4.21
  SINCE JAN 1      4.66                      3.19   1.47     2.16

SNOWFALL (IN)
  YESTERDAY        0.0           4.9  1958   0.3   -0.3      0.3
  MONTH TO DATE    0.6                       6.7   -6.1      5.6
  SINCE MAR 1     11.2                      16.9   -5.7      8.3
  SINCE JUL 1    101.4                      51.4   50.0     40.4
  SNOW DEPTH       0

DEGREE DAYS
 HEATING
  YESTERDAY        5                        17    -12       36
  MONTH TO DATE  413                       442    -29      580
  SINCE MAR 1   1380                      1287     93     1422
  SINCE JUL 1   6653                      6252    401     5983

 COOLING
  YESTERDAY        0                         0      0        0
  MONTH TO DATE    0                         0      0        0
  SINCE MAR 1      0                         0      0        0
  SINCE JAN 1      0                         0      0        0
..................................................................


WIND (MPH)
  HIGHEST WIND SPEED    36   HIGHEST WIND DIRECTION    NW (310)
  HIGHEST GUST SPEED    42   HIGHEST GUST DIRECTION    NW (320)
  AVERAGE WIND SPEED     8.5


SKY COVER
  POSSIBLE SUNSHINE  MM
  AVERAGE SKY COVER 0.8


WEATHER CONDITIONS
 THE FOLLOWING WEATHER WAS RECORDED YESTERDAY.
  NO SIGNIFICANT WEATHER WAS OBSERVED.


RELATIVE HUMIDITY (PERCENT)
 HIGHEST    57          1100 PM
 LOWEST     24           300 PM
 AVERAGE    41

..........................................................


THE BILLINGS MT CLIMATE NORMALS FOR TODAY
                         NORMAL    RECORD    YEAR
 MAXIMUM TEMPERATURE (F)   60        87      2012
 MINIMUM TEMPERATURE (F)   37        20      2013
                                             1967


SUNRISE AND SUNSET
APRIL 23 2014.........SUNRISE   614 AM MDT   SUNSET   811 PM MDT
APRIL 24 2014.........SUNRISE   613 AM MDT   SUNSET   813 PM MDT


-  INDICATES NEGATIVE NUMBERS.
R  INDICATES RECORD WAS SET OR TIED.
MM INDICATES DATA IS MISSING.
T  INDICATES TRACE AMOUNT.





&&

...THE CLIMATE SUMMARY FOR SOUTHWEST BILLINGS FOR 22 APRIL 2014...

HIGH TEMPERATURE........................75
LOW TEMPERATURE.........................46

PRECIPITATION...........................0.00
MONTHLY PRECIPITATION TOTAL.............0.08
YEARLY PRECIPITATION TOTAL..............4.44

SNOWFALL................................0.0
MONTHLY SNOWFALL TOTAL..................0.8
TOTAL SNOWFALL SINCE JULY 1.............93.8

SNOW DEPTH AT MIDNIGHT..................0

$$




National Weather Service
Disclaimer
Last Modified: August 31, 2005
Privacy Policy