522
CDAK47 PAJK 211141
CLIJNU
AKZ025-212300-
CLIMATE REPORT
NATIONAL WEATHER SERVICE JUNEAU, AK
238 AM AKST SUN DEC 21 2014


...................................

...THE JUNEAU CLIMATE SUMMARY FOR DECEMBER 20 2014...

CLIMATE NORMAL PERIOD 1981 TO 2010
CLIMATE RECORD PERIOD 1943 TO 2014


WEATHER ITEM   OBSERVED TIME   RECORD YEAR NORMAL DEPARTURE LAST
                VALUE   (LST)  VALUE       VALUE  FROM      YEAR
                                                  NORMAL
..................................................................
TEMPERATURE (F)
 YESTERDAY
  MAXIMUM         38    233 PM  50    1985  34      4       26
  MINIMUM         32    541 AM  -5    1955  25      7       13
  AVERAGE         35                        30      5       20

PRECIPITATION (IN)
  YESTERDAY        0.02          0.76 1979   0.18  -0.16     0.00
  MONTH TO DATE    2.18                      3.94  -1.76     4.25
  SINCE DEC 1      2.18                      3.94  -1.76     4.25
  SINCE JAN 1     67.58                     60.37   7.21    69.57

SNOWFALL (IN)
  YESTERDAY        0.0          10.6  1948   0.4   -0.4      0.0
  MONTH TO DATE    3.4                       9.8   -6.4     24.2
  SINCE DEC 1      3.4                       9.8   -6.4     24.2
  SINCE JUL 1     13.2                      23.7  -10.5     43.4
  SNOW DEPTH       0

DEGREE DAYS
 HEATING
  YESTERDAY       30                        35     -5       45
  MONTH TO DATE  610                       692    -82      799
  SINCE DEC 1    610                       692    -82      799
  SINCE JUL 1   3019                      3323   -304     3272
..................................................................


WIND (MPH)
  HIGHEST WIND SPEED    12   HIGHEST WIND DIRECTION    SW (230)
  HIGHEST GUST SPEED    12   HIGHEST GUST DIRECTION    SW (230)
  AVERAGE WIND SPEED     2.7


SKY COVER
  POSSIBLE SUNSHINE  MM
  AVERAGE SKY COVER 1.0


WEATHER CONDITIONS
 THE FOLLOWING WEATHER WAS RECORDED YESTERDAY.
  LIGHT RAIN
  FOG


RELATIVE HUMIDITY (PERCENT)
 HIGHEST   100          1000 PM
 LOWEST     82           700 AM
 AVERAGE    91

..........................................................


THE JUNEAU CLIMATE NORMALS FOR TODAY
                         NORMAL    RECORD    YEAR
 MAXIMUM TEMPERATURE (F)   34        47      1999
 MINIMUM TEMPERATURE (F)   25        -6      1955


SUNRISE AND SUNSET
DECEMBER 21 2014......SUNRISE   846 AM AKST  SUNSET   307 PM AKST
DECEMBER 22 2014......SUNRISE   846 AM AKST  SUNSET   308 PM AKST


-  INDICATES NEGATIVE NUMBERS.
R  INDICATES RECORD WAS SET OR TIED.
MM INDICATES DATA IS MISSING.
T  INDICATES TRACE AMOUNT.




$$


&&
----------------------------
AMOUNT OF DAYLIGHT TODAY  (HOUR:MIN)........ 6:21
GAIN/LOSS SINCE YESTERDAY (HOUR:MIN:SEC)....-0:00:05




National Weather Service
Disclaimer
Last Modified: August 31, 2005
Privacy Policy