542
CDUS46 KSEW 280119
CLIUIL


CLIMATE REPORT
NATIONAL WEATHER SERVICE SEATTLE WA
619 PM PDT WED AUG 27 2014


...................................

...THE QUILLAYUTE WA AIRPORT CLIMATE SUMMARY FOR AUGUST 27 2014...
VALID TODAY AS OF 0600 PM LOCAL TIME.

CLIMATE NORMAL PERIOD 1981 TO 2010
CLIMATE RECORD PERIOD 1966 TO 2014


WEATHER ITEM   OBSERVED TIME   RECORD YEAR NORMAL DEPARTURE LAST
                VALUE   (LST)  VALUE       VALUE  FROM      YEAR
                                                  NORMAL
..................................................................
TEMPERATURE (F)
 TODAY
  MAXIMUM         71    300 PM  88    1972  68      3       69
  MINIMUM         56    715 AM  39    1998  50      6       60
  AVERAGE         64                        59      5       65

PRECIPITATION (IN)
  TODAY            0.00          1.21 1975   0.10  -0.10     0.64
  MONTH TO DATE    0.52                      2.06  -1.54     1.61
  SINCE OCT 1     72.91                     95.29 -22.38   107.39
  SINCE JAN 1     55.68                     56.29  -0.61    60.42

DEGREE DAYS
 HEATING
  TODAY            1                         6     -5        0
  MONTH TO DATE   96                       150    -54       58
  SINCE JUN 1    481                       638   -157      351
  SINCE JUL 1    232                       344   -112      171

 COOLING
  TODAY            0                         0      0        0
  MONTH TO DATE    8                         0      8        4
  SINCE JUN 1     14                        10      4       17
  SINCE JAN 1     18                        11      7       20
..................................................................


WIND (MPH)
  RESULTANT WIND SPEED   3   RESULTANT WIND DIRECTION  NW (300)
  HIGHEST WIND SPEED    14   HIGHEST WIND DIRECTION     N (340)
  HIGHEST GUST SPEED    19   HIGHEST GUST DIRECTION    NW (300)
  AVERAGE WIND SPEED     4.2


SKY COVER
  AVERAGE SKY COVER 0.7


WEATHER CONDITIONS
 THE FOLLOWING WEATHER WAS RECORDED TODAY.
  FOG
  FOG W/VISIBILITY <= 1/4 MILE


RELATIVE HUMIDITY (PERCENT)
 HIGHEST   100          1200 AM
 LOWEST     53           300 PM
 AVERAGE    77

..........................................................


THE QUILLAYUTE WA AIRPORT CLIMATE NORMALS FOR TOMORROW
                         NORMAL    RECORD    YEAR
 MAXIMUM TEMPERATURE (F)   68        85      1998
                                             1967
 MINIMUM TEMPERATURE (F)   50        41      2010
                                             2000
                                             1984


SUNRISE AND SUNSET
AUGUST 27 2014........SUNRISE   630 AM PDT   SUNSET   809 PM PDT
AUGUST 28 2014........SUNRISE   631 AM PDT   SUNSET   807 PM PDT


-  INDICATES NEGATIVE NUMBERS.
R  INDICATES RECORD WAS SET OR TIED.
MM INDICATES DATA IS MISSING.
T  INDICATES TRACE AMOUNT.




$$




National Weather Service
Disclaimer
Last Modified: August 31, 2005
Privacy Policy