502
CDUS43 KGRR 230528
CLIMKG


CLIMATE REPORT
NATIONAL WEATHER SERVICE GRAND RAPIDS, MI
127 AM EDT THU OCT 23 2014


...................................

...THE MUSKEGON MI CLIMATE SUMMARY FOR OCTOBER 22 2014...

CLIMATE NORMAL PERIOD 1981 TO 2010
CLIMATE RECORD PERIOD 1896 TO 2014


WEATHER ITEM   OBSERVED TIME   RECORD YEAR NORMAL DEPARTURE LAST
                VALUE   (LST)  VALUE       VALUE  FROM      YEAR
                                                  NORMAL
..................................................................
TEMPERATURE (F)
 YESTERDAY
  MAXIMUM         54    229 PM  80    1953  57     -3       50
  MINIMUM         29    454 AM  23    1944  41    -12       34
  AVERAGE         42                        49     -7       42

PRECIPITATION (IN)
  YESTERDAY        0.00          1.66 1972   0.11  -0.11     0.11
  MONTH TO DATE    2.69                      2.19   0.50     2.98
  SINCE SEP 1      5.89                      6.08  -0.19     4.93
  SINCE JAN 1     32.50                     26.66   5.84    36.18

SNOWFALL (IN)
  YESTERDAY        0.0           T    1987   0.1   -0.1      0.0
  MONTH TO DATE    0.0                       0.1   -0.1      0.0
  SINCE SEP 1      0.0                       0.1   -0.1      0.0
  SINCE JUL 1      0.0                       0.1   -0.1      0.0
  SNOW DEPTH       0

DEGREE DAYS
 HEATING
  YESTERDAY       23                        16      7       23
  MONTH TO DATE  283                       288     -5      192
  SINCE SEP 1    438                       431      7      299
  SINCE JUL 1    487                       461     26      334

 COOLING
  YESTERDAY        0                         0      0        0
  MONTH TO DATE    0                         2     -2       10
  SINCE SEP 1     46                        56    -10       87
  SINCE JAN 1    442                       563   -121      626
..................................................................


WIND (MPH)
  RESULTANT WIND SPEED   1   RESULTANT WIND DIRECTION   E (70)
  HIGHEST WIND SPEED    10   HIGHEST WIND DIRECTION     W (270)
  HIGHEST GUST SPEED    13   HIGHEST GUST DIRECTION     W (280)
  AVERAGE WIND SPEED     3.5


SKY COVER
  AVERAGE SKY COVER 0.0


WEATHER CONDITIONS
 THE FOLLOWING WEATHER WAS RECORDED YESTERDAY.
  NO SIGNIFICANT WEATHER WAS OBSERVED.


RELATIVE HUMIDITY (PERCENT)
 HIGHEST    89          1100 PM
 LOWEST     45           200 PM
 AVERAGE    67

..........................................................


THE MUSKEGON MI CLIMATE NORMALS FOR TODAY
                         NORMAL    RECORD    YEAR
 MAXIMUM TEMPERATURE (F)   56        80      1963
 MINIMUM TEMPERATURE (F)   41        25      1982


SUNRISE AND SUNSET
OCTOBER 23 2014.......SUNRISE   808 AM EDT   SUNSET   649 PM EDT
OCTOBER 24 2014.......SUNRISE   810 AM EDT   SUNSET   648 PM EDT


-  INDICATES NEGATIVE NUMBERS.
R  INDICATES RECORD WAS SET OR TIED.
MM INDICATES DATA IS MISSING.
T  INDICATES TRACE AMOUNT.




$$




500
CDUS43 KGRR 230528
CLIBIV


CLIMATE REPORT
NATIONAL WEATHER SERVICE GRAND RAPIDS, MI
127 AM EDT THU OCT 23 2014


...................................

...THE HOLLAND/TULIP CITY MI CLIMATE SUMMARY FOR OCTOBER 22 2014...

CLIMATE NORMAL PERIOD 1981 TO 2010
CLIMATE RECORD PERIOD 1996 TO 2014


WEATHER ITEM   OBSERVED TIME   NORMAL DEPARTURE LAST
                VALUE   (LST)  VALUE  FROM      YEAR
                                      NORMAL
......................................................
TEMPERATURE (F)
 YESTERDAY
  MAXIMUM         56    411 PM  60     -4       48
  MINIMUM         31    719 AM  42    -11       36
  AVERAGE         44            51     -7       42

PRECIPITATION (IN)
  YESTERDAY        0.00          0.13  -0.13     0.05
  MONTH TO DATE    3.38          2.47   0.91     2.80
  SINCE SEP 1      7.32          6.37   0.95     3.98
  SINCE JAN 1     28.35         29.58  -1.23    31.99

DEGREE DAYS
 HEATING
  YESTERDAY       21            14      7       23
  MONTH TO DATE  263           250     13      188
  SINCE SEP 1    398           365     33      301
  SINCE JUL 1    434           380     54      320

 COOLING
  YESTERDAY        0             0      0        0
  MONTH TO DATE    1            10     -9       14
  SINCE SEP 1     53            74    -21      104
  SINCE JAN 1    570           692   -122      811
......................................................


WIND (MPH)
  RESULTANT WIND SPEED   3   RESULTANT WIND DIRECTION   E (80)
  HIGHEST WIND SPEED    10   HIGHEST WIND DIRECTION     E (110)
  HIGHEST GUST SPEED    14   HIGHEST GUST DIRECTION     E (90)
  AVERAGE WIND SPEED     2.9


SKY COVER
  AVERAGE SKY COVER 0.0


WEATHER CONDITIONS
 THE FOLLOWING WEATHER WAS RECORDED YESTERDAY.
  FOG


RELATIVE HUMIDITY (PERCENT)
 HIGHEST    92          1100 PM
 LOWEST     43           300 PM
 AVERAGE    68

..........................................................


THE HOLLAND/TULIP CITY MI CLIMATE NORMALS FOR TODAY
                         NORMAL
 MAXIMUM TEMPERATURE (F)   59
 MINIMUM TEMPERATURE (F)   42


SUNRISE AND SUNSET
OCTOBER 23 2014.......SUNRISE   808 AM EDT   SUNSET   650 PM EDT
OCTOBER 24 2014.......SUNRISE   809 AM EDT   SUNSET   648 PM EDT


-  INDICATES NEGATIVE NUMBERS.
R  INDICATES RECORD WAS SET OR TIED.
MM INDICATES DATA IS MISSING.
T  INDICATES TRACE AMOUNT.




$$




504
CDUS43 KGRR 230528
CLIBTL


CLIMATE REPORT
NATIONAL WEATHER SERVICE GRAND RAPIDS, MI
127 AM EDT THU OCT 23 2014


...................................

...THE BATTLE CREEK MI CLIMATE SUMMARY FOR OCTOBER 22 2014...

CLIMATE NORMAL PERIOD 1981 TO 2010
CLIMATE RECORD PERIOD 1998 TO 2014


WEATHER ITEM   OBSERVED TIME   NORMAL DEPARTURE LAST
                VALUE   (LST)  VALUE  FROM      YEAR
                                      NORMAL
......................................................
TEMPERATURE (F)
 YESTERDAY
  MAXIMUM         49    456 PM  59    -10       48
  MINIMUM         33    529 AM  38     -5       32
  AVERAGE         41            48     -7       40

PRECIPITATION (IN)
  YESTERDAY        0.00          0.10  -0.10     0.00
  MONTH TO DATE    3.22          2.25   0.97     1.84
  SINCE SEP 1      5.59          5.90  -0.31     3.52
  SINCE JAN 1     25.53         27.44  -1.91    29.69

DEGREE DAYS
 HEATING
  YESTERDAY       24            17      7       25
  MONTH TO DATE  303           300      3      212
  SINCE SEP 1    443           456    -13      348
  SINCE JUL 1    472           497    -25      386

 COOLING
  YESTERDAY        0             0      0        0
  MONTH TO DATE    0             2     -2       14
  SINCE SEP 1     56            57     -1       84
  SINCE JAN 1    593           575     18      689
......................................................


WIND (MPH)
  RESULTANT WIND SPEED   4   RESULTANT WIND DIRECTION  NE (30)
  HIGHEST WIND SPEED    12   HIGHEST WIND DIRECTION    NE (50)
  HIGHEST GUST SPEED    15   HIGHEST GUST DIRECTION    NE (50)
  AVERAGE WIND SPEED     3.8


SKY COVER
  AVERAGE SKY COVER 0.6


WEATHER CONDITIONS
 THE FOLLOWING WEATHER WAS RECORDED YESTERDAY.
  FOG


RELATIVE HUMIDITY (PERCENT)
 HIGHEST    92           700 AM
 LOWEST     66           300 PM
 AVERAGE    79

..........................................................


THE BATTLE CREEK MI CLIMATE NORMALS FOR TODAY
                         NORMAL
 MAXIMUM TEMPERATURE (F)   58
 MINIMUM TEMPERATURE (F)   37


SUNRISE AND SUNSET
OCTOBER 23 2014.......SUNRISE   803 AM EDT   SUNSET   647 PM EDT
OCTOBER 24 2014.......SUNRISE   804 AM EDT   SUNSET   645 PM EDT


-  INDICATES NEGATIVE NUMBERS.
R  INDICATES RECORD WAS SET OR TIED.
MM INDICATES DATA IS MISSING.
T  INDICATES TRACE AMOUNT.




$$




National Weather Service
Disclaimer
Last Modified: August 31, 2005
Privacy Policy