763
CDUS41 KBTV 231245
CLIMSS


CLIMATE REPORT
NATIONAL WEATHER SERVICE BURLINGTON VT
845 AM EDT THU OCT 23 2014


...................................

...THE MASSENA NY CLIMATE SUMMARY FOR OCTOBER 22 2014...

CLIMATE NORMAL PERIOD 1981 TO 2010
CLIMATE RECORD PERIOD 1948 TO 2014


WEATHER ITEM   OBSERVED TIME   RECORD YEAR NORMAL DEPARTURE LAST
                VALUE   (LST)  VALUE       VALUE  FROM      YEAR
                                                  NORMAL
..................................................................
TEMPERATURE (F)
 YESTERDAY
  MAXIMUM         52    200 PM  82    1979  54     -2       60
  MINIMUM         44   1159 PM  19    1948  34     10       36
  AVERAGE         48                        44      4       48

PRECIPITATION (IN)
  YESTERDAY        0.00          1.68        0.11  -0.11     0.13
  MONTH TO DATE    1.80                      2.38  -0.58     2.00
  SINCE SEP 1      3.01                      6.03  -3.02     7.44
  SINCE JAN 1     28.47                     28.57  -0.10    30.56

DEGREE DAYS
 HEATING
  YESTERDAY       17                        21     -4       17
  MONTH TO DATE  270                       379   -109      227
  SINCE SEP 1    477                       604   -127      472
  SINCE JUL 1    537                       679   -142      528

 COOLING
  YESTERDAY        0                         0      0        0
  MONTH TO DATE    7                         0      7        0
  SINCE SEP 1     48                        25     23       31
  SINCE JAN 1    336                       361    -25      418
..................................................................


WIND (MPH)
  HIGHEST WIND SPEED    20   HIGHEST WIND DIRECTION    NE (30)
  HIGHEST GUST SPEED    26   HIGHEST GUST DIRECTION    NE (30)
  AVERAGE WIND SPEED    13.5


SKY COVER
  AVERAGE SKY COVER 0.9


WEATHER CONDITIONS
 THE FOLLOWING WEATHER WAS RECORDED YESTERDAY.
  NO SIGNIFICANT WEATHER WAS OBSERVED.


RELATIVE HUMIDITY (PERCENT)
 HIGHEST    76          1100 AM
 LOWEST     61           700 PM
 AVERAGE    69

..........................................................


THE MASSENA NY CLIMATE NORMALS FOR TODAY
                         NORMAL    RECORD    YEAR
 MAXIMUM TEMPERATURE (F)   53        81      1979
 MINIMUM TEMPERATURE (F)   34        22      2000


SUNRISE AND SUNSET
OCTOBER 23 2014.......SUNRISE   725 AM EDT   SUNSET   601 PM EDT
OCTOBER 24 2014.......SUNRISE   727 AM EDT   SUNSET   600 PM EDT


-  INDICATES NEGATIVE NUMBERS.
R  INDICATES RECORD WAS SET OR TIED.
MM INDICATES DATA IS MISSING.
T  INDICATES TRACE AMOUNT.




$$




National Weather Service
Disclaimer
Last Modified: August 31, 2005
Privacy Policy