146
CDUS41 KPBZ 021250
CLIDUJ


CLIMATE REPORT
NATIONAL WEATHER SERVICE PITTSBURGH PA
850 AM EDT TUE SEP 2 2014


...................................

...THE DUBOIS CLIMATE SUMMARY FOR SEPTEMBER 2 2014...
VALID AS OF 0800 AM LOCAL TIME.

CLIMATE NORMAL PERIOD 1981 TO 2010
CLIMATE RECORD PERIOD 1960 TO 2014


WEATHER ITEM   OBSERVED TIME   RECORD YEAR NORMAL DEPARTURE LAST
                VALUE   (LST)  VALUE       VALUE  FROM      YEAR
                                                  NORMAL
..................................................................
TEMPERATURE (F)
 TODAY
  MINIMUM         69    221 AM  43    2001  54     15       MM

PRECIPITATION (IN)
  TODAY            0.03         MM      MM   0.13  -0.10     0.02
  MONTH TO DATE    0.08                      0.25  -0.17     0.02

DEGREE DAYS
 HEATING
  TODAY            0

 COOLING
  TODAY            6
..................................................................





WEATHER CONDITIONS
 THE FOLLOWING WEATHER WAS RECORDED TODAY.
  FOG


RELATIVE HUMIDITY (PERCENT)
 HIGHEST   100           200 AM

..........................................................


THE DUBOIS CLIMATE NORMALS FOR TOMORROW
                         NORMAL    RECORD    YEAR
 MAXIMUM TEMPERATURE (F)   75        88      1973
 MINIMUM TEMPERATURE (F)   54        40      1976


SUNRISE AND SUNSET
SEPTEMBER  2 2014.....SUNRISE   643 AM EDT   SUNSET   747 PM EDT
SEPTEMBER  3 2014.....SUNRISE   644 AM EDT   SUNSET   745 PM EDT


-  INDICATES NEGATIVE NUMBERS.
R  INDICATES RECORD WAS SET OR TIED.
MM INDICATES DATA IS MISSING.
T  INDICATES TRACE AMOUNT.




$$




149
CDUS41 KPBZ 021250
CLIMGW


CLIMATE REPORT
NATIONAL WEATHER SERVICE PITTSBURGH PA
850 AM EDT TUE SEP 2 2014


...................................

...THE MORGANTOWN WV CLIMATE SUMMARY FOR SEPTEMBER 2 2014...
VALID AS OF 0800 AM LOCAL TIME.

CLIMATE NORMAL PERIOD 1981 TO 2010
CLIMATE RECORD PERIOD 1948 TO 2014


WEATHER ITEM   OBSERVED TIME   RECORD YEAR NORMAL DEPARTURE LAST
                VALUE   (LST)  VALUE       VALUE  FROM      YEAR
                                                  NORMAL
..................................................................
TEMPERATURE (F)
 TODAY
  MINIMUM         72    523 AM  43    1949  59     13       66

PRECIPITATION (IN)
  TODAY            0.06         MM      MM   0.11  -0.05     0.47
  MONTH TO DATE    0.29                      0.22   0.07     0.48
  SINCE JUN 1     15.27                     12.50   2.77    17.03
  SINCE JAN 1     30.76                     29.69   1.07    29.67

DEGREE DAYS
 HEATING
  TODAY            0

 COOLING
  TODAY            9
..................................................................





WEATHER CONDITIONS
 THE FOLLOWING WEATHER WAS RECORDED TODAY.
  LIGHT RAIN
  HAZE


RELATIVE HUMIDITY (PERCENT)
 HIGHEST    84           100 AM

..........................................................


THE MORGANTOWN WV CLIMATE NORMALS FOR TOMORROW
                         NORMAL    RECORD    YEAR
 MAXIMUM TEMPERATURE (F)   80       102      1953
 MINIMUM TEMPERATURE (F)   59        47      1967


SUNRISE AND SUNSET
SEPTEMBER  2 2014.....SUNRISE   649 AM EDT   SUNSET   749 PM EDT
SEPTEMBER  3 2014.....SUNRISE   650 AM EDT   SUNSET   748 PM EDT


-  INDICATES NEGATIVE NUMBERS.
R  INDICATES RECORD WAS SET OR TIED.
MM INDICATES DATA IS MISSING.
T  INDICATES TRACE AMOUNT.




$$




National Weather Service
Disclaimer
Last Modified: August 31, 2005
Privacy Policy