013
CDUS43 KDDC 221007
CLIP28


CLIMATE REPORT
NATIONAL WEATHER SERVICE DODGE CITY KS
506 AM CDT MON SEP 22 2014


...................................

...THE MEDICINE LODGE KS CLIMATE SUMMARY FOR SEPTEMBER 21 2014...

CLIMATE NORMAL PERIOD 1981 TO 2010
CLIMATE RECORD PERIOD 1893 TO 2014


WEATHER ITEM   OBSERVED TIME   RECORD YEAR NORMAL DEPARTURE LAST
                VALUE   (LST)  VALUE       VALUE  FROM      YEAR
                                                  NORMAL
..................................................................
TEMPERATURE (F)
 YESTERDAY
  MAXIMUM         86    313 PM 102    1956  82      4       81
  MINIMUM         60   1154 PM  29    1983  56      4       47
  AVERAGE         73                        69      4       64

PRECIPITATION (IN)
  YESTERDAY        0.00          3.88 1985   0.06  -0.06     0.00
  MONTH TO DATE    0.54                      1.48  -0.94     0.17
  SINCE SEP 1      0.54                      1.48  -0.94     0.17
  SINCE JAN 1     18.05                     21.83  -3.78    21.81

SNOWFALL (IN)
  YESTERDAY        0.0          MM      MM   0.0             0.0
  MONTH TO DATE    0.0                       0.0             0.0
  SINCE SEP 1      0.0                       0.0             0.0
  SINCE JUL 1      0.0                       0.0             0.0
  SNOW DEPTH       0

DEGREE DAYS
 HEATING
  YESTERDAY        0                         2     -2
  MONTH TO DATE   19                        10      9
  SINCE SEP 1     19                        10      9
  SINCE JUL 1     24                        10     14

 COOLING
  YESTERDAY        8                         6      2        0
  MONTH TO DATE  192                       182     10      250
  SINCE SEP 1    192                       182     10      250
  SINCE JAN 1   1676                      1693    -17     1699
..................................................................


WIND (MPH)
  HIGHEST WIND SPEED    22   HIGHEST WIND DIRECTION    NE (50)
  HIGHEST GUST SPEED    33   HIGHEST GUST DIRECTION    NE (50)
  AVERAGE WIND SPEED    10.6




RELATIVE HUMIDITY (PERCENT)
 HIGHEST    79           300 AM
 LOWEST     20           300 PM
 AVERAGE    50

..........................................................


THE MEDICINE LODGE KS CLIMATE NORMALS FOR TODAY
                         NORMAL    RECORD    YEAR
 MAXIMUM TEMPERATURE (F)   81        99      1921
 MINIMUM TEMPERATURE (F)   56        32      1995


SUNRISE AND SUNSET
SEPTEMBER 22 2014.....SUNRISE   722 AM CDT   SUNSET   731 PM CDT
SEPTEMBER 23 2014.....SUNRISE   723 AM CDT   SUNSET   730 PM CDT


-  INDICATES NEGATIVE NUMBERS.
R  INDICATES RECORD WAS SET OR TIED.
MM INDICATES DATA IS MISSING.
T  INDICATES TRACE AMOUNT.




$$





National Weather Service
Disclaimer
Last Modified: August 31, 2005
Privacy Policy