483
CDAK48 PABE 311241
CLIBET

CLIMATE REPORT
NATIONAL WEATHER SERVICE BETHEL, AK
441 AM AKDT FRI OCT 31 2014

...................................
...THE BETHEL AP CLIMATE SUMMARY FOR OCTOBER 30 2014...

CLIMATE NORMAL PERIOD  1981 TO  2010
CLIMATE RECORD PERIOD  1923 TO  2014

WEATHER ITEM   OBSERVED TIME    RECORD YEAR NORMAL DEPARTURE LAST
               VALUE    (LST)   VALUE       VALUE  FROM      YEAR
                                                   NORMAL
...................................................................
TEMPERATURE
YESTERDAY
 MAXIMUM            26  0311 PM    50  1936     28      -2     32
 MINIMUM            13  1159 PM    -6  2001     18      -5     27
 AVERAGE            20                          23      -3     30

PRECIPITATION
(INCHES)
 YESTERDAY        0.00           0.49  1995   0.04   -0.04   0.00
 MONTH TO DATE    2.09                        1.60    0.49   4.22
 SINCE SEP 1      3.35                        4.35   -1.00   6.74
 SINCE JAN 1     12.66                       15.77   -3.11  17.22

SNOWFALL
(INCHES)
 YESTERDAY         0.0            5.2  1934    0.2    -0.2    0.0
 MONTH TO DATE     6.8                         4.1     2.7      T
 SINCE SEP 1       6.8                         4.7     2.1    0.0
 SINCE JUL 1       6.8                         4.7     2.1      T
 SNOW DEPTH (IN)     T                                          0

DEGREE DAYS
 HEATING
  YESTERDAY         45                          42       3     35
  MONTH TO DATE   1082                        1034      48    783
  SINCE SEP 1     1585                        1618     -33   1394
  SINCE JUL 1     2106                        2260    -154   1978

 COOLING
  YESTERDAY          0                           0       0      0
  MONTH TO DATE      0                           0       0      0
  SINCE SEP 1        0                           0       0      0
  SINCE JAN 1        0                           0       0     18
...................................................................

WIND (MPH)
 HIGHEST WIND SPEED    15     HIGHEST WIND DIRECTION     40
 HIGHEST GUST SPEED    19     HIGHEST GUST DIRECTION     40
 AVERAGE WIND SPEED   8.9

SKY COVER
  POSSIBLE SUNSHINE    MM          AVERAGE SKY COVER     MM

WEATHER CONDITIONS
 THE FOLLOWING WEATHER WAS RECORDED YESTERDAY.
  NO SIGNIFICANT WEATHER WAS OBSERVED.

RELATIVE HUMIDITY
 HIGHEST RH     MM PERCENT       MM
 LOWEST  RH     MM PERCENT       MM
 AVERAGE RH     MM PERCENT       MM
...................................................................

THE BETHEL CLIMATE NORMALS FOR TODAY
                           NORMAL    RECORD   YEAR
 MAXIMUM TEMPERATURE (F)     28        48     1936
 MINIMUM TEMPERATURE (F)     18        -5     1931

SUNRISE AND SUNSET
 OCT 31 2014..........SUNRISE 10:12 AM      SUNSET  6:50 PM
 NOV  1 2014..........SUNRISE 10:14 AM      SUNSET  6:48 PM

-  INDICATES NEGATIVE NUMBERS.
R  INDICATES RECORD HAS BEEN SET OR TIED.
MM INDICATES DATA IS MISSING.
T  INDICATES TRACE OF PRECIPITATION.

&&
-------------------------------------------------------------------

AMOUNT OF DAYLIGHT TODAY  (HOUR:MIN)........8 HOURS 38 MINUTES
GAIN/LOSS SINCE YESTERDAY (HOUR:MIN:SEC)....-0:05:23

$$
FONTENOT




National Weather Service
Disclaimer
Last Modified: August 31, 2005
Privacy Policy