535
CDUS41 KBUF 201007
CLIROC


CLIMATE REPORT
NATIONAL WEATHER SERVICE BUFFALO NY
506 AM EST SAT DEC 20 2014


...................................

...THE ROCHESTER NY CLIMATE SUMMARY FOR DECEMBER 19 2014...

CLIMATE NORMAL PERIOD 1981 TO 2010
CLIMATE RECORD PERIOD 1871 TO 2014


WEATHER ITEM   OBSERVED TIME   RECORD YEAR NORMAL DEPARTURE LAST
                VALUE   (LST)  VALUE       VALUE  FROM      YEAR
                                                  NORMAL
..................................................................
TEMPERATURE (F)
 YESTERDAY
  MAXIMUM         30   1027 PM  60    1957  35     -5       42
  MINIMUM         25    925 AM  -6    1875  22      3       28
  AVERAGE         28                        29     -1       35

PRECIPITATION (IN)
  YESTERDAY        T             0.75 1873   0.08  -0.08     0.00
  MONTH TO DATE    1.87                      1.66   0.21     1.24
  SINCE DEC 1      1.87                      1.66   0.21     1.24
  SINCE JAN 1     32.53                     33.30  -0.77    34.99

SNOWFALL (IN)
  YESTERDAY        T             8.9  2008   0.8   -0.8      0.0
  MONTH TO DATE   12.0                      12.3   -0.3     18.0
  SINCE DEC 1     12.0                      12.3   -0.3     18.0
  SINCE JUL 1     21.1                      19.7    1.4     31.5
  SNOW DEPTH       T

DEGREE DAYS
 HEATING
  YESTERDAY       37                        36      1       30
  MONTH TO DATE  594                       633    -39      707
  SINCE DEC 1    594                       633    -39      707
  SINCE JUL 1   1874                      2001   -127     2079

 COOLING
  YESTERDAY        0                         0      0        0
  MONTH TO DATE    0                         0      0        0
  SINCE DEC 1      0                         0      0        0
  SINCE JAN 1    542                       539      3      660
..................................................................


WIND (MPH)
  HIGHEST WIND SPEED    16   HIGHEST WIND DIRECTION    NW (300)
  HIGHEST GUST SPEED    21   HIGHEST GUST DIRECTION    NW (320)
  AVERAGE WIND SPEED     8.8


SKY COVER
  AVERAGE SKY COVER 1.0


WEATHER CONDITIONS
 THE FOLLOWING WEATHER WAS RECORDED YESTERDAY.
  LT FREEZING RAIN
  SNOW
  LIGHT SNOW


RELATIVE HUMIDITY (PERCENT)
 HIGHEST    88           700 AM
 LOWEST     72          1000 PM
 AVERAGE    80

..........................................................


THE ROCHESTER NY CLIMATE NORMALS FOR TODAY
                         NORMAL    RECORD    YEAR
 MAXIMUM TEMPERATURE (F)   35        63      1957
                                             1895
 MINIMUM TEMPERATURE (F)   22       -16      1942


SUNRISE AND SUNSET
DECEMBER 20 2014......SUNRISE   739 AM EST   SUNSET   438 PM EST
DECEMBER 21 2014......SUNRISE   739 AM EST   SUNSET   439 PM EST


-  INDICATES NEGATIVE NUMBERS.
R  INDICATES RECORD WAS SET OR TIED.
MM INDICATES DATA IS MISSING.
T  INDICATES TRACE AMOUNT.

$$





479
CDUS41 KBUF 201007
CLIBUF


CLIMATE REPORT
NATIONAL WEATHER SERVICE BUFFALO NY
506 AM EST SAT DEC 20 2014


...................................

...THE BUFFALO NY CLIMATE SUMMARY FOR DECEMBER 19 2014...

CLIMATE NORMAL PERIOD 1981 TO 2010
CLIMATE RECORD PERIOD 1871 TO 2014


WEATHER ITEM   OBSERVED TIME   RECORD YEAR NORMAL DEPARTURE LAST
                VALUE   (LST)  VALUE       VALUE  FROM      YEAR
                                                  NORMAL
..................................................................
TEMPERATURE (F)
 YESTERDAY
  MAXIMUM         29   1159 PM  61    1957  35     -6       40
  MINIMUM         25    720 AM  -6    1875  23      2       26
  AVERAGE         27                        29     -2       33

PRECIPITATION (IN)
  YESTERDAY        T             0.83 1899   0.12  -0.12      T
  MONTH TO DATE    1.53                      2.39  -0.86     1.28
  SINCE DEC 1      1.53                      2.39  -0.86     1.28
  SINCE JAN 1     41.78                     38.98   2.80    42.37

SNOWFALL (IN)
  YESTERDAY        T            10.1  2008   0.9   -0.9      0.0
  MONTH TO DATE    9.9                      15.2   -5.3     19.7
  SINCE DEC 1      9.9                      15.2   -5.3     19.7
  SINCE JUL 1     30.4                      24.0    6.4     29.7
  SNOW DEPTH       T

DEGREE DAYS
 HEATING
  YESTERDAY       38                        36      2       32
  MONTH TO DATE  609                       631    -22      712
  SINCE DEC 1    609                       631    -22      712
  SINCE JUL 1   1907                      1964    -57     2030

 COOLING
  YESTERDAY        0                         0      0        0
  MONTH TO DATE    0                         0      0        0
  SINCE DEC 1      0                         0      0        0
  SINCE JAN 1    516                       544    -28      611
..................................................................


WIND (MPH)
  HIGHEST WIND SPEED    15   HIGHEST WIND DIRECTION     W (280)
  HIGHEST GUST SPEED    19   HIGHEST GUST DIRECTION     W (280)
  AVERAGE WIND SPEED     9.1


SKY COVER
  AVERAGE SKY COVER 0.9


WEATHER CONDITIONS
 THE FOLLOWING WEATHER WAS RECORDED YESTERDAY.
  LIGHT SNOW
  HAZE


RELATIVE HUMIDITY (PERCENT)
 HIGHEST    81          1200 AM
 LOWEST     69           200 PM
 AVERAGE    75

..........................................................


THE BUFFALO NY CLIMATE NORMALS FOR TODAY
                         NORMAL    RECORD    YEAR
 MAXIMUM TEMPERATURE (F)   35        63      1895
 MINIMUM TEMPERATURE (F)   23        -7      1983
                                             1942


SUNRISE AND SUNSET
DECEMBER 20 2014......SUNRISE   742 AM EST   SUNSET   443 PM EST
DECEMBER 21 2014......SUNRISE   743 AM EST   SUNSET   443 PM EST


-  INDICATES NEGATIVE NUMBERS.
R  INDICATES RECORD WAS SET OR TIED.
MM INDICATES DATA IS MISSING.
T  INDICATES TRACE AMOUNT.

$$





National Weather Service
Disclaimer
Last Modified: August 31, 2005
Privacy Policy