971
CDUS46 KSEW 270828
CLISEW


CLIMATE REPORT
NATIONAL WEATHER SERVICE SEATTLE WA
1228 AM PST THU NOV 27 2014


...................................

...THE SEATTLE WA WFO CLIMATE SUMMARY FOR NOVEMBER 26 2014...

CLIMATE NORMAL PERIOD 1981 TO 2010
CLIMATE RECORD PERIOD 1986 TO 2014


WEATHER ITEM   OBSERVED TIME   RECORD YEAR     LAST
                VALUE   (LST)  VALUE           YEAR
....................................................
TEMPERATURE (F)
 YESTERDAY
  MAXIMUM         59R       MM  54    1997    51
  MINIMUM         53        MM  26    1993    34
  AVERAGE         56                          43

PRECIPITATION (IN)
  YESTERDAY        0.01          2.12 1998      T
  MONTH TO DATE    2.84                        3.01
  SINCE OCT 1      9.61                        4.12
  SINCE JAN 1     39.82                       28.03

SNOWFALL (IN)
  YESTERDAY        0.0                         0.0
  MONTH TO DATE    0.0                         0.0
  SINCE OCT 1      0.0                         0.0
  SINCE JUL 1      0.0                         0.0
  SNOW DEPTH       0

DEGREE DAYS
 HEATING
  YESTERDAY        9                          22
  MONTH TO DATE  466                         480
  SINCE SEP 1    699                         996
  SINCE JUL 1    718                        1017

 COOLING
  YESTERDAY        0                           0
  MONTH TO DATE    0                           0
  SINCE SEP 1     42                          47
  SINCE JAN 1    366                         314
....................................................


WIND (MPH)
  HIGHEST WIND SPEED    MM   HIGHEST WIND DIRECTION    MM
  HIGHEST GUST SPEED    MM   HIGHEST GUST DIRECTION    MM
  AVERAGE WIND SPEED    MM



WEATHER CONDITIONS
 THE FOLLOWING WEATHER WAS RECORDED YESTERDAY.
  LIGHT RAIN






-  INDICATES NEGATIVE NUMBERS.
R  INDICATES RECORD WAS SET OR TIED.
MM INDICATES DATA IS MISSING.
T  INDICATES TRACE AMOUNT.




$$




974
CDUS46 KSEW 270828
CLIOLM


CLIMATE REPORT
NATIONAL WEATHER SERVICE SEATTLE WA
1228 AM PST THU NOV 27 2014


...................................

...THE OLYMPIA WA AIRPORT CLIMATE SUMMARY FOR NOVEMBER 26 2014...

CLIMATE NORMAL PERIOD 1981 TO 2010
CLIMATE RECORD PERIOD 1948 TO 2014


WEATHER ITEM   OBSERVED TIME   RECORD YEAR NORMAL DEPARTURE LAST
                VALUE   (LST)  VALUE       VALUE  FROM      YEAR
                                                  NORMAL
..................................................................
TEMPERATURE (F)
 YESTERDAY
  MAXIMUM         59R   912 PM  59    1950  47     12       50
  MINIMUM         54    842 AM  14    1993  35     19       24
  AVERAGE         57                        41     16       37

PRECIPITATION (IN)
  YESTERDAY        0.06          2.50 1949   0.30  -0.24      T
  MONTH TO DATE    5.05                      7.43  -2.38     4.51
  SINCE OCT 1     11.96                     12.03  -0.07     6.64
  SINCE JAN 1     47.44                     41.34   6.10    39.26

DEGREE DAYS
 HEATING
  YESTERDAY        8                        24    -16       28
  MONTH TO DATE  548                       552     -4      579
  SINCE SEP 1    944                      1196   -252     1227
  SINCE JUL 1    997                      1346   -349     1304

 COOLING
  YESTERDAY        0                         0      0        0
  MONTH TO DATE    0                         0      0        0
  SINCE SEP 1      6                         7     -1       26
  SINCE JAN 1    187                       106     81      147
..................................................................


WIND (MPH)
  RESULTANT WIND SPEED   7   RESULTANT WIND DIRECTION  SW (210)
  HIGHEST WIND SPEED    18   HIGHEST WIND DIRECTION     S (200)
  HIGHEST GUST SPEED    25   HIGHEST GUST DIRECTION    SW (210)
  AVERAGE WIND SPEED     8.1


SKY COVER
  AVERAGE SKY COVER 1.0


WEATHER CONDITIONS
 THE FOLLOWING WEATHER WAS RECORDED YESTERDAY.
  LIGHT RAIN
  FOG


RELATIVE HUMIDITY (PERCENT)
 HIGHEST   100           800 AM
 LOWEST     67          1100 PM
 AVERAGE    84

..........................................................


THE OLYMPIA WA AIRPORT CLIMATE NORMALS FOR TODAY
                         NORMAL    RECORD    YEAR
 MAXIMUM TEMPERATURE (F)   47        57      1959
 MINIMUM TEMPERATURE (F)   34        17      1958


SUNRISE AND SUNSET
NOVEMBER 27 2014......SUNRISE   732 AM PST   SUNSET   427 PM PST
NOVEMBER 28 2014......SUNRISE   733 AM PST   SUNSET   426 PM PST


-  INDICATES NEGATIVE NUMBERS.
R  INDICATES RECORD WAS SET OR TIED.
MM INDICATES DATA IS MISSING.
T  INDICATES TRACE AMOUNT.




$$




National Weather Service
Disclaimer
Last Modified: August 31, 2005
Privacy Policy