827
CDUS45 KLKN 300932
CLIWMC


CLIMATE REPORT
NATIONAL WEATHER SERVICE ELKO NV
226 AM PDT TUE SEP 30 2014


...................................

...THE WINNEMUCCA AIRPORT NV CLIMATE SUMMARY FOR SEPTEMBER 29 2014...

CLIMATE NORMAL PERIOD 1981 TO 2010
CLIMATE RECORD PERIOD 1877 TO 2014


WEATHER ITEM   OBSERVED TIME   RECORD YEAR NORMAL DEPARTURE LAST
                VALUE   (LST)  VALUE       VALUE  FROM      YEAR
                                                  NORMAL
..................................................................
TEMPERATURE (F)
 YESTERDAY
  MAXIMUM         55    358 PM  93    2010  75    -20       75
                                      1963
  MINIMUM         44   1159 PM  17    1954  35      9       59
  AVERAGE         50                        55     -5       67

PRECIPITATION (IN)
  YESTERDAY        0.18          0.51 1878   0.02   0.16     0.00
  MONTH TO DATE    1.40                      0.42   0.98     0.65
  SINCE OCT 1      8.64                      8.26   0.38     5.47
  SINCE JAN 1      5.98                      5.78   0.20     3.06

SNOWFALL (IN)
  YESTERDAY        0.0           0.0  1877   0.0    0.0      0.0
  MONTH TO DATE    T                         0.0    0.0      0.0
  SINCE SEP 1      T                         0.0    0.0      0.0
  SINCE JUL 1      T                         0.0    0.0       T
  SNOW DEPTH       0

DEGREE DAYS
 HEATING
  YESTERDAY       15                        10      5        0
  MONTH TO DATE   71                       163    -92      146
  SINCE SEP 1     71                       163    -92      146
  SINCE JUL 1     90                       193   -103      146

 COOLING
  YESTERDAY        0                         0      0        2
  MONTH TO DATE   49                        29     20       81
  SINCE SEP 1     49                        29     20       81
  SINCE JAN 1    674                       539    135      762
..................................................................


WIND (MPH)
  HIGHEST WIND SPEED    17   HIGHEST WIND DIRECTION     S (170)
  HIGHEST GUST SPEED    20   HIGHEST GUST DIRECTION     S (170)
  AVERAGE WIND SPEED     9.9



WEATHER CONDITIONS
 THE FOLLOWING WEATHER WAS RECORDED YESTERDAY.
  RAIN
  LIGHT RAIN
  FOG


RELATIVE HUMIDITY (PERCENT)
 HIGHEST    93           700 AM
 LOWEST     77           300 PM
 AVERAGE    85

..........................................................


THE WINNEMUCCA AIRPORT NV CLIMATE NORMALS FOR TODAY
                         NORMAL    RECORD    YEAR
 MAXIMUM TEMPERATURE (F)   75        95      2010
 MINIMUM TEMPERATURE (F)   34        17      1950


SUNRISE AND SUNSET
SEPTEMBER 30 2014.....SUNRISE   647 AM PDT   SUNSET   635 PM PDT
OCTOBER  1 2014.......SUNRISE   648 AM PDT   SUNSET   633 PM PDT


-  INDICATES NEGATIVE NUMBERS.
R  INDICATES RECORD WAS SET OR TIED.
MM INDICATES DATA IS MISSING.
T  INDICATES TRACE AMOUNT.




$$





826
CDUS45 KLKN 300932
CLITPH


CLIMATE REPORT
NATIONAL WEATHER SERVICE ELKO NV
226 AM PDT TUE SEP 30 2014


...................................

...THE TONOPAH AIRPORT NV CLIMATE SUMMARY FOR SEPTEMBER 29 2014...

CLIMATE NORMAL PERIOD 1981 TO 2010
CLIMATE RECORD PERIOD 1954 TO 2014


WEATHER ITEM   OBSERVED TIME   RECORD YEAR NORMAL DEPARTURE LAST
                VALUE   (LST)  VALUE       VALUE  FROM      YEAR
                                                  NORMAL
..................................................................
TEMPERATURE (F)
 YESTERDAY
  MAXIMUM         68    325 PM  91    2010  75     -7       72
  MINIMUM         40    249 AM  29    1971  44     -4       39
  AVERAGE         54                        60     -6       56

PRECIPITATION (IN)
  YESTERDAY        0.00          0.13 1983   0.01  -0.01     0.00
  MONTH TO DATE    0.69                      0.37   0.32     1.38
  SINCE OCT 1      4.17                      5.23  -1.06     5.25
  SINCE JAN 1      3.71                      4.14  -0.43     4.03

DEGREE DAYS
 HEATING
  YESTERDAY       11                         6      5        9
  MONTH TO DATE   35                        79    -44       92
  SINCE SEP 1     35                        79    -44       92
  SINCE JUL 1     35                        85    -50       92

 COOLING
  YESTERDAY        0                         0      0        0
  MONTH TO DATE  141                        68     73      121
  SINCE SEP 1    141                        68     73      121
  SINCE JAN 1   1004                       781    223     1042
..................................................................


WIND (MPH)
  HIGHEST WIND SPEED    25   HIGHEST WIND DIRECTION    NW (320)
  HIGHEST GUST SPEED    34   HIGHEST GUST DIRECTION     N (340)
  AVERAGE WIND SPEED     9.6



WEATHER CONDITIONS
 THE FOLLOWING WEATHER WAS RECORDED YESTERDAY.
  NO SIGNIFICANT WEATHER WAS OBSERVED.


RELATIVE HUMIDITY (PERCENT)
 HIGHEST    83           100 AM
 LOWEST     29           400 PM
 AVERAGE    56

..........................................................


THE TONOPAH AIRPORT NV CLIMATE NORMALS FOR TODAY
                         NORMAL    RECORD    YEAR
 MAXIMUM TEMPERATURE (F)   75        90      1980
 MINIMUM TEMPERATURE (F)   43        24      1982


SUNRISE AND SUNSET
SEPTEMBER 30 2014.....SUNRISE   643 AM PDT   SUNSET   633 PM PDT
OCTOBER  1 2014.......SUNRISE   644 AM PDT   SUNSET   631 PM PDT


-  INDICATES NEGATIVE NUMBERS.
R  INDICATES RECORD WAS SET OR TIED.
MM INDICATES DATA IS MISSING.
T  INDICATES TRACE AMOUNT.




$$





824
CDUS45 KLKN 300932
CLIEKO


CLIMATE REPORT
NATIONAL WEATHER SERVICE ELKO NV
226 AM PDT TUE SEP 30 2014


...................................

...THE ELKO AIRPORT NV CLIMATE SUMMARY FOR SEPTEMBER 29 2014...

CLIMATE NORMAL PERIOD 1981 TO 2010
CLIMATE RECORD PERIOD 1888 TO 2014


WEATHER ITEM   OBSERVED TIME   RECORD YEAR NORMAL DEPARTURE LAST
                VALUE   (LST)  VALUE       VALUE  FROM      YEAR
                                                  NORMAL
..................................................................
TEMPERATURE (F)
 YESTERDAY
  MAXIMUM         52    359 PM  90    2010  73    -21       70
  MINIMUM         44   1139 PM  16    1902  34     10       43
  AVERAGE         48                        53     -5       57

PRECIPITATION (IN)
  YESTERDAY        0.06          0.60 1893   0.02   0.04     0.00
  MONTH TO DATE    0.38                      0.55  -0.17     1.19
  SINCE OCT 1      9.66                      9.89  -0.23     7.68
  SINCE JAN 1      8.05                      6.83   1.22     4.85

SNOWFALL (IN)
  YESTERDAY        0.0           T    2007   0.0    0.0      0.0
                                      1950
  MONTH TO DATE    0.0                       0.1   -0.1       T
  SINCE SEP 1      0.0                       0.1   -0.1       T
  SINCE JUL 1      0.0                       0.1   -0.1       T
  SNOW DEPTH       0

DEGREE DAYS
 HEATING
  YESTERDAY       17                        12      5        8
  MONTH TO DATE   76                       195   -119      166
  SINCE SEP 1     76                       195   -119      166
  SINCE JUL 1     96                       246   -150      166

 COOLING
  YESTERDAY        0                         0      0        0
  MONTH TO DATE   45                        20     25       66
  SINCE SEP 1     45                        20     25       66
  SINCE JAN 1    549                       382    167      776
..................................................................


WIND (MPH)
  HIGHEST WIND SPEED    13   HIGHEST WIND DIRECTION    SW (230)
  HIGHEST GUST SPEED    17   HIGHEST GUST DIRECTION    SW (220)
  AVERAGE WIND SPEED     5.6



WEATHER CONDITIONS
 THE FOLLOWING WEATHER WAS RECORDED YESTERDAY.
  LIGHT RAIN


RELATIVE HUMIDITY (PERCENT)
 HIGHEST    92          1000 PM
 LOWEST     66          1200 AM
 AVERAGE    79

..........................................................


THE ELKO AIRPORT NV CLIMATE NORMALS FOR TODAY
                         NORMAL    RECORD    YEAR
 MAXIMUM TEMPERATURE (F)   72        91      2010
 MINIMUM TEMPERATURE (F)   34        17      1954
                                             1889


SUNRISE AND SUNSET
SEPTEMBER 30 2014.....SUNRISE   639 AM PDT   SUNSET   627 PM PDT
OCTOBER  1 2014.......SUNRISE   640 AM PDT   SUNSET   625 PM PDT


-  INDICATES NEGATIVE NUMBERS.
R  INDICATES RECORD WAS SET OR TIED.
MM INDICATES DATA IS MISSING.
T  INDICATES TRACE AMOUNT.




$$





National Weather Service
Disclaimer
Last Modified: August 31, 2005
Privacy Policy