275
CDUS44 KSHV 220740
CLIMLU


CLIMATE REPORT
NATIONAL WEATHER SERVICE SHREVEPORT, LA
237 AM CDT MON SEP 22 2014


...................................

...THE MONROE CLIMATE SUMMARY FOR SEPTEMBER 21 2014...

CLIMATE NORMAL PERIOD 1981 TO 2010
CLIMATE RECORD PERIOD 1930 TO 2014


WEATHER ITEM   OBSERVED TIME   RECORD YEAR NORMAL DEPARTURE LAST
                VALUE   (LST)  VALUE       VALUE  FROM      YEAR
                                                  NORMAL
..................................................................
TEMPERATURE (F)
 YESTERDAY
  MAXIMUM         94    316 PM 101    2005  88      6       83
  MINIMUM         68    628 AM  45    1983  62      6       60
  AVERAGE         81                        75      6       72

PRECIPITATION (IN)
  YESTERDAY        0.00          1.53 2003   0.10  -0.10     0.07
  MONTH TO DATE    1.25                      2.49  -1.24     2.05
  SINCE DEC 1     43.74                     43.26   0.48    39.06
  SINCE JAN 1     40.48                     37.97   2.51    34.33

SNOWFALL (IN)
  YESTERDAY        0.0
  MONTH TO DATE    0.0
  SINCE SEP 1      0.0
  SINCE JUL 1      0.0
  SNOW DEPTH       0

DEGREE DAYS
 HEATING
  YESTERDAY        0                         0      0        0
  MONTH TO DATE    0                         0      0        0
  SINCE SEP 1      0                         0      0        0
  SINCE JUL 1      0                         0      0        0

 COOLING
  YESTERDAY       16                        10      6        7
  MONTH TO DATE  308                       281     27      364
  SINCE SEP 1    308                       281     27      364
  SINCE JAN 1   2059                      2288   -229     2209
..................................................................


WIND (MPH)
  HIGHEST WIND SPEED    10   HIGHEST WIND DIRECTION    NW (320)
  HIGHEST GUST SPEED    14   HIGHEST GUST DIRECTION     N (340)
  AVERAGE WIND SPEED     1.9


SKY COVER
  POSSIBLE SUNSHINE  MM
  AVERAGE SKY COVER 0.1


WEATHER CONDITIONS
 THE FOLLOWING WEATHER WAS RECORDED YESTERDAY.
  FOG


RELATIVE HUMIDITY (PERCENT)
 HIGHEST    97           200 AM
 LOWEST     39           200 PM
 AVERAGE    68

..........................................................


THE MONROE CLIMATE NORMALS FOR TODAY
                         NORMAL    RECORD    YEAR
 MAXIMUM TEMPERATURE (F)   87        99      2005
                                             1931
 MINIMUM TEMPERATURE (F)   62        41      1983


SUNRISE AND SUNSET
SEPTEMBER 22 2014.....SUNRISE   656 AM CDT   SUNSET   705 PM CDT
SEPTEMBER 23 2014.....SUNRISE   657 AM CDT   SUNSET   703 PM CDT


-  INDICATES NEGATIVE NUMBERS.
R  INDICATES RECORD WAS SET OR TIED.
MM INDICATES DATA IS MISSING.
T  INDICATES TRACE AMOUNT.




$$




272
CDUS44 KSHV 220740
CLIGGG


CLIMATE REPORT
NATIONAL WEATHER SERVICE SHREVEPORT, LA
237 AM CDT MON SEP 22 2014


...................................

...THE LONGVIEW CLIMATE SUMMARY FOR SEPTEMBER 21 2014...

CLIMATE NORMAL PERIOD 1981 TO 2010
CLIMATE RECORD PERIOD 1902 TO 2014


WEATHER ITEM   OBSERVED TIME   RECORD YEAR NORMAL DEPARTURE LAST
                VALUE   (LST)  VALUE       VALUE  FROM      YEAR
                                                  NORMAL
..................................................................
TEMPERATURE (F)
 YESTERDAY
  MAXIMUM         95    323 PM 102    1936  86      9       84
  MINIMUM         67    632 AM  47    1938  63      4       60
  AVERAGE         81                        74      7       72

PRECIPITATION (IN)
  YESTERDAY        0.00          1.35 1970   0.11  -0.11      T
  MONTH TO DATE    0.73                      2.22  -1.49     4.56
  SINCE DEC 1     30.90                     37.36  -6.46    29.24
  SINCE JAN 1     26.75                     32.87  -6.12    24.89

SNOWFALL (IN)
  YESTERDAY        0.0
  MONTH TO DATE    0.0
  SINCE SEP 1      0.0
  SINCE JUL 1      0.0
  SNOW DEPTH       0

DEGREE DAYS
 HEATING
  YESTERDAY        0                         0      0        0
  MONTH TO DATE    0                         0      0        0
  SINCE SEP 1      0                         0      0        0
  SINCE JUL 1      0                         0      0        0

 COOLING
  YESTERDAY       16                        10      6        7
  MONTH TO DATE  340                       267     73      394
  SINCE SEP 1    340                       267     73      394
  SINCE JAN 1   2194                      2207    -13     2489
..................................................................


WIND (MPH)
  HIGHEST WIND SPEED    12   HIGHEST WIND DIRECTION     N (340)
  HIGHEST GUST SPEED    14   HIGHEST GUST DIRECTION     N (10)
  AVERAGE WIND SPEED     2.6


SKY COVER
  POSSIBLE SUNSHINE  MM
  AVERAGE SKY COVER 0.1


WEATHER CONDITIONS
 THE FOLLOWING WEATHER WAS RECORDED YESTERDAY.
  FOG


RELATIVE HUMIDITY (PERCENT)
 HIGHEST    93           600 AM
 LOWEST     33           400 PM
 AVERAGE    63

..........................................................


THE LONGVIEW CLIMATE NORMALS FOR TODAY
                         NORMAL    RECORD    YEAR
 MAXIMUM TEMPERATURE (F)   86       102      1936
 MINIMUM TEMPERATURE (F)   62        49      1918


SUNRISE AND SUNSET
SEPTEMBER 22 2014.....SUNRISE   707 AM CDT   SUNSET   715 PM CDT
SEPTEMBER 23 2014.....SUNRISE   708 AM CDT   SUNSET   714 PM CDT


-  INDICATES NEGATIVE NUMBERS.
R  INDICATES RECORD WAS SET OR TIED.
MM INDICATES DATA IS MISSING.
T  INDICATES TRACE AMOUNT.




$$




National Weather Service
Disclaimer
Last Modified: August 31, 2005
Privacy Policy