584
CDUS41 KBTV 230529
CLIMPV


CLIMATE REPORT
NATIONAL WEATHER SERVICE BURLINGTON VT
129 AM EDT WED JUL 23 2014


...................................

...THE MONTPELIER VT CLIMATE SUMMARY FOR JULY 22 2014...

CLIMATE NORMAL PERIOD 1981 TO 2010
CLIMATE RECORD PERIOD 1948 TO 2014


WEATHER ITEM   OBSERVED TIME   RECORD YEAR NORMAL DEPARTURE LAST
                VALUE   (LST)  VALUE       VALUE  FROM      YEAR
                                                  NORMAL
..................................................................
TEMPERATURE (F)
 YESTERDAY
  MAXIMUM         86    152 PM  95    1955  79      7       78
  MINIMUM         58    436 AM  42    1992  56      2       51
  AVERAGE         72                        67      5       65

PRECIPITATION (IN)
  YESTERDAY        0.00          1.13        0.15  -0.15     0.01
  MONTH TO DATE    1.58                      2.77  -1.19     3.67
  SINCE JUN 1      5.60                      6.57  -0.97    12.02
  SINCE JAN 1     18.20                     19.48  -1.28    21.29

DEGREE DAYS
 HEATING
  YESTERDAY        0                         1     -1        0
  MONTH TO DATE   18                        28    -10        0
  SINCE JUN 1    118                       149    -31      148
  SINCE JUL 1     18                        28    -10        0

 COOLING
  YESTERDAY        7                         3      4        0
  MONTH TO DATE   88                        70     18      149
  SINCE JUN 1    118                       123     -5      217
  SINCE JAN 1    119                       133    -14      228
..................................................................


WIND (MPH)
  HIGHEST WIND SPEED    13   HIGHEST WIND DIRECTION     S (170)
  HIGHEST GUST SPEED    15   HIGHEST GUST DIRECTION     S (170)
  AVERAGE WIND SPEED     3.3


SKY COVER
  AVERAGE SKY COVER 0.2


WEATHER CONDITIONS
 THE FOLLOWING WEATHER WAS RECORDED YESTERDAY.
  FOG


RELATIVE HUMIDITY (PERCENT)
 HIGHEST   100           400 AM
 LOWEST     45           200 PM
 AVERAGE    73

..........................................................


THE MONTPELIER VT CLIMATE NORMALS FOR TODAY
                         NORMAL    RECORD    YEAR
 MAXIMUM TEMPERATURE (F)   79        92      1952
 MINIMUM TEMPERATURE (F)   56        41      1981


SUNRISE AND SUNSET
JULY 23 2014..........SUNRISE   528 AM EDT   SUNSET   825 PM EDT
JULY 24 2014..........SUNRISE   529 AM EDT   SUNSET   824 PM EDT


-  INDICATES NEGATIVE NUMBERS.
R  INDICATES RECORD WAS SET OR TIED.
MM INDICATES DATA IS MISSING.
T  INDICATES TRACE AMOUNT.




$$




581
CDUS41 KBTV 230529
CLIMVL


CLIMATE REPORT
NATIONAL WEATHER SERVICE BURLINGTON VT
129 AM EDT WED JUL 23 2014


...................................

...THE MORRISVILLE VT CLIMATE SUMMARY FOR JULY 22 2014...

CLIMATE NORMAL PERIOD 1981 TO 2010
CLIMATE RECORD PERIOD 9999 TO 9999


WEATHER ITEM   OBSERVED TIME   NORMAL DEPARTURE LAST
                VALUE   (LST)  VALUE  FROM      YEAR
                                      NORMAL
......................................................
TEMPERATURE (F)
 YESTERDAY
  MAXIMUM         86    319 PM  80      6       81
  MINIMUM         58    536 AM  56      2       64
  AVERAGE         72            68      4       73

PRECIPITATION (IN)
  YESTERDAY        0.00          0.13  -0.13      T
  MONTH TO DATE    3.56          3.06   0.50     4.45
  SINCE JUN 1      7.45          7.04   0.41    13.07
  SINCE JAN 1     21.05         18.66   2.39    25.08

DEGREE DAYS
 HEATING
  YESTERDAY        0             1     -1        0
  MONTH TO DATE   12            23    -11        0
  SINCE JUN 1     84           146    -62      130
  SINCE JUL 1     12            23    -11        0

 COOLING
  YESTERDAY        7             4      3        8
  MONTH TO DATE   95            81     14      166
  SINCE JUN 1    135           129      6      242
  SINCE JAN 1    140           137      3      262
......................................................


WIND (MPH)
  HIGHEST WIND SPEED     9   HIGHEST WIND DIRECTION     S (200)
  HIGHEST GUST SPEED    14   HIGHEST GUST DIRECTION     W (270)
  AVERAGE WIND SPEED     2.4


SKY COVER
  AVERAGE SKY COVER 0.2


WEATHER CONDITIONS
 THE FOLLOWING WEATHER WAS RECORDED YESTERDAY.
  FOG
  FOG W/VISIBILITY <= 1/4 MILE


RELATIVE HUMIDITY (PERCENT)
 HIGHEST    93           400 AM
 LOWEST     44           200 PM
 AVERAGE    69

..........................................................


THE MORRISVILLE VT CLIMATE NORMALS FOR TODAY
                         NORMAL    RECORD    YEAR
 MAXIMUM TEMPERATURE (F)   80        MM        MM
 MINIMUM TEMPERATURE (F)   56        MM        MM


SUNRISE AND SUNSET
JULY 23 2014..........SUNRISE   527 AM EDT   SUNSET   826 PM EDT
JULY 24 2014..........SUNRISE   528 AM EDT   SUNSET   825 PM EDT


-  INDICATES NEGATIVE NUMBERS.
R  INDICATES RECORD WAS SET OR TIED.
MM INDICATES DATA IS MISSING.
T  INDICATES TRACE AMOUNT.




$$




National Weather Service
Disclaimer
Last Modified: August 31, 2005
Privacy Policy