880
CDUS44 KLUB 190126
CLILBB


CLIMATE REPORT
NATIONAL WEATHER SERVICE LUBBOCK, TX
825 PM CDT FRI APR 18 2014


...................................

...THE LUBBOCK CLIMATE SUMMARY FOR APRIL 18 2014...
VALID TODAY AS OF 0800 PM LOCAL TIME.

CLIMATE NORMAL PERIOD 1981 TO 2010
CLIMATE RECORD PERIOD 1911 TO 2014


WEATHER ITEM   OBSERVED TIME   RECORD YEAR NORMAL DEPARTURE LAST
                VALUE   (LST)  VALUE       VALUE  FROM      YEAR
                                                  NORMAL
..................................................................
TEMPERATURE (F)
 TODAY
  MAXIMUM         72    430 PM  96    1987  76     -4       55
  MINIMUM         39   1255 AM  29    1953  47     -8       31
                                      1944
  AVERAGE         56                        61     -5       43

PRECIPITATION (IN)
  TODAY            0.00          0.84 1949   0.04  -0.04     0.00
  MONTH TO DATE    0.14                      0.76  -0.62     0.04
  SINCE MAR 1      0.31                      1.86  -1.55     0.04
  SINCE JAN 1      0.47                      3.26  -2.79     2.27

SNOWFALL (IN)
  TODAY            0.0                       0.0    0.0      0.0
  MONTH TO DATE    T                         0.2   -0.2      0.4
  SINCE MAR 1      T                         0.8   -0.8      0.4
  SINCE JUL 1      4.2                       8.2   -4.0      4.1
  SNOW DEPTH       0

DEGREE DAYS
 HEATING
  TODAY            9                         5      4       22
  MONTH TO DATE  139                       134      5      152
  SINCE MAR 1    579                       549     30      508
  SINCE JUL 1   3431                      3288    143     3038

 COOLING
  TODAY            0                         2     -2        0
  MONTH TO DATE   19                        21     -2       23
  SINCE MAR 1     22                        28     -6       25
  SINCE JAN 1     22                        28     -6       25
..................................................................


WIND (MPH)
  HIGHEST WIND SPEED    21   HIGHEST WIND DIRECTION    SE (150)
  HIGHEST GUST SPEED    25   HIGHEST GUST DIRECTION     S (180)
  AVERAGE WIND SPEED     9.1


SKY COVER
  POSSIBLE SUNSHINE  MM
  AVERAGE SKY COVER 0.9


WEATHER CONDITIONS
 THE FOLLOWING WEATHER WAS RECORDED TODAY.
  FOG
  HAZE


RELATIVE HUMIDITY (PERCENT)
 HIGHEST    89           400 AM
 LOWEST     40           500 PM
 AVERAGE    65

..........................................................


THE LUBBOCK CLIMATE NORMALS FOR TOMORROW
                         NORMAL    RECORD    YEAR
 MAXIMUM TEMPERATURE (F)   76        92      2001
                                             1987
                                             1961
 MINIMUM TEMPERATURE (F)   47        25      2013


SUNRISE AND SUNSET
APRIL 18 2014.........SUNRISE   713 AM CDT   SUNSET   821 PM CDT
APRIL 19 2014.........SUNRISE   712 AM CDT   SUNSET   821 PM CDT


-  INDICATES NEGATIVE NUMBERS.
R  INDICATES RECORD WAS SET OR TIED.
MM INDICATES DATA IS MISSING.
T  INDICATES TRACE AMOUNT.




$$




881
CDUS44 KLUB 190126
CLICDS


CLIMATE REPORT
NATIONAL WEATHER SERVICE LUBBOCK, TX
825 PM CDT FRI APR 18 2014


...................................

...THE CHILDRESS CLIMATE SUMMARY FOR APRIL 18 2014...
VALID TODAY AS OF 0800 PM LOCAL TIME.

CLIMATE NORMAL PERIOD 1981 TO 2010
CLIMATE RECORD PERIOD 1893 TO 2014


WEATHER ITEM   OBSERVED TIME   RECORD YEAR NORMAL DEPARTURE LAST
                VALUE   (LST)  VALUE       VALUE  FROM      YEAR
                                                  NORMAL
..................................................................
TEMPERATURE (F)
 TODAY
  MAXIMUM         70    444 PM 100    2011  77     -7       54
  MINIMUM         47    115 AM  33    1953  49     -2       35
                                      1944
  AVERAGE         59                        63     -4       45

PRECIPITATION (IN)
  TODAY            0.00          1.90 1915   0.07  -0.07     0.00
  MONTH TO DATE    0.01                      1.12  -1.11     0.90
  SINCE MAR 1      0.47                      2.65  -2.18     0.90
  SINCE JAN 1      0.83                      4.43  -3.60     4.24

SNOWFALL (IN)
  TODAY            0.0                       0.0             0.0
  MONTH TO DATE    0.0                       0.1              T
  SINCE MAR 1      T                         0.5              T
  SINCE JUL 1      9.5                       6.9             5.5

DEGREE DAYS
 HEATING
  TODAY            6                         5      1       20
  MONTH TO DATE  131                       114     17      189
  SINCE MAR 1    589                       489    100      554
  SINCE JUL 1   3405                      3049    356     2933

 COOLING
  TODAY            0                         3     -3        0
  MONTH TO DATE   33                        32      1       21
  SINCE MAR 1     43                        50     -7       25
  SINCE JAN 1     43                        51     -8       25
..................................................................


WIND (MPH)
  HIGHEST WIND SPEED    17   HIGHEST WIND DIRECTION     S (160)
  HIGHEST GUST SPEED    26   HIGHEST GUST DIRECTION    SE (140)
  AVERAGE WIND SPEED     7.4


SKY COVER
  POSSIBLE SUNSHINE  MM
  AVERAGE SKY COVER 0.7


WEATHER CONDITIONS
 THE FOLLOWING WEATHER WAS RECORDED TODAY.
  FOG
  HAZE


RELATIVE HUMIDITY (PERCENT)
 HIGHEST   100
 LOWEST     44
 AVERAGE    72

..........................................................


THE CHILDRESS CLIMATE NORMALS FOR TOMORROW
                         NORMAL    RECORD    YEAR
 MAXIMUM TEMPERATURE (F)   78        98      1987
 MINIMUM TEMPERATURE (F)   49        29      2013


SUNRISE AND SUNSET
APRIL 18 2014.........SUNRISE   706 AM CDT   SUNSET   815 PM CDT
APRIL 19 2014.........SUNRISE   705 AM CDT   SUNSET   816 PM CDT


-  INDICATES NEGATIVE NUMBERS.
R  INDICATES RECORD WAS SET OR TIED.
MM INDICATES DATA IS MISSING.
T  INDICATES TRACE AMOUNT.




$$




National Weather Service
Disclaimer
Last Modified: August 31, 2005
Privacy Policy