590
CDUS42 KRAH 241600
CLIRDU


CLIMATE REPORT
NATIONAL WEATHER SERVICE RALEIGH NC
1056 AM EST MON NOV 24 2014


...................................

...THE RALEIGH-DURHAM INTL AIRPORT NC CLIMATE SUMMARY FOR NOVEMBER 24 2014...
VALID AS OF 1050 AM LOCAL TIME.

CLIMATE NORMAL PERIOD 1981 TO 2010
CLIMATE RECORD PERIOD 1887 TO 2014


WEATHER ITEM   OBSERVED TIME   RECORD YEAR NORMAL DEPARTURE LAST
                VALUE   (LST)  VALUE       VALUE  FROM      YEAR
                                                  NORMAL
..................................................................
TEMPERATURE (F)
 TODAY
  MAXIMUM                       82    1973  61              43
  MINIMUM         60    704 AM  15    1970  39     21       23
  AVERAGE                                   50              33

PRECIPITATION (IN)
  TODAY            0.00          0.97 1971   0.11  -0.11     0.00
  MONTH TO DATE    1.93                      2.50  -0.57     1.45
  SINCE SEP 1     10.02                     10.11  -0.09     5.77
  SINCE JAN 1     48.43                     39.65   8.78    43.24

SNOWFALL (IN)
  TODAY            0.0           T    1971   0.0    0.0      0.0
                                      1956
  MONTH TO DATE    T                         0.1   -0.1       T
  SINCE SEP 1      T                         0.1   -0.1       T
  SINCE JUL 1      T                         0.1   -0.1       T
  SNOW DEPTH       0

..................................................................


WIND (MPH)
  RESULTANT WIND SPEED  12   RESULTANT WIND DIRECTION   S (200)
  HIGHEST WIND SPEED    21   HIGHEST WIND DIRECTION    SW (220)
  HIGHEST GUST SPEED    28   HIGHEST GUST DIRECTION    SW (220)
  AVERAGE WIND SPEED    12.4


SKY COVER
  POSSIBLE SUNSHINE  MM
  AVERAGE SKY COVER 0.6


WEATHER CONDITIONS
 THE FOLLOWING WEATHER WAS RECORDED TODAY.
  LIGHT RAIN


RELATIVE HUMIDITY (PERCENT)
 HIGHEST    90           400 AM
 LOWEST     73          1000 AM
 AVERAGE    82

..........................................................


THE RALEIGH-DURHAM INTL AIRPORT NC CLIMATE NORMALS FOR TOMORROW
                         NORMAL    RECORD    YEAR
 MAXIMUM TEMPERATURE (F)   60        79      1973
 MINIMUM TEMPERATURE (F)   38        11      1970


SUNRISE AND SUNSET
NOVEMBER 24 2014......SUNRISE   700 AM EST   SUNSET   503 PM EST
NOVEMBER 25 2014......SUNRISE   701 AM EST   SUNSET   503 PM EST


-  INDICATES NEGATIVE NUMBERS.
R  INDICATES RECORD WAS SET OR TIED.
MM INDICATES DATA IS MISSING.
T  INDICATES TRACE AMOUNT.

&&

CLIMATE REPORT NWS FORECAST OFFICE
NCSU CENTENNIAL CAMPUS
RALEIGH, NC

MINIMUM TEMPERATURE... 60

PRECIPITATION... 0.00



$$





National Weather Service
Disclaimer
Last Modified: August 31, 2005
Privacy Policy