991
CDUS45 KCYS 260326
CLIRWL


CLIMATE REPORT
NATIONAL WEATHER SERVICE CHEYENNE WY
926 PM MDT SAT OCT 25 2014


...................................

...THE RAWLINS WY AIRPORT CLIMATE SUMMARY FOR OCTOBER 25 2014...
VALID TODAY AS OF 0900 PM LOCAL TIME.

CLIMATE NORMAL PERIOD 1981 TO 2010
CLIMATE RECORD PERIOD 1951 TO 2014


WEATHER ITEM   OBSERVED TIME   RECORD YEAR NORMAL DEPARTURE LAST
                VALUE   (LST)  VALUE       VALUE  FROM      YEAR
                                                  NORMAL
..................................................................
TEMPERATURE (F)
 TODAY
  MAXIMUM         72R   111 PM  68    1999  52     20       62
  MINIMUM         32    459 AM  12    1961  28      4       22
  AVERAGE         52                        40     12       42

PRECIPITATION (IN)
  TODAY            0.00          0.33 2006   0.02  -0.02     0.00
  MONTH TO DATE    0.17                      0.63  -0.46     1.34
  SINCE JAN 1      5.95                      8.15  -2.20     7.58

DEGREE DAYS
 HEATING
  TODAY           13                        25    -12       23
  MONTH TO DATE  381                       513   -132      613
  SINCE SEP 1    602                       806   -204      820
  SINCE JUL 1    702                       899   -197      828

 COOLING
  TODAY            0                         0      0        0
  MONTH TO DATE    0                         0      0        0
  SINCE SEP 1      2                         5     -3       49
  SINCE JAN 1    211                       186     25      371
..................................................................


WIND (MPH)
  HIGHEST WIND SPEED    31   HIGHEST WIND DIRECTION    SW (220)
  HIGHEST GUST SPEED    38   HIGHEST GUST DIRECTION    SW (210)
  AVERAGE WIND SPEED    11.5


SKY COVER
  AVERAGE SKY COVER 0.0


WEATHER CONDITIONS
 THE FOLLOWING WEATHER WAS RECORDED TODAY.
  HAZE


RELATIVE HUMIDITY (PERCENT)
 HIGHEST    69           300 AM
 LOWEST     15           100 PM
 AVERAGE    42

..........................................................


THE RAWLINS WY AIRPORT CLIMATE NORMALS FOR TOMORROW
                         NORMAL    RECORD    YEAR
 MAXIMUM TEMPERATURE (F)   52        70      1999
 MINIMUM TEMPERATURE (F)   27        14      2011


SUNRISE AND SUNSET
OCTOBER 25 2014.......SUNRISE   733 AM MDT   SUNSET   612 PM MDT
OCTOBER 26 2014.......SUNRISE   734 AM MDT   SUNSET   611 PM MDT


-  INDICATES NEGATIVE NUMBERS.
R  INDICATES RECORD WAS SET OR TIED.
MM INDICATES DATA IS MISSING.
T  INDICATES TRACE AMOUNT.




$$




992
CDUS45 KCYS 260326
CLICDR


CLIMATE REPORT
NATIONAL WEATHER SERVICE CHEYENNE WY
926 PM MDT SAT OCT 25 2014


...................................

...THE CHADRON NE AIRPORT CLIMATE SUMMARY FOR OCTOBER 25 2014...
VALID TODAY AS OF 0900 PM LOCAL TIME.

CLIMATE NORMAL PERIOD 1981 TO 2010
CLIMATE RECORD PERIOD 1895 TO 2014


WEATHER ITEM   OBSERVED TIME   RECORD YEAR NORMAL DEPARTURE LAST
                VALUE   (LST)  VALUE       VALUE  FROM      YEAR
                                                  NORMAL
..................................................................
TEMPERATURE (F)
 TODAY
  MAXIMUM         73    338 PM  82    1992  60     13       67
  MINIMUM         29    602 AM  14    1962  28      1       29
  AVERAGE         51                        44      7       48

PRECIPITATION (IN)
  TODAY            0.00          0.91 1921   0.03  -0.03     0.00
  MONTH TO DATE    0.37                      1.12  -0.75     3.48
  SINCE JAN 1     18.59                     16.72   1.87    18.53

DEGREE DAYS
 HEATING
  TODAY           14                        21     -7       17
  MONTH TO DATE  293                       408   -115      486
  SINCE SEP 1    443                       589   -146      576
  SINCE JUL 1    457                       619   -162      576

 COOLING
  TODAY            0                         0      0        0
  MONTH TO DATE    0                         0      0        0
  SINCE SEP 1     62                        63     -1      149
  SINCE JAN 1    647                       710    -63      917
..................................................................


WIND (MPH)
  HIGHEST WIND SPEED    13   HIGHEST WIND DIRECTION     S (180)
  HIGHEST GUST SPEED    19   HIGHEST GUST DIRECTION     S (190)
  AVERAGE WIND SPEED     4.5


SKY COVER
  AVERAGE SKY COVER 0.0


WEATHER CONDITIONS
 THE FOLLOWING WEATHER WAS RECORDED TODAY.
  HAZE


RELATIVE HUMIDITY (PERCENT)
 HIGHEST   100           700 AM
 LOWEST     29           300 PM
 AVERAGE    65

..........................................................


THE CHADRON NE AIRPORT CLIMATE NORMALS FOR TOMORROW
                         NORMAL    RECORD    YEAR
 MAXIMUM TEMPERATURE (F)   60        81      1983
                                             1960
 MINIMUM TEMPERATURE (F)   28         7      1997


SUNRISE AND SUNSET
OCTOBER 25 2014.......SUNRISE   718 AM MDT   SUNSET   554 PM MDT
OCTOBER 26 2014.......SUNRISE   719 AM MDT   SUNSET   553 PM MDT


-  INDICATES NEGATIVE NUMBERS.
R  INDICATES RECORD WAS SET OR TIED.
MM INDICATES DATA IS MISSING.
T  INDICATES TRACE AMOUNT.




$$




988
CDUS45 KCYS 260326
CLISNY


CLIMATE REPORT
NATIONAL WEATHER SERVICE CHEYENNE WY
926 PM MDT SAT OCT 25 2014


...................................

...THE SIDNEY NE AIRPORT CLIMATE SUMMARY FOR OCTOBER 25 2014...
VALID TODAY AS OF 0900 PM LOCAL TIME.

CLIMATE NORMAL PERIOD 1981 TO 2010
CLIMATE RECORD PERIOD 1948 TO 2014


WEATHER ITEM   OBSERVED TIME   RECORD YEAR NORMAL DEPARTURE LAST
                VALUE   (LST)  VALUE       VALUE  FROM      YEAR
                                                  NORMAL
..................................................................
TEMPERATURE (F)
 TODAY
  MAXIMUM         79    206 PM  81    2007  62     17       70
                                      1959
  MINIMUM         37    619 AM   8    1997  32      5       33
  AVERAGE         58                        47     11       52

PRECIPITATION (IN)
  TODAY            0.00          0.44 2011   0.02  -0.02     0.00
  MONTH TO DATE    0.83                      0.89  -0.06     1.23
  SINCE JAN 1     15.50                     17.30  -1.80    16.45

DEGREE DAYS
 HEATING
  TODAY            7                        18    -11       13
  MONTH TO DATE  271                       348    -77      432
  SINCE SEP 1    376                       477   -101      527
  SINCE JUL 1    388                       488   -100      536

 COOLING
  TODAY            0                         0      0        0
  MONTH TO DATE    0                         1     -1        0
  SINCE SEP 1     79                        85     -6      155
  SINCE JAN 1    637                       827   -190      918
..................................................................


WIND (MPH)
  HIGHEST WIND SPEED    14   HIGHEST WIND DIRECTION    NW (300)
  HIGHEST GUST SPEED    14   HIGHEST GUST DIRECTION    NW (310)
  AVERAGE WIND SPEED     7.3


SKY COVER
  AVERAGE SKY COVER 0.0


WEATHER CONDITIONS
 THE FOLLOWING WEATHER WAS RECORDED TODAY.
  NO SIGNIFICANT WEATHER WAS OBSERVED.


RELATIVE HUMIDITY (PERCENT)
 HIGHEST    70           400 AM
 LOWEST     20          1200 PM
 AVERAGE    45

..........................................................


THE SIDNEY NE AIRPORT CLIMATE NORMALS FOR TOMORROW
                         NORMAL    RECORD    YEAR
 MAXIMUM TEMPERATURE (F)   61        80      1950
 MINIMUM TEMPERATURE (F)   32         1      1997


SUNRISE AND SUNSET
OCTOBER 25 2014.......SUNRISE   715 AM MDT   SUNSET   557 PM MDT
OCTOBER 26 2014.......SUNRISE   716 AM MDT   SUNSET   555 PM MDT


-  INDICATES NEGATIVE NUMBERS.
R  INDICATES RECORD WAS SET OR TIED.
MM INDICATES DATA IS MISSING.
T  INDICATES TRACE AMOUNT.




$$




989
CDUS45 KCYS 260326
CLIDGW


CLIMATE REPORT
NATIONAL WEATHER SERVICE CHEYENNE WY
926 PM MDT SAT OCT 25 2014


...................................

...THE DOUGLAS WY AIRPORT CLIMATE SUMMARY FOR OCTOBER 25 2014...
VALID TODAY AS OF 0900 PM LOCAL TIME.

CLIMATE NORMAL PERIOD 1981 TO 2010
CLIMATE RECORD PERIOD 1998 TO 2014


WEATHER ITEM   OBSERVED TIME   RECORD YEAR NORMAL DEPARTURE LAST
                VALUE   (LST)  VALUE       VALUE  FROM      YEAR
                                                  NORMAL
..................................................................
TEMPERATURE (F)
 TODAY
  MAXIMUM         81R   313 PM  76    2007  58     23       68
  MINIMUM         30    628 AM  12    2012  28      2       27
  AVERAGE         56                        43     13       48

PRECIPITATION (IN)
  TODAY            0.00          0.28 2010   0.02  -0.02     0.00
  MONTH TO DATE    0.37                      0.94  -0.57     1.96
  SINCE JAN 1     11.95                     12.22  -0.27     9.22

DEGREE DAYS
 HEATING
  TODAY            9                        22    -13       17
  MONTH TO DATE  324                       457   -133      536
  SINCE SEP 1    496                       685   -189      674
  SINCE JUL 1    533                       726   -193      674

 COOLING
  TODAY            0                         0      0        0
  MONTH TO DATE    0                         0      0        0
  SINCE SEP 1     24                        28     -4       88
  SINCE JAN 1    401                       486    -85      739
..................................................................


WIND (MPH)
  HIGHEST WIND SPEED    20   HIGHEST WIND DIRECTION    SW (240)
  HIGHEST GUST SPEED    24   HIGHEST GUST DIRECTION    SW (240)
  AVERAGE WIND SPEED     5.4


SKY COVER
  AVERAGE SKY COVER 0.0


WEATHER CONDITIONS
 THE FOLLOWING WEATHER WAS RECORDED TODAY.
  NO SIGNIFICANT WEATHER WAS OBSERVED.


RELATIVE HUMIDITY (PERCENT)
 HIGHEST    64           500 AM
 LOWEST     10           300 PM
 AVERAGE    37

..........................................................


THE DOUGLAS WY AIRPORT CLIMATE NORMALS FOR TOMORROW
                         NORMAL    RECORD    YEAR
 MAXIMUM TEMPERATURE (F)   57        75      1999
 MINIMUM TEMPERATURE (F)   27        13      2012


SUNRISE AND SUNSET
OCTOBER 25 2014.......SUNRISE   727 AM MDT   SUNSET   604 PM MDT
OCTOBER 26 2014.......SUNRISE   728 AM MDT   SUNSET   602 PM MDT


-  INDICATES NEGATIVE NUMBERS.
R  INDICATES RECORD WAS SET OR TIED.
MM INDICATES DATA IS MISSING.
T  INDICATES TRACE AMOUNT.




$$




National Weather Service
Disclaimer
Last Modified: August 31, 2005
Privacy Policy