835
CDUS41 KILN 010549
CLIDAY


CLIMATE REPORT
NATIONAL WEATHER SERVICE WILMINGTON OH
148 AM EDT FRI AUG 1 2014


...................................

...THE DAYTON OH CLIMATE SUMMARY FOR JULY 31 2014...

CLIMATE NORMAL PERIOD 1981 TO 2010
CLIMATE RECORD PERIOD 1869 TO 2014


WEATHER ITEM   OBSERVED TIME   RECORD YEAR NORMAL DEPARTURE LAST
                VALUE   (LST)  VALUE       VALUE  FROM      YEAR
                                                  NORMAL
..................................................................
TEMPERATURE (F)
 YESTERDAY
  MAXIMUM         83    338 PM  98    1913  83      0       74
  MINIMUM         61    342 AM  51    1997  64     -3       66
  AVERAGE         72                        74     -2       70

PRECIPITATION (IN)
  YESTERDAY        T             1.23 1958   0.11  -0.11     0.02
  MONTH TO DATE    3.23                      4.11  -0.88     3.58
  SINCE JUN 1      6.76                      8.28  -1.52     6.70
  SINCE JAN 1     24.84                     25.32  -0.48    21.00

SNOWFALL (IN)
  YESTERDAY        0.0           0.0    MM   0.0    0.0      0.0
  MONTH TO DATE    0.0                       0.0    0.0      0.0
  SINCE JUN 1      0.0                       0.0    0.0      0.0
  SINCE JUL 1      0.0                       0.0    0.0      0.0
  SNOW DEPTH       0

DEGREE DAYS
 HEATING
  YESTERDAY        0                         0      0        0
  MONTH TO DATE    4                         0      4        3
  SINCE JUN 1      6                        22    -16       14
  SINCE JUL 1      4                         0      4        3

 COOLING
  YESTERDAY        7                         9     -2        5
  MONTH TO DATE  192                       279    -87      289
  SINCE JUN 1    455                       469    -14      497
  SINCE JAN 1    584                       539     45      628
..................................................................


WIND (MPH)
  RESULTANT WIND SPEED   6   RESULTANT WIND DIRECTION   W (250)
  HIGHEST WIND SPEED    16   HIGHEST WIND DIRECTION     W (260)
  HIGHEST GUST SPEED    22   HIGHEST GUST DIRECTION     W (270)
  AVERAGE WIND SPEED     6.1



WEATHER CONDITIONS
 THE FOLLOWING WEATHER WAS RECORDED YESTERDAY.
  LIGHT RAIN


RELATIVE HUMIDITY (PERCENT)
 HIGHEST    93           700 AM
 LOWEST     43           300 PM
 AVERAGE    68

..........................................................


THE DAYTON OH CLIMATE NORMALS FOR TODAY
                         NORMAL    RECORD    YEAR
 MAXIMUM TEMPERATURE (F)   83        96      1935
                                             1894
 MINIMUM TEMPERATURE (F)   64        52      1903


SUNRISE AND SUNSET
AUGUST  1 2014........SUNRISE   635 AM EDT   SUNSET   850 PM EDT
AUGUST  2 2014........SUNRISE   636 AM EDT   SUNSET   849 PM EDT


-  INDICATES NEGATIVE NUMBERS.
R  INDICATES RECORD WAS SET OR TIED.
MM INDICATES DATA IS MISSING.
T  INDICATES TRACE AMOUNT.




$$




834
CDUS41 KILN 010549
CLICMH


CLIMATE REPORT
NATIONAL WEATHER SERVICE WILMINGTON OH
148 AM EDT FRI AUG 1 2014


...................................

...THE COLUMBUS OH CLIMATE SUMMARY FOR JULY 31 2014...

CLIMATE NORMAL PERIOD 1981 TO 2010
CLIMATE RECORD PERIOD 1869 TO 2014


WEATHER ITEM   OBSERVED TIME   RECORD YEAR NORMAL DEPARTURE LAST
                VALUE   (LST)  VALUE       VALUE  FROM      YEAR
                                                  NORMAL
..................................................................
TEMPERATURE (F)
 YESTERDAY
  MAXIMUM         83    403 PM 100    1999  85     -2       75
  MINIMUM         62    632 AM  52    1895  65     -3       67
  AVERAGE         73                        75     -2       71

PRECIPITATION (IN)
  YESTERDAY        T             2.36 2004   0.13  -0.13     0.33
  MONTH TO DATE    3.47                      4.79  -1.32     6.87
  SINCE JUN 1      8.76                      8.80  -0.04    11.33
  SINCE JAN 1     25.61                     24.37   1.24    23.80

SNOWFALL (IN)
  YESTERDAY        0.0           0.0    MM   0.0    0.0      0.0
  MONTH TO DATE    0.0                       0.0    0.0      0.0
  SINCE JUN 1      0.0                       0.0    0.0      0.0
  SINCE JUL 1      0.0                       0.0    0.0      0.0
  SNOW DEPTH       0

DEGREE DAYS
 HEATING
  YESTERDAY        0                         0      0        0
  MONTH TO DATE    0                         0      0        0
  SINCE JUN 1      1                        19    -18        6
  SINCE JUL 1      0                         0      0        0

 COOLING
  YESTERDAY        8                        10     -2        6
  MONTH TO DATE  251                       310    -59      320
  SINCE JUN 1    540                       526     14      558
  SINCE JAN 1    695                       608     87      719
..................................................................


WIND (MPH)
  RESULTANT WIND SPEED   3   RESULTANT WIND DIRECTION  SW (230)
  HIGHEST WIND SPEED    12   HIGHEST WIND DIRECTION     W (250)
  HIGHEST GUST SPEED    20   HIGHEST GUST DIRECTION     W (250)
  AVERAGE WIND SPEED     4.4


SKY COVER
  POSSIBLE SUNSHINE  MM
  AVERAGE SKY COVER 0.3


WEATHER CONDITIONS
 THE FOLLOWING WEATHER WAS RECORDED YESTERDAY.
  LIGHT RAIN
  FOG


RELATIVE HUMIDITY (PERCENT)
 HIGHEST    90           700 AM
 LOWEST     40           200 PM
 AVERAGE    65

..........................................................


THE COLUMBUS OH CLIMATE NORMALS FOR TODAY
                         NORMAL    RECORD    YEAR
 MAXIMUM TEMPERATURE (F)   84        97      1955
 MINIMUM TEMPERATURE (F)   65        48      1952


SUNRISE AND SUNSET
AUGUST  1 2014........SUNRISE   630 AM EDT   SUNSET   845 PM EDT
AUGUST  2 2014........SUNRISE   631 AM EDT   SUNSET   844 PM EDT


-  INDICATES NEGATIVE NUMBERS.
R  INDICATES RECORD WAS SET OR TIED.
MM INDICATES DATA IS MISSING.
T  INDICATES TRACE AMOUNT.




$$




836
CDUS41 KILN 010549
CLICVG


CLIMATE REPORT
NATIONAL WEATHER SERVICE WILMINGTON OH
148 AM EDT FRI AUG 1 2014


...................................

...THE CINCINNATI OH CLIMATE SUMMARY FOR JULY 31 2014...

CLIMATE NORMAL PERIOD 1981 TO 2010
CLIMATE RECORD PERIOD 1869 TO 2014


WEATHER ITEM   OBSERVED TIME   RECORD YEAR NORMAL DEPARTURE LAST
                VALUE   (LST)  VALUE       VALUE  FROM      YEAR
                                                  NORMAL
..................................................................
TEMPERATURE (F)
 YESTERDAY
  MAXIMUM         83    412 PM 100    1913  85     -2       77
  MINIMUM         61    622 AM  50    1993  66     -5       65
  AVERAGE         72                        76     -4       71

PRECIPITATION (IN)
  YESTERDAY        0.00          2.67 1926   0.12  -0.12     0.09
  MONTH TO DATE    2.83                      3.76  -0.93     5.46
  SINCE JUN 1      9.05                      7.79   1.26    11.48
  SINCE JAN 1     26.52                     26.38   0.14    29.36

SNOWFALL (IN)
  YESTERDAY        0.0           0.0    MM   0.0    0.0      0.0
  MONTH TO DATE    0.0                       0.0    0.0      0.0
  SINCE JUN 1      0.0                       0.0    0.0      0.0
  SINCE JUL 1      0.0                       0.0    0.0      0.0
  SNOW DEPTH       0

DEGREE DAYS
 HEATING
  YESTERDAY        0                         0      0        0
  MONTH TO DATE    5                         0      5        2
  SINCE JUN 1      8                        15     -7        3
  SINCE JUL 1      5                         0      5        2

 COOLING
  YESTERDAY        7                        11     -4        6
  MONTH TO DATE  217                       339   -122      304
  SINCE JUN 1    491                       565    -74      543
  SINCE JAN 1    625                       659    -34      682
..................................................................


WIND (MPH)
  RESULTANT WIND SPEED   3   RESULTANT WIND DIRECTION   W (250)
  HIGHEST WIND SPEED    14   HIGHEST WIND DIRECTION     W (270)
  HIGHEST GUST SPEED    21   HIGHEST GUST DIRECTION     W (260)
  AVERAGE WIND SPEED     3.6


SKY COVER
  POSSIBLE SUNSHINE  MM
  AVERAGE SKY COVER 0.4


WEATHER CONDITIONS
 THE FOLLOWING WEATHER WAS RECORDED YESTERDAY.
  FOG


RELATIVE HUMIDITY (PERCENT)
 HIGHEST    93           700 AM
 LOWEST     43           400 PM
 AVERAGE    68

..........................................................


THE CINCINNATI OH CLIMATE NORMALS FOR TODAY
                         NORMAL    RECORD    YEAR
 MAXIMUM TEMPERATURE (F)   85        98      1933
 MINIMUM TEMPERATURE (F)   66        52      1992


SUNRISE AND SUNSET
AUGUST  1 2014........SUNRISE   639 AM EDT   SUNSET   850 PM EDT
AUGUST  2 2014........SUNRISE   640 AM EDT   SUNSET   849 PM EDT


-  INDICATES NEGATIVE NUMBERS.
R  INDICATES RECORD WAS SET OR TIED.
MM INDICATES DATA IS MISSING.
T  INDICATES TRACE AMOUNT.




$$




National Weather Service
Disclaimer
Last Modified: August 31, 2005
Privacy Policy