352
CDUS43 KMPX 190759
CLIEAU


CLIMATE REPORT
NATIONAL WEATHER SERVICE CHANHASSEN MN
258 AM CDT FRI SEP 19 2014


...................................

...THE EAU CLAIRE WI CLIMATE SUMMARY FOR SEPTEMBER 18 2014...

CLIMATE NORMAL PERIOD 1981 TO 2010
CLIMATE RECORD PERIOD 1893 TO 2014


WEATHER ITEM   OBSERVED TIME   RECORD YEAR NORMAL DEPARTURE LAST
                VALUE   (LST)  VALUE       VALUE  FROM      YEAR
                                                  NORMAL
..................................................................
TEMPERATURE (F)
 YESTERDAY
  MAXIMUM         65    402 PM  93    1948  71     -6       73
  MINIMUM         46    335 AM  29    1929  48     -2       58
  AVERAGE         56                        59     -3       66

PRECIPITATION (IN)
  YESTERDAY        0.00          2.42 1926   0.12  -0.12     0.13
  MONTH TO DATE    5.16                      2.25   2.91     1.16
  SINCE SEP 1      5.16                      2.25   2.91     1.16
  SINCE JAN 1     37.83                     24.37  13.46    28.80

SNOWFALL (IN)
  YESTERDAY        0.0           0.0    MM   0.0    0.0      0.0
  MONTH TO DATE    0.0                       0.0    0.0      0.0
  SINCE SEP 1      0.0                       0.0    0.0      0.0
  SINCE JUL 1      0.0                       0.0    0.0      0.0
  SNOW DEPTH       0

DEGREE DAYS
 HEATING
  YESTERDAY        9                         7      2        0
  MONTH TO DATE  126                        79     47       69
  SINCE SEP 1    126                        79     47       69
  SINCE JUL 1    149                       118     31      107

 COOLING
  YESTERDAY        0                         1     -1        1
  MONTH TO DATE   17                        39    -22       73
  SINCE SEP 1     17                        39    -22       73
  SINCE JAN 1    495                       566    -71      639
..................................................................


WIND (MPH)
  HIGHEST WIND SPEED    13   HIGHEST WIND DIRECTION     E (110)
  HIGHEST GUST SPEED    17   HIGHEST GUST DIRECTION    SE (140)
  AVERAGE WIND SPEED     7.6


SKY COVER
  POSSIBLE SUNSHINE  MM
  AVERAGE SKY COVER 0.5


WEATHER CONDITIONS
 THE FOLLOWING WEATHER WAS RECORDED YESTERDAY.
  FOG


RELATIVE HUMIDITY (PERCENT)
 HIGHEST    93           100 AM
 LOWEST     83          1100 AM
 AVERAGE    88

..........................................................


THE EAU CLAIRE WI CLIMATE NORMALS FOR TODAY
                         NORMAL    RECORD    YEAR
 MAXIMUM TEMPERATURE (F)   70        96      1940
 MINIMUM TEMPERATURE (F)   47        31      1929


SUNRISE AND SUNSET
SEPTEMBER 19 2014.....SUNRISE   649 AM CDT   SUNSET   709 PM CDT
SEPTEMBER 20 2014.....SUNRISE   651 AM CDT   SUNSET   707 PM CDT


-  INDICATES NEGATIVE NUMBERS.
R  INDICATES RECORD WAS SET OR TIED.
MM INDICATES DATA IS MISSING.
T  INDICATES TRACE AMOUNT.




$$




National Weather Service
Disclaimer
Last Modified: August 31, 2005
Privacy Policy