207
CDUS42 KCHS 010532
CLISAV


CLIMATE REPORT
NATIONAL WEATHER SERVICE CHARLESTON SC
132 AM EDT FRI AUG 1 2014


...................................

...THE SAVANNAH GA CLIMATE SUMMARY FOR JULY 31 2014...

CLIMATE NORMAL PERIOD 1981 TO 2010
CLIMATE RECORD PERIOD 1871 TO 2014


WEATHER ITEM   OBSERVED TIME   RECORD YEAR NORMAL DEPARTURE LAST
                VALUE   (LST)  VALUE       VALUE  FROM      YEAR
                                                  NORMAL
..................................................................
TEMPERATURE (F)
 YESTERDAY
  MAXIMUM         91   1256 PM 101    1999  92     -1       90
                                      1990
                                      1942
  MINIMUM         74    552 AM  64    1997  73      1       72
                                      1936
  AVERAGE         83                        83      0       81

PRECIPITATION (IN)
  YESTERDAY        1.20          3.74 1918   0.21   0.99     2.96
  MONTH TO DATE    4.22                      5.60  -1.38    12.32
  SINCE JUN 1     15.86                     11.55   4.31    20.60
  SINCE JAN 1     31.65                     27.81   3.84    40.14

DEGREE DAYS
 HEATING
  YESTERDAY        0                         0      0        0
  MONTH TO DATE    0                         0      0        0
  SINCE JUN 1      0                         0      0        0
  SINCE JUL 1      0                         0      0        0

 COOLING
  YESTERDAY       18                        18      0       16
  MONTH TO DATE  563                       546     17      506
  SINCE JUN 1   1054                       992     62      974
  SINCE JAN 1   1543                      1395    148     1332
..................................................................


WIND (MPH)
  HIGHEST WIND SPEED    18   HIGHEST WIND DIRECTION     N (10)
  HIGHEST GUST SPEED    25   HIGHEST GUST DIRECTION     S (160)
  AVERAGE WIND SPEED     6.9


SKY COVER
  POSSIBLE SUNSHINE  MM
  AVERAGE SKY COVER 0.8


WEATHER CONDITIONS
 THE FOLLOWING WEATHER WAS RECORDED YESTERDAY.
  THUNDERSTORM
  HEAVY RAIN
  RAIN
  LIGHT RAIN
  FOG


RELATIVE HUMIDITY (PERCENT)
 HIGHEST    91           800 PM
 LOWEST     56          1200 PM
 AVERAGE    74

..........................................................


THE SAVANNAH GA CLIMATE NORMALS FOR TODAY
                         NORMAL    RECORD    YEAR
 MAXIMUM TEMPERATURE (F)   92       102      1999
 MINIMUM TEMPERATURE (F)   73        66      1997
                                             1966


SUNRISE AND SUNSET
AUGUST  1 2014........SUNRISE   640 AM EDT   SUNSET   822 PM EDT
AUGUST  2 2014........SUNRISE   641 AM EDT   SUNSET   821 PM EDT


-  INDICATES NEGATIVE NUMBERS.
R  INDICATES RECORD WAS SET OR TIED.
MM INDICATES DATA IS MISSING.
T  INDICATES TRACE AMOUNT.




$$




208
CDUS42 KCHS 010532
CLICHS


CLIMATE REPORT
NATIONAL WEATHER SERVICE CHARLESTON SC
132 AM EDT FRI AUG 1 2014


...................................

...THE NORTH CHARLESTON SC CLIMATE SUMMARY FOR JULY 31 2014...

CLIMATE NORMAL PERIOD 1981 TO 2010
CLIMATE RECORD PERIOD 1938 TO 2014


WEATHER ITEM   OBSERVED TIME   RECORD YEAR NORMAL DEPARTURE LAST
                VALUE   (LST)  VALUE       VALUE  FROM      YEAR
                                                  NORMAL
..................................................................
TEMPERATURE (F)
 YESTERDAY
  MAXIMUM         87    846 AM 101    1999  91     -4       89
  MINIMUM         75   1159 PM  63    1997  73      2       75
  AVERAGE         81                        82     -1       82

PRECIPITATION (IN)
  YESTERDAY        2.05          3.23 1949   0.21   1.84     0.38
  MONTH TO DATE    7.41                      6.53   0.88     5.35
  SINCE JUN 1     11.00                     12.18  -1.18    18.67
  SINCE JAN 1     28.25                     28.49  -0.24    42.11

DEGREE DAYS
 HEATING
  YESTERDAY        0                         0      0        0
  MONTH TO DATE    0                         0      0        0
  SINCE JUN 1      0                         1     -1        0
  SINCE JUL 1      0                         0      0        0

 COOLING
  YESTERDAY       16                        17     -1       17
  MONTH TO DATE  566                       529     37      529
  SINCE JUN 1   1084                       950    134      993
  SINCE JAN 1   1594                      1312    282     1340
..................................................................


WIND (MPH)
  HIGHEST WIND SPEED    20   HIGHEST WIND DIRECTION     E (90)
  HIGHEST GUST SPEED    26   HIGHEST GUST DIRECTION     N (340)
  AVERAGE WIND SPEED     6.5


SKY COVER
  POSSIBLE SUNSHINE  MM
  AVERAGE SKY COVER 0.8


WEATHER CONDITIONS
 THE FOLLOWING WEATHER WAS RECORDED YESTERDAY.
  THUNDERSTORM
  HEAVY RAIN
  RAIN
  LIGHT RAIN
  FOG


RELATIVE HUMIDITY (PERCENT)
 HIGHEST    94           200 PM
 LOWEST     65           900 AM
 AVERAGE    80

..........................................................


THE NORTH CHARLESTON SC CLIMATE NORMALS FOR TODAY
                         NORMAL    RECORD    YEAR
 MAXIMUM TEMPERATURE (F)   91       105      1999
 MINIMUM TEMPERATURE (F)   73        64      1966


SUNRISE AND SUNSET
AUGUST  1 2014........SUNRISE   634 AM EDT   SUNSET   819 PM EDT
AUGUST  2 2014........SUNRISE   634 AM EDT   SUNSET   818 PM EDT


-  INDICATES NEGATIVE NUMBERS.
R  INDICATES RECORD WAS SET OR TIED.
MM INDICATES DATA IS MISSING.
T  INDICATES TRACE AMOUNT.




$$




275
CDUS43 KIND 010532
CLIBMG


CLIMATE REPORT
NATIONAL WEATHER SERVICE INDIANAPOLIS IN
131 AM EDT FRI AUG 1 2014


...................................

...THE BLOOMINGTON IN CLIMATE SUMMARY FOR JULY 31 2014...

CLIMATE NORMAL PERIOD 1981 TO 2010
CLIMATE RECORD PERIOD 9999 TO 9999


WEATHER ITEM   OBSERVED TIME   NORMAL DEPARTURE LAST
                VALUE   (LST)  VALUE  FROM      YEAR
                                      NORMAL
......................................................
TEMPERATURE (F)
 YESTERDAY
  MAXIMUM         81    339 PM  84     -3       76
  MINIMUM         57    609 AM  63     -6       65
  AVERAGE         69            74     -5       71

PRECIPITATION (IN)
  YESTERDAY        0.00          0.09  -0.09     0.01
  MONTH TO DATE    3.75          4.89  -1.14     4.26
  SINCE JUN 1      8.92          9.78  -0.86     9.83
  SINCE JAN 1     27.52         29.67  -2.15    28.84

DEGREE DAYS
 HEATING
  YESTERDAY        0             0      0        0
  MONTH TO DATE    5             0      5        4
  SINCE JUN 1      8            17     -9       11
  SINCE JUL 1      5             2      3        4

 COOLING
  YESTERDAY        4             9     -5        6
  MONTH TO DATE  156           276   -120      245
  SINCE JUN 1    429           484    -55      469
  SINCE JAN 1    555           566    -11      588
......................................................


WIND (MPH)
  HIGHEST WIND SPEED     9   HIGHEST WIND DIRECTION     W (260)
  HIGHEST GUST SPEED    12   HIGHEST GUST DIRECTION     W (270)
  AVERAGE WIND SPEED     2.4


SKY COVER
  AVERAGE SKY COVER 0.1


WEATHER CONDITIONS
 THE FOLLOWING WEATHER WAS RECORDED YESTERDAY.
  FOG
  FOG W/VISIBILITY <= 1/4 MILE


RELATIVE HUMIDITY (PERCENT)
 HIGHEST    97           700 AM
 LOWEST     45           200 PM
 AVERAGE    71

..........................................................


THE BLOOMINGTON IN CLIMATE NORMALS FOR TODAY
                         NORMAL
 MAXIMUM TEMPERATURE (F)   84
 MINIMUM TEMPERATURE (F)   63


SUNRISE AND SUNSET
AUGUST  1 2014........SUNRISE   647 AM EDT   SUNSET   858 PM EDT
AUGUST  2 2014........SUNRISE   648 AM EDT   SUNSET   857 PM EDT


-  INDICATES NEGATIVE NUMBERS.
R  INDICATES RECORD WAS SET OR TIED.
MM INDICATES DATA IS MISSING.
T  INDICATES TRACE AMOUNT.




$$





271
CDUS43 KIND 010532
CLIIND


CLIMATE REPORT
NATIONAL WEATHER SERVICE INDIANAPOLIS IN
131 AM EDT FRI AUG 1 2014


...................................

...THE INDIANAPOLIS IN CLIMATE SUMMARY FOR JULY 31 2014...

CLIMATE NORMAL PERIOD 1981 TO 2010
CLIMATE RECORD PERIOD 1871 TO 2014


WEATHER ITEM   OBSERVED TIME   RECORD YEAR NORMAL DEPARTURE LAST
                VALUE   (LST)  VALUE       VALUE  FROM      YEAR
                                                  NORMAL
..................................................................
TEMPERATURE (F)
 YESTERDAY
  MAXIMUM         80    507 PM  98    1913  84     -4       77
  MINIMUM         59    615 AM  49    1895  66     -7       65
  AVERAGE         70                        75     -5       71

PRECIPITATION (IN)
  YESTERDAY        0.00          2.84 1958   0.12  -0.12     0.05
  MONTH TO DATE    3.10                      4.55  -1.45     3.29
  SINCE JUN 1     10.14                      8.80   1.34     6.95
  SINCE JAN 1     27.57                     26.20   1.37    28.78

SNOWFALL (IN)
  YESTERDAY        0.0           0.0    MM   0.0    0.0      0.0
  MONTH TO DATE    0.0                       0.0    0.0      0.0
  SINCE JUN 1      0.0                       0.0    0.0      0.0
  SINCE JUL 1      0.0                       0.0    0.0      0.0
  SNOW DEPTH       0

DEGREE DAYS
 HEATING
  YESTERDAY        0                         0      0        0
  MONTH TO DATE    4                         0      4        3
  SINCE JUN 1      6                        17    -11       12
  SINCE JUL 1      4                         1      3        3

 COOLING
  YESTERDAY        5                        10     -5        6
  MONTH TO DATE  172                       323   -151      285
  SINCE JUN 1    410                       549   -139      511
  SINCE JAN 1    514                       633   -119      640
..................................................................


WIND (MPH)
  HIGHEST WIND SPEED    14   HIGHEST WIND DIRECTION     W (270)
  HIGHEST GUST SPEED    18   HIGHEST GUST DIRECTION     W (260)
  AVERAGE WIND SPEED     5.8


SKY COVER
  AVERAGE SKY COVER 0.2


WEATHER CONDITIONS
 THE FOLLOWING WEATHER WAS RECORDED YESTERDAY.
  NO SIGNIFICANT WEATHER WAS OBSERVED.


RELATIVE HUMIDITY (PERCENT)
 HIGHEST   100           200 AM
 LOWEST     45           300 PM
 AVERAGE    73

..........................................................


THE INDIANAPOLIS IN CLIMATE NORMALS FOR TODAY
                         NORMAL    RECORD    YEAR
 MAXIMUM TEMPERATURE (F)   84        97      1887
 MINIMUM TEMPERATURE (F)   65        53      1992
                                             1971
                                             1895


SUNRISE AND SUNSET
AUGUST  1 2014........SUNRISE   644 AM EDT   SUNSET   858 PM EDT
AUGUST  2 2014........SUNRISE   645 AM EDT   SUNSET   857 PM EDT


-  INDICATES NEGATIVE NUMBERS.
R  INDICATES RECORD WAS SET OR TIED.
MM INDICATES DATA IS MISSING.
T  INDICATES TRACE AMOUNT.




$$





National Weather Service
Disclaimer
Last Modified: August 31, 2005
Privacy Policy