393
CDUS44 KEWX 232222
CLIATT


CLIMATE REPORT
NATIONAL WEATHER SERVICE AUSTIN/SAN ANTONIO, TX
521 PM CDT TUE SEP 23 2014

...................................

...THE AUSTIN CAMP MABRY CLIMATE SUMMARY FOR SEPTEMBER 23 2014...
VALID TODAY AS OF 0500 PM LOCAL TIME.

CLIMATE NORMAL PERIOD 1981 TO 2010
CLIMATE RECORD PERIOD 1897 TO 2014


WEATHER ITEM   OBSERVED TIME   RECORD YEAR NORMAL DEPARTURE LAST
                VALUE   (LST)  VALUE       VALUE  FROM      YEAR
                                                  NORMAL
..................................................................
TEMPERATURE (F)
 TODAY
  MAXIMUM         85    242 PM 100    2000  88     -3       91
  MINIMUM         67    711 AM  52    1995  67      0       58
                                      1983
  AVERAGE         76                        78     -2       75

PRECIPITATION (IN)
  TODAY            0.00          2.56 1959   0.08  -0.08     0.00
  MONTH TO DATE    6.98                      2.36   4.62     3.87
  SINCE SEP 1      6.98                      2.36   4.62     3.87
  SINCE JAN 1     26.84                     24.45   2.39    21.65

SNOWFALL (IN)
  TODAY            0.0
  MONTH TO DATE    0.0
  SINCE SEP 1      0.0
  SINCE JUL 1      0.0
  SNOW DEPTH       0

DEGREE DAYS
 HEATING
  TODAY            0                         0      0        0
  MONTH TO DATE    2                         0      2        0
  SINCE SEP 1      2                         0      2        0
  SINCE JUL 1      2                         0      2        0

 COOLING
  TODAY           11                        13     -2       10
  MONTH TO DATE  403                       367     36      453
  SINCE SEP 1    403                       367     36      453
  SINCE JAN 1   2796                      2761     35     3063
..................................................................


WIND (MPH)
  HIGHEST WIND SPEED     8   HIGHEST WIND DIRECTION     E (90)
  HIGHEST GUST SPEED    12   HIGHEST GUST DIRECTION     E (80)
  AVERAGE WIND SPEED     3.5


SKY COVER
  AVERAGE SKY COVER 0.0


WEATHER CONDITIONS
 THE FOLLOWING WEATHER WAS RECORDED TODAY.
  NO SIGNIFICANT WEATHER WAS OBSERVED.


RELATIVE HUMIDITY (PERCENT)
 HIGHEST    74          1200 AM
 LOWEST     40           300 PM
 AVERAGE    57

..........................................................


THE AUSTIN CAMP MABRY CLIMATE NORMALS FOR TOMORROW
                         NORMAL    RECORD    YEAR
 MAXIMUM TEMPERATURE (F)   88        99      2011
                                             2005
                                             1926
 MINIMUM TEMPERATURE (F)   67        48      1924


SUNRISE AND SUNSET
SEPTEMBER 23 2014.....SUNRISE   720 AM CDT   SUNSET   726 PM CDT
SEPTEMBER 24 2014.....SUNRISE   720 AM CDT   SUNSET   725 PM CDT


-  INDICATES NEGATIVE NUMBERS.
R  INDICATES RECORD WAS SET OR TIED.
MM INDICATES DATA IS MISSING.
T  INDICATES TRACE AMOUNT.


$$





National Weather Service
Disclaimer
Last Modified: August 31, 2005
Privacy Policy