166
CDUS45 KRIW 240737
CLIBPI


CLIMATE REPORT
NATIONAL WEATHER SERVICE RIVERTON WY
133 AM MDT FRI OCT 24 2014


...................................

...THE BIG PINEY WY CLIMATE SUMMARY FOR OCTOBER 23 2014...

CLIMATE NORMAL PERIOD 1981 TO 2010
CLIMATE RECORD PERIOD 1976 TO 2014


WEATHER ITEM   OBSERVED TIME   RECORD YEAR NORMAL DEPARTURE LAST
                VALUE   (LST)  VALUE       VALUE  FROM      YEAR
                                                  NORMAL
..................................................................
TEMPERATURE (F)
 YESTERDAY
  MAXIMUM         64    217 PM  69    1989  52     12       62
  MINIMUM         22    655 AM  -4    1984  19      3       21
  AVERAGE         43                        36      7       42

PRECIPITATION (IN)
  YESTERDAY        T             0.65 1991   0.01  -0.01     0.00
  MONTH TO DATE    0.08                      0.44  -0.36     0.32
  SINCE SEP 1      1.24                      1.22   0.02     1.15
  SINCE JAN 1      4.61                      5.88  -1.27     4.15

DEGREE DAYS
 HEATING
  YESTERDAY       22                        29     -7       23
  MONTH TO DATE  480                       578    -98      604
  SINCE SEP 1    834                      1036   -202      941
  SINCE JUL 1   1063                      1329   -266     1042

 COOLING
  YESTERDAY        0                         0      0        0
  MONTH TO DATE    0                         0      0        0
  SINCE SEP 1      0                         0      0        5
  SINCE JAN 1     26                        35     -9       89
..................................................................


WIND (MPH)
  HIGHEST WIND SPEED    21   HIGHEST WIND DIRECTION     W (270)
  HIGHEST GUST SPEED    26   HIGHEST GUST DIRECTION     W (270)
  AVERAGE WIND SPEED     5.2


SKY COVER
  POSSIBLE SUNSHINE  MM
  AVERAGE SKY COVER 0.1


WEATHER CONDITIONS
 THE FOLLOWING WEATHER WAS RECORDED YESTERDAY.
  LIGHT RAIN
  LIGHT SNOW


RELATIVE HUMIDITY (PERCENT)
 HIGHEST    92           700 AM
 LOWEST     25           200 PM
 AVERAGE    59

..........................................................


THE BIG PINEY WY CLIMATE NORMALS FOR TODAY
                         NORMAL    RECORD    YEAR
 MAXIMUM TEMPERATURE (F)   52        69      1999
 MINIMUM TEMPERATURE (F)   19         5      1984


SUNRISE AND SUNSET
OCTOBER 24 2014.......SUNRISE   744 AM MDT   SUNSET   624 PM MDT
OCTOBER 25 2014.......SUNRISE   745 AM MDT   SUNSET   623 PM MDT


-  INDICATES NEGATIVE NUMBERS.
R  INDICATES RECORD WAS SET OR TIED.
MM INDICATES DATA IS MISSING.
T  INDICATES TRACE AMOUNT.




$$





167
CDUS45 KRIW 240737
CLICPR


CLIMATE REPORT
NATIONAL WEATHER SERVICE RIVERTON WY
133 AM MDT FRI OCT 24 2014


...................................

...THE CASPER WY CLIMATE SUMMARY FOR OCTOBER 23 2014...

CLIMATE NORMAL PERIOD 1981 TO 2010
CLIMATE RECORD PERIOD 1939 TO 2014


WEATHER ITEM   OBSERVED TIME   RECORD YEAR NORMAL DEPARTURE LAST
                VALUE   (LST)  VALUE       VALUE  FROM      YEAR
                                                  NORMAL
..................................................................
TEMPERATURE (F)
 YESTERDAY
  MAXIMUM         71    246 PM  81    2003  57     14       61
  MINIMUM         33   1228 AM  11    1984  29      4       30
  AVERAGE         52                        43      9       46

PRECIPITATION (IN)
  YESTERDAY        0.00          0.25 1975   0.04  -0.04     0.00
  MONTH TO DATE    1.05                      0.85   0.20     3.03
  SINCE SEP 1      1.69                      1.93  -0.24     4.50
  SINCE JAN 1     10.07                     11.01  -0.94    13.70

SNOWFALL (IN)
  YESTERDAY        0.0                       0.3   -0.3      0.0
  MONTH TO DATE    3.2                       5.1   -1.9     16.4
  SINCE SEP 1      4.2                       6.9   -2.7     21.2
  SINCE JUL 1      4.2                       6.9   -2.7     21.2
  SNOW DEPTH       0

DEGREE DAYS
 HEATING
  YESTERDAY       13                        22     -9       19
  MONTH TO DATE  311                       427   -116      535
  SINCE SEP 1    501                       666   -165      702
  SINCE JUL 1    548                       712   -164      702

 COOLING
  YESTERDAY        0                         0      0        0
  MONTH TO DATE    0                         0      0        0
  SINCE SEP 1     29                        25      4       80
  SINCE JAN 1    357                       422    -65      618
..................................................................


WIND (MPH)
  HIGHEST WIND SPEED    32   HIGHEST WIND DIRECTION    SW (240)
  HIGHEST GUST SPEED    40   HIGHEST GUST DIRECTION     W (250)
  AVERAGE WIND SPEED    15.4


SKY COVER
  POSSIBLE SUNSHINE  MM
  AVERAGE SKY COVER 0.0


WEATHER CONDITIONS
 THE FOLLOWING WEATHER WAS RECORDED YESTERDAY.
  NO SIGNIFICANT WEATHER WAS OBSERVED.


RELATIVE HUMIDITY (PERCENT)
 HIGHEST    47           100 AM
 LOWEST     16           300 PM
 AVERAGE    32

..........................................................


THE CASPER WY CLIMATE NORMALS FOR TODAY
                         NORMAL    RECORD    YEAR
 MAXIMUM TEMPERATURE (F)   56        77      1992
 MINIMUM TEMPERATURE (F)   29        13      2001


SUNRISE AND SUNSET
OCTOBER 24 2014.......SUNRISE   730 AM MDT   SUNSET   609 PM MDT
OCTOBER 25 2014.......SUNRISE   732 AM MDT   SUNSET   608 PM MDT


-  INDICATES NEGATIVE NUMBERS.
R  INDICATES RECORD WAS SET OR TIED.
MM INDICATES DATA IS MISSING.
T  INDICATES TRACE AMOUNT.




$$





160
CDUS45 KRIW 240737
CLIRIW


CLIMATE REPORT
NATIONAL WEATHER SERVICE RIVERTON WY
133 AM MDT FRI OCT 24 2014


...................................

...THE RIVERTON WY CLIMATE SUMMARY FOR OCTOBER 23 2014...

CLIMATE NORMAL PERIOD 1981 TO 2010
CLIMATE RECORD PERIOD 1995 TO 2014


WEATHER ITEM   OBSERVED TIME   RECORD YEAR NORMAL DEPARTURE LAST
                VALUE   (LST)  VALUE       VALUE  FROM      YEAR
                                                  NORMAL
..................................................................
TEMPERATURE (F)
 YESTERDAY
  MAXIMUM         65    248 PM  73    2003  55     10       60
  MINIMUM         37   1254 AM  15    1995  30      7       32
  AVERAGE         51                        42      9       46

PRECIPITATION (IN)
  YESTERDAY        0.00          0.06 2012   0.02  -0.02     0.00
  MONTH TO DATE    0.16                      0.81  -0.65     1.28
  SINCE SEP 1      0.97                      1.71  -0.74     4.29
  SINCE JAN 1      6.34                      8.53  -2.19     8.35

SNOWFALL (IN)
  YESTERDAY        0.0                                       0.0
  MONTH TO DATE    T                                         9.5
  SINCE SEP 1      0.3                                      16.8
  SINCE JUL 1      0.3                                      16.8
  SNOW DEPTH       0

DEGREE DAYS
 HEATING
  YESTERDAY       14                        23     -9       19
  MONTH TO DATE  308                       418   -110      544
  SINCE SEP 1    480                       644   -164      731
  SINCE JUL 1    530                       682   -152      731

 COOLING
  YESTERDAY        0                         0      0        0
  MONTH TO DATE    0                         0      0        0
  SINCE SEP 1     31                        26      5       68
  SINCE JAN 1    431                       494    -63      798
..................................................................


WIND (MPH)
  HIGHEST WIND SPEED    13   HIGHEST WIND DIRECTION    SW (210)
  HIGHEST GUST SPEED    14   HIGHEST GUST DIRECTION    SW (210)
  AVERAGE WIND SPEED     6.1


SKY COVER
  POSSIBLE SUNSHINE  MM
  AVERAGE SKY COVER 0.0


WEATHER CONDITIONS
 THE FOLLOWING WEATHER WAS RECORDED YESTERDAY.
  NO SIGNIFICANT WEATHER WAS OBSERVED.


RELATIVE HUMIDITY (PERCENT)
 HIGHEST    48           100 AM
 LOWEST     20           100 PM
 AVERAGE    34

..........................................................


THE RIVERTON WY CLIMATE NORMALS FOR TODAY
                         NORMAL    RECORD    YEAR
 MAXIMUM TEMPERATURE (F)   54        68      2011
 MINIMUM TEMPERATURE (F)   30        19      1995


SUNRISE AND SUNSET
OCTOBER 24 2014.......SUNRISE   738 AM MDT   SUNSET   617 PM MDT
OCTOBER 25 2014.......SUNRISE   740 AM MDT   SUNSET   615 PM MDT


-  INDICATES NEGATIVE NUMBERS.
R  INDICATES RECORD WAS SET OR TIED.
MM INDICATES DATA IS MISSING.
T  INDICATES TRACE AMOUNT.




$$





National Weather Service
Disclaimer
Last Modified: August 31, 2005
Privacy Policy