079
CDUS43 KMPX 240647
CLISTC


CLIMATE REPORT
NATIONAL WEATHER SERVICE CHANHASSEN MN
146 AM CDT THU APR 24 2014


...................................

...THE ST CLOUD MN CLIMATE SUMMARY FOR APRIL 23 2014...

CLIMATE NORMAL PERIOD 1981 TO 2010
CLIMATE RECORD PERIOD 1893 TO 2014


WEATHER ITEM   OBSERVED TIME   RECORD YEAR NORMAL DEPARTURE LAST
                VALUE   (LST)  VALUE       VALUE  FROM      YEAR
                                                  NORMAL
..................................................................
TEMPERATURE (F)
 YESTERDAY
  MAXIMUM         47    928 AM  88    1913  61    -14       40
  MINIMUM         40   1248 AM  17    1909  36      4       22
  AVERAGE         44                        48     -4       31

PRECIPITATION (IN)
  YESTERDAY        0.38          1.19 1915   0.09   0.29     0.00
  MONTH TO DATE    1.94                      1.85   0.09     2.89
  SINCE MAR 1      3.14                      3.40  -0.26     5.52
  SINCE JAN 1      5.65                      4.64   1.01     7.30

SNOWFALL (IN)
  YESTERDAY        0.0           2.8  1936   0.1   -0.1      0.0
  MONTH TO DATE   12.0                       2.7    9.3     24.4
  SINCE MAR 1     21.2                      11.2   10.0     41.0
  SINCE JUL 1     75.5                      45.4   30.1     78.5
  SNOW DEPTH       0

DEGREE DAYS
 HEATING
  YESTERDAY       21                        17      4       34
  MONTH TO DATE  563                       512     51      759
  SINCE MAR 1   1870                      1616    254     2087
  SINCE JUL 1   9079                      8062   1017     8357

 COOLING
  YESTERDAY        0                         0      0        0
  MONTH TO DATE    0                         0      0        0
  SINCE MAR 1      0                         0      0        0
  SINCE JAN 1      0                         0      0        0
..................................................................


WIND (MPH)
  HIGHEST WIND SPEED    18   HIGHEST WIND DIRECTION    SE (150)
  HIGHEST GUST SPEED    23   HIGHEST GUST DIRECTION     E (110)
  AVERAGE WIND SPEED     9.7


SKY COVER
  POSSIBLE SUNSHINE  MM
  AVERAGE SKY COVER 0.6


WEATHER CONDITIONS
 THE FOLLOWING WEATHER WAS RECORDED YESTERDAY.
  RAIN
  LIGHT RAIN
  FOG


RELATIVE HUMIDITY (PERCENT)
 HIGHEST    86           300 PM
 LOWEST     41          1200 AM
 AVERAGE    64

..........................................................


THE ST CLOUD MN CLIMATE NORMALS FOR TODAY
                         NORMAL    RECORD    YEAR
 MAXIMUM TEMPERATURE (F)   61        87      1962
 MINIMUM TEMPERATURE (F)   36        18      1956


SUNRISE AND SUNSET
APRIL 24 2014.........SUNRISE   615 AM CDT   SUNSET   814 PM CDT
APRIL 25 2014.........SUNRISE   614 AM CDT   SUNSET   816 PM CDT


-  INDICATES NEGATIVE NUMBERS.
R  INDICATES RECORD WAS SET OR TIED.
MM INDICATES DATA IS MISSING.
T  INDICATES TRACE AMOUNT.




$$




078
CDUS43 KMPX 240647
CLIMPX


CLIMATE REPORT
NATIONAL WEATHER SERVICE CHANHASSEN MN
146 AM CDT THU APR 24 2014


...................................

...THE CHANHASSEN MN CLIMATE SUMMARY FOR APRIL 23 2014...

CLIMATE NORMAL PERIOD 1981 TO 2010
CLIMATE RECORD PERIOD 1995 TO 2014


WEATHER ITEM   OBSERVED NORMAL DEPARTURE LAST
                VALUE   VALUE  FROM      YEAR
                               NORMAL
...............................................
TEMPERATURE (F)
 YESTERDAY
  MAXIMUM         45     61    -16       40
  MINIMUM         39     39      0       26
  AVERAGE         42     50     -8       33

PRECIPITATION (IN)
  YESTERDAY        0.30   0.10   0.20     0.03
  MONTH TO DATE    2.16   2.21  -0.05     5.53
  SINCE MAR 1      2.85   3.99  -1.14     7.17
  SINCE JAN 1      5.76   5.80  -0.04     8.88

SNOWFALL (IN)
  YESTERDAY        0.0    0.1   -0.1      0.4
  MONTH TO DATE   10.8    3.1    7.7     22.8
  SINCE MAR 1     14.2   13.9    0.3     34.3
  SINCE JUL 1     69.5   53.6   15.9     71.9
  SNOW DEPTH       0

DEGREE DAYS
 HEATING
  YESTERDAY       23     15      8       32
  MONTH TO DATE  547    466     81      691
  SINCE MAR 1   1815   1512    303     1936
  SINCE JUL 1   8698   7527   1171     7758

 COOLING
  YESTERDAY        0      0      0        0
  MONTH TO DATE    0      0      0        0
  SINCE MAR 1      0      0      0        0
  SINCE JAN 1      0      0      0        0
...............................................







THE CHANHASSEN MN CLIMATE NORMALS FOR TODAY
                         NORMAL
 MAXIMUM TEMPERATURE (F)   62
 MINIMUM TEMPERATURE (F)   40



-  INDICATES NEGATIVE NUMBERS.
R  INDICATES RECORD WAS SET OR TIED.
MM INDICATES DATA IS MISSING.
T  INDICATES TRACE AMOUNT.




$$




National Weather Service
Disclaimer
Last Modified: August 31, 2005
Privacy Policy