639
CDUS46 KMFR 201208 RRA
CLIMFR

CLIMATE REPORT
NATIONAL WEATHER SERVICE MEDFORD, OR
510 AM PDT MON OCT 20 2014


...................................

...THE MEDFORD OR CLIMATE SUMMARY FOR OCTOBER 19 2014...

CLIMATE NORMAL PERIOD 1981 TO 2010
CLIMATE RECORD PERIOD 1911 TO 2014


WEATHER ITEM   OBSERVED TIME   RECORD YEAR NORMAL DEPARTURE LAST
                VALUE   (LST)  VALUE       VALUE  FROM      YEAR
                                                  NORMAL
..................................................................
TEMPERATURE (F)
 YESTERDAY
  MAXIMUM         79    353 PM  83    1999  68     11       77
                                      1987
                                      1964
  MINIMUM         48    521 AM  20    1949  41      7       37
  AVERAGE         64                        55      9       57

PRECIPITATION (IN)
  YESTERDAY        0.00          0.81 1914   0.04  -0.04     0.00
  MONTH TO DATE    0.34                      0.52  -0.18     0.19
  SINCE SEP 1      2.38                      1.09   1.29     2.95
  SINCE JAN 1     13.77                     11.23   2.54     7.50

SNOWFALL (IN)
  YESTERDAY        0.0                       0.0    0.0      0.0
  MONTH TO DATE    0.0                       0.0    0.0      0.0
  SINCE JUL 1      0.0                       0.0    0.0      0.0
  SNOW DEPTH       0

DEGREE DAYS
 HEATING
  YESTERDAY        1                        10     -9        8
  MONTH TO DATE   51                       135    -84      225
  SINCE SEP 1     63                       194   -131      309
  SINCE JUL 1     63                       204   -141      309

 COOLING
  YESTERDAY        0                         0      0        0
  MONTH TO DATE   21                         8     13        0
  SINCE SEP 1    224                       120    104      142
  SINCE JAN 1   1238                       827    411     1057
..................................................................


WIND (MPH)
  HIGHEST WIND SPEED    15   HIGHEST WIND DIRECTION    NW (300)
  HIGHEST GUST SPEED    19   HIGHEST GUST DIRECTION    NW (310)
  AVERAGE WIND SPEED     3.6


SKY COVER
  POSSIBLE SUNSHINE  MM
  AVERAGE SKY COVER 0.1


WEATHER CONDITIONS
 THE FOLLOWING WEATHER WAS RECORDED YESTERDAY.
  NO SIGNIFICANT WEATHER WAS OBSERVED.


RELATIVE HUMIDITY (PERCENT)
 HIGHEST    93           500 AM
 LOWEST     35           400 PM
 AVERAGE    64

..........................................................


THE MEDFORD OR CLIMATE NORMALS FOR TODAY
                         NORMAL    RECORD    YEAR
 MAXIMUM TEMPERATURE (F)   68        83      1987
 MINIMUM TEMPERATURE (F)   41        23      1949


SUNRISE AND SUNSET
OCTOBER 20 2014.......SUNRISE   730 AM PDT   SUNSET   621 PM PDT
OCTOBER 21 2014.......SUNRISE   731 AM PDT   SUNSET   620 PM PDT


-  INDICATES NEGATIVE NUMBERS.
R  INDICATES RECORD WAS SET OR TIED.
MM INDICATES DATA IS MISSING.
T  INDICATES TRACE AMOUNT.

&&

LOW TEMPERATURE THIS MORNING...55 DEGREES
24-HOUR PRECIPITATION..........0.18 INCHES

$$








National Weather Service
Disclaimer
Last Modified: August 31, 2005
Privacy Policy