627
CDUS41 KPBZ 231229
CLIPHD


CLIMATE REPORT
NATIONAL WEATHER SERVICE PITTSBURGH PA
829 AM EDT WED JUL 23 2014


...................................

...THE NEW PHILADELPHIA OH CLIMATE SUMMARY FOR JULY 23 2014...
VALID AS OF 0800 AM LOCAL TIME.

CLIMATE NORMAL PERIOD 1981 TO 2010
CLIMATE RECORD PERIOD 1946 TO 2014


WEATHER ITEM   OBSERVED TIME   RECORD YEAR NORMAL DEPARTURE LAST
                VALUE   (LST)  VALUE       VALUE  FROM      YEAR
                                                  NORMAL
..................................................................
TEMPERATURE (F)
 TODAY
  MINIMUM         69    521 AM  47    1981  62      7       65

PRECIPITATION (IN)
  TODAY            0.00         MM      MM   0.14  -0.14     0.82
  MONTH TO DATE    3.18                      2.86   0.32     4.40

DEGREE DAYS
 HEATING
  TODAY            0

 COOLING
  TODAY            7
..................................................................







THE NEW PHILADELPHIA OH CLIMATE NORMALS FOR TOMORROW
                         NORMAL    RECORD    YEAR
 MAXIMUM TEMPERATURE (F)   84        93      1991
 MINIMUM TEMPERATURE (F)   62        49      1985


SUNRISE AND SUNSET
JULY 23 2014..........SUNRISE   615 AM EDT   SUNSET   849 PM EDT
JULY 24 2014..........SUNRISE   616 AM EDT   SUNSET   848 PM EDT


-  INDICATES NEGATIVE NUMBERS.
R  INDICATES RECORD WAS SET OR TIED.
MM INDICATES DATA IS MISSING.
T  INDICATES TRACE AMOUNT.




$$




629
CDUS41 KPBZ 231229
CLIDUJ


CLIMATE REPORT
NATIONAL WEATHER SERVICE PITTSBURGH PA
829 AM EDT WED JUL 23 2014


...................................

...THE DUBOIS CLIMATE SUMMARY FOR JULY 23 2014...
VALID AS OF 0800 AM LOCAL TIME.

CLIMATE NORMAL PERIOD 1981 TO 2010
CLIMATE RECORD PERIOD 1960 TO 2014


WEATHER ITEM   OBSERVED TIME   RECORD YEAR NORMAL DEPARTURE LAST
                VALUE   (LST)  VALUE       VALUE  FROM      YEAR
                                                  NORMAL
..................................................................
TEMPERATURE (F)
 TODAY
  MINIMUM         70    516 AM  44    1985  58     12       61

PRECIPITATION (IN)
  TODAY            0.00         MM      MM   0.13  -0.13     0.13
  MONTH TO DATE    3.58                      3.19   0.39     3.50

DEGREE DAYS
 HEATING
  TODAY            0

 COOLING
  TODAY            7
..................................................................





WEATHER CONDITIONS
 THE FOLLOWING WEATHER WAS RECORDED TODAY.
  FOG


RELATIVE HUMIDITY (PERCENT)
 HIGHEST    90          1200 AM

..........................................................


THE DUBOIS CLIMATE NORMALS FOR TOMORROW
                         NORMAL    RECORD    YEAR
 MAXIMUM TEMPERATURE (F)   79        89      2001
 MINIMUM TEMPERATURE (F)   58        49      2007


SUNRISE AND SUNSET
JULY 23 2014..........SUNRISE   603 AM EDT   SUNSET   841 PM EDT
JULY 24 2014..........SUNRISE   604 AM EDT   SUNSET   840 PM EDT


-  INDICATES NEGATIVE NUMBERS.
R  INDICATES RECORD WAS SET OR TIED.
MM INDICATES DATA IS MISSING.
T  INDICATES TRACE AMOUNT.




$$




631
CDUS41 KPBZ 231229
CLIPIT


CLIMATE REPORT
NATIONAL WEATHER SERVICE PITTSBURGH PA
829 AM EDT WED JUL 23 2014


...................................

...THE PITTSBURGH PA CLIMATE SUMMARY FOR JULY 23 2014...
VALID AS OF 0800 AM LOCAL TIME.

CLIMATE NORMAL PERIOD 1981 TO 2010
CLIMATE RECORD PERIOD 1871 TO 2014


WEATHER ITEM   OBSERVED TIME   RECORD YEAR NORMAL DEPARTURE LAST
                VALUE   (LST)  VALUE       VALUE  FROM      YEAR
                                                  NORMAL
..................................................................
TEMPERATURE (F)
 TODAY
  MINIMUM         73    607 AM  50    1985  63     10       64
                                      1977
                                      1947

PRECIPITATION (IN)
  TODAY            0.00          1.52 1992   0.12  -0.12     0.74
  MONTH TO DATE    3.37                      2.88   0.49     5.98
  SINCE JUN 1      7.42                      7.18   0.24    11.46
  SINCE JAN 1     22.51                     22.28   0.23    23.80

SNOWFALL (IN)
  TODAY            0.0           0.0  2002   0.0    0.0      0.0
                                      2001
  MONTH TO DATE    0.0                       0.0    0.0      0.0
  SINCE OCT 1     63.4                      41.4   22.0     57.4
  SINCE JUL 1      0.0                       0.0    0.0      0.0
  SNOW DEPTH       0

DEGREE DAYS
 HEATING
  TODAY            0

 COOLING
  TODAY           10
..................................................................





WEATHER CONDITIONS
 THE FOLLOWING WEATHER WAS RECORDED TODAY.
  NO SIGNIFICANT WEATHER WAS OBSERVED.


RELATIVE HUMIDITY (PERCENT)
 HIGHEST    87           500 AM

..........................................................


THE PITTSBURGH PA CLIMATE NORMALS FOR TOMORROW
                         NORMAL    RECORD    YEAR
 MAXIMUM TEMPERATURE (F)   82        98      1934
 MINIMUM TEMPERATURE (F)   63        52      1977


SUNRISE AND SUNSET
JULY 23 2014..........SUNRISE   610 AM EDT   SUNSET   844 PM EDT
JULY 24 2014..........SUNRISE   611 AM EDT   SUNSET   844 PM EDT


-  INDICATES NEGATIVE NUMBERS.
R  INDICATES RECORD WAS SET OR TIED.
MM INDICATES DATA IS MISSING.
T  INDICATES TRACE AMOUNT.





&&
SNOW DEPTH IS MEASURED AT 7 AM EST OR 8 AM EDT.
$$



630
CDUS41 KPBZ 231229
CLIZZV


CLIMATE REPORT
NATIONAL WEATHER SERVICE PITTSBURGH PA
829 AM EDT WED JUL 23 2014


...................................

...THE ZANESVILLE OH CLIMATE SUMMARY FOR JULY 23 2014...
VALID AS OF 0800 AM LOCAL TIME.

CLIMATE NORMAL PERIOD 1981 TO 2010
CLIMATE RECORD PERIOD 1946 TO 2014


WEATHER ITEM   OBSERVED TIME   RECORD YEAR NORMAL DEPARTURE LAST
                VALUE   (LST)  VALUE       VALUE  FROM      YEAR
                                                  NORMAL
..................................................................
TEMPERATURE (F)
 TODAY
  MINIMUM         70    517 AM  41    1947  62      8       67

PRECIPITATION (IN)
  TODAY            0.00         MM      MM   0.12  -0.12     1.11
  MONTH TO DATE    2.75                      2.94  -0.19     6.27
  SINCE JUN 1      9.49                      6.98   2.51    12.52
  SINCE JAN 1     23.82                     22.44   1.38    23.11

DEGREE DAYS
 HEATING
  TODAY            0

 COOLING
  TODAY            7
..................................................................







THE ZANESVILLE OH CLIMATE NORMALS FOR TOMORROW
                         NORMAL    RECORD    YEAR
 MAXIMUM TEMPERATURE (F)   84        95      1999
 MINIMUM TEMPERATURE (F)   62        49      1954


SUNRISE AND SUNSET
JULY 23 2014..........SUNRISE   618 AM EDT   SUNSET   850 PM EDT
JULY 24 2014..........SUNRISE   619 AM EDT   SUNSET   849 PM EDT


-  INDICATES NEGATIVE NUMBERS.
R  INDICATES RECORD WAS SET OR TIED.
MM INDICATES DATA IS MISSING.
T  INDICATES TRACE AMOUNT.




$$




National Weather Service
Disclaimer
Last Modified: August 31, 2005
Privacy Policy