621
CDAK48 PAFC 191255
CLIANC


CLIMATE REPORT
NATIONAL WEATHER SERVICE ANCHORAGE, AK
455 AM AKDT SAT APR 19 2014


...................................

...THE ANCHORAGE AK CLIMATE SUMMARY FOR APRIL 18 2014...

CLIMATE NORMAL PERIOD 1981 TO 2010
CLIMATE RECORD PERIOD 1915 TO 2014


WEATHER ITEM   OBSERVED RECORD YEAR NORMAL DEPARTURE LAST
                VALUE   VALUE       VALUE  FROM      YEAR
                                           NORMAL
...........................................................
TEMPERATURE (F)
 YESTERDAY
  MAXIMUM         50     59    1965  46      4       39
  MINIMUM         36      9    1963  30      6       19
                               1948
  AVERAGE         43                 38      5       29

PRECIPITATION (IN)
  YESTERDAY        0.00   0.31 1972   0.01  -0.01
                               1961
  MONTH TO DATE    0.04               0.27  -0.23
  SINCE MAR 1      0.74               0.87  -0.13
  SINCE JAN 1      2.76               2.32   0.44

SNOWFALL (IN)
  YESTERDAY        0.0    5.7  1972   0.1   -0.1
  MONTH TO DATE    0.4                3.0   -2.6
  SINCE MAR 1     11.3               12.9   -1.6
  SINCE JUL 1     64.7               73.2   -8.5
  SNOW DEPTH       0

DEGREE DAYS
 HEATING
  YESTERDAY       22                        -5
  MONTH TO DATE  546                        -4
  SINCE MAR 1   1712                       -30
  SINCE JUL 1   8461                      -610

 COOLING
  YESTERDAY        0                         0
  MONTH TO DATE    0                         0
  SINCE MAR 1      0                         0
  SINCE JAN 1      0                         0
...........................................................


WIND (MPH)
  HIGHEST WIND SPEED    18   HIGHEST WIND DIRECTION     S (160)
  HIGHEST GUST SPEED    31   HIGHEST GUST DIRECTION     S (160)
  AVERAGE WIND SPEED     7.8




RELATIVE HUMIDITY (PERCENT)
 HIGHEST    76
 LOWEST     37
 AVERAGE    57

..........................................................


THE ANCHORAGE AK CLIMATE NORMALS FOR TODAY
                         NORMAL    RECORD    YEAR
 MAXIMUM TEMPERATURE (F)   46        57      1965
                                             1951
 MINIMUM TEMPERATURE (F)   30         9      1959


SUNRISE AND SUNSET
APRIL 19 2014.........SUNRISE   627 AM AKDT  SUNSET   933 PM AKDT
APRIL 20 2014.........SUNRISE   624 AM AKDT  SUNSET   936 PM AKDT


-  INDICATES NEGATIVE NUMBERS.
R  INDICATES RECORD WAS SET OR TIED.
MM INDICATES DATA IS MISSING.
T  INDICATES TRACE AMOUNT.




$$




National Weather Service
Disclaimer
Last Modified: August 31, 2005
Privacy Policy