073
CDUS46 KLOX 250111
CLIWJF


CLIMATE REPORT
NATIONAL WEATHER SERVICE LOS ANGELES/OXNARD CA
611 PM PDT THU APR 24 2014


...................................

...THE LANCASTER CLIMATE SUMMARY FOR APRIL 24 2014...
VALID TODAY AS OF 0600 PM LOCAL TIME.

CLIMATE NORMAL PERIOD 1981 TO 2010
CLIMATE RECORD PERIOD 1948 TO 2014


WEATHER ITEM   OBSERVED TIME   RECORD YEAR NORMAL DEPARTURE LAST
                VALUE   (LST)  VALUE       VALUE  FROM      YEAR
                                                  NORMAL
..................................................................
TEMPERATURE (F)
 TODAY
  MAXIMUM         80    347 PM  93    1953  76      4       85
  MINIMUM         44    440 AM  31    1971  47     -3       44
  AVERAGE         62                        61      1       65

PRECIPITATION (IN)
  TODAY            0.00          0.04 1967   0.01  -0.01     0.00
  MONTH TO DATE    0.09                      0.30  -0.21     0.00
  SINCE JUL 1      3.79                      7.19  -3.40     1.11
  SINCE JAN 1      2.18                      4.72  -2.54     0.95

SNOWFALL (IN)
  TODAY            0.0           0.0    MM   0.0             0.0
  MONTH TO DATE    0.0                       0.0             0.0
  SINCE MAR 1      0.0                       0.0             0.0
  SINCE JUL 1      0.0                       2.3             0.0
  SNOW DEPTH       0

DEGREE DAYS
 HEATING
  TODAY            3                         5     -2        0
  MONTH TO DATE  114                       181    -67      107
  SINCE MAR 1    401                       549   -148      313
  SINCE JUL 1   2638                      2842   -204     2685

 COOLING
  TODAY            0                         1     -1        0
  MONTH TO DATE   22                        15      7       30
  SINCE MAR 1     22                        17      5       42
  SINCE JAN 1     28                        17     11       42
..................................................................


WIND (MPH)
  HIGHEST WIND SPEED    25   HIGHEST WIND DIRECTION     W (280)
  HIGHEST GUST SPEED    30   HIGHEST GUST DIRECTION     W (280)
  AVERAGE WIND SPEED     5.3


SKY COVER
  POSSIBLE SUNSHINE  MM
  AVERAGE SKY COVER 0.0


WEATHER CONDITIONS
 THE FOLLOWING WEATHER WAS RECORDED TODAY.
  NO SIGNIFICANT WEATHER WAS OBSERVED.


RELATIVE HUMIDITY (PERCENT)
 HIGHEST    53           600 AM
 LOWEST     13           200 PM
 AVERAGE    33

..........................................................


THE LANCASTER CLIMATE NORMALS FOR TOMORROW
                         NORMAL    RECORD    YEAR
 MAXIMUM TEMPERATURE (F)   76        91      1987
 MINIMUM TEMPERATURE (F)   48        34      1960


SUNRISE AND SUNSET
APRIL 24 2014.........SUNRISE   610 AM PDT   SUNSET   732 PM PDT
APRIL 25 2014.........SUNRISE   609 AM PDT   SUNSET   733 PM PDT


-  INDICATES NEGATIVE NUMBERS.
R  INDICATES RECORD WAS SET OR TIED.
MM INDICATES DATA IS MISSING.
T  INDICATES TRACE AMOUNT.




$$




068
CDUS46 KLOX 250111
CLILGB


CLIMATE REPORT
NATIONAL WEATHER SERVICE LOS ANGELES/OXNARD CA
611 PM PDT THU APR 24 2014


...................................

...THE LONG BEACH AIRPORT CA CLIMATE SUMMARY FOR APRIL 24 2014...
VALID TODAY AS OF 0600 PM LOCAL TIME.

CLIMATE NORMAL PERIOD 1981 TO 2010
CLIMATE RECORD PERIOD 1958 TO 2014


WEATHER ITEM   OBSERVED TIME   RECORD YEAR NORMAL DEPARTURE LAST
                VALUE   (LST)  VALUE       VALUE  FROM      YEAR
                                                  NORMAL
..................................................................
TEMPERATURE (F)
 TODAY
  MAXIMUM         75    419 PM  93    2001  73      2       64
  MINIMUM         54    531 AM  43    1960  54      0       57
  AVERAGE         65                        64      1       61

PRECIPITATION (IN)
  TODAY            0.00          0.11 2005   0.01  -0.01     0.01
  MONTH TO DATE    0.20                      0.52  -0.32     0.02
  SINCE JUL 1      4.33                     11.90  -7.57     6.01
  SINCE JAN 1      3.02                      8.08  -5.06     2.21

SNOWFALL (IN)
  TODAY            0.0
  MONTH TO DATE    0.0
  SINCE MAR 1      0.0
  SINCE JUL 1      0.0

DEGREE DAYS
 HEATING
  TODAY            0                         3     -3        4
  MONTH TO DATE   43                        91    -48       41
  SINCE MAR 1    121                       270   -149      161
  SINCE JUL 1    699                      1161   -462     1025

 COOLING
  TODAY            0                         1     -1        0
  MONTH TO DATE   38                        24     14       12
  SINCE MAR 1     61                        34     27       19
  SINCE JAN 1     76                        42     34       24
..................................................................


WIND (MPH)
  HIGHEST WIND SPEED    17   HIGHEST WIND DIRECTION    NW (300)
  HIGHEST GUST SPEED    20   HIGHEST GUST DIRECTION    NW (300)
  AVERAGE WIND SPEED     4.4


SKY COVER
  POSSIBLE SUNSHINE  MM
  AVERAGE SKY COVER 0.0


WEATHER CONDITIONS
 THE FOLLOWING WEATHER WAS RECORDED TODAY.
  NO SIGNIFICANT WEATHER WAS OBSERVED.


RELATIVE HUMIDITY (PERCENT)
 HIGHEST    83           600 AM
 LOWEST     31           500 PM
 AVERAGE    57

..........................................................


THE LONG BEACH AIRPORT CA CLIMATE NORMALS FOR TOMORROW
                         NORMAL    RECORD    YEAR
 MAXIMUM TEMPERATURE (F)   73        91      2004
 MINIMUM TEMPERATURE (F)   55        44      1974


SUNRISE AND SUNSET
APRIL 24 2014.........SUNRISE   611 AM PDT   SUNSET   731 PM PDT
APRIL 25 2014.........SUNRISE   610 AM PDT   SUNSET   731 PM PDT


-  INDICATES NEGATIVE NUMBERS.
R  INDICATES RECORD WAS SET OR TIED.
MM INDICATES DATA IS MISSING.
T  INDICATES TRACE AMOUNT.




$$




National Weather Service
Disclaimer
Last Modified: August 31, 2005
Privacy Policy