626
CDUS41 KILN 300617
CLICVG


CLIMATE REPORT
NATIONAL WEATHER SERVICE WILMINGTON OH
116 AM EST FRI JAN 30 2015


...................................

...THE CINCINNATI OH CLIMATE SUMMARY FOR JANUARY 29 2015...

CLIMATE NORMAL PERIOD 1981 TO 2010
CLIMATE RECORD PERIOD 1869 TO 2015


WEATHER ITEM   OBSERVED TIME   RECORD YEAR NORMAL DEPARTURE LAST
                VALUE   (LST)  VALUE       VALUE  FROM      YEAR
                                                  NORMAL
..................................................................
TEMPERATURE (F)
 YESTERDAY
  MAXIMUM         50    101 PM  68    1914  39     11       22
  MINIMUM         31   1252 AM -11    1977  23      8       -6
  AVERAGE         41                        31     10        8

PRECIPITATION (IN)
  YESTERDAY        0.11          1.61 1939   0.10   0.01     0.00
  MONTH TO DATE    2.34                      2.80  -0.46     2.80
  SINCE DEC 1      5.94                      6.17  -0.23     7.73
  SINCE JAN 1      2.34                      2.80  -0.46     2.80

SNOWFALL (IN)
  YESTERDAY        T             3.8  2004   0.3   -0.3      0.0
  MONTH TO DATE    1.2                       6.0   -4.8     20.4
  SINCE DEC 1      1.3                      10.8   -9.5     30.8
  SINCE JUL 1      6.4                      11.6   -5.2     33.2
  SNOW DEPTH       0

DEGREE DAYS
 HEATING
  YESTERDAY       24                        34    -10       57
  MONTH TO DATE 1000                       986     14     1201
  SINCE DEC 1   1842                      1945   -103     2116
  SINCE JUL 1   2980                      2905     75     3152

 COOLING
  YESTERDAY        0                         0      0        0
  MONTH TO DATE    0                         0      0        0
  SINCE DEC 1      0                         0      0        0
  SINCE JAN 1      0                         0      0        0
..................................................................


WIND (MPH)
  RESULTANT WIND SPEED  10   RESULTANT WIND DIRECTION  SW (240)
  HIGHEST WIND SPEED    29   HIGHEST WIND DIRECTION     W (280)
  HIGHEST GUST SPEED    39   HIGHEST GUST DIRECTION     W (260)
  AVERAGE WIND SPEED    16.6


SKY COVER
  POSSIBLE SUNSHINE  MM
  AVERAGE SKY COVER 1.0


WEATHER CONDITIONS
 THE FOLLOWING WEATHER WAS RECORDED YESTERDAY.
  RAIN
  LIGHT RAIN
  FOG
  HAZE


RELATIVE HUMIDITY (PERCENT)
 HIGHEST    89           500 PM
 LOWEST     56           300 AM
 AVERAGE    73

..........................................................


THE CINCINNATI OH CLIMATE NORMALS FOR TODAY
                         NORMAL    RECORD    YEAR
 MAXIMUM TEMPERATURE (F)   40        68      1947
                                             1916
 MINIMUM TEMPERATURE (F)   23       -12      1966


SUNRISE AND SUNSET
JANUARY 30 2015.......SUNRISE   747 AM EST   SUNSET   557 PM EST
JANUARY 31 2015.......SUNRISE   746 AM EST   SUNSET   558 PM EST


-  INDICATES NEGATIVE NUMBERS.
R  INDICATES RECORD WAS SET OR TIED.
MM INDICATES DATA IS MISSING.
T  INDICATES TRACE AMOUNT.




$$





National Weather Service
Disclaimer
Last Modified: August 31, 2005
Privacy Policy