237
CDUS42 KFFC 280921
CLIATL


CLIMATE REPORT
NATIONAL WEATHER SERVICE PEACHTREE CITY GA
421 AM EST FRI NOV 28 2014


...................................

...THE ATLANTA CLIMATE SUMMARY FOR NOVEMBER 27 2014...

CLIMATE NORMAL PERIOD 1981 TO 2010
CLIMATE RECORD PERIOD 1878 TO 2014


WEATHER ITEM   OBSERVED TIME   RECORD YEAR NORMAL DEPARTURE LAST
                VALUE   (LST)  VALUE       VALUE  FROM      YEAR
                                                  NORMAL
..................................................................
TEMPERATURE (F)
 YESTERDAY
  MAXIMUM         49   1257 AM  80    1973  60    -11       44
  MINIMUM         35   1156 PM  18    1903  41     -6       27
                                      1898
  AVERAGE         42                        50     -8       36

PRECIPITATION (IN)
  YESTERDAY        0.00          2.07 1988   0.14  -0.14     0.15
  MONTH TO DATE    3.85                      3.64   0.21     1.87
  SINCE SEP 1      8.14                     11.52  -3.38     7.18
  SINCE JAN 1     42.11                     45.35  -3.24    58.22

SNOWFALL (IN)
  YESTERDAY        0.0           0.4  2013   0.0    0.0      0.4
  MONTH TO DATE    0.0                       0.0    0.0      0.4
  SINCE SEP 1      0.0                       0.0    0.0      0.4
  SINCE JUL 1      0.0                       0.0    0.0      0.4
  SNOW DEPTH       0

DEGREE DAYS
 HEATING
  YESTERDAY       23                        15      8       29
  MONTH TO DATE  421                       293    128      358
  SINCE SEP 1    494                       422     72      455
  SINCE JUL 1    494                       422     72      456

 COOLING
  YESTERDAY        0                         0      0        0
  MONTH TO DATE    1                        11    -10        1
  SINCE SEP 1    448                       344    104      373
  SINCE JAN 1   1986                      1883    103     1755
..................................................................


WIND (MPH)
  RESULTANT WIND SPEED  11   RESULTANT WIND DIRECTION  NW (300)
  HIGHEST WIND SPEED    22   HIGHEST WIND DIRECTION    NW (320)
  HIGHEST GUST SPEED    29   HIGHEST GUST DIRECTION    NW (320)
  AVERAGE WIND SPEED    12.6


SKY COVER
  AVERAGE SKY COVER 0.6


WEATHER CONDITIONS
 THE FOLLOWING WEATHER WAS RECORDED YESTERDAY.
  NO SIGNIFICANT WEATHER WAS OBSERVED.


RELATIVE HUMIDITY (PERCENT)
 HIGHEST    70           800 AM
 LOWEST     37           300 AM
 AVERAGE    54

..........................................................


THE ATLANTA CLIMATE NORMALS FOR TODAY
                         NORMAL    RECORD    YEAR
 MAXIMUM TEMPERATURE (F)   59        75      1990
                                             1960
                                             1908
 MINIMUM TEMPERATURE (F)   41        20      1936


SUNRISE AND SUNSET
NOVEMBER 28 2014......SUNRISE   721 AM EST   SUNSET   530 PM EST
NOVEMBER 29 2014......SUNRISE   722 AM EST   SUNSET   530 PM EST


-  INDICATES NEGATIVE NUMBERS.
R  INDICATES RECORD WAS SET OR TIED.
MM INDICATES DATA IS MISSING.
T  INDICATES TRACE AMOUNT.




$$




235
CDUS42 KFFC 280921
CLIMCN


CLIMATE REPORT
NATIONAL WEATHER SERVICE PEACHTREE CITY GA
421 AM EST FRI NOV 28 2014


...................................

...THE MACON CLIMATE SUMMARY FOR NOVEMBER 27 2014...

CLIMATE NORMAL PERIOD 1981 TO 2010
CLIMATE RECORD PERIOD 1899 TO 2014


WEATHER ITEM   OBSERVED TIME   RECORD YEAR NORMAL DEPARTURE LAST
                VALUE   (LST)  VALUE       VALUE  FROM      YEAR
                                                  NORMAL
..................................................................
TEMPERATURE (F)
 YESTERDAY
  MAXIMUM         53    325 PM  84    1973  65    -12       47
  MINIMUM         32   1148 PM  22    1903  40     -8       28
  AVERAGE         43                        52     -9       38

PRECIPITATION (IN)
  YESTERDAY        0.00          3.04 1921   0.12  -0.12     0.10
  MONTH TO DATE    4.31                      2.92   1.39     3.37
  SINCE SEP 1      8.67                      9.30  -0.63     5.74
  SINCE JAN 1     42.60                     41.24   1.36    63.87

SNOWFALL (IN)
  YESTERDAY        0.0           0.0  2001   0.0    0.0      0.0
  MONTH TO DATE    0.0                       0.0    0.0      0.0
  SINCE SEP 1      0.0                       0.0    0.0      0.0
  SINCE JUL 1      0.0                       0.0    0.0      0.0
  SNOW DEPTH       0

DEGREE DAYS
 HEATING
  YESTERDAY       22                        13      9       27
  MONTH TO DATE  412                       252    160      304
  SINCE SEP 1    498                       355    143      371
  SINCE JUL 1    498                       355    143      371

 COOLING
  YESTERDAY        0                         0      0        0
  MONTH TO DATE    7                        16     -9        7
  SINCE SEP 1    450                       416     34      374
  SINCE JAN 1   2048                      2160   -112     1849
..................................................................


WIND (MPH)
  RESULTANT WIND SPEED   9   RESULTANT WIND DIRECTION  NW (300)
  HIGHEST WIND SPEED    22   HIGHEST WIND DIRECTION    NW (320)
  HIGHEST GUST SPEED    31   HIGHEST GUST DIRECTION    NW (320)
  AVERAGE WIND SPEED     9.8


SKY COVER
  AVERAGE SKY COVER 0.1


WEATHER CONDITIONS
 THE FOLLOWING WEATHER WAS RECORDED YESTERDAY.
  NO SIGNIFICANT WEATHER WAS OBSERVED.


RELATIVE HUMIDITY (PERCENT)
 HIGHEST    82          1100 PM
 LOWEST     35           200 PM
 AVERAGE    59

..........................................................


THE MACON CLIMATE NORMALS FOR TODAY
                         NORMAL    RECORD    YEAR
 MAXIMUM TEMPERATURE (F)   65        83      1990
 MINIMUM TEMPERATURE (F)   40        21      2013


SUNRISE AND SUNSET
NOVEMBER 28 2014......SUNRISE   716 AM EST   SUNSET   529 PM EST
NOVEMBER 29 2014......SUNRISE   717 AM EST   SUNSET   529 PM EST


-  INDICATES NEGATIVE NUMBERS.
R  INDICATES RECORD WAS SET OR TIED.
MM INDICATES DATA IS MISSING.
T  INDICATES TRACE AMOUNT.




$$




National Weather Service
Disclaimer
Last Modified: August 31, 2005
Privacy Policy