499
CDUS46 KMTR 220825
CLISFD


CLIMATE REPORT
NATIONAL WEATHER SERVICE SAN FRANCISCO BAY AREA
1225 AM PST MON DEC 22 2014


...................................

...THE SAN FRANCISCO DWTN CA CLIMATE SUMMARY FOR DECEMBER 21 2014...

CLIMATE NORMAL PERIOD 1981 TO 2010
CLIMATE RECORD PERIOD 1850 TO 2014


WEATHER ITEM   OBSERVED TIME   RECORD YEAR NORMAL DEPARTURE LAST
                VALUE   (LST)  VALUE       VALUE  FROM      YEAR
                                                  NORMAL
..................................................................
TEMPERATURE (F)
 YESTERDAY
  MAXIMUM         62    243 PM  70    1999  56      6       58
  MINIMUM         57   1143 PM  30    1990  46     11       45
  AVERAGE         60                        51      9       52

PRECIPITATION (IN)
  YESTERDAY        0.06          2.85 1924   0.17  -0.11     0.00
  MONTH TO DATE   11.63                      3.02   8.61     0.39
  SINCE JUL 1     15.02                      7.57   7.45     2.08
  SINCE JAN 1     25.48                     22.11   3.37     5.59

DEGREE DAYS
 HEATING
  YESTERDAY        5                        MM     MM       13
  MONTH TO DATE  145                        MM     MM      304
  SINCE DEC 1    145                        MM     MM      304
  SINCE JUL 1    514                        MM     MM     1017

 COOLING
  YESTERDAY        0                        MM     MM        0
  MONTH TO DATE    0                         0      0        0
  SINCE DEC 1      0                         0      0        0
  SINCE JAN 1    163                         0    163       71
..................................................................







THE SAN FRANCISCO DWTN CA CLIMATE NORMALS FOR TODAY
                         NORMAL    RECORD    YEAR
 MAXIMUM TEMPERATURE (F)   56        71      1999
 MINIMUM TEMPERATURE (F)   46        28      1990


SUNRISE AND SUNSET
DECEMBER 22 2014......SUNRISE   722 AM PST   SUNSET   455 PM PST
DECEMBER 23 2014......SUNRISE   722 AM PST   SUNSET   455 PM PST


-  INDICATES NEGATIVE NUMBERS.
R  INDICATES RECORD WAS SET OR TIED.
MM INDICATES DATA IS MISSING.
T  INDICATES TRACE AMOUNT.




$$




497
CDUS46 KMTR 220825
CLIMRY


CLIMATE REPORT
NATIONAL WEATHER SERVICE SAN FRANCISCO BAY AREA
1225 AM PST MON DEC 22 2014


...................................

...THE MONTEREY AIRPORT CLIMATE SUMMARY FOR DECEMBER 21 2014...

CLIMATE NORMAL PERIOD 1981 TO 2010
CLIMATE RECORD PERIOD 1998 TO 2014


WEATHER ITEM   OBSERVED TIME   RECORD YEAR NORMAL DEPARTURE LAST
                VALUE   (LST)  VALUE       VALUE  FROM      YEAR
                                                  NORMAL
..................................................................
TEMPERATURE (F)
 YESTERDAY
  MAXIMUM         64   1201 PM  75    1999  60      4       58
  MINIMUM         55    534 AM  28    1998  42     13       40
  AVERAGE         60                        51      9       49

PRECIPITATION (IN)
  YESTERDAY        0.00                                      0.00
  MONTH TO DATE    8.86                                      0.27
  SINCE JUL 1     12.11                                      1.28
  SINCE JAN 1     19.50                                      4.43

DEGREE DAYS
 HEATING
  YESTERDAY        5                                        16
  MONTH TO DATE  149                                       341
  SINCE DEC 1    149                                       341
  SINCE JUL 1    585                                      1108

 COOLING
  YESTERDAY        0                                         0
  MONTH TO DATE    0                                         0
  SINCE DEC 1      0                                         0
  SINCE JAN 1    142                                        49
..................................................................


WIND (MPH)
  RESULTANT WIND SPEED   1   RESULTANT WIND DIRECTION   W (270)
  HIGHEST WIND SPEED     9   HIGHEST WIND DIRECTION     W (290)
  HIGHEST GUST SPEED    12   HIGHEST GUST DIRECTION     W (270)
  AVERAGE WIND SPEED     1.8


SKY COVER
  POSSIBLE SUNSHINE  MM
  AVERAGE SKY COVER 0.9


WEATHER CONDITIONS
 THE FOLLOWING WEATHER WAS RECORDED YESTERDAY.
  FOG


RELATIVE HUMIDITY (PERCENT)
 HIGHEST    93           300 AM
 LOWEST     77           100 AM
 AVERAGE    85

..........................................................


THE MONTEREY AIRPORT CLIMATE NORMALS FOR TODAY
                         NORMAL    RECORD    YEAR
 MAXIMUM TEMPERATURE (F)   60        67      1999
 MINIMUM TEMPERATURE (F)   42        29      1998


SUNRISE AND SUNSET
DECEMBER 22 2014......SUNRISE   716 AM PST   SUNSET   456 PM PST
DECEMBER 23 2014......SUNRISE   717 AM PST   SUNSET   456 PM PST


-  INDICATES NEGATIVE NUMBERS.
R  INDICATES RECORD WAS SET OR TIED.
MM INDICATES DATA IS MISSING.
T  INDICATES TRACE AMOUNT.




$$




704
CDUS46 KMTR 220825
CLISJC


CLIMATE REPORT
NATIONAL WEATHER SERVICE SAN FRANCISCO BAY AREA
1225 AM PST MON DEC 22 2014


...................................

...THE SAN JOSE AIRPORT CLIMATE SUMMARY FOR DECEMBER 21 2014...

CLIMATE NORMAL PERIOD 1981 TO 2010
CLIMATE RECORD PERIOD 1893 TO 2014


WEATHER ITEM   OBSERVED TIME   RECORD YEAR NORMAL DEPARTURE LAST
                VALUE   (LST)  VALUE       VALUE  FROM      YEAR
                                                  NORMAL
..................................................................
TEMPERATURE (F)
 YESTERDAY
  MAXIMUM         62    424 PM  70    1999  61      1       60
  MINIMUM         56    754 AM  25    1968  42     14       36
  AVERAGE         59                        51      8       48

PRECIPITATION (IN)
  YESTERDAY        T             2.01 1894   0.09  -0.09     0.00
  MONTH TO DATE    7.70                      1.31   6.39     0.13
  SINCE JUL 1     10.25                      4.20   6.05     1.56
  SINCE JAN 1     15.04                     14.09   0.95     3.80

SNOWFALL (IN)
  YESTERDAY        0.0                      MM     MM        0.0
  MONTH TO DATE    0.0                      MM     MM        0.0
  SINCE DEC 1      0.0                      MM     MM        0.0
  SINCE JUL 1      0.0                      MM     MM        0.0

DEGREE DAYS
 HEATING
  YESTERDAY        6                        14     -8       17
  MONTH TO DATE  173                       272    -99      388
  SINCE DEC 1    173                       272    -99      388
  SINCE JUL 1    457                       597   -140      768

 COOLING
  YESTERDAY        0                         0      0        0
  MONTH TO DATE    0                         0      0        0
  SINCE DEC 1      0                         0      0        0
  SINCE JAN 1    685                       730    -45      549
..................................................................


WIND (MPH)
  RESULTANT WIND SPEED   3   RESULTANT WIND DIRECTION  NW (300)
  HIGHEST WIND SPEED    16   HIGHEST WIND DIRECTION    NW (310)
  HIGHEST GUST SPEED    18   HIGHEST GUST DIRECTION    NW (300)
  AVERAGE WIND SPEED     5.7


SKY COVER
  POSSIBLE SUNSHINE  MM
  AVERAGE SKY COVER 0.9


WEATHER CONDITIONS
 THE FOLLOWING WEATHER WAS RECORDED YESTERDAY.
  LIGHT RAIN
  FOG


RELATIVE HUMIDITY (PERCENT)
 HIGHEST    93           800 AM
 LOWEST     80           300 AM
 AVERAGE    87

..........................................................


THE SAN JOSE AIRPORT CLIMATE NORMALS FOR TODAY
                         NORMAL    RECORD    YEAR
 MAXIMUM TEMPERATURE (F)   60        67      2013
                                             1919
 MINIMUM TEMPERATURE (F)   42        19      1990


SUNRISE AND SUNSET
DECEMBER 22 2014......SUNRISE   719 AM PST   SUNSET   454 PM PST
DECEMBER 23 2014......SUNRISE   719 AM PST   SUNSET   455 PM PST


-  INDICATES NEGATIVE NUMBERS.
R  INDICATES RECORD WAS SET OR TIED.
MM INDICATES DATA IS MISSING.
T  INDICATES TRACE AMOUNT.




$$




National Weather Service
Disclaimer
Last Modified: August 31, 2005
Privacy Policy