788
CDUS44 KHGX 191356 CCA
CLICLL

CLIMATE REPORT...CORRECTION TO PRECIP
NATIONAL WEATHER SERVICE HOUSTON/GALVESTON TX
236 AM CDT SAT APR 19 2014


...................................

...THE COLLEGE STATION CLIMATE SUMMARY FOR APRIL 18 2014...

CLIMATE NORMAL PERIOD 1981 TO 2010
CLIMATE RECORD PERIOD 1902 TO 2014


WEATHER ITEM   OBSERVED TIME   RECORD YEAR NORMAL DEPARTURE LAST
                VALUE   (LST)  VALUE       VALUE  FROM      YEAR
                                                  NORMAL
..................................................................
TEMPERATURE (F)
 YESTERDAY
  MAXIMUM         78    353 PM  94    2006  79     -1       74
  MINIMUM         59    619 AM  42    1947  59      0       51
  AVERAGE         69                        69      0       63

PRECIPITATION (IN)
  YESTERDAY        0.00          1.62 1922   0.10  -0.10     0.34
  MONTH TO DATE    1.23                      1.45  -0.22     1.40
  SINCE MAR 1      2.84                      4.62  -1.78     3.13
  SINCE JAN 1      5.02                     10.71  -5.69     9.29

SNOWFALL (IN)
  YESTERDAY        0.0
  MONTH TO DATE    0.0
  SINCE JUL 1      T

DEGREE DAYS
 HEATING
  YESTERDAY        0                         1     -1        2
  MONTH TO DATE   59                        38     21       53
  SINCE MAR 1    328                       210    118      242
  SINCE JUL 1   2052                      1597    455     1301

 COOLING
  YESTERDAY        4                         5     -1        0
  MONTH TO DATE   67                        75     -8       84
  SINCE MAR 1     90                       134    -44      142
  SINCE JAN 1    111                       162    -51      177
..................................................................


WIND (MPH)
  HIGHEST WIND SPEED    12   HIGHEST WIND DIRECTION    NE (40)
  HIGHEST GUST SPEED    17   HIGHEST GUST DIRECTION     N (10)
  AVERAGE WIND SPEED     6.0


SKY COVER
  AVERAGE SKY COVER 0.5


WEATHER CONDITIONS
 THE FOLLOWING WEATHER WAS RECORDED YESTERDAY.
  FOG


RELATIVE HUMIDITY (PERCENT)
 HIGHEST    97          1200 AM
 LOWEST     43           500 PM
 AVERAGE    70

..........................................................


THE COLLEGE STATION CLIMATE NORMALS FOR TODAY
                         NORMAL    RECORD    YEAR
 MAXIMUM TEMPERATURE (F)   80        96      2011
 MINIMUM TEMPERATURE (F)   59        39      1953


SUNRISE AND SUNSET
APRIL 19 2014.........SUNRISE   654 AM CDT   SUNSET   756 PM CDT
APRIL 20 2014.........SUNRISE   653 AM CDT   SUNSET   757 PM CDT


-  INDICATES NEGATIVE NUMBERS.
R  INDICATES RECORD WAS SET OR TIED.
MM INDICATES DATA IS MISSING.
T  INDICATES TRACE AMOUNT.

$$



National Weather Service
Disclaimer
Last Modified: August 31, 2005
Privacy Policy