823
CDUS45 KTWC 011426
CLITUS

CLIMATE REPORT
NATIONAL WEATHER SERVICE TUCSON AZ
725 AM MST SUN FEB 1 2015


...................................

...THE TUCSON AZ CLIMATE SUMMARY FOR FEBRUARY 1 2015...
VALID AS OF 0700 AM LOCAL TIME.

CLIMATE NORMAL PERIOD 1981 TO 2010
CLIMATE RECORD PERIOD 1895 TO 2015


WEATHER ITEM   OBSERVED TIME   RECORD YEAR NORMAL DEPARTURE LAST
                VALUE   (LST)  VALUE       VALUE  FROM      YEAR
                                                  NORMAL
..................................................................
TEMPERATURE (F)
 TODAY
  MINIMUM         49    659 AM  22    1946  41      8       51

PRECIPITATION (IN)
  TODAY            0.02          0.36 1926   0.04  -0.02      T
  MONTH TO DATE    0.02                      0.04  -0.02      T
  SINCE OCT 1      6.06                      3.37   2.69     3.05
  SINCE JAN 1      2.56                      0.98   1.58      T

DEGREE DAYS
 HEATING
  TODAY           14                        11      3        9

 COOLING
  TODAY            0                         0      0        0
..................................................................


WIND (MPH)
  HIGHEST WIND SPEED     7   HIGHEST WIND DIRECTION    SW (230)
  HIGHEST GUST SPEED     9   HIGHEST GUST DIRECTION    SW (230)
  AVERAGE WIND SPEED     1.2


SKY COVER
  POSSIBLE SUNSHINE  MM
  AVERAGE SKY COVER 1.0


WEATHER CONDITIONS
 THE FOLLOWING WEATHER WAS RECORDED TODAY.
  LIGHT RAIN
  FOG
  FOG W/VISIBILITY <= 1/4 MILE


RELATIVE HUMIDITY (PERCENT)
 HIGHEST   100           700 AM

..........................................................


THE TUCSON AZ CLIMATE NORMALS FOR TOMORROW
                         NORMAL    RECORD    YEAR
 MAXIMUM TEMPERATURE (F)   67        82      1934
 MINIMUM TEMPERATURE (F)   41        22      1916


SUNRISE AND SUNSET
FEBRUARY  1 2015......SUNRISE   718 AM MST   SUNSET   557 PM MST
FEBRUARY  2 2015......SUNRISE   717 AM MST   SUNSET   558 PM MST


-  INDICATES NEGATIVE NUMBERS.
R  INDICATES RECORD WAS SET OR TIED.
MM INDICATES DATA IS MISSING.
T  INDICATES TRACE AMOUNT.




$$







National Weather Service
Disclaimer
Last Modified: August 31, 2005
Privacy Policy