936
CDUS43 KGRR 241335
CLIJXN


CLIMATE REPORT
NATIONAL WEATHER SERVICE GRAND RAPIDS, MI
934 AM EDT THU APR 24 2014


...................................

...THE JACKSON MI CLIMATE SUMMARY FOR APRIL 24 2014...
VALID AS OF 0900 AM LOCAL TIME.

CLIMATE NORMAL PERIOD 1981 TO 2010
CLIMATE RECORD PERIOD 9999 TO 9999


WEATHER ITEM   OBSERVED TIME   RECORD YEAR NORMAL DEPARTURE LAST
                VALUE   (LST)  VALUE       VALUE  FROM      YEAR
                                                  NORMAL
..................................................................
TEMPERATURE (F)
 TODAY
  MAXIMUM         46   1236 AM  MM      MM  62    -16       46
  MINIMUM         42    657 AM  MM      MM  40      2       34
  AVERAGE         44                        51     -7       40

PRECIPITATION (IN)
  TODAY            0.00         MM      MM   0.09  -0.09     0.24
  MONTH TO DATE    1.60                      2.08  -0.48     5.50
  SINCE MAR 1      3.51                      3.98  -0.47     6.14
  SINCE JAN 1      7.79                      6.76   1.03    10.49

DEGREE DAYS
 HEATING
  TODAY           21                        14      7       25
  MONTH TO DATE  450                       442      8      527
  SINCE MAR 1   1625                      1352    273     1562

 COOLING
  TODAY            0                         0      0        0
  MONTH TO DATE    0                         0      0        0
  SINCE MAR 1      0                         0      0        0
..................................................................


WIND (MPH)
  HIGHEST WIND SPEED    14   HIGHEST WIND DIRECTION    SE (120)
  HIGHEST GUST SPEED    17   HIGHEST GUST DIRECTION    SE (120)



WEATHER CONDITIONS
 THE FOLLOWING WEATHER WAS RECORDED TODAY.
  NO SIGNIFICANT WEATHER WAS OBSERVED.


..........................................................




SUNRISE AND SUNSET
APRIL 24 2014.........SUNRISE   643 AM EDT   SUNSET   829 PM EDT
APRIL 25 2014.........SUNRISE   642 AM EDT   SUNSET   831 PM EDT


-  INDICATES NEGATIVE NUMBERS.
R  INDICATES RECORD WAS SET OR TIED.
MM INDICATES DATA IS MISSING.
T  INDICATES TRACE AMOUNT.




$$




934
CDUS43 KGRR 241335
CLILAN


CLIMATE REPORT
NATIONAL WEATHER SERVICE GRAND RAPIDS, MI
934 AM EDT THU APR 24 2014


...................................

...THE LANSING MI CLIMATE SUMMARY FOR APRIL 24 2014...
VALID AS OF 0900 AM LOCAL TIME.

CLIMATE NORMAL PERIOD 1981 TO 2010
CLIMATE RECORD PERIOD 1864 TO 2014


WEATHER ITEM   OBSERVED TIME   RECORD YEAR NORMAL DEPARTURE LAST
                VALUE   (LST)  VALUE       VALUE  FROM      YEAR
                                                  NORMAL
..................................................................
TEMPERATURE (F)
 TODAY
  MAXIMUM         46   1214 AM  87    1915  61    -15       46
  MINIMUM         37    221 AM  23    1999  40     -3       34
                                      1892
                                      1883
  AVERAGE         42                        51     -9       40

PRECIPITATION (IN)
  TODAY            0.00          1.08 1950   0.09  -0.09     0.21
  MONTH TO DATE    0.98                      2.43  -1.45     7.50
  SINCE MAR 1      2.67                      4.49  -1.82     8.46
  SINCE JAN 1      6.59                      7.61  -1.02    13.68

SNOWFALL (IN)
  TODAY            0.0           2.8  1980   0.0    0.0       T
  MONTH TO DATE    0.7                       1.8   -1.1      0.5
  SINCE MAR 1     11.1                       8.8    2.3      5.7
  SINCE JUL 1     69.1                      51.0   18.1     30.2
  SNOW DEPTH       0

DEGREE DAYS
 HEATING
  TODAY           23                        15      8       25
  MONTH TO DATE  455                       453      2      551
  SINCE MAR 1   1665                      1382    283     1599
  SINCE JUL 1   7206                      6317    889     6277

 COOLING
  TODAY            0                         0      0        0
  MONTH TO DATE    2                         0      2        0
  SINCE MAR 1      2                         1      1        0
  SINCE JAN 1      2                         1      1        0
..................................................................


WIND (MPH)
  HIGHEST WIND SPEED    14   HIGHEST WIND DIRECTION    SE (130)
  HIGHEST GUST SPEED    18   HIGHEST GUST DIRECTION     E (110)



WEATHER CONDITIONS
 THE FOLLOWING WEATHER WAS RECORDED TODAY.
  NO SIGNIFICANT WEATHER WAS OBSERVED.


..........................................................




SUNRISE AND SUNSET
APRIL 24 2014.........SUNRISE   643 AM EDT   SUNSET   831 PM EDT
APRIL 25 2014.........SUNRISE   641 AM EDT   SUNSET   832 PM EDT


-  INDICATES NEGATIVE NUMBERS.
R  INDICATES RECORD WAS SET OR TIED.
MM INDICATES DATA IS MISSING.
T  INDICATES TRACE AMOUNT.




$$




National Weather Service
Disclaimer
Last Modified: August 31, 2005
Privacy Policy