565
CDUS46 KSGX 231425
CLISNA


CLIMATE REPORT
NATIONAL WEATHER SERVICE SAN DIEGO, CA
725 AM PDT THU OCT 23 2014


...................................

...THE JOHN WAYNE AIRPORT CA CLIMATE SUMMARY FOR OCTOBER 22 2014...

CLIMATE NORMAL PERIOD 1981 TO 2010
CLIMATE RECORD PERIOD 1999 TO 2014


WEATHER ITEM   OBSERVED TIME   RECORD YEAR NORMAL DEPARTURE LAST
                VALUE   (LST)  VALUE       VALUE  FROM      YEAR
                                                  NORMAL
..................................................................
TEMPERATURE (F)
 YESTERDAY
  MAXIMUM         83    155 PM  99    2008  75      8       72
  MINIMUM         62    540 AM  55    2011  58      4       57
                                      2004
  AVERAGE         73                        66      7       65

PRECIPITATION (IN)
  YESTERDAY        0.00          0.01 2010   0.03  -0.03     0.00
  MONTH TO DATE    0.00                      0.45  -0.45     0.20
  SINCE JUL 1      0.03                      0.74  -0.71     0.32
  SINCE JAN 1      2.62                      9.70  -7.08     2.29

SNOWFALL (IN)
  YESTERDAY        0.0
  MONTH TO DATE    0.0
  SINCE JAN 1      0.0
  SINCE JUL 1      0.0
  SNOW DEPTH       0

DEGREE DAYS
 HEATING
  YESTERDAY        0                         1     -1        0
  MONTH TO DATE    0                         9     -9        9
  SINCE SEP 1      0                        10    -10        9
  SINCE JUL 1      0                        10    -10        9

 COOLING
  YESTERDAY        8                         2      6        0
  MONTH TO DATE  224                        68    156       90
  SINCE SEP 1    640                       265    375      421
  SINCE JAN 1   1884                       836   1048     1125
..................................................................


WIND (MPH)
  RESULTANT WIND SPEED   1   RESULTANT WIND DIRECTION  SW (220)
  HIGHEST WIND SPEED     9   HIGHEST WIND DIRECTION     S (200)
  HIGHEST GUST SPEED    13   HIGHEST GUST DIRECTION    SW (220)
  AVERAGE WIND SPEED     2.3


SKY COVER
  POSSIBLE SUNSHINE  MM
  AVERAGE SKY COVER 0.3


WEATHER CONDITIONS
 THE FOLLOWING WEATHER WAS RECORDED YESTERDAY.
  NO SIGNIFICANT WEATHER WAS OBSERVED.


RELATIVE HUMIDITY (PERCENT)
 HIGHEST    81          1200 AM
 LOWEST     40           200 PM
 AVERAGE    61

..........................................................


THE JOHN WAYNE AIRPORT CA CLIMATE NORMALS FOR TODAY
                         NORMAL    RECORD    YEAR
 MAXIMUM TEMPERATURE (F)   75        99      2007
 MINIMUM TEMPERATURE (F)   57        54      2004


SUNRISE AND SUNSET
OCTOBER 23 2014.......SUNRISE   703 AM PDT   SUNSET   608 PM PDT
OCTOBER 24 2014.......SUNRISE   704 AM PDT   SUNSET   607 PM PDT


-  INDICATES NEGATIVE NUMBERS.
R  INDICATES RECORD WAS SET OR TIED.
MM INDICATES DATA IS MISSING.
T  INDICATES TRACE AMOUNT.




$$




566
CDUS46 KSGX 231425
CLIOKB


CLIMATE REPORT
NATIONAL WEATHER SERVICE SAN DIEGO, CA
725 AM PDT THU OCT 23 2014


...................................

...THE OCEANSIDE AIRPORT CA CLIMATE SUMMARY FOR OCTOBER 22 2014...

CLIMATE NORMAL PERIOD 1981 TO 2010
CLIMATE RECORD PERIOD 1999 TO 2014


WEATHER ITEM   OBSERVED TIME   RECORD YEAR NORMAL DEPARTURE LAST
                VALUE   (LST)  VALUE       VALUE  FROM      YEAR
                                                  NORMAL
..................................................................
TEMPERATURE (F)
 YESTERDAY
  MAXIMUM         82   1039 AM  95    2008  73      9       69
  MINIMUM         54   1159 PM  43    2007  50      4       56
  AVERAGE         68                        62      6       63

PRECIPITATION (IN)
  YESTERDAY        0.00          0.01 2006   0.03  -0.03     0.00
                                      2006
                                      2010
  MONTH TO DATE    T                         0.42  -0.42     0.17
  SINCE JUL 1      0.14                      0.93  -0.79     0.18
  SINCE JAN 1      2.74                     10.20  -7.46     2.50

SNOWFALL (IN)
  YESTERDAY        0.0
  MONTH TO DATE    0.0
  SINCE JAN 1      0.0
  SINCE JUL 1      0.0
  SNOW DEPTH       0

DEGREE DAYS
 HEATING
  YESTERDAY        0                         4     -4        2
  MONTH TO DATE    0                        47    -47       66
  SINCE SEP 1      0                        57    -57       74
  SINCE JUL 1      0                        62    -62       74

 COOLING
  YESTERDAY        3                         0      3        0
  MONTH TO DATE   83                        18     65       14
  SINCE SEP 1    337                       112    225      128
  SINCE JAN 1    844                       412    432      529
..................................................................


WIND (MPH)
  RESULTANT WIND SPEED   1   RESULTANT WIND DIRECTION   W (280)
  HIGHEST WIND SPEED    13   HIGHEST WIND DIRECTION     W (250)
  HIGHEST GUST SPEED    16   HIGHEST GUST DIRECTION     W (250)
  AVERAGE WIND SPEED     3.7


SKY COVER
  POSSIBLE SUNSHINE  MM
  AVERAGE SKY COVER 0.2


WEATHER CONDITIONS
 THE FOLLOWING WEATHER WAS RECORDED YESTERDAY.
  FOG
  FOG W/VISIBILITY <= 1/4 MILE


RELATIVE HUMIDITY (PERCENT)
 HIGHEST   100           400 AM
 LOWEST     33          1000 AM
 AVERAGE    67

..........................................................


THE OCEANSIDE AIRPORT CA CLIMATE NORMALS FOR TODAY
                         NORMAL    RECORD    YEAR
 MAXIMUM TEMPERATURE (F)   73        91      2008
 MINIMUM TEMPERATURE (F)   50        44      1999


SUNRISE AND SUNSET
OCTOBER 23 2014.......SUNRISE   700 AM PDT   SUNSET   607 PM PDT
OCTOBER 24 2014.......SUNRISE   701 AM PDT   SUNSET   606 PM PDT


-  INDICATES NEGATIVE NUMBERS.
R  INDICATES RECORD WAS SET OR TIED.
MM INDICATES DATA IS MISSING.
T  INDICATES TRACE AMOUNT.




$$




571
CDUS46 KSGX 231425
CLIRAL


CLIMATE REPORT
NATIONAL WEATHER SERVICE SAN DIEGO, CA
725 AM PDT THU OCT 23 2014


...................................

...THE RIVERSIDE MUNI AIRPORT CA CLIMATE SUMMARY FOR OCTOBER 22 2014...

CLIMATE NORMAL PERIOD 1981 TO 2010
CLIMATE RECORD PERIOD 1893 TO 2014


WEATHER ITEM   OBSERVED TIME   RECORD YEAR NORMAL DEPARTURE LAST
                VALUE   (LST)  VALUE       VALUE  FROM      YEAR
                                                  NORMAL
..................................................................
TEMPERATURE (F)
 YESTERDAY
  MAXIMUM         90    247 PM 103    1917  80     10       84
  MINIMUM         55    614 AM  34    1949  53      2       52
  AVERAGE         73                        67      6       68

PRECIPITATION (IN)
  YESTERDAY        0.00          0.73 1941   0.02  -0.02     0.00
  MONTH TO DATE    0.00                      0.16  -0.16     0.30
  SINCE JUL 1      0.37                      0.56  -0.19     0.46
  SINCE JAN 1      2.09                      9.75  -7.66     2.67

SNOWFALL (IN)
  YESTERDAY        0.0
  MONTH TO DATE    0.0
  SINCE JAN 1      0.0
  SINCE JUL 1      0.0
  SNOW DEPTH       0

DEGREE DAYS
 HEATING
  YESTERDAY        0                         1     -1        0
  MONTH TO DATE    0                        12    -12       16
  SINCE SEP 1      0                        14    -14       16
  SINCE JUL 1      0                        14    -14       16

 COOLING
  YESTERDAY        8                         3      5        3
  MONTH TO DATE  198                       114     84       87
  SINCE SEP 1    650                       448    202      480
  SINCE JAN 1   2241                      1706    535     1949
..................................................................


WIND (MPH)
  RESULTANT WIND SPEED   0   RESULTANT WIND DIRECTION  NW (320)
  HIGHEST WIND SPEED    12   HIGHEST WIND DIRECTION     W (260)
  HIGHEST GUST SPEED    16   HIGHEST GUST DIRECTION     W (270)
  AVERAGE WIND SPEED     2.5


SKY COVER
  POSSIBLE SUNSHINE  MM
  AVERAGE SKY COVER 0.0


WEATHER CONDITIONS
 THE FOLLOWING WEATHER WAS RECORDED YESTERDAY.
  NO SIGNIFICANT WEATHER WAS OBSERVED.


RELATIVE HUMIDITY (PERCENT)
 HIGHEST    86           500 AM
 LOWEST     10           100 PM
 AVERAGE    48

..........................................................


THE RIVERSIDE MUNI AIRPORT CA CLIMATE NORMALS FOR TODAY
                         NORMAL    RECORD    YEAR
 MAXIMUM TEMPERATURE (F)   80       101      1959
 MINIMUM TEMPERATURE (F)   53        31      1906


SUNRISE AND SUNSET
OCTOBER 23 2014.......SUNRISE   701 AM PDT   SUNSET   606 PM PDT
OCTOBER 24 2014.......SUNRISE   702 AM PDT   SUNSET   605 PM PDT


-  INDICATES NEGATIVE NUMBERS.
R  INDICATES RECORD WAS SET OR TIED.
MM INDICATES DATA IS MISSING.
T  INDICATES TRACE AMOUNT.




$$




National Weather Service
Disclaimer
Last Modified: August 31, 2005
Privacy Policy