310
CDAK47 PANT 021400
CLIANN

CLIMATE REPORT
NATIONAL WEATHER SERVICE ANNETTE, AK
600 AM AKDT TUE SEP 2 2014

...................................
...THE ANNETTE WSO AP CLIMATE SUMMARY FOR SEPTEMBER 1 2014...

CLIMATE NORMAL PERIOD  1981 TO  2010
CLIMATE RECORD PERIOD  1948 TO  2014

WEATHER ITEM   OBSERVED TIME    RECORD YEAR NORMAL DEPARTURE LAST
               VALUE    (LST)   VALUE       VALUE  FROM      YEAR
                                                   NORMAL
...................................................................
TEMPERATURE
YESTERDAY
 MAXIMUM            65  0250 PM    80  1974     62       3     72
 MINIMUM            49  1151 PM    44  1999     51      -2     50
 AVERAGE            57                          57       0     61

PRECIPITATION
(INCHES)
 YESTERDAY        0.04           2.01  1948   0.28   -0.24   0.00
 MONTH TO DATE    0.04                        0.28   -0.24   0.00
 SINCE SEP 1      0.04                        0.28   -0.24   0.00
 SINCE JAN 1     62.12                       55.19    6.93  51.60

SNOWFALL
(INCHES)
 YESTERDAY         0.0            0.0  2014    0.0     0.0    0.0
 MONTH TO DATE     0.0                         0.0     0.0    0.0
 SINCE SEP 1       0.0                         0.0     0.0    0.0
 SINCE JUL 1       0.0                         0.0     0.0    0.0
 SNOW DEPTH (IN)     0                                          0

DEGREE DAYS
 HEATING
  YESTERDAY          8                           8       0      4
  MONTH TO DATE      8                           8       0      4
  SINCE SEP 1        8                           8       0      4
  SINCE JUL 1      577                         409     168    306

 COOLING
  YESTERDAY          0                           0       0      0
  MONTH TO DATE      0                           0       0      0
  SINCE SEP 1        0                           0       0      0
  SINCE JAN 1       MM                           0      MM     22
...................................................................

WIND (MPH)
 HIGHEST WIND SPEED    10     HIGHEST WIND DIRECTION    270
 HIGHEST GUST SPEED    15     HIGHEST GUST DIRECTION    270
 AVERAGE WIND SPEED   3.7

SKY COVER
  POSSIBLE SUNSHINE    MM          AVERAGE SKY COVER     MM

WEATHER CONDITIONS
 THE FOLLOWING WEATHER WAS RECORDED YESTERDAY.
  FOG
RAIN


RELATIVE HUMIDITY
 HIGHEST RH     MM PERCENT       MM
 LOWEST  RH     MM PERCENT       MM
 AVERAGE RH     MM PERCENT       MM
...................................................................

THE ANNETTE CLIMATE NORMALS FOR TODAY
                           NORMAL    RECORD   YEAR
 MAXIMUM TEMPERATURE (F)     62        79     1974
 MINIMUM TEMPERATURE (F)     51        45     1999

SUNRISE AND SUNSET
 SEP 2 2014..........SUNRISE  5:55 AM      SUNSET  7:36 PM
 SEP 3 2014..........SUNRISE  5:57 AM      SUNSET  7:34 PM

-  INDICATES NEGATIVE NUMBERS.
R  INDICATES RECORD HAS BEEN SET OR TIED.
MM INDICATES DATA IS MISSING.
T  INDICATES TRACE OF PRECIPITATION.

&&
-------------------------------------------------------------------

AMOUNT OF DAYLIGHT TODAY  (HOUR:MIN)........13 HOURS 41 MINUTES
GAIN/LOSS SINCE YESTERDAY (HOUR:MIN:SEC)....-0:04:22

$$
JH SEP 14




National Weather Service
Disclaimer
Last Modified: August 31, 2005
Privacy Policy