214
CDUS41 KPBZ 252112
CLIMGW


CLIMATE REPORT
NATIONAL WEATHER SERVICE PITTSBURGH PA
511 PM EDT SAT OCT 25 2014


...................................

...THE MORGANTOWN WV CLIMATE SUMMARY FOR OCTOBER 25 2014...
VALID TODAY AS OF 0500 PM LOCAL TIME.

CLIMATE NORMAL PERIOD 1981 TO 2010
CLIMATE RECORD PERIOD 1948 TO 2014


WEATHER ITEM   OBSERVED TIME   RECORD YEAR NORMAL DEPARTURE LAST
                VALUE   (LST)  VALUE       VALUE  FROM      YEAR
                                                  NORMAL
..................................................................
TEMPERATURE (F)
 TODAY
  MAXIMUM         68    359 PM  85    2012  62      6       44
  MINIMUM         42   1245 AM  26    1962  41      1       29
  AVERAGE         55                        52      3       37

PRECIPITATION (IN)
  TODAY            0.00         MM      MM   0.08  -0.08     0.00
  MONTH TO DATE    3.73                      2.22   1.51     1.70
  SINCE JUN 1     21.04                     17.71   3.33    20.25
  SINCE JAN 1     36.53                     34.90   1.63    32.89

DEGREE DAYS
 HEATING
  TODAY           10                        14     -4       28
  MONTH TO DATE  210                       258    -48      217
  SINCE SEP 1    268                       344    -76      296
  SINCE JUL 1    274                       355    -81      305

 COOLING
  TODAY            0                         0      0        0
  MONTH TO DATE   13                        10      3       36
  SINCE SEP 1    143                       102     41      120
  SINCE JAN 1    976                       811    165      906
..................................................................


WIND (MPH)
  RESULTANT WIND SPEED   6   RESULTANT WIND DIRECTION  SW (210)
  HIGHEST WIND SPEED    15   HIGHEST WIND DIRECTION    SW (210)
  HIGHEST GUST SPEED    26   HIGHEST GUST DIRECTION    SW (210)
  AVERAGE WIND SPEED     6.2


SKY COVER
  POSSIBLE SUNSHINE  MM
  AVERAGE SKY COVER 0.7


WEATHER CONDITIONS
 THE FOLLOWING WEATHER WAS RECORDED TODAY.
  NO SIGNIFICANT WEATHER WAS OBSERVED.


RELATIVE HUMIDITY (PERCENT)
 HIGHEST    82           100 AM
 LOWEST     45           400 PM
 AVERAGE    64

..........................................................


THE MORGANTOWN WV CLIMATE NORMALS FOR TOMORROW
                         NORMAL    RECORD    YEAR
 MAXIMUM TEMPERATURE (F)   62        83      2010
 MINIMUM TEMPERATURE (F)   41        25      1987


SUNRISE AND SUNSET
OCTOBER 25 2014.......SUNRISE   740 AM EDT   SUNSET   627 PM EDT
OCTOBER 26 2014.......SUNRISE   741 AM EDT   SUNSET   625 PM EDT


-  INDICATES NEGATIVE NUMBERS.
R  INDICATES RECORD WAS SET OR TIED.
MM INDICATES DATA IS MISSING.
T  INDICATES TRACE AMOUNT.




$$




213
CDUS41 KPBZ 252112
CLIPHD


CLIMATE REPORT
NATIONAL WEATHER SERVICE PITTSBURGH PA
511 PM EDT SAT OCT 25 2014


...................................

...THE NEW PHILADELPHIA OH CLIMATE SUMMARY FOR OCTOBER 25 2014...
VALID TODAY AS OF 0500 PM LOCAL TIME.

CLIMATE NORMAL PERIOD 1981 TO 2010
CLIMATE RECORD PERIOD 1946 TO 2014


WEATHER ITEM   OBSERVED TIME   RECORD YEAR NORMAL DEPARTURE LAST
                VALUE   (LST)  VALUE       VALUE  FROM      YEAR
                                                  NORMAL
..................................................................
TEMPERATURE (F)
 TODAY
  MAXIMUM         71    352 PM  81    2012  61     10       50
  MINIMUM         39    315 AM  20    1964  38      1       28
  AVERAGE         55                        50      5       39

PRECIPITATION (IN)
  TODAY            0.00         MM      MM   0.09  -0.09      T
  MONTH TO DATE    1.67                      2.22  -0.55     2.61
  SINCE JUN 1     19.45                     16.83   2.62    17.61
  SINCE JAN 1     34.63                     32.43   2.20    27.65

DEGREE DAYS
 HEATING
  TODAY           10                        15     -5       26
  MONTH TO DATE  235                       294    -59      233
  SINCE SEP 1    335                       390    -55      335
  SINCE JUL 1    367                       400    -33      349

 COOLING
  TODAY            0                         0      0        0
  MONTH TO DATE    9                         9      0       31
  SINCE SEP 1     81                        75      6      110
  SINCE JAN 1    630                       697    -67      755
..................................................................


WIND (MPH)
  HIGHEST WIND SPEED    18   HIGHEST WIND DIRECTION     W (270)
  HIGHEST GUST SPEED    25   HIGHEST GUST DIRECTION    SW (240)
  AVERAGE WIND SPEED     5.8


SKY COVER
  POSSIBLE SUNSHINE  MM
  AVERAGE SKY COVER 0.4


WEATHER CONDITIONS
 THE FOLLOWING WEATHER WAS RECORDED TODAY.
  FOG


RELATIVE HUMIDITY (PERCENT)
 HIGHEST    93           400 AM
 LOWEST     53           300 PM
 AVERAGE    73

..........................................................


THE NEW PHILADELPHIA OH CLIMATE NORMALS FOR TOMORROW
                         NORMAL    RECORD    YEAR
 MAXIMUM TEMPERATURE (F)   61        81      1991
 MINIMUM TEMPERATURE (F)   38        25      1981


SUNRISE AND SUNSET
OCTOBER 25 2014.......SUNRISE   748 AM EDT   SUNSET   631 PM EDT
OCTOBER 26 2014.......SUNRISE   749 AM EDT   SUNSET   630 PM EDT


-  INDICATES NEGATIVE NUMBERS.
R  INDICATES RECORD WAS SET OR TIED.
MM INDICATES DATA IS MISSING.
T  INDICATES TRACE AMOUNT.




$$




National Weather Service
Disclaimer
Last Modified: August 31, 2005
Privacy Policy