451
CDUS45 KGJT 310731
CLIVEL


CLIMATE REPORT
NATIONAL WEATHER SERVICE GRAND JUNCTION CO
129 AM MDT FRI OCT 31 2014


...................................

...THE VERNAL UT CLIMATE SUMMARY FOR OCTOBER 30 2014...

CLIMATE NORMAL PERIOD 1981 TO 2010
CLIMATE RECORD PERIOD 9999 TO 9999


WEATHER ITEM   OBSERVED TIME   RECORD YEAR NORMAL DEPARTURE LAST
                VALUE   (LST)  VALUE       VALUE  FROM      YEAR
                                                  NORMAL
..................................................................
TEMPERATURE (F)
 YESTERDAY
  MAXIMUM         64    407 PM  MM      MM  54     10       45
  MINIMUM         29    637 AM  MM      MM  31     -2       29
  AVERAGE         47                        42      5       37

PRECIPITATION (IN)
  YESTERDAY        0.00         MM      MM   0.04  -0.04      T
  MONTH TO DATE    0.05                      1.35  -1.30     1.50
  SINCE SEP 1      2.71                      2.43   0.28     3.58
  SINCE JAN 1      9.45                      8.04   1.41     8.41

SNOWFALL (IN)
  YESTERDAY       MM            MM      MM   0.1   MM       MM
  MONTH TO DATE   MM                         0.4   MM       MM
  SINCE SEP 1     MM                         0.4   MM       MM
  SINCE JUL 1     MM                         0.4   MM       MM
  SNOW DEPTH      MM

DEGREE DAYS
 HEATING
  YESTERDAY       18                        23     -5       28
  MONTH TO DATE  410                       500    -90      567
  SINCE SEP 1    507                       666   -159      706
  SINCE JUL 1    529                       682   -153      708

 COOLING
  YESTERDAY        0                         0      0        0
  MONTH TO DATE    0                         0      0        0
  SINCE SEP 1     34                        22     12       70
  SINCE JAN 1    621                       511    110      787
..................................................................


WIND (MPH)
  HIGHEST WIND SPEED     8   HIGHEST WIND DIRECTION     W (290)
  HIGHEST GUST SPEED     9   HIGHEST GUST DIRECTION     W (290)
  AVERAGE WIND SPEED     3.0


SKY COVER
  POSSIBLE SUNSHINE  MM
  AVERAGE SKY COVER 0.0


WEATHER CONDITIONS
 THE FOLLOWING WEATHER WAS RECORDED YESTERDAY.
  NO SIGNIFICANT WEATHER WAS OBSERVED.


RELATIVE HUMIDITY (PERCENT)
 HIGHEST    72           600 AM
 LOWEST     23           300 PM
 AVERAGE    48

..........................................................


THE VERNAL UT CLIMATE NORMALS FOR TODAY
                         NORMAL    RECORD    YEAR
 MAXIMUM TEMPERATURE (F)   54        MM        MM
 MINIMUM TEMPERATURE (F)   30        MM        MM


SUNRISE AND SUNSET
OCTOBER 31 2014.......SUNRISE   747 AM MDT   SUNSET   616 PM MDT
NOVEMBER  1 2014......SUNRISE   748 AM MDT   SUNSET   615 PM MDT


-  INDICATES NEGATIVE NUMBERS.
R  INDICATES RECORD WAS SET OR TIED.
MM INDICATES DATA IS MISSING.
T  INDICATES TRACE AMOUNT.




$$





449
CDUS45 KGJT 310731
CLIMTJ


CLIMATE REPORT
NATIONAL WEATHER SERVICE GRAND JUNCTION CO
129 AM MDT FRI OCT 31 2014


...................................

...THE MONTROSE CO CLIMATE SUMMARY FOR OCTOBER 30 2014...

CLIMATE NORMAL PERIOD 1981 TO 2010
CLIMATE RECORD PERIOD 9999 TO 9999


WEATHER ITEM   OBSERVED TIME   RECORD YEAR NORMAL DEPARTURE LAST
                VALUE   (LST)  VALUE       VALUE  FROM      YEAR
                                                  NORMAL
..................................................................
TEMPERATURE (F)
 YESTERDAY
  MAXIMUM         67    421 PM  MM      MM  59      8       48
  MINIMUM         30    622 AM  MM      MM  30      0       31
  AVERAGE         49                        44      5       40

PRECIPITATION (IN)
  YESTERDAY        0.00         MM      MM   0.03  -0.03     0.21
  MONTH TO DATE    0.80                      1.16  -0.36     1.48
  SINCE SEP 1      2.87                      2.48   0.39     3.73
  SINCE JAN 1      8.44                      9.81  -1.37     9.75

SNOWFALL (IN)
  YESTERDAY       MM            MM      MM  MM     MM       MM
  MONTH TO DATE   MM                        MM     MM       MM
  SINCE SEP 1     MM                        MM     MM       MM
  SINCE JUL 1     MM                        MM     MM       MM
  SNOW DEPTH      MM

DEGREE DAYS
 HEATING
  YESTERDAY       16                        21     -5       25
  MONTH TO DATE  352                       444    -92      498
  SINCE SEP 1    401                       566   -165      590
  SINCE JUL 1    408                       571   -163      592

 COOLING
  YESTERDAY        0                         0      0        0
  MONTH TO DATE    0                         0      0        0
  SINCE SEP 1     84                        38     46       90
  SINCE JAN 1    782                       643    139      891
..................................................................


WIND (MPH)
  HIGHEST WIND SPEED    15   HIGHEST WIND DIRECTION    SE (140)
  HIGHEST GUST SPEED    17   HIGHEST GUST DIRECTION    SE (140)
  AVERAGE WIND SPEED     6.0


SKY COVER
  POSSIBLE SUNSHINE  MM
  AVERAGE SKY COVER 0.0


WEATHER CONDITIONS
 THE FOLLOWING WEATHER WAS RECORDED YESTERDAY.
  NO SIGNIFICANT WEATHER WAS OBSERVED.


RELATIVE HUMIDITY (PERCENT)
 HIGHEST    69           600 AM
 LOWEST     16           300 PM
 AVERAGE    43

..........................................................


THE MONTROSE CO CLIMATE NORMALS FOR TODAY
                         NORMAL    RECORD    YEAR
 MAXIMUM TEMPERATURE (F)   58        MM        MM
 MINIMUM TEMPERATURE (F)   30        MM        MM


SUNRISE AND SUNSET
OCTOBER 31 2014.......SUNRISE   737 AM MDT   SUNSET   613 PM MDT
NOVEMBER  1 2014......SUNRISE   738 AM MDT   SUNSET   612 PM MDT


-  INDICATES NEGATIVE NUMBERS.
R  INDICATES RECORD WAS SET OR TIED.
MM INDICATES DATA IS MISSING.
T  INDICATES TRACE AMOUNT.




$$




450
CDUS45 KGJT 310731
CLIDRO


CLIMATE REPORT
NATIONAL WEATHER SERVICE GRAND JUNCTION CO
129 AM MDT FRI OCT 31 2014


...................................

...THE DURANGO AIRPORT CO CLIMATE SUMMARY FOR OCTOBER 30 2014...

CLIMATE NORMAL PERIOD 1981 TO 2010
CLIMATE RECORD PERIOD 9999 TO 9999


WEATHER ITEM   OBSERVED TIME   RECORD YEAR NORMAL DEPARTURE LAST
                VALUE   (LST)  VALUE       VALUE  FROM      YEAR
                                                  NORMAL
..................................................................
TEMPERATURE (F)
 YESTERDAY
  MAXIMUM         67    250 PM  MM      MM  56     11       41
  MINIMUM         24    627 AM  MM      MM  26     -2       27
  AVERAGE         46                        41      5       34

PRECIPITATION (IN)
  YESTERDAY        0.00         MM      MM   0.04  -0.04     0.04
  MONTH TO DATE    1.08                      1.29  -0.21     1.11
  SINCE SEP 1      4.69                      3.20   1.49     5.89
  SINCE JAN 1     10.32                     13.17  -2.85    14.10

SNOWFALL (IN)
  YESTERDAY       MM            MM      MM  MM     MM       MM
  MONTH TO DATE   MM                        MM     MM       MM
  SINCE SEP 1     MM                        MM     MM       MM
  SINCE JUL 1     MM                        MM     MM       MM
  SNOW DEPTH      MM

DEGREE DAYS
 HEATING
  YESTERDAY       19                        24     -5       31
  MONTH TO DATE  437                       539   -102      616
  SINCE SEP 1    528                       734   -206      785
  SINCE JUL 1    555                       763   -208      798

 COOLING
  YESTERDAY        0                         0      0        0
  MONTH TO DATE    0                         0      0        0
  SINCE SEP 1     13                         6      7       39
  SINCE JAN 1    305                       243     62      388
..................................................................


WIND (MPH)
  HIGHEST WIND SPEED    14   HIGHEST WIND DIRECTION     N (10)
  HIGHEST GUST SPEED    15   HIGHEST GUST DIRECTION     N (10)
  AVERAGE WIND SPEED     3.8


SKY COVER
  POSSIBLE SUNSHINE  MM
  AVERAGE SKY COVER 0.0


WEATHER CONDITIONS
 THE FOLLOWING WEATHER WAS RECORDED YESTERDAY.
  NO SIGNIFICANT WEATHER WAS OBSERVED.


RELATIVE HUMIDITY (PERCENT)
 HIGHEST    81           400 AM
 LOWEST     18           200 PM
 AVERAGE    50

..........................................................


THE DURANGO AIRPORT CO CLIMATE NORMALS FOR TODAY
                         NORMAL    RECORD    YEAR
 MAXIMUM TEMPERATURE (F)   56        MM        MM
 MINIMUM TEMPERATURE (F)   26        MM        MM


SUNRISE AND SUNSET
OCTOBER 31 2014.......SUNRISE   734 AM MDT   SUNSET   614 PM MDT
NOVEMBER  1 2014......SUNRISE   735 AM MDT   SUNSET   613 PM MDT


-  INDICATES NEGATIVE NUMBERS.
R  INDICATES RECORD WAS SET OR TIED.
MM INDICATES DATA IS MISSING.
T  INDICATES TRACE AMOUNT.




$$




National Weather Service
Disclaimer
Last Modified: August 31, 2005
Privacy Policy