901
CDUS46 KPQR 162321
CLIMMV


CLIMATE REPORT
NATIONAL WEATHER SERVICE PORTLAND OREGON
421 PM PDT TUE SEP 16 2014


...................................

...THE MCMINNVILLE OR CLIMATE SUMMARY FOR SEPTEMBER 16 2014...
VALID TODAY AS OF 0400 PM LOCAL TIME.

CLIMATE NORMAL PERIOD 1981 TO 2010
CLIMATE RECORD PERIOD 1894 TO 2014


WEATHER ITEM   OBSERVED TIME   RECORD YEAR NORMAL DEPARTURE LAST
                VALUE   (LST)  VALUE       VALUE  FROM      YEAR
                                                  NORMAL
..................................................................
TEMPERATURE (F)
 TODAY
  MAXIMUM         79    300 PM  95    1967  77      2       71
  MINIMUM         50        MM  31    1908  47      3       57
  AVERAGE         65                        62      3       64

PRECIPITATION (IN)
  TODAY            0.00          3.10 1996   0.05  -0.05     0.13
  MONTH TO DATE    T                         0.58  -0.58     1.43
  SINCE OCT 1     27.60                     38.94 -11.34    33.63
  SINCE JAN 1     22.64                     22.91  -0.27    12.49

DEGREE DAYS
 HEATING
  TODAY            0                         4     -4        1
  MONTH TO DATE    5                        47    -42        5
  SINCE JUL 1     11                       132   -121       22

 COOLING
  TODAY            0                         1     -1        0
  MONTH TO DATE   51                        24     27       68
  SINCE JAN 1    496                       208    288      405
..................................................................


WIND (MPH)
  HIGHEST WIND SPEED     9   HIGHEST WIND DIRECTION     S (180)
  HIGHEST GUST SPEED    MM   HIGHEST GUST DIRECTION    MM
  AVERAGE WIND SPEED     3.2


SKY COVER
  POSSIBLE SUNSHINE  MM
  AVERAGE SKY COVER 0.0


WEATHER CONDITIONS
 THE FOLLOWING WEATHER WAS RECORDED TODAY.
  NO SIGNIFICANT WEATHER WAS OBSERVED.


RELATIVE HUMIDITY (PERCENT)
 HIGHEST    96           600 AM
 LOWEST     42           300 PM
 AVERAGE    69

..........................................................


THE MCMINNVILLE OR CLIMATE NORMALS FOR TOMORROW
                         NORMAL    RECORD    YEAR
 MAXIMUM TEMPERATURE (F)   76        97      1929
 MINIMUM TEMPERATURE (F)   47        29      1965


SUNRISE AND SUNSET
SEPTEMBER 16 2014.....SUNRISE   552 AM PST   SUNSET   621 PM PST
SEPTEMBER 17 2014.....SUNRISE   554 AM PST   SUNSET   619 PM PST


-  INDICATES NEGATIVE NUMBERS.
R  INDICATES RECORD WAS SET OR TIED.
MM INDICATES DATA IS MISSING.
T  INDICATES TRACE AMOUNT.




$$




National Weather Service
Disclaimer
Last Modified: August 31, 2005
Privacy Policy