976
CDUS41 KRNK 282147
CLIRNK


CLIMATE REPORT
NATIONAL WEATHER SERVICE BLACKSBURG VA
445 PM EST WED JAN 28 2015


...................................

...THE BLACKSBURG VA CLIMATE SUMMARY FOR JANUARY 28 2015...
VALID TODAY AS OF 0400 PM LOCAL TIME.

CLIMATE NORMAL PERIOD 1981 TO 2010
CLIMATE RECORD PERIOD 1952 TO 2015


WEATHER ITEM   OBSERVED TIME   RECORD YEAR NORMAL DEPARTURE LAST
                VALUE   (LST)  VALUE       VALUE  FROM      YEAR
                                                  NORMAL
..................................................................
TEMPERATURE (F)
 TODAY
  MAXIMUM         38    400 PM  69    1999  42     -4       14
  MINIMUM         16    700 AM  -8    1986  22     -6        7
  AVERAGE         27                        32     -5       11

PRECIPITATION (IN)
  TODAY            T             2.04 1998   0.09  -0.09     0.09
  MONTH TO DATE    1.26                      2.78  -1.52     1.65
  SINCE DEC 1      3.91                      5.73  -1.82     6.91
  SINCE JAN 1      1.26                      2.78  -1.52     1.65

SNOWFALL (IN)
  TODAY            T
  MONTH TO DATE    0.6
  SINCE DEC 1      1.1
  SINCE JUL 1      3.5
  SNOW DEPTH       0

DEGREE DAYS
 HEATING
  TODAY           38                        33      5       54
  MONTH TO DATE  924                       945    -21     1072
  SINCE DEC 1   1751                      1912   -161     1932
  SINCE JUL 1   2944                      3092   -148     3167

 COOLING
  TODAY            0                         0      0        0
  MONTH TO DATE    0                         0      0        0
  SINCE DEC 1      0                         0      0        0
  SINCE JAN 1      0                         0      0        0
..................................................................


WIND (MPH)
  HIGHEST WIND SPEED    16   HIGHEST WIND DIRECTION    NW (300)
  HIGHEST GUST SPEED    23   HIGHEST GUST DIRECTION    NW (300)
  AVERAGE WIND SPEED     6.8


SKY COVER
  POSSIBLE SUNSHINE  MM
  AVERAGE SKY COVER 0.2


WEATHER CONDITIONS
 THE FOLLOWING WEATHER WAS RECORDED TODAY.
  LIGHT SNOW


RELATIVE HUMIDITY (PERCENT)
 HIGHEST    77           800 AM
 LOWEST     37           400 PM
 AVERAGE    57

..........................................................


THE BLACKSBURG VA CLIMATE NORMALS FOR TOMORROW
                         NORMAL    RECORD    YEAR
 MAXIMUM TEMPERATURE (F)   42        68      2013
                                             1975
 MINIMUM TEMPERATURE (F)   22       -10      1986


SUNRISE AND SUNSET
JANUARY 28 2015.......SUNRISE   728 AM EST   SUNSET   542 PM EST
JANUARY 29 2015.......SUNRISE   727 AM EST   SUNSET   543 PM EST


-  INDICATES NEGATIVE NUMBERS.
R  INDICATES RECORD WAS SET OR TIED.
MM INDICATES DATA IS MISSING.
T  INDICATES TRACE AMOUNT.




$$




National Weather Service
Disclaimer
Last Modified: August 31, 2005
Privacy Policy