928
CDUS45 KPUB 281137
CLILAA


CLIMATE REPORT
NATIONAL WEATHER SERVICE PUEBLO
437 AM MST FRI NOV 28 2014


...................................

...THE LAMAR CO CLIMATE SUMMARY FOR NOVEMBER 27 2014...

CLIMATE NORMAL PERIOD 1981 TO 2010
CLIMATE RECORD PERIOD 9999 TO 9999


WEATHER ITEM   OBSERVED TIME   NORMAL DEPARTURE LAST
                VALUE   (LST)  VALUE  FROM      YEAR
                                      NORMAL
......................................................
TEMPERATURE (F)
 YESTERDAY
  MAXIMUM         64    204 PM  51     13       54
  MINIMUM         16    309 AM  19     -3       16
  AVERAGE         40            35      5       35

PRECIPITATION (IN)
  YESTERDAY        0.00          0.01  -0.01     0.00
  MONTH TO DATE    0.15          0.37  -0.22     0.26
  SINCE JAN 1     11.69         14.79  -3.10    10.32

DEGREE DAYS
 HEATING
  YESTERDAY       25            30     -5       30
  MONTH TO DATE  770           656    114      607
  SINCE SEP 1   1096          1118    -22     1019
  SINCE JUL 1   1096          1123    -27     1019

 COOLING
  YESTERDAY        0             0      0        0
  MONTH TO DATE    0             0      0        0
  SINCE SEP 1    163           132     31      227
  SINCE JAN 1   1322          1121    201     1568
......................................................


WIND (MPH)
  HIGHEST WIND SPEED    12   HIGHEST WIND DIRECTION    SE (120)
  HIGHEST GUST SPEED    14   HIGHEST GUST DIRECTION     W (290)
  AVERAGE WIND SPEED     4.6


SKY COVER
  POSSIBLE SUNSHINE  MM
  AVERAGE SKY COVER 0.0


WEATHER CONDITIONS
 THE FOLLOWING WEATHER WAS RECORDED YESTERDAY.
  NO SIGNIFICANT WEATHER WAS OBSERVED.


RELATIVE HUMIDITY (PERCENT)
 HIGHEST    92           400 AM
 LOWEST     27           200 PM
 AVERAGE    60

..........................................................




SUNRISE AND SUNSET
NOVEMBER 28 2014......SUNRISE   645 AM MST   SUNSET   432 PM MST
NOVEMBER 29 2014......SUNRISE   646 AM MST   SUNSET   432 PM MST


-  INDICATES NEGATIVE NUMBERS.
R  INDICATES RECORD WAS SET OR TIED.
MM INDICATES DATA IS MISSING.
T  INDICATES TRACE AMOUNT.




$$




935
CDUS45 KPUB 281137
CLILXV


CLIMATE REPORT
NATIONAL WEATHER SERVICE PUEBLO
437 AM MST FRI NOV 28 2014


...................................

...THE LEADVILLE  CLIMATE SUMMARY FOR NOVEMBER 27 2014...

CLIMATE NORMAL PERIOD 1981 TO 2010
CLIMATE RECORD PERIOD 9999 TO 9999


WEATHER ITEM   OBSERVED TIME   NORMAL DEPARTURE LAST
                VALUE   (LST)  VALUE  FROM      YEAR
                                      NORMAL
......................................................
TEMPERATURE (F)
 YESTERDAY
  MAXIMUM         42    214 PM  32     10       41
  MINIMUM         18    444 AM   8     10        8
  AVERAGE         30                            25

PRECIPITATION (IN)
  YESTERDAY        0.00          0.03  -0.03
  MONTH TO DATE    2.10          0.70   1.40
  SINCE SEP 1      3.83          2.69   1.14
  SINCE JAN 1     16.76         11.64   5.12

DEGREE DAYS
 HEATING
  YESTERDAY       35            45    -10       40
  MONTH TO DATE 1133          1078     55     1066
  SINCE SEP 1   2398          2545   -147     2499
  SINCE JUL 1   3071          3267   -196     3101

 COOLING
  YESTERDAY        0             0      0        0
  MONTH TO DATE    0             0      0        0
  SINCE SEP 1      0             0      0        0
  SINCE JAN 1      0             0      0        0
......................................................


WIND (MPH)
  HIGHEST WIND SPEED    20   HIGHEST WIND DIRECTION     N (340)
  HIGHEST GUST SPEED    26   HIGHEST GUST DIRECTION     N (360)
  AVERAGE WIND SPEED    11.1


SKY COVER
  POSSIBLE SUNSHINE  MM
  AVERAGE SKY COVER 0.0


WEATHER CONDITIONS
 THE FOLLOWING WEATHER WAS RECORDED YESTERDAY.
  NO SIGNIFICANT WEATHER WAS OBSERVED.


RELATIVE HUMIDITY (PERCENT)
 HIGHEST    73          1200 AM
 LOWEST     29          1100 PM
 AVERAGE    51

..........................................................


THE LEADVILLE  CLIMATE NORMALS FOR TODAY
                         NORMAL    RECORD    YEAR
 MAXIMUM TEMPERATURE (F)   32        MM        MM
 MINIMUM TEMPERATURE (F)    7        MM        MM


SUNRISE AND SUNSET
NOVEMBER 28 2014......SUNRISE   703 AM MST   SUNSET   443 PM MST
NOVEMBER 29 2014......SUNRISE   704 AM MST   SUNSET   443 PM MST


-  INDICATES NEGATIVE NUMBERS.
R  INDICATES RECORD WAS SET OR TIED.
MM INDICATES DATA IS MISSING.
T  INDICATES TRACE AMOUNT.




$$




National Weather Service
Disclaimer
Last Modified: August 31, 2005
Privacy Policy