732
CDUS46 KMFR 240836
CLILMT


CLIMATE REPORT
NATIONAL WEATHER SERVICE MEDFORD, OR
136 AM PDT FRI OCT 24 2014


...................................

...THE KLAMATH FALLS OR CLIMATE SUMMARY FOR OCTOBER 23 2014...

CLIMATE NORMAL PERIOD 1981 TO 2010
CLIMATE RECORD PERIOD 1928 TO 2014


WEATHER ITEM   OBSERVED TIME   RECORD YEAR NORMAL DEPARTURE LAST
                VALUE   (LST)  VALUE       VALUE  FROM      YEAR
                                                  NORMAL
..................................................................
TEMPERATURE (F)
 YESTERDAY
  MAXIMUM         51    122 PM  76    1999  59     -8       72
  MINIMUM         43   1159 PM  19    2001  30     13       25
  AVERAGE         47                        44      3       49

PRECIPITATION (IN)
  YESTERDAY        0.66          0.73 1970   0.05   0.61     0.00
  MONTH TO DATE    1.34                      0.54   0.80     0.01
  SINCE SEP 1      2.29                      1.07   1.22     0.12
  SINCE JAN 1      9.80                     10.81  -1.01     4.91

SNOWFALL (IN)
  YESTERDAY       MM                        MM     MM       MM
  MONTH TO DATE   MM                        MM     MM       MM
  SINCE JUL 1     MM                        MM     MM       MM
  SNOW DEPTH      MM

DEGREE DAYS
 HEATING
  YESTERDAY       18                        21     -3       16
  MONTH TO DATE  296                       380    -84      458
  SINCE SEP 1    424                       617   -193      714
  SINCE JUL 1    472                       736   -264      782

 COOLING
  YESTERDAY        0                         0      0        0
  MONTH TO DATE    0                         0      0        0
  SINCE SEP 1      6                        10     -4       17
  SINCE JAN 1    327                       169    158      285
..................................................................


WIND (MPH)
  HIGHEST WIND SPEED    24   HIGHEST WIND DIRECTION    SW (210)
  HIGHEST GUST SPEED    29   HIGHEST GUST DIRECTION    SW (210)
  AVERAGE WIND SPEED    12.1


SKY COVER
  POSSIBLE SUNSHINE  MM
  AVERAGE SKY COVER 1.0


WEATHER CONDITIONS
 THE FOLLOWING WEATHER WAS RECORDED YESTERDAY.
  RAIN
  LIGHT RAIN
  FOG
  HAZE


RELATIVE HUMIDITY (PERCENT)
 HIGHEST    96          1100 PM
 LOWEST     80          1200 AM

..........................................................


THE KLAMATH FALLS OR CLIMATE NORMALS FOR TODAY
                         NORMAL    RECORD    YEAR
 MAXIMUM TEMPERATURE (F)   58        77      1959
 MINIMUM TEMPERATURE (F)   29        15      2001


SUNRISE AND SUNSET
OCTOBER 24 2014.......SUNRISE   730 AM PDT   SUNSET   611 PM PDT
OCTOBER 25 2014.......SUNRISE   731 AM PDT   SUNSET   610 PM PDT


-  INDICATES NEGATIVE NUMBERS.
R  INDICATES RECORD WAS SET OR TIED.
MM INDICATES DATA IS MISSING.
T  INDICATES TRACE AMOUNT.




$$




730
CDUS46 KMFR 240836
CLIRBG


CLIMATE REPORT
NATIONAL WEATHER SERVICE MEDFORD, OR
136 AM PDT FRI OCT 24 2014


...................................

...THE ROSEBURG OR CLIMATE SUMMARY FOR OCTOBER 23 2014...

CLIMATE NORMAL PERIOD 1981 TO 2010
CLIMATE RECORD PERIOD 1931 TO 2014


WEATHER ITEM   OBSERVED TIME   RECORD YEAR NORMAL DEPARTURE LAST
                VALUE   (LST)  VALUE       VALUE  FROM      YEAR
                                                  NORMAL
..................................................................
TEMPERATURE (F)
 YESTERDAY
  MAXIMUM         63    352 PM  80    1992  63      0       74
  MINIMUM         54   1159 PM  31    1953  44     10       46
  AVERAGE         59                        53      6       60

PRECIPITATION (IN)
  YESTERDAY        0.18          2.02 1982   0.10   0.08     0.00
  MONTH TO DATE    2.51                      1.61   0.90     0.37
  SINCE SEP 1      4.03                      2.57   1.46     4.21
  SINCE JAN 1     20.68                     22.22  -1.54    12.75

SNOWFALL (IN)
  YESTERDAY       MM                        MM     MM       MM
  MONTH TO DATE   MM                        MM     MM       MM
  SINCE JUL 1     MM                        MM     MM       MM
  SNOW DEPTH      MM

DEGREE DAYS
 HEATING
  YESTERDAY        6                        12     -6        5
  MONTH TO DATE   52                       193   -141      220
  SINCE SEP 1     65                       261   -196      297
  SINCE JUL 1     72                       282   -210      298

 COOLING
  YESTERDAY        0                         0      0        0
  MONTH TO DATE   34                         2     32        0
  SINCE SEP 1    181                        67    114      121
  SINCE JAN 1    914                       478    436      823
..................................................................


WIND (MPH)
  RESULTANT WIND SPEED   1   RESULTANT WIND DIRECTION  SE (140)
  HIGHEST WIND SPEED     8   HIGHEST WIND DIRECTION    NE (30)
  HIGHEST GUST SPEED    10   HIGHEST GUST DIRECTION     S (160)
  AVERAGE WIND SPEED     2.1


SKY COVER
  POSSIBLE SUNSHINE  MM
  AVERAGE SKY COVER 0.6


WEATHER CONDITIONS
 THE FOLLOWING WEATHER WAS RECORDED YESTERDAY.
  RAIN
  LIGHT RAIN
  FOG


RELATIVE HUMIDITY (PERCENT)
 HIGHEST    93           100 AM
 LOWEST     60           400 PM
 AVERAGE    77

..........................................................


THE ROSEBURG OR CLIMATE NORMALS FOR TODAY
                         NORMAL    RECORD    YEAR
 MAXIMUM TEMPERATURE (F)   63        76      1937
 MINIMUM TEMPERATURE (F)   43        26      1954


SUNRISE AND SUNSET
OCTOBER 24 2014.......SUNRISE   738 AM PDT   SUNSET   616 PM PDT
OCTOBER 25 2014.......SUNRISE   740 AM PDT   SUNSET   615 PM PDT


-  INDICATES NEGATIVE NUMBERS.
R  INDICATES RECORD WAS SET OR TIED.
MM INDICATES DATA IS MISSING.
T  INDICATES TRACE AMOUNT.




$$




103
CDUS46 KMTR 240836
CLINUQ


CLIMATE REPORT
NATIONAL WEATHER SERVICE SAN FRANCISCO BAY AREA
135 AM PDT FRI OCT 24 2014


...................................

...THE MOFFETT FIELD CLIMATE SUMMARY FOR OCTOBER 23 2014...

CLIMATE NORMAL PERIOD 1981 TO 2010
CLIMATE RECORD PERIOD 1945 TO 2014


WEATHER ITEM   OBSERVED TIME   RECORD YEAR NORMAL DEPARTURE LAST
                VALUE   (LST)  VALUE       VALUE  FROM      YEAR
                                                  NORMAL
..................................................................
TEMPERATURE (F)
 YESTERDAY
  MAXIMUM         74    149 PM  89    1959  72      2       64
  MINIMUM         57    422 AM  39    1949  53      4       53
  AVERAGE         66                        62      4       59

PRECIPITATION (IN)
  YESTERDAY        0.00          0.75 1989   0.02  -0.02     0.00
  MONTH TO DATE    0.02                      0.37  -0.35     0.00
  SINCE JUL 1      0.43                      0.58  -0.15     0.50
  SINCE JAN 1      5.62                     10.21  -4.59     2.32

DEGREE DAYS
 HEATING
  YESTERDAY        0                                         6
  MONTH TO DATE   10                                        59
  SINCE SEP 1     12                                        64
  SINCE JUL 1     12                                        68

 COOLING
  YESTERDAY        1                                         0
  MONTH TO DATE   73                                        14
  SINCE SEP 1    197                                       119
  SINCE JAN 1    639                                       478
..................................................................


WIND (MPH)
  RESULTANT WIND SPEED   2   RESULTANT WIND DIRECTION   N (340)
  HIGHEST WIND SPEED    12   HIGHEST WIND DIRECTION     N (350)
  HIGHEST GUST SPEED    14   HIGHEST GUST DIRECTION    NW (320)
  AVERAGE WIND SPEED     2.8


SKY COVER
  POSSIBLE SUNSHINE  MM
  AVERAGE SKY COVER 0.1


WEATHER CONDITIONS
 THE FOLLOWING WEATHER WAS RECORDED YESTERDAY.
  NO SIGNIFICANT WEATHER WAS OBSERVED.


RELATIVE HUMIDITY (PERCENT)
 HIGHEST    93           300 AM
 LOWEST     44           200 PM
 AVERAGE    69

..........................................................


THE MOFFETT FIELD CLIMATE NORMALS FOR TODAY
                         NORMAL    RECORD    YEAR
 MAXIMUM TEMPERATURE (F)   72        88      2003
 MINIMUM TEMPERATURE (F)   52        41      1953


SUNRISE AND SUNSET
OCTOBER 24 2014.......SUNRISE   725 AM PDT   SUNSET   619 PM PDT
OCTOBER 25 2014.......SUNRISE   726 AM PDT   SUNSET   618 PM PDT


-  INDICATES NEGATIVE NUMBERS.
R  INDICATES RECORD WAS SET OR TIED.
MM INDICATES DATA IS MISSING.
T  INDICATES TRACE AMOUNT.




$$




110
CDUS46 KMTR 240836
CLIWVI


CLIMATE REPORT
NATIONAL WEATHER SERVICE SAN FRANCISCO BAY AREA
135 AM PDT FRI OCT 24 2014


...................................

...THE WATSONVILLE AIRPORT CLIMATE SUMMARY FOR OCTOBER 23 2014...

CLIMATE NORMAL PERIOD 1981 TO 2010
CLIMATE RECORD PERIOD 1998 TO 2014


WEATHER ITEM   OBSERVED TIME   RECORD YEAR NORMAL DEPARTURE LAST
                VALUE   (LST)  VALUE       VALUE  FROM      YEAR
                                                  NORMAL
..................................................................
TEMPERATURE (F)
 YESTERDAY
  MAXIMUM         77    102 PM  94    2008  72      5       62
  MINIMUM         53    441 AM  44    2006  47      6       48
  AVERAGE         65                        60      5       55

PRECIPITATION (IN)
  YESTERDAY        0.00                                      0.00
  MONTH TO DATE    0.05                                      0.00
  SINCE JUL 1      0.52                                      0.15
  SINCE JAN 1      8.70                                      2.54

DEGREE DAYS
 HEATING
  YESTERDAY        0                                        10
  MONTH TO DATE   14                                       117
  SINCE SEP 1     23                                       153
  SINCE JUL 1     38                                       298

 COOLING
  YESTERDAY        0                                         0
  MONTH TO DATE   78                                        13
  SINCE SEP 1    141                                        59
  SINCE JAN 1    341                                       128
..................................................................


WIND (MPH)
  RESULTANT WIND SPEED   2   RESULTANT WIND DIRECTION   W (270)
  HIGHEST WIND SPEED    10   HIGHEST WIND DIRECTION    SW (240)
  HIGHEST GUST SPEED    15   HIGHEST GUST DIRECTION     S (200)
  AVERAGE WIND SPEED     3.0


SKY COVER
  POSSIBLE SUNSHINE  MM
  AVERAGE SKY COVER 0.0


WEATHER CONDITIONS
 THE FOLLOWING WEATHER WAS RECORDED YESTERDAY.
  NO SIGNIFICANT WEATHER WAS OBSERVED.


RELATIVE HUMIDITY (PERCENT)
 HIGHEST    93           700 PM
 LOWEST     46          1200 PM
 AVERAGE    70

..........................................................


THE WATSONVILLE AIRPORT CLIMATE NORMALS FOR TODAY
                         NORMAL    RECORD    YEAR
 MAXIMUM TEMPERATURE (F)   71        95      2003
 MINIMUM TEMPERATURE (F)   47        42      1999


SUNRISE AND SUNSET
OCTOBER 24 2014.......SUNRISE   723 AM PDT   SUNSET   619 PM PDT
OCTOBER 25 2014.......SUNRISE   724 AM PDT   SUNSET   618 PM PDT


-  INDICATES NEGATIVE NUMBERS.
R  INDICATES RECORD WAS SET OR TIED.
MM INDICATES DATA IS MISSING.
T  INDICATES TRACE AMOUNT.




$$




108
CDUS46 KMTR 240836
CLIHWD


CLIMATE REPORT
NATIONAL WEATHER SERVICE SAN FRANCISCO BAY AREA
135 AM PDT FRI OCT 24 2014


...................................

...THE HAYWARD AIRPORT CLIMATE SUMMARY FOR OCTOBER 23 2014...

CLIMATE NORMAL PERIOD 1981 TO 2010
CLIMATE RECORD PERIOD 1998 TO 2014


WEATHER ITEM   OBSERVED TIME   RECORD YEAR NORMAL DEPARTURE LAST
                VALUE   (LST)  VALUE       VALUE  FROM      YEAR
                                                  NORMAL
..................................................................
TEMPERATURE (F)
 YESTERDAY
  MAXIMUM         74    237 PM  83    2008  70      4       61
  MINIMUM         55    115 AM  49    1998  53      2       51
  AVERAGE         65                        62      3       56

PRECIPITATION (IN)
  YESTERDAY        0.00                                      0.00
  MONTH TO DATE    0.02                                      0.00
  SINCE JUL 1      0.39                                      0.22
  SINCE JAN 1      5.08                                      1.71

DEGREE DAYS
 HEATING
  YESTERDAY        0                                         9
  MONTH TO DATE   19                                        24
  SINCE SEP 1     19                                        71
  SINCE JUL 1     21                                       131

 COOLING
  YESTERDAY        0                                         0
  MONTH TO DATE   76                                         7
  SINCE SEP 1    238                                        54
  SINCE JAN 1    563                                       250
..................................................................


WIND (MPH)
  RESULTANT WIND SPEED   2   RESULTANT WIND DIRECTION   W (290)
  HIGHEST WIND SPEED    14   HIGHEST WIND DIRECTION    NW (300)
  HIGHEST GUST SPEED    16   HIGHEST GUST DIRECTION    NW (300)
  AVERAGE WIND SPEED     3.3


SKY COVER
  POSSIBLE SUNSHINE  MM
  AVERAGE SKY COVER 0.1


WEATHER CONDITIONS
 THE FOLLOWING WEATHER WAS RECORDED YESTERDAY.
  NO SIGNIFICANT WEATHER WAS OBSERVED.


RELATIVE HUMIDITY (PERCENT)
 HIGHEST   100          1200 AM
 LOWEST     53           200 PM
 AVERAGE    77

..........................................................


THE HAYWARD AIRPORT CLIMATE NORMALS FOR TODAY
                         NORMAL    RECORD    YEAR
 MAXIMUM TEMPERATURE (F)   70        89      2003
 MINIMUM TEMPERATURE (F)   52        48      2013


SUNRISE AND SUNSET
OCTOBER 24 2014.......SUNRISE   726 AM PDT   SUNSET   619 PM PDT
OCTOBER 25 2014.......SUNRISE   727 AM PDT   SUNSET   618 PM PDT


-  INDICATES NEGATIVE NUMBERS.
R  INDICATES RECORD WAS SET OR TIED.
MM INDICATES DATA IS MISSING.
T  INDICATES TRACE AMOUNT.




$$




National Weather Service
Disclaimer
Last Modified: August 31, 2005
Privacy Policy