308
CDUS43 KGRR 211342
CLIJXN


CLIMATE REPORT
NATIONAL WEATHER SERVICE GRAND RAPIDS, MI
941 AM EDT SUN SEP 21 2014


...................................

...THE JACKSON MI CLIMATE SUMMARY FOR SEPTEMBER 21 2014...
VALID AS OF 0900 AM LOCAL TIME.

CLIMATE NORMAL PERIOD 1981 TO 2010
CLIMATE RECORD PERIOD 1944 TO 9999


WEATHER ITEM   OBSERVED TIME   RECORD YEAR NORMAL DEPARTURE LAST
                VALUE   (LST)  VALUE       VALUE  FROM      YEAR
                                                  NORMAL
..................................................................
TEMPERATURE (F)
 TODAY
  MAXIMUM         68    434 AM  MM      MM  71     -3       67
  MINIMUM         60    748 AM  MM      MM  49     11       53
  AVERAGE         64                        60      4       60

PRECIPITATION (IN)
  TODAY            0.02         MM      MM   0.12  -0.10     0.00
  MONTH TO DATE    1.87                      2.43  -0.56     2.46
  SINCE SEP 1      1.87                      2.43  -0.56     2.46
  SINCE JAN 1     24.88                     23.35   1.53    27.01

DEGREE DAYS
 HEATING
  TODAY            1                         7     -6        5
  MONTH TO DATE  109                        79     30       78
  SINCE SEP 1    109                        79     30       78

 COOLING
  TODAY            0                         1     -1        0
  MONTH TO DATE   50                        50      0       64
  SINCE SEP 1     50                        50      0       64
..................................................................


WIND (MPH)
  HIGHEST WIND SPEED    23   HIGHEST WIND DIRECTION    SW (240)
  HIGHEST GUST SPEED    30   HIGHEST GUST DIRECTION     W (260)



WEATHER CONDITIONS
 THE FOLLOWING WEATHER WAS RECORDED TODAY.
  LIGHT RAIN


..........................................................




SUNRISE AND SUNSET
SEPTEMBER 21 2014.....SUNRISE   724 AM EDT   SUNSET   737 PM EDT
SEPTEMBER 22 2014.....SUNRISE   725 AM EDT   SUNSET   735 PM EDT


-  INDICATES NEGATIVE NUMBERS.
R  INDICATES RECORD WAS SET OR TIED.
MM INDICATES DATA IS MISSING.
T  INDICATES TRACE AMOUNT.




$$

CAS



National Weather Service
Disclaimer
Last Modified: August 31, 2005
Privacy Policy