721
CDUS45 KTFX 012225
CLIHLN


CLIMATE REPORT
NATIONAL WEATHER SERVICE GREAT FALLS MT
424 PM MDT WED OCT 1 2014


...................................

...THE HELENA MT CLIMATE SUMMARY FOR OCTOBER 1 2014...
VALID TODAY AS OF 0400 PM LOCAL TIME.

CLIMATE NORMAL PERIOD 1981 TO 2010
CLIMATE RECORD PERIOD 1866 TO 2014


WEATHER ITEM   OBSERVED TIME   RECORD YEAR NORMAL DEPARTURE LAST
                VALUE   (LST)  VALUE       VALUE  FROM      YEAR
                                                  NORMAL
..................................................................
TEMPERATURE (F)
 TODAY
  MAXIMUM         59    259 PM  87    2001  66     -7       59
                                      1997
  MINIMUM         44    151 AM  15    1950  38      6       33
  AVERAGE         52                        52      0       46

PRECIPITATION (IN)
  TODAY            0.02          0.33 1946   0.03  -0.01     0.00
  MONTH TO DATE    0.02                      0.03  -0.01     0.00
  SINCE OCT 1      0.02                      0.03  -0.01     0.00
  SINCE JAN 1      9.98                      9.68   0.30     9.58

SNOWFALL (IN)
  TODAY            0.0           3.5  1900   0.1   -0.1      0.0
  MONTH TO DATE    0.0                       0.1   -0.1      0.0
  SINCE SEP 1      T                         1.4   -1.4      0.0
  SINCE JUL 1      T                         1.7   -1.7      0.0
  SNOW DEPTH       0

DEGREE DAYS
 HEATING
  TODAY           13                        13      0       19
  MONTH TO DATE   13                        13      0       19
  SINCE SEP 1    207                       250    -43      193
  SINCE JUL 1    254                       319    -65      196

 COOLING
  TODAY            0                         0      0        0
  MONTH TO DATE    0                         0      0        0
  SINCE SEP 1     18                        23     -5       80
  SINCE JAN 1    466                       406     60      589
..................................................................


WIND (MPH)
  HIGHEST WIND SPEED    22   HIGHEST WIND DIRECTION     W (260)
  HIGHEST GUST SPEED    29   HIGHEST GUST DIRECTION     W (290)
  AVERAGE WIND SPEED    12.7


SKY COVER
  AVERAGE SKY COVER 0.8


WEATHER CONDITIONS
 THE FOLLOWING WEATHER WAS RECORDED TODAY.
  LIGHT RAIN


RELATIVE HUMIDITY (PERCENT)
 HIGHEST    71           700 AM
 LOWEST     31           200 PM
 AVERAGE    51

..........................................................


THE HELENA MT CLIMATE NORMALS FOR TOMORROW
                         NORMAL    RECORD    YEAR
 MAXIMUM TEMPERATURE (F)   65        85      1992
 MINIMUM TEMPERATURE (F)   37        19      1950
                                             1891


SUNRISE AND SUNSET
OCTOBER  1 2014.......SUNRISE   727 AM MDT   SUNSET   708 PM MDT
OCTOBER  2 2014.......SUNRISE   728 AM MDT   SUNSET   706 PM MDT


-  INDICATES NEGATIVE NUMBERS.
R  INDICATES RECORD WAS SET OR TIED.
MM INDICATES DATA IS MISSING.
T  INDICATES TRACE AMOUNT.




$$




099
CDUS45 KTFX 012225
CLICTB


CLIMATE REPORT
NATIONAL WEATHER SERVICE GREAT FALLS MT
424 PM MDT WED OCT 1 2014


...................................

...THE CUT BANK MT CLIMATE SUMMARY FOR OCTOBER 1 2014...
VALID TODAY AS OF 0400 PM LOCAL TIME.

CLIMATE NORMAL PERIOD 1981 TO 2010
CLIMATE RECORD PERIOD 1903 TO 2014


WEATHER ITEM   OBSERVED TIME   RECORD YEAR NORMAL DEPARTURE LAST
                VALUE   (LST)  VALUE       VALUE  FROM      YEAR
                                                  NORMAL
..................................................................
TEMPERATURE (F)
 TODAY
  MAXIMUM         59   1231 PM  88    1992  62     -3       55
  MINIMUM         37    656 AM  14    1950  35      2       37
  AVERAGE         48                        48      0       46

PRECIPITATION (IN)
  TODAY            0.00          0.51 1966   0.03  -0.03     0.00
  MONTH TO DATE    0.00                      0.03  -0.03     0.00
  SINCE OCT 1      0.00                      0.03  -0.03     0.00
  SINCE JAN 1     14.89                      9.91   4.98    13.70

SNOWFALL (IN)
  TODAY           MM
  SNOW DEPTH       0

DEGREE DAYS
 HEATING
  TODAY           17                        17      0       19
  MONTH TO DATE   17                        17      0       19
  SINCE SEP 1    331                       360    -29      242
  SINCE JUL 1    428                       554   -126      314

 COOLING
  TODAY            0                         0      0        0
  MONTH TO DATE    0                         0      0        0
  SINCE SEP 1     11                         8      3       31
  SINCE JAN 1    208                       161     47      226
..................................................................


WIND (MPH)
  HIGHEST WIND SPEED    30   HIGHEST WIND DIRECTION    SW (240)
  HIGHEST GUST SPEED    40   HIGHEST GUST DIRECTION    SW (240)
  AVERAGE WIND SPEED    15.1


SKY COVER
  AVERAGE SKY COVER 0.2


WEATHER CONDITIONS
 THE FOLLOWING WEATHER WAS RECORDED TODAY.
  NO SIGNIFICANT WEATHER WAS OBSERVED.


RELATIVE HUMIDITY (PERCENT)
 HIGHEST    89          1200 AM
 LOWEST     36           200 PM
 AVERAGE    63

..........................................................


THE CUT BANK MT CLIMATE NORMALS FOR TOMORROW
                         NORMAL    RECORD    YEAR
 MAXIMUM TEMPERATURE (F)   62        85      1963
 MINIMUM TEMPERATURE (F)   35        15      1925


SUNRISE AND SUNSET
OCTOBER  1 2014.......SUNRISE   729 AM MDT   SUNSET   708 PM MDT
OCTOBER  2 2014.......SUNRISE   730 AM MDT   SUNSET   706 PM MDT


-  INDICATES NEGATIVE NUMBERS.
R  INDICATES RECORD WAS SET OR TIED.
MM INDICATES DATA IS MISSING.
T  INDICATES TRACE AMOUNT.




$$




National Weather Service
Disclaimer
Last Modified: August 31, 2005
Privacy Policy