346
CDUS44 KMEG 160643
CLIJBR


CLIMATE REPORT
NATIONAL WEATHER SERVICE MEMPHIS TN
143 AM CDT WED APR 16 2014


...................................

...THE JONESBORO CLIMATE SUMMARY FOR APRIL 15 2014...

CLIMATE NORMAL PERIOD 1981 TO 2010
CLIMATE RECORD PERIOD 1897 TO 2014


WEATHER ITEM   OBSERVED TIME   RECORD YEAR NORMAL DEPARTURE LAST
                VALUE   (LST)  VALUE       VALUE  FROM      YEAR
                                                  NORMAL
..................................................................
TEMPERATURE (F)
 YESTERDAY
  MAXIMUM         52    509 PM  93    1912  70    -18       78
  MINIMUM         34    603 AM  30    2008  49    -15       59
  AVERAGE         43                        60    -17       69

PRECIPITATION (IN)
  YESTERDAY        0.00          3.37 1927   0.16  -0.16     0.00
  MONTH TO DATE    3.83                      2.33   1.50     1.45
  SINCE MAR 1      8.84                      6.83   2.01     3.54
  SINCE JAN 1     13.55                     13.98  -0.43    13.33

SNOWFALL (IN)
  YESTERDAY        0.0          MM      MM   0.0    0.0      0.0
  MONTH TO DATE    0.0                       0.0    0.0      0.0
  SINCE MAR 1      3.2                       0.7    2.5      4.0
  SINCE JUL 1      5.2                       4.8    0.4     11.0
  SNOW DEPTH       0

DEGREE DAYS
 HEATING
  YESTERDAY       22                         7     15        0
  MONTH TO DATE  132                       129      3      137
  SINCE MAR 1    763                       593    170      752
  SINCE JUL 1   4028                      3549    479     3380

 COOLING
  YESTERDAY        0                         1     -1        4
  MONTH TO DATE   13                        15     -2       23
  SINCE MAR 1     13                        21     -8       23
  SINCE JAN 1     13                        21     -8       23
..................................................................


WIND (MPH)
  HIGHEST WIND SPEED    18   HIGHEST WIND DIRECTION     N (350)
  HIGHEST GUST SPEED    26   HIGHEST GUST DIRECTION    NW (330)
  AVERAGE WIND SPEED     7.6


SKY COVER
  POSSIBLE SUNSHINE  MM
  AVERAGE SKY COVER 0.1


WEATHER CONDITIONS
 THE FOLLOWING WEATHER WAS RECORDED YESTERDAY.
  NO SIGNIFICANT WEATHER WAS OBSERVED.


RELATIVE HUMIDITY (PERCENT)
 HIGHEST    69           600 AM
 LOWEST     30           400 PM
 AVERAGE    50

..........................................................


THE JONESBORO CLIMATE NORMALS FOR TODAY
                         NORMAL    RECORD    YEAR
 MAXIMUM TEMPERATURE (F)   71        91      1914
 MINIMUM TEMPERATURE (F)   50        30      1928
                                             1905


SUNRISE AND SUNSET
APRIL 16 2014.........SUNRISE   628 AM CDT   SUNSET   737 PM CDT
APRIL 17 2014.........SUNRISE   627 AM CDT   SUNSET   738 PM CDT


-  INDICATES NEGATIVE NUMBERS.
R  INDICATES RECORD WAS SET OR TIED.
MM INDICATES DATA IS MISSING.
T  INDICATES TRACE AMOUNT.




$$




343
CDUS44 KMEG 160643
CLITUP


CLIMATE REPORT
NATIONAL WEATHER SERVICE MEMPHIS TN
143 AM CDT WED APR 16 2014


...................................

...THE TUPELO CLIMATE SUMMARY FOR APRIL 15 2014...

CLIMATE NORMAL PERIOD 1981 TO 2010
CLIMATE RECORD PERIOD 1930 TO 2014


WEATHER ITEM   OBSERVED TIME   RECORD YEAR NORMAL DEPARTURE LAST
                VALUE   (LST)  VALUE       VALUE  FROM      YEAR
                                                  NORMAL
..................................................................
TEMPERATURE (F)
 YESTERDAY
  MAXIMUM         52    354 PM  88    2006  74    -22       79
                                      1936
  MINIMUM         33R  1130 PM  33    2008  50    -17       54
                                      1980
                                      1971
  AVERAGE         43                        62    -19       67

PRECIPITATION (IN)
  YESTERDAY        0.01          1.13 2011   0.15  -0.14     0.00
  MONTH TO DATE    4.86                      2.29   2.57     3.53
  SINCE MAR 1      7.94                      7.11   0.83     7.86
  SINCE JAN 1     14.03                     16.55  -2.52    20.29

SNOWFALL (IN)
  YESTERDAY        0.0          MM      MM   0.0    0.0      0.0
  MONTH TO DATE    0.0                       0.0    0.0      0.0
  SINCE MAR 1      T                         0.3   -0.3       T
  SINCE JUL 1      0.5                       2.1   -1.6       T
  SNOW DEPTH       0

DEGREE DAYS
 HEATING
  YESTERDAY       22                         5     17        0
  MONTH TO DATE  100                        96      4       94
  SINCE MAR 1    560                       451    109      609
  SINCE JUL 1   3390                      2882    508     2835

 COOLING
  YESTERDAY        0                         2     -2        2
  MONTH TO DATE   21                        21      0       24
  SINCE MAR 1     21                        35    -14       25
  SINCE JAN 1     21                        37    -16       31
..................................................................


WIND (MPH)
  HIGHEST WIND SPEED    26   HIGHEST WIND DIRECTION    NE (30)
  HIGHEST GUST SPEED    35   HIGHEST GUST DIRECTION    NE (30)
  AVERAGE WIND SPEED    14.0


SKY COVER
  POSSIBLE SUNSHINE  MM
  AVERAGE SKY COVER 0.3


WEATHER CONDITIONS
 THE FOLLOWING WEATHER WAS RECORDED YESTERDAY.
  LIGHT RAIN
  FOG


RELATIVE HUMIDITY (PERCENT)
 HIGHEST    89          1200 AM
 LOWEST     32           300 PM
 AVERAGE    61

..........................................................


THE TUPELO CLIMATE NORMALS FOR TODAY
                         NORMAL    RECORD    YEAR
 MAXIMUM TEMPERATURE (F)   74        88      1977
 MINIMUM TEMPERATURE (F)   50        28      1983


SUNRISE AND SUNSET
APRIL 16 2014.........SUNRISE   623 AM CDT   SUNSET   728 PM CDT
APRIL 17 2014.........SUNRISE   621 AM CDT   SUNSET   728 PM CDT


-  INDICATES NEGATIVE NUMBERS.
R  INDICATES RECORD WAS SET OR TIED.
MM INDICATES DATA IS MISSING.
T  INDICATES TRACE AMOUNT.




$$




347
CDUS44 KMEG 160643
CLIMKL


CLIMATE REPORT
NATIONAL WEATHER SERVICE MEMPHIS TN
143 AM CDT WED APR 16 2014


...................................

...THE JACKSON CLIMATE SUMMARY FOR APRIL 15 2014...

CLIMATE NORMAL PERIOD 1981 TO 2010
CLIMATE RECORD PERIOD 1948 TO 2014


WEATHER ITEM   OBSERVED TIME   RECORD YEAR NORMAL DEPARTURE LAST
                VALUE   (LST)  VALUE       VALUE  FROM      YEAR
                                                  NORMAL
..................................................................
TEMPERATURE (F)
 YESTERDAY
  MAXIMUM         50    402 PM  88    1977  72    -22       81
  MINIMUM         30   1157 PM  28    2008  48    -18       58
  AVERAGE         40                        60    -20       70

PRECIPITATION (IN)
  YESTERDAY        0.01          1.87 1961   0.15  -0.14     0.00
  MONTH TO DATE    2.45                      2.32   0.13     4.07
  SINCE MAR 1      8.29                      7.07   1.22     7.92
  SINCE JAN 1     16.45                     15.31   1.14    19.86

SNOWFALL (IN)
  YESTERDAY        T            MM      MM   0.0    0.0      0.0
  MONTH TO DATE    T                         0.1   -0.1      0.0
  SINCE MAR 1      0.8                       0.5    0.3       T
  SINCE JUL 1      1.3                       4.7   -3.4      1.4
  SNOW DEPTH       0

DEGREE DAYS
 HEATING
  YESTERDAY       25                         7     18        0
  MONTH TO DATE  124                       126     -2      132
  SINCE MAR 1    718                       570    148      766
  SINCE JUL 1   4014                      3454    560     3469

 COOLING
  YESTERDAY        0                         2     -2        5
  MONTH TO DATE   31                        16     15       28
  SINCE MAR 1     31                        26      5       28
  SINCE JAN 1     31                        27      4       32
..................................................................


WIND (MPH)
  HIGHEST WIND SPEED    28   HIGHEST WIND DIRECTION     N (350)
  HIGHEST GUST SPEED    36   HIGHEST GUST DIRECTION     N (350)
  AVERAGE WIND SPEED    12.6


SKY COVER
  POSSIBLE SUNSHINE  MM
  AVERAGE SKY COVER 0.2


WEATHER CONDITIONS
 THE FOLLOWING WEATHER WAS RECORDED YESTERDAY.
  LIGHT RAIN
  LIGHT SNOW


RELATIVE HUMIDITY (PERCENT)
 HIGHEST    85          1100 PM
 LOWEST     31           300 PM
 AVERAGE    58

..........................................................


THE JACKSON CLIMATE NORMALS FOR TODAY
                         NORMAL    RECORD    YEAR
 MAXIMUM TEMPERATURE (F)   72        89      1977
 MINIMUM TEMPERATURE (F)   48        29      1983


SUNRISE AND SUNSET
APRIL 16 2014.........SUNRISE   622 AM CDT   SUNSET   730 PM CDT
APRIL 17 2014.........SUNRISE   620 AM CDT   SUNSET   730 PM CDT


-  INDICATES NEGATIVE NUMBERS.
R  INDICATES RECORD WAS SET OR TIED.
MM INDICATES DATA IS MISSING.
T  INDICATES TRACE AMOUNT.




$$




National Weather Service
Disclaimer
Last Modified: August 31, 2005
Privacy Policy