344
CDUS46 KLOX 260120
CLIPRB


CLIMATE REPORT
NATIONAL WEATHER SERVICE LOS ANGELES/OXNARD CA
620 PM PDT SAT OCT 25 2014


...................................

...THE PASO ROBLES AIRPORT CA CLIMATE SUMMARY FOR OCTOBER 25 2014...
VALID TODAY AS OF 0600 PM LOCAL TIME.

CLIMATE NORMAL PERIOD 1981 TO 2010
CLIMATE RECORD PERIOD 1948 TO 2014


WEATHER ITEM   OBSERVED TIME   RECORD YEAR NORMAL DEPARTURE LAST
                VALUE   (LST)  VALUE       VALUE  FROM      YEAR
                                                  NORMAL
..................................................................
TEMPERATURE (F)
 TODAY
  MAXIMUM         75   1211 PM  94    2003  76     -1       85
  MINIMUM         46    624 AM  30    1975  42      4       43
  AVERAGE         61                        59      2       64

PRECIPITATION (IN)
  TODAY            T             0.18 1950   0.03  -0.03     0.00
  MONTH TO DATE    T                         0.43  -0.43     0.02
  SINCE JUL 1      T                         0.76  -0.76     0.02
  SINCE JAN 1      4.46                      9.55  -5.09     1.48

SNOWFALL (IN)
  TODAY           MM
  MONTH TO DATE    0.0
  SINCE SEP 1      0.0
  SINCE JUL 1      0.0

DEGREE DAYS
 HEATING
  TODAY            4                         6     -2        1
  MONTH TO DATE   20                        95    -75       89
  SINCE SEP 1     21                       119    -98      100
  SINCE JUL 1     21                       127   -106      100

 COOLING
  TODAY            0                         0      0        0
  MONTH TO DATE  104                        34     70        5
  SINCE SEP 1    349                       192    157      199
  SINCE JAN 1   1356                       925    431     1173
..................................................................


WIND (MPH)
  HIGHEST WIND SPEED    16   HIGHEST WIND DIRECTION     W (280)
  HIGHEST GUST SPEED    19   HIGHEST GUST DIRECTION     W (270)
  AVERAGE WIND SPEED     5.0


SKY COVER
  POSSIBLE SUNSHINE  MM
  AVERAGE SKY COVER 0.3


WEATHER CONDITIONS
 THE FOLLOWING WEATHER WAS RECORDED TODAY.
  LIGHT RAIN


RELATIVE HUMIDITY (PERCENT)
 HIGHEST    93           600 AM
 LOWEST     44           500 PM
 AVERAGE    69

..........................................................


THE PASO ROBLES AIRPORT CA CLIMATE NORMALS FOR TOMORROW
                         NORMAL    RECORD    YEAR
 MAXIMUM TEMPERATURE (F)   75        94      2003
 MINIMUM TEMPERATURE (F)   42        30      1971


SUNRISE AND SUNSET
OCTOBER 25 2014.......SUNRISE   718 AM PDT   SUNSET   615 PM PDT
OCTOBER 26 2014.......SUNRISE   719 AM PDT   SUNSET   613 PM PDT


-  INDICATES NEGATIVE NUMBERS.
R  INDICATES RECORD WAS SET OR TIED.
MM INDICATES DATA IS MISSING.
T  INDICATES TRACE AMOUNT.




$$




342
CDUS46 KLOX 260120
CLILAX


CLIMATE REPORT
NATIONAL WEATHER SERVICE LOS ANGELES/OXNARD CA
620 PM PDT SAT OCT 25 2014


...................................

...THE LOS ANGELES AIRPORT CLIMATE SUMMARY FOR OCTOBER 25 2014...
VALID TODAY AS OF 0600 PM LOCAL TIME.

CLIMATE NORMAL PERIOD 1981 TO 2010
CLIMATE RECORD PERIOD 1944 TO 2014


WEATHER ITEM   OBSERVED TIME   RECORD YEAR NORMAL DEPARTURE LAST
                VALUE   (LST)  VALUE       VALUE  FROM      YEAR
                                                  NORMAL
..................................................................
TEMPERATURE (F)
 TODAY
  MAXIMUM         74    213 PM  92    1983  72      2       67
  MINIMUM         63    221 AM  48    1971  58      5       60
  AVERAGE         69                        65      4       64

PRECIPITATION (IN)
  TODAY            0.00          0.19 1951   0.03  -0.03     0.00
  MONTH TO DATE    0.00                      0.40  -0.40     0.02
  SINCE JUL 1      0.19                      0.69  -0.50     0.05
  SINCE JAN 1      3.60                      9.50  -5.90     2.66

SNOWFALL (IN)
  TODAY            0.0
  MONTH TO DATE    0.0
  SINCE SEP 1      0.0
  SINCE JUL 1      0.0

DEGREE DAYS
 HEATING
  TODAY            0                         2     -2        1
  MONTH TO DATE    0                        24    -24       21
  SINCE SEP 1      0                        29    -29       21
  SINCE JUL 1      0                        33    -33       22

 COOLING
  TODAY            4                         2      2        0
  MONTH TO DATE  153                        57     96       71
  SINCE SEP 1    400                       179    221      232
  SINCE JAN 1   1118                       525    593      662
..................................................................


WIND (MPH)
  HIGHEST WIND SPEED    20   HIGHEST WIND DIRECTION     W (260)
  HIGHEST GUST SPEED    22   HIGHEST GUST DIRECTION     W (260)
  AVERAGE WIND SPEED     8.1


SKY COVER
  POSSIBLE SUNSHINE  MM
  AVERAGE SKY COVER 0.5


WEATHER CONDITIONS
 THE FOLLOWING WEATHER WAS RECORDED TODAY.
  FOG


RELATIVE HUMIDITY (PERCENT)
 HIGHEST    97          1200 AM
 LOWEST     57           100 PM
 AVERAGE    77

..........................................................


THE LOS ANGELES AIRPORT CLIMATE NORMALS FOR TOMORROW
                         NORMAL    RECORD    YEAR
 MAXIMUM TEMPERATURE (F)   72        91      1983
                                             1983
 MINIMUM TEMPERATURE (F)   58        49      1975


SUNRISE AND SUNSET
OCTOBER 25 2014.......SUNRISE   707 AM PDT   SUNSET   608 PM PDT
OCTOBER 26 2014.......SUNRISE   708 AM PDT   SUNSET   607 PM PDT


-  INDICATES NEGATIVE NUMBERS.
R  INDICATES RECORD WAS SET OR TIED.
MM INDICATES DATA IS MISSING.
T  INDICATES TRACE AMOUNT.




$$




338
CDUS46 KLOX 260120
CLIPMD


CLIMATE REPORT
NATIONAL WEATHER SERVICE LOS ANGELES/OXNARD CA
620 PM PDT SAT OCT 25 2014


...................................

...THE PALMDALE AIRPORT CA CLIMATE SUMMARY FOR OCTOBER 25 2014...
VALID TODAY AS OF 0600 PM LOCAL TIME.

CLIMATE NORMAL PERIOD 1981 TO 2010
CLIMATE RECORD PERIOD 1931 TO 2014


WEATHER ITEM   OBSERVED TIME   RECORD YEAR NORMAL DEPARTURE LAST
                VALUE   (LST)  VALUE       VALUE  FROM      YEAR
                                                  NORMAL
..................................................................
TEMPERATURE (F)
 TODAY
  MAXIMUM         81   1127 AM  92    1959  75      6       84
  MINIMUM         56    628 AM  28    1935  45     11       47
  AVERAGE         69                        60      9       66

PRECIPITATION (IN)
  TODAY            0.00          0.33 1951   0.03  -0.03     0.00
  MONTH TO DATE    0.00                      0.46  -0.46     0.08
  SINCE JUL 1      0.16                      0.99  -0.83     0.21
  SINCE JAN 1      3.21                      6.31  -3.10     1.07

SNOWFALL (IN)
  TODAY            0.0           0.0  1973  MM               0.0
  MONTH TO DATE    0.0                      MM               0.0
  SINCE SEP 1      0.0                      MM               0.0
  SINCE JUL 1      0.0                      MM               0.0
  SNOW DEPTH       0

DEGREE DAYS
 HEATING
  TODAY            0                         6     -6        0
  MONTH TO DATE    4                        75    -71       97
  SINCE SEP 1      5                        87    -82      111
  SINCE JUL 1      5                        87    -82      111

 COOLING
  TODAY            4                         1      3        1
  MONTH TO DATE  121                        57     64       12
  SINCE SEP 1    509                       332    177      361
  SINCE JAN 1   2222                      1814    408     2126
..................................................................


WIND (MPH)
  HIGHEST WIND SPEED    26   HIGHEST WIND DIRECTION    SW (230)
  HIGHEST GUST SPEED    33   HIGHEST GUST DIRECTION    SW (230)
  AVERAGE WIND SPEED    10.0


SKY COVER
  POSSIBLE SUNSHINE  MM
  AVERAGE SKY COVER 0.2


WEATHER CONDITIONS
 THE FOLLOWING WEATHER WAS RECORDED TODAY.
  NO SIGNIFICANT WEATHER WAS OBSERVED.


RELATIVE HUMIDITY (PERCENT)
 HIGHEST    43           700 AM
 LOWEST     23          1100 AM
 AVERAGE    33

..........................................................


THE PALMDALE AIRPORT CA CLIMATE NORMALS FOR TOMORROW
                         NORMAL    RECORD    YEAR
 MAXIMUM TEMPERATURE (F)   75        87      2008
 MINIMUM TEMPERATURE (F)   45        28      1954


SUNRISE AND SUNSET
OCTOBER 25 2014.......SUNRISE   707 AM PDT   SUNSET   606 PM PDT
OCTOBER 26 2014.......SUNRISE   707 AM PDT   SUNSET   605 PM PDT


-  INDICATES NEGATIVE NUMBERS.
R  INDICATES RECORD WAS SET OR TIED.
MM INDICATES DATA IS MISSING.
T  INDICATES TRACE AMOUNT.




$$




National Weather Service
Disclaimer
Last Modified: August 31, 2005
Privacy Policy