192
CDUS46 KSGX 230122
CLITRM


CLIMATE REPORT
NATIONAL WEATHER SERVICE SAN DIEGO, CA
522 PM PST SAT NOV 22 2014


...................................

...THE THERMAL AIRPORT CA CLIMATE SUMMARY FOR NOVEMBER 22 2014...
VALID TODAY AS OF 0500 PM LOCAL TIME.

CLIMATE NORMAL PERIOD 1981 TO 2010
CLIMATE RECORD PERIOD 1950 TO 2014


WEATHER ITEM   OBSERVED TIME   RECORD YEAR NORMAL DEPARTURE LAST
                VALUE   (LST)  VALUE       VALUE  FROM      YEAR
                                                  NORMAL
..................................................................
TEMPERATURE (F)
 TODAY
  MAXIMUM         77    220 PM  93    1950  76      1       63
  MINIMUM         43    540 AM  29    1979  40      3       51
  AVERAGE         60                        58      2       57

PRECIPITATION (IN)
  TODAY            0.00          0.66 1965   0.01  -0.01     0.07
  MONTH TO DATE    T                         0.15  -0.15     0.07
  SINCE JUL 1      0.45                      0.95  -0.50     1.46
  SINCE JAN 1      0.53                      2.77  -2.24     1.90

SNOWFALL (IN)
  TODAY            0.0
  MONTH TO DATE    0.0
  SINCE JAN 1      0.0
  SINCE JUL 1      0.0
  SNOW DEPTH       0

DEGREE DAYS
 HEATING
  TODAY            5                         7     -2        8
  MONTH TO DATE   52                        86    -34       42
  SINCE SEP 1     52                        97    -45       51
  SINCE JUL 1     52                        97    -45       51

 COOLING
  TODAY            0                         0      0        0
  MONTH TO DATE   19                        33    -14       20
  SINCE SEP 1   1061                       853    208      788
  SINCE JAN 1   4258                      3686    572     4072
..................................................................


WIND (MPH)
  RESULTANT WIND SPEED   1   RESULTANT WIND DIRECTION   E (100)
  HIGHEST WIND SPEED     9   HIGHEST WIND DIRECTION    SE (150)
  HIGHEST GUST SPEED    13   HIGHEST GUST DIRECTION     S (160)
  AVERAGE WIND SPEED     3.2


SKY COVER
  POSSIBLE SUNSHINE  MM
  AVERAGE SKY COVER 0.0


WEATHER CONDITIONS
 THE FOLLOWING WEATHER WAS RECORDED TODAY.
  NO SIGNIFICANT WEATHER WAS OBSERVED.


RELATIVE HUMIDITY (PERCENT)
 HIGHEST    83           400 AM
 LOWEST     23           200 PM
 AVERAGE    53

..........................................................


THE THERMAL AIRPORT CA CLIMATE NORMALS FOR TOMORROW
                         NORMAL    RECORD    YEAR
 MAXIMUM TEMPERATURE (F)   76        93      1950
 MINIMUM TEMPERATURE (F)   40        26      1999


SUNRISE AND SUNSET
NOVEMBER 22 2014......SUNRISE   623 AM PST   SUNSET   438 PM PST
NOVEMBER 23 2014......SUNRISE   624 AM PST   SUNSET   438 PM PST


-  INDICATES NEGATIVE NUMBERS.
R  INDICATES RECORD WAS SET OR TIED.
MM INDICATES DATA IS MISSING.
T  INDICATES TRACE AMOUNT.




$$




346
CDUS46 KSGX 230122
CLIONT


CLIMATE REPORT
NATIONAL WEATHER SERVICE SAN DIEGO, CA
522 PM PST SAT NOV 22 2014


...................................

...THE ONTARIO INTL AIRPORT CA CLIMATE SUMMARY FOR NOVEMBER 22 2014...
VALID TODAY AS OF 0500 PM LOCAL TIME.

CLIMATE NORMAL PERIOD 1981 TO 2010
CLIMATE RECORD PERIOD 1998 TO 2014


WEATHER ITEM   OBSERVED TIME   RECORD YEAR NORMAL DEPARTURE LAST
                VALUE   (LST)  VALUE       VALUE  FROM      YEAR
                                                  NORMAL
..................................................................
TEMPERATURE (F)
 TODAY
  MAXIMUM         72    226 PM  84    2005  71      1       60
  MINIMUM         47    436 AM  40    2011  45      2       48
  AVERAGE         60                        58      2       54

PRECIPITATION (IN)
  TODAY            0.00          0.01 2010   0.05  -0.05      T
  MONTH TO DATE    0.72                      0.97  -0.25     0.29
  SINCE JUL 1      1.15                      2.10  -0.95     0.53
  SINCE JAN 1      4.64                     12.48  -7.84     3.32

SNOWFALL (IN)
  TODAY            0.0
  MONTH TO DATE    0.0
  SINCE JAN 1      0.0
  SINCE JUL 1      0.0
  SNOW DEPTH       0

DEGREE DAYS
 HEATING
  TODAY            5                         7     -2       11
  MONTH TO DATE   54                       107    -53       65
  SINCE SEP 1     54                       152    -98      108
  SINCE JUL 1     54                       152    -98      108

 COOLING
  TODAY            0                         0      0        0
  MONTH TO DATE   35                        21     14       25
  SINCE SEP 1    770                       481    289      524
  SINCE JAN 1   2389                      1704    685     1997
..................................................................


WIND (MPH)
  RESULTANT WIND SPEED   1   RESULTANT WIND DIRECTION   N (340)
  HIGHEST WIND SPEED    10   HIGHEST WIND DIRECTION     W (250)
  HIGHEST GUST SPEED    17   HIGHEST GUST DIRECTION     W (270)
  AVERAGE WIND SPEED     2.7


SKY COVER
  POSSIBLE SUNSHINE  MM
  AVERAGE SKY COVER 0.4


WEATHER CONDITIONS
 THE FOLLOWING WEATHER WAS RECORDED TODAY.
  NO SIGNIFICANT WEATHER WAS OBSERVED.


RELATIVE HUMIDITY (PERCENT)
 HIGHEST    80           600 AM
 LOWEST     35           200 PM
 AVERAGE    58

..........................................................


THE ONTARIO INTL AIRPORT CA CLIMATE NORMALS FOR TOMORROW
                         NORMAL    RECORD    YEAR
 MAXIMUM TEMPERATURE (F)   70        84      2012
 MINIMUM TEMPERATURE (F)   45        37      2003


SUNRISE AND SUNSET
NOVEMBER 22 2014......SUNRISE   630 AM PST   SUNSET   443 PM PST
NOVEMBER 23 2014......SUNRISE   631 AM PST   SUNSET   443 PM PST


-  INDICATES NEGATIVE NUMBERS.
R  INDICATES RECORD WAS SET OR TIED.
MM INDICATES DATA IS MISSING.
T  INDICATES TRACE AMOUNT.




$$




190
CDUS46 KSGX 230122
CLIRNM


CLIMATE REPORT
NATIONAL WEATHER SERVICE SAN DIEGO, CA
522 PM PST SAT NOV 22 2014


...................................

...THE RAMONA AIRPORT CA CLIMATE SUMMARY FOR NOVEMBER 22 2014...
VALID TODAY AS OF 0500 PM LOCAL TIME.

CLIMATE NORMAL PERIOD 1981 TO 2010
CLIMATE RECORD PERIOD 1974 TO 2014


WEATHER ITEM   OBSERVED TIME   RECORD YEAR NORMAL DEPARTURE LAST
                VALUE   (LST)  VALUE       VALUE  FROM      YEAR
                                                  NORMAL
..................................................................
TEMPERATURE (F)
 TODAY
  MAXIMUM         70    152 PM  84    2005  69      1       60
  MINIMUM         39    632 AM  30    2011  38      1       40
  AVERAGE         55                        53      2       50

PRECIPITATION (IN)
  TODAY            0.00          2.29 1996   0.04  -0.04      T
  MONTH TO DATE    0.93                      0.90   0.03     0.20
  SINCE JUL 1      1.34                      2.19  -0.85     1.91
  SINCE JAN 1      6.43                     13.52  -7.09     6.41

SNOWFALL (IN)
  TODAY           MM
  MONTH TO DATE    0.0
  SINCE JAN 1      0.0
  SINCE JUL 1      0.0
  SNOW DEPTH       0

DEGREE DAYS
 HEATING
  TODAY           10                        12     -2       15
  MONTH TO DATE  137                       188    -51      185
  SINCE SEP 1    153                       304   -151      336
  SINCE JUL 1    153                       307   -154      337

 COOLING
  TODAY            0                         0      0        0
  MONTH TO DATE    2                         4     -2        5
  SINCE SEP 1    380                       235    145      234
  SINCE JAN 1   1119                       848    271      898
..................................................................


WIND (MPH)
  RESULTANT WIND SPEED   2   RESULTANT WIND DIRECTION  NW (300)
  HIGHEST WIND SPEED    14   HIGHEST WIND DIRECTION     W (260)
  HIGHEST GUST SPEED    18   HIGHEST GUST DIRECTION     W (270)
  AVERAGE WIND SPEED     3.7


SKY COVER
  POSSIBLE SUNSHINE  MM
  AVERAGE SKY COVER 0.2


WEATHER CONDITIONS
 THE FOLLOWING WEATHER WAS RECORDED TODAY.
  FOG
  FOG W/VISIBILITY <= 1/4 MILE


RELATIVE HUMIDITY (PERCENT)
 HIGHEST   100           100 AM
 LOWEST     36          1200 PM
 AVERAGE    68

..........................................................


THE RAMONA AIRPORT CA CLIMATE NORMALS FOR TOMORROW
                         NORMAL    RECORD    YEAR
 MAXIMUM TEMPERATURE (F)   69        89      1995
 MINIMUM TEMPERATURE (F)   38        29      1999


SUNRISE AND SUNSET
NOVEMBER 22 2014......SUNRISE   625 AM PST   SUNSET   443 PM PST
NOVEMBER 23 2014......SUNRISE   626 AM PST   SUNSET   442 PM PST


-  INDICATES NEGATIVE NUMBERS.
R  INDICATES RECORD WAS SET OR TIED.
MM INDICATES DATA IS MISSING.
T  INDICATES TRACE AMOUNT.




$$




National Weather Service
Disclaimer
Last Modified: August 31, 2005
Privacy Policy