559
CDUS43 KUNR 290040
CLIRAP


CLIMATE REPORT
NATIONAL WEATHER SERVICE RAPID CITY SD
640 PM MDT THU AUG 28 2014


...................................

...THE RAPID CITY AIRPORT SD CLIMATE SUMMARY FOR AUGUST 28 2014...
VALID TODAY AS OF 0500 PM LOCAL TIME.

CLIMATE NORMAL PERIOD 1981 TO 2010
CLIMATE RECORD PERIOD 1942 TO 2014


WEATHER ITEM   OBSERVED TIME   RECORD YEAR NORMAL DEPARTURE LAST
                VALUE   (LST)  VALUE       VALUE  FROM      YEAR
                                                  NORMAL
..................................................................
TEMPERATURE (F)
 TODAY
  MAXIMUM         79    405 PM 100    2012  84     -5       91
  MINIMUM         61    537 AM  41    2004  54      7       66
  AVERAGE         70                        69      1       79

PRECIPITATION (IN)
  TODAY            0.00          0.41 1990   0.04  -0.04     0.00
  MONTH TO DATE    3.12                      1.43   1.69     2.04
  SINCE JUN 1     10.31                      5.81   4.50     6.07
  SINCE JAN 1     15.70                     12.50   3.20    13.69

SNOWFALL (IN)
  TODAY            0.0                       0.0    0.0      0.0
  MONTH TO DATE    0.0                       0.0    0.0      0.0
  SINCE JUN 1      0.0                       0.0    0.0      0.0
  SINCE JUL 1      0.0                       0.0    0.0      0.0
  SNOW DEPTH       0

DEGREE DAYS
 HEATING
  TODAY            0                         1     -1        0
  MONTH TO DATE   11                        12     -1        0
  SINCE JUN 1    161                       126     35       85
  SINCE JUL 1     33                        27      6        5

 COOLING
  TODAY            5                         5      0       14
  MONTH TO DATE  151                       210    -59      210
  SINCE JUN 1    340                       544   -204      548
  SINCE JAN 1    360                       559   -199      556
..................................................................


WIND (MPH)
  HIGHEST WIND SPEED     9   HIGHEST WIND DIRECTION     N (340)
  HIGHEST GUST SPEED    12   HIGHEST GUST DIRECTION    NW (310)
  AVERAGE WIND SPEED     2.6


SKY COVER
  AVERAGE SKY COVER 0.5


WEATHER CONDITIONS
 THE FOLLOWING WEATHER WAS RECORDED TODAY.
  NO SIGNIFICANT WEATHER WAS OBSERVED.


RELATIVE HUMIDITY (PERCENT)
 HIGHEST   100           400 AM
 LOWEST     39           400 PM
 AVERAGE    70

..........................................................


THE RAPID CITY AIRPORT SD CLIMATE NORMALS FOR TOMORROW
                         NORMAL    RECORD    YEAR
 MAXIMUM TEMPERATURE (F)   83       107      2012
 MINIMUM TEMPERATURE (F)   53        41      1988


SUNRISE AND SUNSET
AUGUST 28 2014........SUNRISE   611 AM MDT   SUNSET   735 PM MDT
AUGUST 29 2014........SUNRISE   612 AM MDT   SUNSET   733 PM MDT


-  INDICATES NEGATIVE NUMBERS.
R  INDICATES RECORD WAS SET OR TIED.
MM INDICATES DATA IS MISSING.
T  INDICATES TRACE AMOUNT.




$$





National Weather Service
Disclaimer
Last Modified: August 31, 2005
Privacy Policy