615
CDUS44 KBMX 240944
CLIMGM


CLIMATE REPORT
NATIONAL WEATHER SERVICE BIRMINGHAM, AL
443 AM CDT FRI OCT 24 2014


...................................

...THE MONTGOMERY CLIMATE SUMMARY FOR OCTOBER 23 2014...

CLIMATE NORMAL PERIOD 1981 TO 2010
CLIMATE RECORD PERIOD 1872 TO 2014


WEATHER ITEM   OBSERVED TIME   RECORD YEAR NORMAL DEPARTURE LAST
                VALUE   (LST)  VALUE       VALUE  FROM      YEAR
                                                  NORMAL
..................................................................
TEMPERATURE (F)
 YESTERDAY
  MAXIMUM         75    251 PM  90    1941  76     -1       72
  MINIMUM         44    542 AM  34    1987  51     -7       44
  AVERAGE         60                        64     -4       58

PRECIPITATION (IN)
  YESTERDAY        0.00          1.41 2007   0.10  -0.10     0.00
  MONTH TO DATE    2.12                      2.14  -0.02     0.43
  SINCE SEP 1      2.74                      6.11  -3.37     1.91
  SINCE JAN 1     42.49                     42.82  -0.33    44.92

SNOWFALL (IN)
  YESTERDAY        0.0                       0.0    0.0      0.0
  MONTH TO DATE    0.0                       0.0    0.0      0.0
  SINCE SEP 1      0.0                       0.0    0.0      0.0
  SINCE JUL 1      0.0                       0.0    0.0      0.0
  SNOW DEPTH       0

DEGREE DAYS
 HEATING
  YESTERDAY        5                         4      1        7
  MONTH TO DATE   26                        49    -23       20
  SINCE SEP 1     26                        53    -27       20
  SINCE JUL 1     26                        53    -27       20

 COOLING
  YESTERDAY        0                         3     -3        0
  MONTH TO DATE  129                       100     29      140
  SINCE SEP 1    574                       441    133      542
  SINCE JAN 1   2473                      2230    243     2364
..................................................................


WIND (MPH)
  HIGHEST WIND SPEED     9   HIGHEST WIND DIRECTION    NW (330)
  HIGHEST GUST SPEED    13   HIGHEST GUST DIRECTION    NW (330)
  AVERAGE WIND SPEED     3.0


SKY COVER
  AVERAGE SKY COVER 0.0


WEATHER CONDITIONS
 THE FOLLOWING WEATHER WAS RECORDED YESTERDAY.
  NO SIGNIFICANT WEATHER WAS OBSERVED.


RELATIVE HUMIDITY (PERCENT)
 HIGHEST    89           600 AM
 LOWEST     29           200 PM
 AVERAGE    59

..........................................................


THE MONTGOMERY CLIMATE NORMALS FOR TODAY
                         NORMAL    RECORD    YEAR
 MAXIMUM TEMPERATURE (F)   76        88      2010
                                             2001
 MINIMUM TEMPERATURE (F)   51        32      1999


SUNRISE AND SUNSET
OCTOBER 24 2014.......SUNRISE   656 AM CDT   SUNSET   603 PM CDT
OCTOBER 25 2014.......SUNRISE   657 AM CDT   SUNSET   602 PM CDT


-  INDICATES NEGATIVE NUMBERS.
R  INDICATES RECORD WAS SET OR TIED.
MM INDICATES DATA IS MISSING.
T  INDICATES TRACE AMOUNT.




$$




612
CDUS44 KBMX 240944
CLIANB


CLIMATE REPORT
NATIONAL WEATHER SERVICE BIRMINGHAM, AL
443 AM CDT FRI OCT 24 2014


...................................

...THE ANNISTON CLIMATE SUMMARY FOR OCTOBER 23 2014...

CLIMATE NORMAL PERIOD 1981 TO 2010
CLIMATE RECORD PERIOD 1903 TO 2014


WEATHER ITEM   OBSERVED TIME   RECORD YEAR NORMAL DEPARTURE LAST
                VALUE   (LST)  VALUE       VALUE  FROM      YEAR
                                                  NORMAL
..................................................................
TEMPERATURE (F)
 YESTERDAY
  MAXIMUM         71    228 PM  86    1953  73     -2       63
  MINIMUM         39   1259 AM  25    1904  49    -10       40
  AVERAGE         55                        61     -6       52

PRECIPITATION (IN)
  YESTERDAY        0.00          1.59 1972   0.10  -0.10     0.00
  MONTH TO DATE    3.29                      2.26   1.03     2.61
  SINCE SEP 1      4.79                      5.19  -0.40     5.32
  SINCE JAN 1     37.43                     40.11  -2.68    63.10

SNOWFALL (IN)
  YESTERDAY        0.0                       0.0             0.0
  MONTH TO DATE    0.0                       0.0             0.0
  SINCE SEP 1      0.0                       0.0             0.0
  SINCE JUL 1      0.0                       0.0             0.0

DEGREE DAYS
 HEATING
  YESTERDAY       10
  MONTH TO DATE   65
  SINCE SEP 1     65
  SINCE JUL 1     65
..................................................................


WIND (MPH)
  HIGHEST WIND SPEED    13   HIGHEST WIND DIRECTION     E (70)
  HIGHEST GUST SPEED    15   HIGHEST GUST DIRECTION     E (70)
  AVERAGE WIND SPEED     3.1


SKY COVER
  AVERAGE SKY COVER 0.0


WEATHER CONDITIONS
 THE FOLLOWING WEATHER WAS RECORDED YESTERDAY.
  NO SIGNIFICANT WEATHER WAS OBSERVED.


RELATIVE HUMIDITY (PERCENT)
 HIGHEST    93
 LOWEST     31
 AVERAGE    62

..........................................................


THE ANNISTON CLIMATE NORMALS FOR TODAY
                         NORMAL    RECORD    YEAR
 MAXIMUM TEMPERATURE (F)   73        84      2010
 MINIMUM TEMPERATURE (F)   48        26      1904


SUNRISE AND SUNSET
OCTOBER 24 2014.......SUNRISE   655 AM CDT   SUNSET   559 PM CDT
OCTOBER 25 2014.......SUNRISE   656 AM CDT   SUNSET   558 PM CDT


-  INDICATES NEGATIVE NUMBERS.
R  INDICATES RECORD WAS SET OR TIED.
MM INDICATES DATA IS MISSING.
T  INDICATES TRACE AMOUNT.




$$




609
CDUS44 KBMX 240944
CLITCL


CLIMATE REPORT
NATIONAL WEATHER SERVICE BIRMINGHAM, AL
443 AM CDT FRI OCT 24 2014


...................................

...THE TUSCALOOSA CLIMATE SUMMARY FOR OCTOBER 23 2014...

CLIMATE NORMAL PERIOD 1981 TO 2010
CLIMATE RECORD PERIOD 1948 TO 2014


WEATHER ITEM   OBSERVED TIME   RECORD YEAR NORMAL DEPARTURE LAST
                VALUE   (LST)  VALUE       VALUE  FROM      YEAR
                                                  NORMAL
..................................................................
TEMPERATURE (F)
 YESTERDAY
  MAXIMUM         71    251 PM  90    1953  75     -4       67
  MINIMUM         40    554 AM  36    2006  49     -9       44
                                      1987
                                      1954
  AVERAGE         56                        62     -6       56

PRECIPITATION (IN)
  YESTERDAY        0.00          1.85 1950   0.12  -0.12     0.00
  MONTH TO DATE    3.28                      2.65   0.63     0.69
  SINCE SEP 1      4.70                      6.17  -1.47     1.89
  SINCE JAN 1     38.36                     42.04  -3.68    40.71

SNOWFALL (IN)
  YESTERDAY        0.0                       0.0    0.0
  MONTH TO DATE    0.0                       0.0    0.0
  SINCE SEP 1      0.0                       0.0    0.0
  SINCE JUL 1      0.0                       0.0    0.0

DEGREE DAYS
 HEATING
  YESTERDAY        9                         5      4
  MONTH TO DATE   47                        63    -16
  SINCE SEP 1     47                        70    -23
  SINCE JUL 1     47                        70    -23
..................................................................


WIND (MPH)
  HIGHEST WIND SPEED     9   HIGHEST WIND DIRECTION     N (10)
  HIGHEST GUST SPEED    11   HIGHEST GUST DIRECTION     N (10)
  AVERAGE WIND SPEED     3.4


SKY COVER
  AVERAGE SKY COVER 0.0


WEATHER CONDITIONS
 THE FOLLOWING WEATHER WAS RECORDED YESTERDAY.
  NO SIGNIFICANT WEATHER WAS OBSERVED.


RELATIVE HUMIDITY (PERCENT)
 HIGHEST   100           600 AM
 LOWEST     34           100 PM
 AVERAGE    67

..........................................................


THE TUSCALOOSA CLIMATE NORMALS FOR TODAY
                         NORMAL    RECORD    YEAR
 MAXIMUM TEMPERATURE (F)   75        86      2010
 MINIMUM TEMPERATURE (F)   49        32      1962


SUNRISE AND SUNSET
OCTOBER 24 2014.......SUNRISE   702 AM CDT   SUNSET   607 PM CDT
OCTOBER 25 2014.......SUNRISE   703 AM CDT   SUNSET   606 PM CDT


-  INDICATES NEGATIVE NUMBERS.
R  INDICATES RECORD WAS SET OR TIED.
MM INDICATES DATA IS MISSING.
T  INDICATES TRACE AMOUNT.




$$




National Weather Service
Disclaimer
Last Modified: August 31, 2005
Privacy Policy