443
CDUS44 KAMA 271408
CLIBGD


CLIMATE REPORT
NATIONAL WEATHER SERVICE AMARILLO TX
907 AM CDT WED AUG 27 2014


...................................

...THE BORGER CLIMATE SUMMARY FOR AUGUST 27 2014...
VALID AS OF 0900 AM LOCAL TIME.

CLIMATE NORMAL PERIOD 1981 TO 2013
CLIMATE RECORD PERIOD 1949 TO 2014


WEATHER ITEM   OBSERVED TIME   RECORD YEAR NORMAL DEPARTURE LAST
                VALUE   (LST)  VALUE       VALUE  FROM      YEAR
                                                  NORMAL
..................................................................
TEMPERATURE (F)
 TODAY
  MINIMUM         68    525 AM  54    1992  66      2       70

PRECIPITATION (IN)
  TODAY            0.05          1.25 1998   0.12  -0.07     0.00
  MONTH TO DATE    0.66                      2.78  -2.12     2.73
  SINCE JUN 1      5.57                      8.57  -3.00     7.09
  SINCE JAN 1      7.69                     15.62  -7.93    11.56

SNOWFALL (IN)
  TODAY            0.0           0.0  2013                   0.0
                                      2012
                                      2011
  MONTH TO DATE    0.0                                       0.0
  SINCE JUN 1      0.0                                       0.0
  SINCE JUL 1      0.0                                       0.0
  SNOW DEPTH       0

..................................................................


WIND (MPH)
  RESULTANT WIND SPEED   5   RESULTANT WIND DIRECTION   E (70)
  HIGHEST WIND SPEED    13   HIGHEST WIND DIRECTION    NW (330)
  HIGHEST GUST SPEED    15   HIGHEST GUST DIRECTION    NE (60)
  AVERAGE WIND SPEED     5.8


SKY COVER
  AVERAGE SKY COVER 0.6


WEATHER CONDITIONS
 THE FOLLOWING WEATHER WAS RECORDED TODAY.
  RAIN


RELATIVE HUMIDITY (PERCENT)
 HIGHEST    84           400 AM
 LOWEST     84           400 AM
 AVERAGE    84

..........................................................


THE BORGER CLIMATE NORMALS FOR TOMORROW
                         NORMAL    RECORD    YEAR
 MAXIMUM TEMPERATURE (F)   90       105      2011
 MINIMUM TEMPERATURE (F)   66        52      1987


SUNRISE AND SUNSET
AUGUST 27 2014........SUNRISE   714 AM CDT   SUNSET   820 PM CDT
AUGUST 28 2014........SUNRISE   715 AM CDT   SUNSET   818 PM CDT


-  INDICATES NEGATIVE NUMBERS.
R  INDICATES RECORD WAS SET OR TIED.
MM INDICATES DATA IS MISSING.
T  INDICATES TRACE AMOUNT.




$$




National Weather Service
Disclaimer
Last Modified: August 31, 2005
Privacy Policy