136
CDUS41 KILN 220632
CLIDAY


CLIMATE REPORT
NATIONAL WEATHER SERVICE WILMINGTON OH
229 AM EDT WED OCT 22 2014


...................................

...THE DAYTON OH CLIMATE SUMMARY FOR OCTOBER 21 2014...

CLIMATE NORMAL PERIOD 1981 TO 2010
CLIMATE RECORD PERIOD 1869 TO 2014


WEATHER ITEM   OBSERVED TIME   RECORD YEAR NORMAL DEPARTURE LAST
                VALUE   (LST)  VALUE       VALUE  FROM      YEAR
                                                  NORMAL
..................................................................
TEMPERATURE (F)
 YESTERDAY
  MAXIMUM         54    216 PM  85    1953  62     -8       65
  MINIMUM         45   1159 PM  23    1974  43      2       44
                                      1952
  AVERAGE         50                        52     -2       55

PRECIPITATION (IN)
  YESTERDAY        0.02          1.99 1929   0.08  -0.06     0.05
  MONTH TO DATE    2.03                      2.00   0.03     3.97
  SINCE SEP 1      2.91                      5.30  -2.39     6.20
  SINCE JAN 1     30.81                     33.61  -2.80    28.58

SNOWFALL (IN)
  YESTERDAY        0.0                       0.0    0.0      0.0
  MONTH TO DATE    0.0                       0.1   -0.1      0.0
  SINCE SEP 1      0.0                       0.1   -0.1      0.0
  SINCE JUL 1      0.0                       0.1   -0.1      0.0
  SNOW DEPTH       0

DEGREE DAYS
 HEATING
  YESTERDAY       15                        13      2       10
  MONTH TO DATE  201                       211    -10      126
  SINCE SEP 1    275                       299    -24      181
  SINCE JUL 1    282                       301    -19      193

 COOLING
  YESTERDAY        0                         0      0        0
  MONTH TO DATE    9                        10     -1       35
  SINCE SEP 1    107                       109     -2      175
  SINCE JAN 1    977                       891     86     1062
..................................................................


WIND (MPH)
  RESULTANT WIND SPEED  10   RESULTANT WIND DIRECTION   N (350)
  HIGHEST WIND SPEED    20   HIGHEST WIND DIRECTION     N (350)
  HIGHEST GUST SPEED    26   HIGHEST GUST DIRECTION     N (340)
  AVERAGE WIND SPEED    11.2



WEATHER CONDITIONS
 THE FOLLOWING WEATHER WAS RECORDED YESTERDAY.
  LIGHT RAIN
  FOG


RELATIVE HUMIDITY (PERCENT)
 HIGHEST    86           300 AM
 LOWEST     71          1000 AM
 AVERAGE    79

..........................................................


THE DAYTON OH CLIMATE NORMALS FOR TODAY
                         NORMAL    RECORD    YEAR
 MAXIMUM TEMPERATURE (F)   62        82      1920
 MINIMUM TEMPERATURE (F)   42        26      1976
                                             1930


SUNRISE AND SUNSET
OCTOBER 22 2014.......SUNRISE   755 AM EDT   SUNSET   647 PM EDT
OCTOBER 23 2014.......SUNRISE   756 AM EDT   SUNSET   646 PM EDT


-  INDICATES NEGATIVE NUMBERS.
R  INDICATES RECORD WAS SET OR TIED.
MM INDICATES DATA IS MISSING.
T  INDICATES TRACE AMOUNT.




$$





National Weather Service
Disclaimer
Last Modified: August 31, 2005
Privacy Policy