245
CDUS41 KBTV 251226
CLIMSS


CLIMATE REPORT
NATIONAL WEATHER SERVICE BURLINGTON VT
826 AM EDT SAT OCT 25 2014


...................................

...THE MASSENA NY CLIMATE SUMMARY FOR OCTOBER 24 2014...

CLIMATE NORMAL PERIOD 1981 TO 2010
CLIMATE RECORD PERIOD 1948 TO 2014


WEATHER ITEM   OBSERVED TIME   RECORD YEAR NORMAL DEPARTURE LAST
                VALUE   (LST)  VALUE       VALUE  FROM      YEAR
                                                  NORMAL
..................................................................
TEMPERATURE (F)
 YESTERDAY
  MAXIMUM         60    352 PM  77    1963  53      7       45
  MINIMUM         44    747 PM  19    1974  34     10       28
  AVERAGE         52                        43      9       37

PRECIPITATION (IN)
  YESTERDAY        0.00          1.30        0.10  -0.10      T
  MONTH TO DATE    1.82                      2.58  -0.76     2.00
  SINCE SEP 1      3.03                      6.23  -3.20     7.44
  SINCE JAN 1     28.49                     28.77  -0.28    30.56

DEGREE DAYS
 HEATING
  YESTERDAY       13                        22     -9       28
  MONTH TO DATE  300                       422   -122      281
  SINCE SEP 1    507                       647   -140      526
  SINCE JUL 1    567                       722   -155      582

 COOLING
  YESTERDAY        0                         0      0        0
  MONTH TO DATE    7                         0      7        0
  SINCE SEP 1     48                        25     23       31
  SINCE JAN 1    336                       361    -25      418
..................................................................


WIND (MPH)
  HIGHEST WIND SPEED    13   HIGHEST WIND DIRECTION    SW (230)
  HIGHEST GUST SPEED    17   HIGHEST GUST DIRECTION    SW (230)
  AVERAGE WIND SPEED     3.1


SKY COVER
  AVERAGE SKY COVER 0.9


WEATHER CONDITIONS
 THE FOLLOWING WEATHER WAS RECORDED YESTERDAY.
  NO SIGNIFICANT WEATHER WAS OBSERVED.


RELATIVE HUMIDITY (PERCENT)
 HIGHEST    93           800 AM
 LOWEST     51           400 PM
 AVERAGE    72

..........................................................


THE MASSENA NY CLIMATE NORMALS FOR TODAY
                         NORMAL    RECORD    YEAR
 MAXIMUM TEMPERATURE (F)   53        80      1963
 MINIMUM TEMPERATURE (F)   34        19      2002


SUNRISE AND SUNSET
OCTOBER 25 2014.......SUNRISE   728 AM EDT   SUNSET   558 PM EDT
OCTOBER 26 2014.......SUNRISE   729 AM EDT   SUNSET   557 PM EDT


-  INDICATES NEGATIVE NUMBERS.
R  INDICATES RECORD WAS SET OR TIED.
MM INDICATES DATA IS MISSING.
T  INDICATES TRACE AMOUNT.




$$




248
CDUS41 KBTV 251226
CLIPBG


CLIMATE REPORT
NATIONAL WEATHER SERVICE BURLINGTON VT
826 AM EDT SAT OCT 25 2014


...................................

...THE PLATTSBURGH NY CLIMATE SUMMARY FOR OCTOBER 24 2014...

CLIMATE NORMAL PERIOD 1981 TO 2010
CLIMATE RECORD PERIOD 9999 TO 9999


WEATHER ITEM   OBSERVED TIME   NORMAL DEPARTURE LAST
                VALUE   (LST)  VALUE  FROM      YEAR
                                      NORMAL
......................................................
TEMPERATURE (F)
 YESTERDAY
  MAXIMUM         51    214 PM  54     -3       46
  MINIMUM         38   1057 PM  35      3       26
  AVERAGE         45            45      0       36

PRECIPITATION (IN)
  YESTERDAY        0.06         MM     MM         T
  MONTH TO DATE    2.56         MM     MM        1.63
  SINCE SEP 1      3.42         MM     MM        4.54
  SINCE JAN 1     25.25         MM     MM       28.46

DEGREE DAYS
 HEATING
  YESTERDAY       20            20      0       29
  MONTH TO DATE  319           394    -75      305
  SINCE SEP 1    543           588    -45      541
  SINCE JUL 1    587           629    -42      586

 COOLING
  YESTERDAY        0             0      0        0
  MONTH TO DATE    4             0      4        2
  SINCE SEP 1     50            23     27       42
  SINCE JAN 1    310           345    -35      425
......................................................


WIND (MPH)
  HIGHEST WIND SPEED    20   HIGHEST WIND DIRECTION     N (360)
  HIGHEST GUST SPEED    27   HIGHEST GUST DIRECTION     N (350)
  AVERAGE WIND SPEED     8.9


SKY COVER
  AVERAGE SKY COVER 0.8


WEATHER CONDITIONS
 THE FOLLOWING WEATHER WAS RECORDED YESTERDAY.
  RAIN
  LIGHT RAIN
  FOG


RELATIVE HUMIDITY (PERCENT)
 HIGHEST    96           200 AM
 LOWEST     63           200 PM
 AVERAGE    80

..........................................................


THE PLATTSBURGH NY CLIMATE NORMALS FOR TODAY
                         NORMAL    RECORD    YEAR
 MAXIMUM TEMPERATURE (F)   54        MM        MM
 MINIMUM TEMPERATURE (F)   35        MM        MM


SUNRISE AND SUNSET
OCTOBER 25 2014.......SUNRISE   722 AM EDT   SUNSET   553 PM EDT
OCTOBER 26 2014.......SUNRISE   723 AM EDT   SUNSET   552 PM EDT


-  INDICATES NEGATIVE NUMBERS.
R  INDICATES RECORD WAS SET OR TIED.
MM INDICATES DATA IS MISSING.
T  INDICATES TRACE AMOUNT.




$$




247
CDUS41 KBTV 251226
CLIBTV


CLIMATE REPORT
NATIONAL WEATHER SERVICE BURLINGTON VT
826 AM EDT SAT OCT 25 2014


...................................

...THE BURLINGTON VT CLIMATE SUMMARY FOR OCTOBER 24 2014...

CLIMATE NORMAL PERIOD 1981 TO 2010
CLIMATE RECORD PERIOD 1884 TO 2014


WEATHER ITEM   OBSERVED TIME   RECORD YEAR NORMAL DEPARTURE LAST
                VALUE   (LST)  VALUE       VALUE  FROM      YEAR
                                                  NORMAL
..................................................................
TEMPERATURE (F)
 YESTERDAY
  MAXIMUM         48    557 PM  75    1963  54     -6       45
  MINIMUM         39   1159 PM  21    1969  37      2       32
  AVERAGE         44                        45     -1       39

PRECIPITATION (IN)
  YESTERDAY        0.11          1.91 1923   0.10   0.01     0.02
  MONTH TO DATE    3.57                      2.82   0.75     2.36
  SINCE SEP 1      5.20                      6.46  -1.26     7.10
  SINCE JAN 1     30.90                     30.53   0.37    39.79

SNOWFALL (IN)
  YESTERDAY       MM             0.6  1997   0.0   MM        0.0
  MONTH TO DATE    0.0                       0.1   -0.1      0.0
  SINCE SEP 1      0.0                       0.1   -0.1      0.0
  SINCE JUL 1      0.0                       0.1   -0.1      0.0
  SNOW DEPTH       0

DEGREE DAYS
 HEATING
  YESTERDAY       21                        20      1       26
  MONTH TO DATE  257                       377   -120      229
  SINCE SEP 1    408                       552   -144      424
  SINCE JUL 1    421                       594   -173      440

 COOLING
  YESTERDAY        0                         0      0        0
  MONTH TO DATE   18                         0     18        4
  SINCE SEP 1     89                        41     48       62
  SINCE JAN 1    582                       489     93      662
..................................................................


WIND (MPH)
  HIGHEST WIND SPEED    17   HIGHEST WIND DIRECTION     N (340)
  HIGHEST GUST SPEED    23   HIGHEST GUST DIRECTION     N (340)
  AVERAGE WIND SPEED     7.0


SKY COVER
  POSSIBLE SUNSHINE  MM
  AVERAGE SKY COVER 0.9


WEATHER CONDITIONS
 THE FOLLOWING WEATHER WAS RECORDED YESTERDAY.
  RAIN
  LIGHT RAIN
  FOG
  HAZE


RELATIVE HUMIDITY (PERCENT)
 HIGHEST    89           100 AM
 LOWEST     71           500 PM
 AVERAGE    80

..........................................................


THE BURLINGTON VT CLIMATE NORMALS FOR TODAY
                         NORMAL    RECORD    YEAR
 MAXIMUM TEMPERATURE (F)   54        80      1963
 MINIMUM TEMPERATURE (F)   36        22      1949


SUNRISE AND SUNSET
OCTOBER 25 2014.......SUNRISE   721 AM EDT   SUNSET   552 PM EDT
OCTOBER 26 2014.......SUNRISE   722 AM EDT   SUNSET   551 PM EDT


-  INDICATES NEGATIVE NUMBERS.
R  INDICATES RECORD WAS SET OR TIED.
MM INDICATES DATA IS MISSING.
T  INDICATES TRACE AMOUNT.




$$




National Weather Service
Disclaimer
Last Modified: August 31, 2005
Privacy Policy