364
CDUS46 KLOX 230112
CLIPRB


CLIMATE REPORT
NATIONAL WEATHER SERVICE LOS ANGELES/OXNARD CA
511 PM PST SAT NOV 22 2014


...................................

...THE PASO ROBLES AIRPORT CA CLIMATE SUMMARY FOR NOVEMBER 22 2014...
VALID TODAY AS OF 0500 PM LOCAL TIME.

CLIMATE NORMAL PERIOD 1981 TO 2010
CLIMATE RECORD PERIOD 1948 TO 2014


WEATHER ITEM   OBSERVED TIME   RECORD YEAR NORMAL DEPARTURE LAST
                VALUE   (LST)  VALUE       VALUE  FROM      YEAR
                                                  NORMAL
..................................................................
TEMPERATURE (F)
 TODAY
  MAXIMUM         71    251 PM  78    2005  64      7       61
                                      1954
  MINIMUM         42    638 AM  26    1975  36      6       42
  AVERAGE         57                        50      7       52

PRECIPITATION (IN)
  TODAY            0.00          0.83 1965   0.03  -0.03     0.01
  MONTH TO DATE    0.20                      0.73  -0.53     0.27
  SINCE JUL 1      1.05                      1.68  -0.63     0.29
  SINCE JAN 1      5.51                     10.47  -4.96     1.75

SNOWFALL (IN)
  TODAY            0.0
  MONTH TO DATE    0.0
  SINCE SEP 1      0.0
  SINCE JUL 1      0.0

DEGREE DAYS
 HEATING
  TODAY            8                        15     -7       13
  MONTH TO DATE  149                       251   -102      203
  SINCE SEP 1    192                       413   -221      353
  SINCE JUL 1    192                       421   -229      353

 COOLING
  TODAY            0                         0      0        0
  MONTH TO DATE    1                         0      1        0
  SINCE SEP 1    350                       193    157      199
  SINCE JAN 1   1357                       926    431     1173
..................................................................


WIND (MPH)
  HIGHEST WIND SPEED    17   HIGHEST WIND DIRECTION     N (350)
  HIGHEST GUST SPEED    20   HIGHEST GUST DIRECTION     N (340)
  AVERAGE WIND SPEED     1.5


SKY COVER
  POSSIBLE SUNSHINE  MM
  AVERAGE SKY COVER 0.2


WEATHER CONDITIONS
 THE FOLLOWING WEATHER WAS RECORDED TODAY.
  NO SIGNIFICANT WEATHER WAS OBSERVED.


RELATIVE HUMIDITY (PERCENT)
 HIGHEST    89           100 AM
 LOWEST     44          1200 PM
 AVERAGE    67

..........................................................


THE PASO ROBLES AIRPORT CA CLIMATE NORMALS FOR TOMORROW
                         NORMAL    RECORD    YEAR
 MAXIMUM TEMPERATURE (F)   64        79      2005
 MINIMUM TEMPERATURE (F)   36        21      2003


SUNRISE AND SUNSET
NOVEMBER 22 2014......SUNRISE   645 AM PST   SUNSET   452 PM PST
NOVEMBER 23 2014......SUNRISE   646 AM PST   SUNSET   451 PM PST


-  INDICATES NEGATIVE NUMBERS.
R  INDICATES RECORD WAS SET OR TIED.
MM INDICATES DATA IS MISSING.
T  INDICATES TRACE AMOUNT.




$$




365
CDUS46 KLOX 230112
CLILGB


CLIMATE REPORT
NATIONAL WEATHER SERVICE LOS ANGELES/OXNARD CA
511 PM PST SAT NOV 22 2014


...................................

...THE LONG BEACH AIRPORT CA CLIMATE SUMMARY FOR NOVEMBER 22 2014...
VALID TODAY AS OF 0500 PM LOCAL TIME.

CLIMATE NORMAL PERIOD 1981 TO 2010
CLIMATE RECORD PERIOD 1958 TO 2014


WEATHER ITEM   OBSERVED TIME   RECORD YEAR NORMAL DEPARTURE LAST
                VALUE   (LST)  VALUE       VALUE  FROM      YEAR
                                                  NORMAL
..................................................................
TEMPERATURE (F)
 TODAY
  MAXIMUM         69    155 PM  84    1997  71     -2       65
  MINIMUM         52    653 AM  37    1979  49      3       54
  AVERAGE         61                        60      1       60

PRECIPITATION (IN)
  TODAY            0.00          2.03 1965   0.04  -0.04     0.01
  MONTH TO DATE    0.16                      0.65  -0.49     0.37
  SINCE JUL 1      0.53                      1.52  -0.99     0.56
  SINCE JAN 1      3.72                      9.96  -6.24     3.43

SNOWFALL (IN)
  TODAY            0.0
  MONTH TO DATE    0.0
  SINCE SEP 1      0.0
  SINCE JUL 1      0.0

DEGREE DAYS
 HEATING
  TODAY            4                         6     -2        5
  MONTH TO DATE   29                        76    -47       37
  SINCE SEP 1     29                        97    -68       61
  SINCE JUL 1     29                        97    -68       61

 COOLING
  TODAY            0                         0      0        0
  MONTH TO DATE   34                        19     15       39
  SINCE SEP 1    616                       355    261      417
  SINCE JAN 1   1686                      1123    563     1227
..................................................................


WIND (MPH)
  HIGHEST WIND SPEED    10   HIGHEST WIND DIRECTION     S (200)
  HIGHEST GUST SPEED    14   HIGHEST GUST DIRECTION    SW (220)
  AVERAGE WIND SPEED     2.7


SKY COVER
  POSSIBLE SUNSHINE  MM
  AVERAGE SKY COVER 0.2


WEATHER CONDITIONS
 THE FOLLOWING WEATHER WAS RECORDED TODAY.
  NO SIGNIFICANT WEATHER WAS OBSERVED.


RELATIVE HUMIDITY (PERCENT)
 HIGHEST    83           600 AM
 LOWEST     64           900 AM
 AVERAGE    74

..........................................................


THE LONG BEACH AIRPORT CA CLIMATE NORMALS FOR TOMORROW
                         NORMAL    RECORD    YEAR
 MAXIMUM TEMPERATURE (F)   70        85      1990
 MINIMUM TEMPERATURE (F)   49        41      1999


SUNRISE AND SUNSET
NOVEMBER 22 2014......SUNRISE   631 AM PST   SUNSET   446 PM PST
NOVEMBER 23 2014......SUNRISE   632 AM PST   SUNSET   446 PM PST


-  INDICATES NEGATIVE NUMBERS.
R  INDICATES RECORD WAS SET OR TIED.
MM INDICATES DATA IS MISSING.
T  INDICATES TRACE AMOUNT.




$$




National Weather Service
Disclaimer
Last Modified: August 31, 2005
Privacy Policy