214
CDUS43 KLBF 011041
CLILBF

CLIMATE REPORT
NATIONAL WEATHER SERVICE NORTH PLATTE
440 AM CST SUN FEB 1 2015


...................................

...THE NORTH PLATTE NE CLIMATE SUMMARY FOR JANUARY 31 2015...

CLIMATE NORMAL PERIOD 1981 TO 2010
CLIMATE RECORD PERIOD 1874 TO 2015


WEATHER ITEM   OBSERVED TIME   RECORD YEAR NORMAL DEPARTURE LAST
                VALUE   (LST)  VALUE       VALUE  FROM      YEAR
                                                  NORMAL
..................................................................
TEMPERATURE (F)
 YESTERDAY
  MAXIMUM         37    124 AM  69    1962  40     -3       21
                                      1911
  MINIMUM         19   1159 PM -20    1979  12      7       14
  AVERAGE         28                        26      2       18

PRECIPITATION (IN)
  YESTERDAY        0.22          1.26 1879   0.01   0.21     0.21
  MONTH TO DATE    0.28                      0.34  -0.06     0.32
  SINCE DEC 1      1.32                      0.75   0.57     0.48
  SINCE JAN 1      0.28                      0.34  -0.06     0.32

SNOWFALL (IN)
  YESTERDAY        2.1           2.9  2014   0.2    1.9      2.9
  MONTH TO DATE    3.6                       4.8   -1.2      4.1
  SINCE DEC 1     12.3                       9.4    2.9      7.7
  SINCE JUL 1     12.7                      15.6   -2.9     10.8
  SNOW DEPTH       0

DEGREE DAYS
 HEATING
  YESTERDAY       37                        39     -2       47
  MONTH TO DATE 1165                      1239    -74     1196
  SINCE DEC 1   2332                      2469   -137     2463
  SINCE JUL 1   3852                      4020   -168     3948

 COOLING
  YESTERDAY        0                         0      0        0
  MONTH TO DATE    0                         0      0        0
  SINCE DEC 1      0                         0      0        0
  SINCE JAN 1      0                         0      0        0
..................................................................


WIND (MPH)
  HIGHEST WIND SPEED    25   HIGHEST WIND DIRECTION     N (350)
  HIGHEST GUST SPEED    33   HIGHEST GUST DIRECTION     N (360)
  AVERAGE WIND SPEED    10.1


SKY COVER
  POSSIBLE SUNSHINE  MM
  AVERAGE SKY COVER 1.0


WEATHER CONDITIONS
 THE FOLLOWING WEATHER WAS RECORDED YESTERDAY.
  SNOW
  LIGHT SNOW
  FOG
  HAZE


RELATIVE HUMIDITY (PERCENT)
 HIGHEST    96           400 AM
 LOWEST     82           100 PM
 AVERAGE    89

..........................................................


THE NORTH PLATTE NE CLIMATE NORMALS FOR TODAY
                         NORMAL    RECORD    YEAR
 MAXIMUM TEMPERATURE (F)   40        75      2003
 MINIMUM TEMPERATURE (F)   12       -21      1951


SUNRISE AND SUNSET
FEBRUARY  1 2015......SUNRISE   754 AM CST   SUNSET   559 PM CST
FEBRUARY  2 2015......SUNRISE   753 AM CST   SUNSET   601 PM CST


-  INDICATES NEGATIVE NUMBERS.
R  INDICATES RECORD WAS SET OR TIED.
MM INDICATES DATA IS MISSING.
T  INDICATES TRACE AMOUNT.




$$







National Weather Service
Disclaimer
Last Modified: August 31, 2005
Privacy Policy