668
CDUS43 KDMX 211120
CLIMCW

DSMCLIMCX 000
TTAA00 KDMX 211118


CLIMATE REPORT
NATIONAL WEATHER SERVICE DES MOINES IA
617 AM CDT SUN SEP 21 2014


...................................

...THE MASON CITY IA CLIMATE SUMMARY FOR SEPTEMBER 20 2014...

CLIMATE NORMAL PERIOD 1981 TO 2010
CLIMATE RECORD PERIOD 1893 TO 2014


WEATHER ITEM   OBSERVED TIME   RECORD YEAR NORMAL DEPARTURE LAST
                VALUE   (LST)  VALUE       VALUE  FROM      YEAR
                                                  NORMAL
..................................................................
TEMPERATURE (F)
 YESTERDAY
  MAXIMUM         80    431 PM  90    1895  72      8       64
  MINIMUM         55   1159 PM  28    1897  46      9       44
  AVERAGE         68                        59      9       54

PRECIPITATION (IN)
  YESTERDAY        0.42          1.57 1948   0.11   0.31      T
  MONTH TO DATE    2.30                      2.23   0.07     1.10
  SINCE SEP 1      2.30                      2.23   0.07     1.10
  SINCE JAN 1     30.95                     28.59   2.36    34.48

SNOWFALL (IN)
  YESTERDAY        0.0           0.0  2002   0.0    0.0      0.0
  MONTH TO DATE    0.0                       0.0    0.0      0.0
  SINCE SEP 1      0.0                       0.0    0.0      0.0
  SINCE JUL 1      0.0                       0.0    0.0      0.0
  SNOW DEPTH       0

DEGREE DAYS
 HEATING
  YESTERDAY        0                         7     -7       11
  MONTH TO DATE  132                        85     47       69
  SINCE SEP 1    132                        85     47       69
  SINCE JUL 1    153                       121     32      107

 COOLING
  YESTERDAY        3                         1      2        0
  MONTH TO DATE   30                        45    -15      108
  SINCE SEP 1     30                        45    -15      108
  SINCE JAN 1    541                       601    -60      700
..................................................................


WIND (MPH)
  HIGHEST WIND SPEED    38   HIGHEST WIND DIRECTION    NW (330)
  HIGHEST GUST SPEED    48   HIGHEST GUST DIRECTION    NW (330)
  AVERAGE WIND SPEED    14.2


SKY COVER
  POSSIBLE SUNSHINE  MM
  AVERAGE SKY COVER 0.3


WEATHER CONDITIONS
 THE FOLLOWING WEATHER WAS RECORDED YESTERDAY.
  THUNDERSTORM
  HEAVY RAIN
  RAIN
  LIGHT RAIN
  FOG


RELATIVE HUMIDITY (PERCENT)
 HIGHEST    93           200 AM
 LOWEST     42           300 PM
 AVERAGE    68

..........................................................


THE MASON CITY IA CLIMATE NORMALS FOR TODAY
                         NORMAL    RECORD    YEAR
 MAXIMUM TEMPERATURE (F)   71        93      1937
 MINIMUM TEMPERATURE (F)   46        29      1999


SUNRISE AND SUNSET
SEPTEMBER 21 2014.....SUNRISE   659 AM CDT   SUNSET   712 PM CDT
SEPTEMBER 22 2014.....SUNRISE   701 AM CDT   SUNSET   711 PM CDT


-  INDICATES NEGATIVE NUMBERS.
R  INDICATES RECORD WAS SET OR TIED.
MM INDICATES DATA IS MISSING.
T  INDICATES TRACE AMOUNT.




$$



484
CDUS43 KDMX 211120 RRB
CLIEST

DSMCLIESX 000
TTAA00 KDMX 211118


CLIMATE REPORT
NATIONAL WEATHER SERVICE DES MOINES IA
617 AM CDT SUN SEP 21 2014


...................................

...THE ESTHERVILLE IA CLIMATE SUMMARY FOR SEPTEMBER 20 2014...

CLIMATE NORMAL PERIOD 1981 TO 2010
CLIMATE RECORD PERIOD 9999 TO 9999


WEATHER ITEM   OBSERVED TIME   RECORD YEAR NORMAL DEPARTURE LAST
                VALUE   (LST)  VALUE       VALUE  FROM      YEAR
                                                  NORMAL
..................................................................
TEMPERATURE (F)
 YESTERDAY
  MAXIMUM         80    421 PM  MM      MM  72      8       61
  MINIMUM         54    938 PM  MM      MM  46      8       41
  AVERAGE         67                        59      8       51

PRECIPITATION (IN)
  YESTERDAY        0.01                      0.12  -0.11
  MONTH TO DATE    0.95                      2.18  -1.23

DEGREE DAYS
 HEATING
  YESTERDAY        0                         7     -7       14
  MONTH TO DATE  135                        84     51       68
  SINCE SEP 1    135                        84     51       68
  SINCE JUL 1    167                       116     51      113

 COOLING
  YESTERDAY        2                         1      1        0
  MONTH TO DATE   20                        40    -20       98
  SINCE SEP 1     20                        40    -20       98
  SINCE JAN 1    429                       580   -151      692
..................................................................


WIND (MPH)
  HIGHEST WIND SPEED    32   HIGHEST WIND DIRECTION     N (340)
  HIGHEST GUST SPEED    47   HIGHEST GUST DIRECTION    NW (310)
  AVERAGE WIND SPEED    10.8


SKY COVER
  POSSIBLE SUNSHINE  MM
  AVERAGE SKY COVER 0.2


WEATHER CONDITIONS
 THE FOLLOWING WEATHER WAS RECORDED YESTERDAY.
  NO SIGNIFICANT WEATHER WAS OBSERVED.


RELATIVE HUMIDITY (PERCENT)
 HIGHEST   100           400 AM
 LOWEST     39           200 PM
 AVERAGE    70

..........................................................


THE ESTHERVILLE IA CLIMATE NORMALS FOR TODAY
                         NORMAL
 MAXIMUM TEMPERATURE (F)   71
 MINIMUM TEMPERATURE (F)   46


SUNRISE AND SUNSET
SEPTEMBER 21 2014.....SUNRISE   705 AM CDT   SUNSET   718 PM CDT
SEPTEMBER 22 2014.....SUNRISE   706 AM CDT   SUNSET   716 PM CDT


-  INDICATES NEGATIVE NUMBERS.
R  INDICATES RECORD WAS SET OR TIED.
MM INDICATES DATA IS MISSING.
T  INDICATES TRACE AMOUNT.




$$



National Weather Service
Disclaimer
Last Modified: August 31, 2005
Privacy Policy