089
CDUS44 KTSA 250703
CLITUL

CLIMATE REPORT
NATIONAL WEATHER SERVICE TULSA OK
147 AM CDT FRI APR 25 2014


...................................

...THE TULSA OKLAHOMA CLIMATE SUMMARY FOR APRIL 24 2014...

CLIMATE NORMAL PERIOD 1981 TO 2010
CLIMATE RECORD PERIOD 1882 TO 2014


WEATHER ITEM   OBSERVED TIME   RECORD YEAR NORMAL DEPARTURE LAST
                VALUE   (LST)  VALUE       VALUE  FROM      YEAR
                                                  NORMAL
..................................................................
TEMPERATURE (F)
 YESTERDAY
  MAXIMUM         74   1049 AM  91    1975  74      0       58
  MINIMUM         47   1159 PM  32    2013  52     -5       32
  AVERAGE         61                        63     -2       45

PRECIPITATION (IN)
  YESTERDAY        0.11          2.88 2011   0.15  -0.04     0.00
  MONTH TO DATE    1.44                      2.85  -1.41     3.03
  SINCE MAR 1      3.80                      6.14  -2.34     4.13
  SINCE JAN 1      4.25                      9.65  -5.40     8.85

SNOWFALL (IN)
  YESTERDAY        0.0                                       0.0
  MONTH TO DATE    T                                         0.0
  SINCE MAR 1      2.4                                        T
  SINCE JUL 1     12.4                                       3.7

DEGREE DAYS
 HEATING
  YESTERDAY        4                         4      0       20
  MONTH TO DATE  170                       166      4      254
  SINCE MAR 1    732                       604    128      789
  SINCE JUL 1   4033                      3515    518     3461

 COOLING
  YESTERDAY        0                         2     -2        0
  MONTH TO DATE   20                        37    -17       11
  SINCE MAR 1     21                        48    -27       15
  SINCE JAN 1     21                        49    -28       17
..................................................................


WIND (MPH)
  HIGHEST WIND SPEED    36   HIGHEST WIND DIRECTION     S (180)
  HIGHEST GUST SPEED    43   HIGHEST GUST DIRECTION     S (180)
  AVERAGE WIND SPEED    17.8


SKY COVER
  POSSIBLE SUNSHINE  MM
  AVERAGE SKY COVER 0.7


WEATHER CONDITIONS
 THE FOLLOWING WEATHER WAS RECORDED YESTERDAY.
  THUNDERSTORM
  RAIN
  LIGHT RAIN
  FOG


RELATIVE HUMIDITY (PERCENT)
 HIGHEST    93          1200 PM
 LOWEST     40           500 PM
 AVERAGE    67

..........................................................


THE TULSA OKLAHOMA CLIMATE NORMALS FOR TODAY
                         NORMAL    RECORD    YEAR
 MAXIMUM TEMPERATURE (F)   75        89      1939
                                             1936
 MINIMUM TEMPERATURE (F)   53        34      2013


SUNRISE AND SUNSET
APRIL 25 2014.........SUNRISE   638 AM CDT   SUNSET   806 PM CDT
APRIL 26 2014.........SUNRISE   636 AM CDT   SUNSET   807 PM CDT


-  INDICATES NEGATIVE NUMBERS.
R  INDICATES RECORD WAS SET OR TIED.
MM INDICATES DATA IS MISSING.
T  INDICATES TRACE AMOUNT.




$$

&&
...........................................................

THE TULSA PRECIPITATION NORMALS FOR TODAY
                       NORMAL    RECORD      YEAR
  TODAY                 0.15      2.76       1999
  MONTH TO DATE         3.00
  YEAR TO DATE          9.80
...........................................................
ALL DATA MEASURED AT THE TULSA INTERNATIONAL AIRPORT...
EXCEPT SNOWFALL...WHICH IS MEASURED AT THE NWS OFFICE.






National Weather Service
Disclaimer
Last Modified: August 31, 2005
Privacy Policy