917
CDUS46 KSTO 221448
CLISCK


CLIMATE REPORT
NATIONAL WEATHER SERVICE SACRAMENTO, CA
748 AM PDT FRI AUG 22 2014


...................................

...THE STOCKTON AIRPORT CA CLIMATE SUMMARY FOR AUGUST 21 2014...

CLIMATE NORMAL PERIOD 1981 TO 2010
CLIMATE RECORD PERIOD 1948 TO 2014


WEATHER ITEM   OBSERVED TIME   RECORD YEAR NORMAL DEPARTURE LAST
                VALUE   (LST)  VALUE       VALUE  FROM      YEAR
                                                  NORMAL
..................................................................
TEMPERATURE (F)
 YESTERDAY
  MAXIMUM         90    422 PM 102    1969  92     -2       90
  MINIMUM         59    601 AM  52    2002  59      0       61
                                      1968
                                      1959
  AVERAGE         75

PRECIPITATION (IN)
  YESTERDAY        0.00          0.03 1968   0.01  -0.01     0.00
  MONTH TO DATE    0.01                      0.01   0.00     0.00
  SINCE JUL 1      0.01                      0.01   0.00     0.00
  SINCE JAN 1      5.81                      9.04  -3.23     2.88

SNOWFALL (IN)
  YESTERDAY        0.0          MM      MM
  MONTH TO DATE    0.0
  SINCE JUN 1      0.0
  SINCE JUL 1      0.0
  SNOW DEPTH       0

DEGREE DAYS
 HEATING
  YESTERDAY        0                         0      0        0
  MONTH TO DATE    0                         0      0        0
  SINCE JUN 1      0                         7     -7        0
  SINCE JUL 1      0                         0      0        0

 COOLING
  YESTERDAY       10                        10      0       11
  MONTH TO DATE  245                       233     12      213
  SINCE JUN 1    949                       826    123      882
  SINCE JAN 1   1132                       945    187     1063
..................................................................


WIND (MPH)
  RESULTANT WIND SPEED   5   RESULTANT WIND DIRECTION  NW (330)
  HIGHEST WIND SPEED    14   HIGHEST WIND DIRECTION    NW (300)
  HIGHEST GUST SPEED    16   HIGHEST GUST DIRECTION    NW (310)


SKY COVER
  POSSIBLE SUNSHINE  MM
  AVERAGE SKY COVER 0.0


WEATHER CONDITIONS
 THE FOLLOWING WEATHER WAS RECORDED YESTERDAY.
  FOG


RELATIVE HUMIDITY (PERCENT)
 HIGHEST    93           500 AM
 LOWEST     32           300 PM
 AVERAGE    63

..........................................................


THE STOCKTON AIRPORT CA CLIMATE NORMALS FOR TODAY
                         NORMAL    RECORD    YEAR
 MAXIMUM TEMPERATURE (F)   92       104      1982
 MINIMUM TEMPERATURE (F)   59        50      1968


SUNRISE AND SUNSET
AUGUST 22 2014........SUNRISE   626 AM PDT   SUNSET   749 PM PDT
AUGUST 23 2014........SUNRISE   627 AM PDT   SUNSET   747 PM PDT


-  INDICATES NEGATIVE NUMBERS.
R  INDICATES RECORD WAS SET OR TIED.
MM INDICATES DATA IS MISSING.
T  INDICATES TRACE AMOUNT.




$$




National Weather Service
Disclaimer
Last Modified: August 31, 2005
Privacy Policy