643
CDUS42 KJAX 252127
CLIGNV


CLIMATE REPORT
NATIONAL WEATHER SERVICE JACKSONVILLE FL
527 PM EDT SAT OCT 25 2014


...................................

...THE GAINESVILLE CLIMATE SUMMARY FOR OCTOBER 25 2014...
VALID TODAY AS OF 0500 PM LOCAL TIME.

CLIMATE NORMAL PERIOD 1981 TO 2010
CLIMATE RECORD PERIOD 1890 TO 2014


WEATHER ITEM   OBSERVED TIME   RECORD YEAR NORMAL DEPARTURE LAST
                VALUE   (LST)  VALUE       VALUE  FROM      YEAR
                                                  NORMAL
..................................................................
TEMPERATURE (F)
 TODAY
  MAXIMUM         78    348 PM  91    1911  79     -1       78
  MINIMUM         46    520 AM  33    1917  57    -11       46
  AVERAGE         62                        68     -6       62

PRECIPITATION (IN)
  TODAY            0.00          1.41 1947   0.07  -0.07     0.00
  MONTH TO DATE    0.57                      2.48  -1.91     0.08
  SINCE SEP 1      7.85                      6.90   0.95     3.28
  SINCE JAN 1     44.91                     42.47   2.44    39.98

SNOWFALL (IN)
  TODAY            0.0           0.0    MM   0.0    0.0      0.0
  MONTH TO DATE    0.0                       0.0    0.0      0.0
  SINCE SEP 1      0.0                       0.0    0.0      0.0
  SINCE JUL 1      0.0                       0.0    0.0      0.0
  SNOW DEPTH       0

DEGREE DAYS
 HEATING
  TODAY            3                         2      1        3
  MONTH TO DATE   15                        14      1        7
  SINCE SEP 1     15                        14      1        7
  SINCE JUL 1     15                        14      1        7

 COOLING
  TODAY            0                         5     -5        0
  MONTH TO DATE  159                       186    -27      222
  SINCE SEP 1    566                       582    -16      661
  SINCE JAN 1   2512                      2526    -14     2723
..................................................................


WIND (MPH)
  HIGHEST WIND SPEED    12   HIGHEST WIND DIRECTION    NE (30)
  HIGHEST GUST SPEED    16   HIGHEST GUST DIRECTION     N (10)
  AVERAGE WIND SPEED     4.1


SKY COVER
  POSSIBLE SUNSHINE  MM
  AVERAGE SKY COVER 0.0


WEATHER CONDITIONS
 THE FOLLOWING WEATHER WAS RECORDED TODAY.
  FOG


RELATIVE HUMIDITY (PERCENT)
 HIGHEST   100          1200 AM
 LOWEST     36           400 PM
 AVERAGE    68

..........................................................


THE GAINESVILLE CLIMATE NORMALS FOR TOMORROW
                         NORMAL    RECORD    YEAR
 MAXIMUM TEMPERATURE (F)   79        92      2010
 MINIMUM TEMPERATURE (F)   57        36      1903


SUNRISE AND SUNSET
OCTOBER 25 2014.......SUNRISE   737 AM EDT   SUNSET   648 PM EDT
OCTOBER 26 2014.......SUNRISE   738 AM EDT   SUNSET   648 PM EDT


-  INDICATES NEGATIVE NUMBERS.
R  INDICATES RECORD WAS SET OR TIED.
MM INDICATES DATA IS MISSING.
T  INDICATES TRACE AMOUNT.




$$




641
CDUS43 KARX 252127
CLIRST


CLIMATE REPORT
NATIONAL WEATHER SERVICE LA CROSSE WI
426 PM CDT SAT OCT 25 2014


...................................

...THE ROCHESTER MN CLIMATE SUMMARY FOR OCTOBER 25 2014...
VALID TODAY AS OF 0400 PM LOCAL TIME.

CLIMATE NORMAL PERIOD 1981 TO 2010
CLIMATE RECORD PERIOD 1886 TO 2014


WEATHER ITEM   OBSERVED TIME   RECORD YEAR NORMAL DEPARTURE LAST
                VALUE   (LST)  VALUE       VALUE  FROM      YEAR
                                                  NORMAL
..................................................................
TEMPERATURE (F)
 TODAY
  MAXIMUM         64    201 PM  78    1989  54     10       54
  MINIMUM         45    655 AM  -6    1887  36      9       24
  AVERAGE         55                        45     10       39

PRECIPITATION (IN)
  TODAY            0.00          0.84 2012   0.06  -0.06     0.00
  MONTH TO DATE    2.36                      1.87   0.49     2.96
  SINCE SEP 1      5.90                      5.32   0.58     4.18
  SINCE JAN 1     31.32                     29.51   1.81    38.88

SNOWFALL (IN)
  TODAY            0.0           0.4  1981   0.1   -0.1      0.0
  MONTH TO DATE    T                         0.5   -0.5       T
  SINCE JUL 1      T                         0.5   -0.5       T
  SNOW DEPTH       0

DEGREE DAYS
 HEATING
  TODAY           10                        20    -10       26
  MONTH TO DATE  403                       391     12      401
  SINCE JUL 1    608                       606      2      555

 COOLING
  TODAY            0                         0      0        0
  MONTH TO DATE    0                         4     -4        0
  SINCE JAN 1    491                       583    -92      656
..................................................................


WIND (MPH)
  HIGHEST WIND SPEED    22   HIGHEST WIND DIRECTION    NW (310)
  HIGHEST GUST SPEED    29   HIGHEST GUST DIRECTION    NW (310)
  AVERAGE WIND SPEED    10.8


SKY COVER
  POSSIBLE SUNSHINE  MM
  AVERAGE SKY COVER 0.0


WEATHER CONDITIONS
 THE FOLLOWING WEATHER WAS RECORDED TODAY.
  NO SIGNIFICANT WEATHER WAS OBSERVED.


RELATIVE HUMIDITY (PERCENT)
 HIGHEST    89          1200 AM
 LOWEST     25           300 PM
 AVERAGE    57

..........................................................


THE ROCHESTER MN CLIMATE NORMALS FOR TOMORROW
                         NORMAL    RECORD    YEAR
 MAXIMUM TEMPERATURE (F)   54        81      1955
 MINIMUM TEMPERATURE (F)   35         4      1887


SUNRISE AND SUNSET
OCTOBER 25 2014.......SUNRISE   737 AM CDT   SUNSET   610 PM CDT
OCTOBER 26 2014.......SUNRISE   738 AM CDT   SUNSET   609 PM CDT


-  INDICATES NEGATIVE NUMBERS.
R  INDICATES RECORD WAS SET OR TIED.
MM INDICATES DATA IS MISSING.
T  INDICATES TRACE AMOUNT.




$$




644
CDUS42 KJAX 252127
CLISSI


CLIMATE REPORT
NATIONAL WEATHER SERVICE JACKSONVILLE FL
527 PM EDT SAT OCT 25 2014


...................................

...THE ST SIMONS ISLAND CLIMATE SUMMARY FOR OCTOBER 25 2014...
VALID TODAY AS OF 0500 PM LOCAL TIME.

CLIMATE NORMAL PERIOD 1981 TO 2010
CLIMATE RECORD PERIOD 1948 TO 2014


WEATHER ITEM   OBSERVED TIME   RECORD YEAR NORMAL DEPARTURE LAST
                VALUE   (LST)  VALUE       VALUE  FROM      YEAR
                                                  NORMAL
..................................................................
TEMPERATURE (F)
 TODAY
  MAXIMUM         76    216 PM  87    2001  76      0       70
  MINIMUM         49    703 AM  41    1962  59    -10       52
  AVERAGE         63                        68     -5       61

PRECIPITATION (IN)
  TODAY            0.00          1.66 1977   0.11  -0.11     0.00
  MONTH TO DATE    2.83                      3.91  -1.08     1.17
  SINCE SEP 1      8.47                      9.67  -1.20    12.06
  SINCE JAN 1     39.22                     39.78  -0.56    47.00

SNOWFALL (IN)
  TODAY            0.0           0.0    MM                   0.0
  MONTH TO DATE    0.0                                       0.0
  SINCE SEP 1      0.0                                       0.0
  SINCE JUL 1      0.0                                       0.0

DEGREE DAYS
 HEATING
  TODAY            2                         2      0        4
  MONTH TO DATE   17                        17      0       10
  SINCE SEP 1     17                        17      0       10
  SINCE JUL 1     17                        17      0       10

 COOLING
  TODAY            0                         4     -4        0
  MONTH TO DATE  151                       168    -17      175
  SINCE SEP 1    535                       563    -28      587
  SINCE JAN 1   2540                      2539      1     2532
..................................................................


WIND (MPH)
  HIGHEST WIND SPEED    10   HIGHEST WIND DIRECTION     E (100)
  HIGHEST GUST SPEED    20   HIGHEST GUST DIRECTION    SE (150)
  AVERAGE WIND SPEED     3.3


SKY COVER
  POSSIBLE SUNSHINE  MM
  AVERAGE SKY COVER 0.0


WEATHER CONDITIONS
 THE FOLLOWING WEATHER WAS RECORDED TODAY.
  FOG


RELATIVE HUMIDITY (PERCENT)
 HIGHEST   100           200 AM
 LOWEST     36           200 PM
 AVERAGE    68

..........................................................


THE ST SIMONS ISLAND CLIMATE NORMALS FOR TOMORROW
                         NORMAL    RECORD    YEAR
 MAXIMUM TEMPERATURE (F)   75        84      1975
                                             1949
 MINIMUM TEMPERATURE (F)   59        39      1962


SUNRISE AND SUNSET
OCTOBER 25 2014.......SUNRISE   736 AM EDT   SUNSET   643 PM EDT
OCTOBER 26 2014.......SUNRISE   736 AM EDT   SUNSET   642 PM EDT


-  INDICATES NEGATIVE NUMBERS.
R  INDICATES RECORD WAS SET OR TIED.
MM INDICATES DATA IS MISSING.
T  INDICATES TRACE AMOUNT.




$$




National Weather Service
Disclaimer
Last Modified: August 31, 2005
Privacy Policy