186
CDUS45 KTWC 301430
CLITUS

CLIMATE REPORT
NATIONAL WEATHER SERVICE TUCSON AZ
728 AM MST THU OCT 30 2014


...................................

...THE TUCSON AZ CLIMATE SUMMARY FOR OCTOBER 30 2014...
VALID AS OF 0700 AM LOCAL TIME.

CLIMATE NORMAL PERIOD 1981 TO 2010
CLIMATE RECORD PERIOD 1895 TO 2014


WEATHER ITEM   OBSERVED TIME   RECORD YEAR NORMAL DEPARTURE LAST
                VALUE   (LST)  VALUE       VALUE  FROM      YEAR
                                                  NORMAL
..................................................................
TEMPERATURE (F)
 TODAY
  MINIMUM         58    646 AM  26    1971  52      6       47

PRECIPITATION (IN)
  TODAY            0.00          1.47 1951   0.03  -0.03     0.00
  MONTH TO DATE    1.33                      0.87   0.46     0.00
  SINCE OCT 1      1.33                      0.87   0.46     0.00
  SINCE JAN 1      8.02                     10.07  -2.05     5.48

DEGREE DAYS
 HEATING
  TODAY            3                         2      1        6

 COOLING
  TODAY            0                         3     -3        0
..................................................................


WIND (MPH)
  HIGHEST WIND SPEED    13   HIGHEST WIND DIRECTION    SE (150)
  HIGHEST GUST SPEED    15   HIGHEST GUST DIRECTION    SE (140)
  AVERAGE WIND SPEED     7.8


SKY COVER
  POSSIBLE SUNSHINE  MM
  AVERAGE SKY COVER 0.0


WEATHER CONDITIONS
 THE FOLLOWING WEATHER WAS RECORDED TODAY.
  NO SIGNIFICANT WEATHER WAS OBSERVED.


RELATIVE HUMIDITY (PERCENT)
 HIGHEST    51           600 AM

..........................................................


THE TUCSON AZ CLIMATE NORMALS FOR TOMORROW
                         NORMAL    RECORD    YEAR
 MAXIMUM TEMPERATURE (F)   80        93      1916
 MINIMUM TEMPERATURE (F)   52        29      1900


SUNRISE AND SUNSET
OCTOBER 30 2014.......SUNRISE   639 AM MST   SUNSET   535 PM MST
OCTOBER 31 2014.......SUNRISE   640 AM MST   SUNSET   535 PM MST


-  INDICATES NEGATIVE NUMBERS.
R  INDICATES RECORD WAS SET OR TIED.
MM INDICATES DATA IS MISSING.
T  INDICATES TRACE AMOUNT.




$$







National Weather Service
Disclaimer
Last Modified: August 31, 2005
Privacy Policy