060
CDUS46 KLOX 220111
CLIBUR


CLIMATE REPORT
NATIONAL WEATHER SERVICE LOS ANGELES/OXNARD CA
511 PM PST FRI NOV 21 2014


...................................

...THE BOB HOPE AIRPORT (BURBANK) CA CLIMATE SUMMARY FOR NOVEMBER 21 2014...
VALID TODAY AS OF 0500 PM LOCAL TIME.

CLIMATE NORMAL PERIOD 1981 TO 2010
CLIMATE RECORD PERIOD 1939 TO 2014


WEATHER ITEM   OBSERVED TIME   RECORD YEAR NORMAL DEPARTURE LAST
                VALUE   (LST)  VALUE       VALUE  FROM      YEAR
                                                  NORMAL
..................................................................
TEMPERATURE (F)
 TODAY
  MAXIMUM         73    121 PM  88    2002  71      2       65
  MINIMUM         53    622 AM  31    1979  44      9       54
  AVERAGE         63                        58      5       60

PRECIPITATION (IN)
  TODAY            0.00          2.60 1967   0.04  -0.04     0.20
  MONTH TO DATE    0.07                      0.67  -0.60     0.24
  SINCE JUL 1      0.45                      1.96  -1.51     0.35
  SINCE JAN 1      5.36                     14.51  -9.15     2.95

SNOWFALL (IN)
  TODAY            0.0
  MONTH TO DATE    0.0
  SINCE SEP 1      0.0
  SINCE JUL 1      0.0

DEGREE DAYS
 HEATING
  TODAY            2                         7     -5        5
  MONTH TO DATE   45                       102    -57       28
  SINCE SEP 1     46                       151   -105       55
  SINCE JUL 1     46                       151   -105       55

 COOLING
  TODAY            0                         0      0        0
  MONTH TO DATE   34                        12     22       52
  SINCE SEP 1    644                       361    283      582
  SINCE JAN 1   1944                      1243    701     2011
..................................................................


WIND (MPH)
  HIGHEST WIND SPEED    18   HIGHEST WIND DIRECTION     W (250)
  HIGHEST GUST SPEED    25   HIGHEST GUST DIRECTION     W (270)
  AVERAGE WIND SPEED     5.8


SKY COVER
  POSSIBLE SUNSHINE  MM
  AVERAGE SKY COVER 0.1


WEATHER CONDITIONS
 THE FOLLOWING WEATHER WAS RECORDED TODAY.
  NO SIGNIFICANT WEATHER WAS OBSERVED.


RELATIVE HUMIDITY (PERCENT)
 HIGHEST    93           500 AM
 LOWEST     27          1200 PM
 AVERAGE    60

..........................................................


THE BOB HOPE AIRPORT (BURBANK) CA CLIMATE NORMALS FOR TOMORROW
                         NORMAL    RECORD    YEAR
 MAXIMUM TEMPERATURE (F)   71        91      1950
 MINIMUM TEMPERATURE (F)   44        33      1983


SUNRISE AND SUNSET
NOVEMBER 21 2014......SUNRISE   632 AM PST   SUNSET   446 PM PST
NOVEMBER 22 2014......SUNRISE   633 AM PST   SUNSET   446 PM PST


-  INDICATES NEGATIVE NUMBERS.
R  INDICATES RECORD WAS SET OR TIED.
MM INDICATES DATA IS MISSING.
T  INDICATES TRACE AMOUNT.




$$




055
CDUS46 KLOX 220111
CLISBA


CLIMATE REPORT
NATIONAL WEATHER SERVICE LOS ANGELES/OXNARD CA
511 PM PST FRI NOV 21 2014


...................................

...THE SANTA BARBARA AIRPORT CA CLIMATE SUMMARY FOR NOVEMBER 21 2014...
VALID TODAY AS OF 0500 PM LOCAL TIME.

CLIMATE NORMAL PERIOD 1981 TO 2010
CLIMATE RECORD PERIOD 1940 TO 2014


WEATHER ITEM   OBSERVED TIME   RECORD YEAR NORMAL DEPARTURE LAST
                VALUE   (LST)  VALUE       VALUE  FROM      YEAR
                                                  NORMAL
..................................................................
TEMPERATURE (F)
 TODAY
  MAXIMUM         75    435 PM  84    1959  67      8       68
  MINIMUM         51    143 AM  31    1979  43      8       52
  AVERAGE         63                        55      8       60

PRECIPITATION (IN)
  TODAY            0.00          1.01 1967   0.06  -0.06     0.00
  MONTH TO DATE    0.18                      1.07  -0.89     0.31
  SINCE JUL 1      1.36                      2.29  -0.93     0.77
  SINCE JAN 1      6.56                     14.34  -7.78     4.12

SNOWFALL (IN)
  TODAY            0.0
  MONTH TO DATE    0.0
  SINCE SEP 1      0.0
  SINCE JUL 1      0.0

DEGREE DAYS
 HEATING
  TODAY            2                        10     -8        5
  MONTH TO DATE   74                       164    -90      121
  SINCE SEP 1     91                       330   -239      273
  SINCE JUL 1     91                       381   -290      303

 COOLING
  TODAY            0                         0      0        0
  MONTH TO DATE    4                         0      4        0
  SINCE SEP 1    198                        59    139       87
  SINCE JAN 1    529                       186    343      285
..................................................................


WIND (MPH)
  HIGHEST WIND SPEED    18   HIGHEST WIND DIRECTION    NW (330)
  HIGHEST GUST SPEED    24   HIGHEST GUST DIRECTION    NW (330)
  AVERAGE WIND SPEED     9.1


SKY COVER
  POSSIBLE SUNSHINE  MM
  AVERAGE SKY COVER 0.1


WEATHER CONDITIONS
 THE FOLLOWING WEATHER WAS RECORDED TODAY.
  NO SIGNIFICANT WEATHER WAS OBSERVED.


RELATIVE HUMIDITY (PERCENT)
 HIGHEST    77           200 AM
 LOWEST     25           400 PM
 AVERAGE    51

..........................................................


THE SANTA BARBARA AIRPORT CA CLIMATE NORMALS FOR TOMORROW
                         NORMAL    RECORD    YEAR
 MAXIMUM TEMPERATURE (F)   67        83      1954
 MINIMUM TEMPERATURE (F)   43        33      1994


SUNRISE AND SUNSET
NOVEMBER 21 2014......SUNRISE   638 AM PST   SUNSET   452 PM PST
NOVEMBER 22 2014......SUNRISE   639 AM PST   SUNSET   451 PM PST


-  INDICATES NEGATIVE NUMBERS.
R  INDICATES RECORD WAS SET OR TIED.
MM INDICATES DATA IS MISSING.
T  INDICATES TRACE AMOUNT.




$$




053
CDUS46 KLOX 220111
CLICMA


CLIMATE REPORT
NATIONAL WEATHER SERVICE LOS ANGELES/OXNARD CA
511 PM PST FRI NOV 21 2014


...................................

...THE CAMARILLO CLIMATE SUMMARY FOR NOVEMBER 21 2014...
VALID TODAY AS OF 0500 PM LOCAL TIME.

CLIMATE NORMAL PERIOD 1981 TO 2010
CLIMATE RECORD PERIOD 1948 TO 2014


WEATHER ITEM   OBSERVED TIME   RECORD YEAR NORMAL DEPARTURE LAST
                VALUE   (LST)  VALUE       VALUE  FROM      YEAR
                                                  NORMAL
..................................................................
TEMPERATURE (F)
 TODAY
  MAXIMUM         72    247 PM  88    2002  70      2       64
  MINIMUM         50    614 AM  34    1962  45      5       57
  AVERAGE         61                        57      4       61

PRECIPITATION (IN)
  TODAY            0.00          1.78 1996   0.05  -0.05     0.19
  MONTH TO DATE    0.05                      1.03  -0.98     0.40
  SINCE JUL 1      0.79                      1.90  -1.11     0.44
  SINCE JAN 1      4.98                     12.88  -7.90     2.59

SNOWFALL (IN)
  TODAY            0.0
  MONTH TO DATE    0.0
  SINCE SEP 1      0.0
  SINCE JUL 1      0.0

DEGREE DAYS
 HEATING
  TODAY            4                         8     -4        4
  MONTH TO DATE   53                       130    -77       66
  SINCE SEP 1     60                       238   -178      173
  SINCE JUL 1     60                       253   -193      176

 COOLING
  TODAY            0                         0      0        0
  MONTH TO DATE   31                        13     18       11
  SINCE SEP 1    369                       117    252      165
  SINCE JAN 1   1006                       329    677      634
..................................................................


WIND (MPH)
  HIGHEST WIND SPEED    14   HIGHEST WIND DIRECTION     W (280)
  HIGHEST GUST SPEED    26   HIGHEST GUST DIRECTION    SW (240)
  AVERAGE WIND SPEED     4.5


SKY COVER
  POSSIBLE SUNSHINE  MM
  AVERAGE SKY COVER 0.1


WEATHER CONDITIONS
 THE FOLLOWING WEATHER WAS RECORDED TODAY.
  NO SIGNIFICANT WEATHER WAS OBSERVED.


RELATIVE HUMIDITY (PERCENT)
 HIGHEST    96           500 AM
 LOWEST     38           200 PM
 AVERAGE    67

..........................................................


THE CAMARILLO CLIMATE NORMALS FOR TOMORROW
                         NORMAL    RECORD    YEAR
 MAXIMUM TEMPERATURE (F)   69        87      1954
 MINIMUM TEMPERATURE (F)   45        35      1961


SUNRISE AND SUNSET
NOVEMBER 21 2014......SUNRISE   635 AM PST   SUNSET   449 PM PST
NOVEMBER 22 2014......SUNRISE   636 AM PST   SUNSET   449 PM PST


-  INDICATES NEGATIVE NUMBERS.
R  INDICATES RECORD WAS SET OR TIED.
MM INDICATES DATA IS MISSING.
T  INDICATES TRACE AMOUNT.




$$




National Weather Service
Disclaimer
Last Modified: August 31, 2005
Privacy Policy