300
CDUS43 KOAX 260647
CLIOMA


CLIMATE REPORT
NATIONAL WEATHER SERVICE OMAHA NEBRASKA
146 AM CDT SAT JUL 26 2014


...................................

...THE OMAHA EPPLEY, NEBRASKA CLIMATE SUMMARY FOR JULY 25 2014...

CLIMATE NORMAL PERIOD 1981 TO 2010
CLIMATE RECORD PERIOD 1871 TO 2014


WEATHER ITEM   OBSERVED TIME   RECORD YEAR NORMAL DEPARTURE LAST
                VALUE   (LST)  VALUE       VALUE  FROM      YEAR
                                                  NORMAL
..................................................................
TEMPERATURE (F)
 YESTERDAY
  MAXIMUM         93    519 PM 114    1936  87      6       84
  MINIMUM         72    705 AM  52    1975  66      6       70
  AVERAGE         83                        77      6       77

PRECIPITATION (IN)
  YESTERDAY        T             2.74 1885   0.13  -0.13     0.01
  MONTH TO DATE    1.72                      3.08  -1.36     0.38
  SINCE JUN 1     12.24                      7.26   4.98     5.12
  SINCE JAN 1     19.06                     18.54   0.52    19.46

SNOWFALL (IN)
  YESTERDAY        0.0                       0.0    0.0      0.0
  MONTH TO DATE    0.0                       0.0    0.0      0.0
  SINCE JUL 1      0.0                       0.0    0.0      0.0
  SNOW DEPTH       0

DEGREE DAYS
 HEATING
  YESTERDAY        0                         0      0        0
  MONTH TO DATE    4                         0      4        0
  SINCE JUN 1     10                        17     -7       16
  SINCE JUL 1      4                         0      4        0

 COOLING
  YESTERDAY       18                        12      6       12
  MONTH TO DATE  238                       296    -58      342
  SINCE JUN 1    505                       526    -21      577
  SINCE JAN 1    648                       608     40      673
..................................................................


WIND (MPH)
  HIGHEST WIND SPEED    41   HIGHEST WIND DIRECTION     S (200)
  HIGHEST GUST SPEED    52   HIGHEST GUST DIRECTION     S (200)
  AVERAGE WIND SPEED    11.5


SKY COVER
  POSSIBLE SUNSHINE  MM
  AVERAGE SKY COVER 0.6


WEATHER CONDITIONS
 THE FOLLOWING WEATHER WAS RECORDED YESTERDAY.
  THUNDERSTORM
  LIGHT RAIN


RELATIVE HUMIDITY (PERCENT)
 HIGHEST    79           900 PM
 LOWEST     56           100 PM
 AVERAGE    68

..........................................................


THE OMAHA EPPLEY, NEBRASKA CLIMATE NORMALS FOR TODAY
                         NORMAL    RECORD    YEAR
 MAXIMUM TEMPERATURE (F)   87       109      1936
 MINIMUM TEMPERATURE (F)   66        52      2004


SUNRISE AND SUNSET
JULY 26 2014..........SUNRISE   613 AM CDT   SUNSET   847 PM CDT
JULY 27 2014..........SUNRISE   614 AM CDT   SUNSET   846 PM CDT


-  INDICATES NEGATIVE NUMBERS.
R  INDICATES RECORD WAS SET OR TIED.
MM INDICATES DATA IS MISSING.
T  INDICATES TRACE AMOUNT.




$$




299
CDUS43 KOAX 260647
CLILNK


CLIMATE REPORT
NATIONAL WEATHER SERVICE OMAHA NEBRASKA
146 AM CDT SAT JUL 26 2014


...................................

...THE LINCOLN, NEBRASKA CLIMATE SUMMARY FOR JULY 25 2014...

CLIMATE NORMAL PERIOD 1981 TO 2010
CLIMATE RECORD PERIOD 1887 TO 2014


WEATHER ITEM   OBSERVED TIME   RECORD YEAR NORMAL DEPARTURE LAST
                VALUE   (LST)  VALUE       VALUE  FROM      YEAR
                                                  NORMAL
..................................................................
TEMPERATURE (F)
 YESTERDAY
  MAXIMUM         99    316 PM 115    1936  89     10       82
  MINIMUM         72    511 AM  51    2004  66      6       66
  AVERAGE         86                        78      8       74

PRECIPITATION (IN)
  YESTERDAY        0.04          5.42 1990   0.10  -0.06      T
  MONTH TO DATE    0.49                      2.78  -2.29     0.28
  SINCE JUN 1      6.39                      7.13  -0.74     2.77
  SINCE JAN 1     16.14                     17.47  -1.33    18.62

SNOWFALL (IN)
  YESTERDAY        0.0                       0.0    0.0      0.0
  MONTH TO DATE    0.0                       0.0    0.0      0.0
  SINCE JUL 1      0.0                       0.0    0.0      0.0
  SNOW DEPTH       0

DEGREE DAYS
 HEATING
  YESTERDAY        0                         0      0        0
  MONTH TO DATE    2                         0      2        0
  SINCE JUN 1      4                        16    -12       20
  SINCE JUL 1      2                         0      2        0

 COOLING
  YESTERDAY       21                        13      8        9
  MONTH TO DATE  270                       318    -48      327
  SINCE JUN 1    548                       560    -12      558
  SINCE JAN 1    708                       639     69      645
..................................................................


WIND (MPH)
  HIGHEST WIND SPEED    23   HIGHEST WIND DIRECTION     N (340)
  HIGHEST GUST SPEED    26   HIGHEST GUST DIRECTION     N (350)
  AVERAGE WIND SPEED     9.4


SKY COVER
  POSSIBLE SUNSHINE  MM
  AVERAGE SKY COVER 0.0


WEATHER CONDITIONS
 THE FOLLOWING WEATHER WAS RECORDED YESTERDAY.
  THUNDERSTORM
  LIGHT RAIN


RELATIVE HUMIDITY (PERCENT)
 HIGHEST    85          1000 PM
 LOWEST     39           200 PM
 AVERAGE    62

..........................................................


THE LINCOLN, NEBRASKA CLIMATE NORMALS FOR TODAY
                         NORMAL    RECORD    YEAR
 MAXIMUM TEMPERATURE (F)   89       109      1936
 MINIMUM TEMPERATURE (F)   66        49      2004


SUNRISE AND SUNSET
JULY 26 2014..........SUNRISE   618 AM CDT   SUNSET   849 PM CDT
JULY 27 2014..........SUNRISE   619 AM CDT   SUNSET   848 PM CDT


-  INDICATES NEGATIVE NUMBERS.
R  INDICATES RECORD WAS SET OR TIED.
MM INDICATES DATA IS MISSING.
T  INDICATES TRACE AMOUNT.




$$




352
CDUS43 KOAX 260647
CLIOAX


CLIMATE REPORT
NATIONAL WEATHER SERVICE OMAHA NEBRASKA
146 AM CDT SAT JUL 26 2014


...................................

...THE VALLEY  NWS, NEBRASKA CLIMATE SUMMARY FOR JULY 25 2014...

CLIMATE NORMAL PERIOD 1981 TO 2010
CLIMATE RECORD PERIOD 1997 TO 2014


WEATHER ITEM   OBSERVED TIME   NORMAL DEPARTURE LAST
                VALUE   (LST)  VALUE  FROM      YEAR
                                      NORMAL
......................................................
TEMPERATURE (F)
 YESTERDAY
  MAXIMUM         93    412 PM  86      7       84
  MINIMUM         71   1235 AM  67      4       69
  AVERAGE         82            77      5       77

PRECIPITATION (IN)
  YESTERDAY        0.05          0.14  -0.09     0.03
  MONTH TO DATE    0.88          3.62  -2.74     0.22
  SINCE JUN 1     12.55          8.71   3.84     4.64
  SINCE JAN 1     21.46         20.03   1.43    18.80

SNOWFALL (IN)
  YESTERDAY        0.0                           0.0
  MONTH TO DATE    0.0                           0.0
  SINCE JUL 1      0.0                           0.0
  SNOW DEPTH       0

DEGREE DAYS
 HEATING
  YESTERDAY        0             0      0        0
  MONTH TO DATE    1             0      1        0
  SINCE JUN 1      5            16    -11       17
  SINCE JUL 1      1             0      1        0

 COOLING
  YESTERDAY       17            12      5       12
  MONTH TO DATE  209           292    -83      335
  SINCE JUN 1    449           526    -77      557
  SINCE JAN 1    579           598    -19      643
......................................................


WIND (MPH)
  HIGHEST WIND SPEED    MM   HIGHEST WIND DIRECTION    MM
  HIGHEST GUST SPEED    37   HIGHEST GUST DIRECTION    MM


SKY COVER
  POSSIBLE SUNSHINE  MM


WEATHER CONDITIONS
 THE FOLLOWING WEATHER WAS RECORDED YESTERDAY.
  THUNDERSTORM
  LIGHT RAIN


..........................................................


THE VALLEY  NWS, NEBRASKA CLIMATE NORMALS FOR TODAY
                         NORMAL
 MAXIMUM TEMPERATURE (F)   86
 MINIMUM TEMPERATURE (F)   67


SUNRISE AND SUNSET
JULY 26 2014..........SUNRISE   615 AM CDT   SUNSET   848 PM CDT
JULY 27 2014..........SUNRISE   616 AM CDT   SUNSET   848 PM CDT


-  INDICATES NEGATIVE NUMBERS.
R  INDICATES RECORD WAS SET OR TIED.
MM INDICATES DATA IS MISSING.
T  INDICATES TRACE AMOUNT.




$$





National Weather Service
Disclaimer
Last Modified: August 31, 2005
Privacy Policy