162
CDUS45 KBOU 170725
CLIAPA


CLIMATE REPORT
NATIONAL WEATHER SERVICE BOULDER, CO
125 AM MDT WED SEP 17 2014


...................................

...THE CENTENNIAL CO CLIMATE SUMMARY FOR SEPTEMBER 16 2014...

CLIMATE NORMAL PERIOD 1981 TO 2010
CLIMATE RECORD PERIOD 9999 TO 9999


WEATHER ITEM   OBSERVED RECORD YEAR NORMAL DEPARTURE LAST
                VALUE   VALUE       VALUE  FROM      YEAR
                                           NORMAL
...........................................................
TEMPERATURE (F)
 YESTERDAY
  MAXIMUM         86     MM      MM  76     10       73
  MINIMUM         51     MM      MM  48      3       48
  AVERAGE         69                 62      7       61

PRECIPITATION (IN)
  YESTERDAY        0.00  MM      MM   0.03  -0.03     0.01
  MONTH TO DATE    0.94               0.66   0.28     5.52
  SINCE SEP 1      0.94               0.66   0.28     5.52
  SINCE JAN 1     12.24              13.99  -1.75    15.33

DEGREE DAYS
 HEATING
  YESTERDAY        0
  MONTH TO DATE   73

 COOLING
  YESTERDAY        4
  MONTH TO DATE   24
...........................................................


WIND (MPH)
  RESULTANT WIND SPEED   5   RESULTANT WIND DIRECTION   S (180)
  HIGHEST WIND SPEED    15   HIGHEST WIND DIRECTION    SW (240)
  HIGHEST GUST SPEED    19   HIGHEST GUST DIRECTION     N (360)


SKY COVER
  POSSIBLE SUNSHINE  MM
  AVERAGE SKY COVER 0.2


WEATHER CONDITIONS
 THE FOLLOWING WEATHER WAS RECORDED YESTERDAY.
  NO SIGNIFICANT WEATHER WAS OBSERVED.


RELATIVE HUMIDITY (PERCENT)
 HIGHEST    83
 LOWEST     16
 AVERAGE    50

..........................................................


THE CENTENNIAL CO CLIMATE NORMALS FOR TODAY
                         NORMAL    RECORD    YEAR
 MAXIMUM TEMPERATURE (F)   75        MM        MM
 MINIMUM TEMPERATURE (F)   47        MM        MM


SUNRISE AND SUNSET
SEPTEMBER 17 2014.....SUNRISE   642 AM MDT   SUNSET   705 PM MDT
SEPTEMBER 18 2014.....SUNRISE   643 AM MDT   SUNSET   703 PM MDT


-  INDICATES NEGATIVE NUMBERS.
R  INDICATES RECORD WAS SET OR TIED.
MM INDICATES DATA IS MISSING.
T  INDICATES TRACE AMOUNT.




$$




163
CDUS45 KBOU 170725
CLILIC


CLIMATE REPORT
NATIONAL WEATHER SERVICE BOULDER, CO
125 AM MDT WED SEP 17 2014


...................................

...THE LIMON CO CLIMATE SUMMARY FOR SEPTEMBER 16 2014...

CLIMATE NORMAL PERIOD 9999 TO 9999
CLIMATE RECORD PERIOD 9999 TO 9999


WEATHER ITEM   OBSERVED NORMAL DEPARTURE LAST
                VALUE   VALUE  FROM      YEAR
                               NORMAL
...............................................
TEMPERATURE (F)
 YESTERDAY
  MAXIMUM         87     MM     MM       65
  MINIMUM         47     MM     MM       51
  AVERAGE         67

PRECIPITATION (IN)
  YESTERDAY        0.00
  MONTH TO DATE    0.45
  SINCE SEP 1      0.45
  SINCE JAN 1     11.00

DEGREE DAYS
 HEATING
  YESTERDAY        0
  MONTH TO DATE   96

 COOLING
  YESTERDAY        2
  MONTH TO DATE   14
...............................................


WIND (MPH)
  RESULTANT WIND SPEED   1   RESULTANT WIND DIRECTION  SW (240)
  HIGHEST WIND SPEED    18   HIGHEST WIND DIRECTION    NW (320)
  HIGHEST GUST SPEED    26   HIGHEST GUST DIRECTION    NW (330)


SKY COVER
  POSSIBLE SUNSHINE  MM
  AVERAGE SKY COVER 0.4


WEATHER CONDITIONS
 THE FOLLOWING WEATHER WAS RECORDED YESTERDAY.
  NO SIGNIFICANT WEATHER WAS OBSERVED.


RELATIVE HUMIDITY (PERCENT)
 HIGHEST   100
 LOWEST     13
 AVERAGE    57

..........................................................


THE LIMON CO CLIMATE NORMALS FOR TODAY
                         NORMAL    RECORD    YEAR
 MAXIMUM TEMPERATURE (F)   MM        MM        MM
 MINIMUM TEMPERATURE (F)   MM        MM        MM


SUNRISE AND SUNSET
SEPTEMBER 17 2014.....SUNRISE   638 AM MDT   SUNSET   700 PM MDT
SEPTEMBER 18 2014.....SUNRISE   639 AM MDT   SUNSET   658 PM MDT


-  INDICATES NEGATIVE NUMBERS.
R  INDICATES RECORD WAS SET OR TIED.
MM INDICATES DATA IS MISSING.
T  INDICATES TRACE AMOUNT.




$$




National Weather Service
Disclaimer
Last Modified: August 31, 2005
Privacy Policy