455
CDAK48 PAFC 281245
CLIANC


CLIMATE REPORT
NATIONAL WEATHER SERVICE ANCHORAGE, AK
345 AM AKST WED JAN 28 2015


...................................

...THE ANCHORAGE AK CLIMATE SUMMARY FOR JANUARY 27 2015...

CLIMATE NORMAL PERIOD 1981 TO 2010
CLIMATE RECORD PERIOD 1952 TO 2015


WEATHER ITEM   OBSERVED RECORD YEAR NORMAL DEPARTURE LAST
                VALUE   VALUE       VALUE  FROM      YEAR
                                           NORMAL
...........................................................
TEMPERATURE (F)
 YESTERDAY
  MAXIMUM         12     50    2014  23    -11       48
  MINIMUM          7    -24    1989  11     -4       30
  AVERAGE         10                 17     -7       39

PRECIPITATION (IN)
  YESTERDAY        T      0.25 1976   0.03  -0.03
  MONTH TO DATE    0.31               0.63  -0.32
  SINCE DEC 1      0.99               1.74  -0.75
  SINCE JAN 1      0.31               0.63  -0.32

SNOWFALL (IN)
  YESTERDAY        T      3.6  1992   0.3   -0.3
  MONTH TO DATE    4.9                9.7   -4.8
  SINCE DEC 1     12.4               26.4  -14.0
  SINCE JUL 1     18.4               47.8  -29.4
  SNOW DEPTH       8

DEGREE DAYS
 HEATING
  YESTERDAY       55                         7
  MONTH TO DATE 1163                      -130
  SINCE DEC 1   2311                      -408
  SINCE JUL 1   5026                      -857

 COOLING
  YESTERDAY        0                         0
  MONTH TO DATE    0                         0
  SINCE DEC 1      0                         0
  SINCE JAN 1      0                         0
...........................................................


WIND (MPH)
  HIGHEST WIND SPEED    10   HIGHEST WIND DIRECTION    NE (30)
  HIGHEST GUST SPEED    MM   HIGHEST GUST DIRECTION    MM
  AVERAGE WIND SPEED     6.8




RELATIVE HUMIDITY (PERCENT)
 HIGHEST    69
 LOWEST     55
 AVERAGE    62

..........................................................


THE ANCHORAGE AK CLIMATE NORMALS FOR TODAY
                         NORMAL    RECORD    YEAR
 MAXIMUM TEMPERATURE (F)   23        44      2014
                                             1994
 MINIMUM TEMPERATURE (F)   11       -25      1989


SUNRISE AND SUNSET
JANUARY 28 2015.......SUNRISE   930 AM AKST  SUNSET   457 PM AKST
JANUARY 29 2015.......SUNRISE   928 AM AKST  SUNSET   500 PM AKST


-  INDICATES NEGATIVE NUMBERS.
R  INDICATES RECORD WAS SET OR TIED.
MM INDICATES DATA IS MISSING.
T  INDICATES TRACE AMOUNT.




$$




National Weather Service
Disclaimer
Last Modified: August 31, 2005
Privacy Policy