624
CDUS43 KDDC 242327
CLIP28


CLIMATE REPORT
NATIONAL WEATHER SERVICE DODGE CITY KS
626 PM CDT THU APR 24 2014


...................................

...THE MEDICINE LODGE KS CLIMATE SUMMARY FOR APRIL 24 2014...
VALID TODAY AS OF 0500 PM LOCAL TIME.

CLIMATE NORMAL PERIOD 1981 TO 2010
CLIMATE RECORD PERIOD 1893 TO 2014


WEATHER ITEM   OBSERVED TIME   RECORD YEAR NORMAL DEPARTURE LAST
                VALUE   (LST)  VALUE       VALUE  FROM      YEAR
                                                  NORMAL
..................................................................
TEMPERATURE (F)
 TODAY
  MAXIMUM         73    206 PM  94    2012  71      2       62
                                      1989
  MINIMUM         56    700 AM  25    2013  47      9       25
  AVERAGE         65                        59      6       44

PRECIPITATION (IN)
  TODAY            0.08          2.34 1897   0.10  -0.02     0.00
  MONTH TO DATE    0.63                      1.84  -1.21     1.55
  SINCE MAR 1      1.12                      4.10  -2.98     3.96
  SINCE JAN 1      2.07                      5.85  -3.78     7.51

DEGREE DAYS
 HEATING
  TODAY            0                         7     -7       21
  MONTH TO DATE  220                       253    -33      409
  SINCE MAR 1    944                       821    123     1085
  SINCE JUL 1   4895                      4350    545     4371

 COOLING
  TODAY            0                         1     -1        0
  MONTH TO DATE   20                        16      4        3
  SINCE MAR 1     20                        18      2        4
  SINCE JAN 1     20                        18      2        4
..................................................................


WIND (MPH)
  HIGHEST WIND SPEED    33   HIGHEST WIND DIRECTION     N (340)
  HIGHEST GUST SPEED    46   HIGHEST GUST DIRECTION    NW (330)
  AVERAGE WIND SPEED    17.5




RELATIVE HUMIDITY (PERCENT)
 HIGHEST    86           400 AM
 LOWEST     20           400 PM
 AVERAGE    53

..........................................................


THE MEDICINE LODGE KS CLIMATE NORMALS FOR TOMORROW
                         NORMAL    RECORD    YEAR
 MAXIMUM TEMPERATURE (F)   72        96      2012
 MINIMUM TEMPERATURE (F)   47        29      1910


SUNRISE AND SUNSET
APRIL 24 2014.........SUNRISE   648 AM CDT   SUNSET   818 PM CDT
APRIL 25 2014.........SUNRISE   647 AM CDT   SUNSET   819 PM CDT


-  INDICATES NEGATIVE NUMBERS.
R  INDICATES RECORD WAS SET OR TIED.
MM INDICATES DATA IS MISSING.
T  INDICATES TRACE AMOUNT.




$$





National Weather Service
Disclaimer
Last Modified: August 31, 2005
Privacy Policy