806
CDUS41 KRLX 210823
CLIBKW


CLIMATE REPORT
NATIONAL WEATHER SERVICE CHARLESTON WV
317 AM EST FRI NOV 21 2014


...................................

...THE BECKLEY WV CLIMATE SUMMARY FOR NOVEMBER 20 2014...

CLIMATE NORMAL PERIOD 1981 TO 2010
CLIMATE RECORD PERIOD 1963 TO 2014


WEATHER ITEM   OBSERVED TIME   RECORD YEAR NORMAL DEPARTURE LAST
                VALUE   (LST)  VALUE       VALUE  FROM      YEAR
                                                  NORMAL
..................................................................
TEMPERATURE (F)
 YESTERDAY
  MAXIMUM         41    239 PM  78    1906  51    -10       45
  MINIMUM         25   1159 PM  11    1937  34     -9       29
                                      1914
  AVERAGE         33                        42     -9       37

PRECIPITATION (IN)
  YESTERDAY        0.00          0.90 1952   0.10  -0.10     0.00
  MONTH TO DATE    1.52                      1.95  -0.43     1.37
  SINCE JAN 1     33.54                     37.19  -3.65    34.57

SNOWFALL (IN)
  YESTERDAY        0.0
  MONTH TO DATE    1.5
  SINCE SEP 1      1.5
  SNOW DEPTH       0

DEGREE DAYS
 HEATING
  YESTERDAY       32                        23      9       28
  MONTH TO DATE  540                       386    154      424
  SINCE SEP 1    955                       871     84      837
  SINCE JUL 1    984                       892     92      857

 COOLING
  YESTERDAY        0                         0      0        0
  MONTH TO DATE    0                         0      0        0
  SINCE SEP 1     78                        63     15       72
  SINCE JAN 1    602                       556     46      615
..................................................................


WIND (MPH)
  HIGHEST WIND SPEED    26   HIGHEST WIND DIRECTION     W (250)
  HIGHEST GUST SPEED    36   HIGHEST GUST DIRECTION     W (260)
  AVERAGE WIND SPEED    11.3


SKY COVER
  POSSIBLE SUNSHINE  MM
  AVERAGE SKY COVER 0.5


WEATHER CONDITIONS
 THE FOLLOWING WEATHER WAS RECORDED YESTERDAY.
  NO SIGNIFICANT WEATHER WAS OBSERVED.


RELATIVE HUMIDITY (PERCENT)
 HIGHEST    63          1100 PM
 LOWEST     34           300 PM
 AVERAGE    49

..........................................................


THE BECKLEY WV CLIMATE NORMALS FOR TODAY
                         NORMAL    RECORD    YEAR
 MAXIMUM TEMPERATURE (F)   51        75      1906
 MINIMUM TEMPERATURE (F)   33         8      1951


SUNRISE AND SUNSET
NOVEMBER 21 2014......SUNRISE   711 AM EST   SUNSET   509 PM EST
NOVEMBER 22 2014......SUNRISE   712 AM EST   SUNSET   509 PM EST


-  INDICATES NEGATIVE NUMBERS.
R  INDICATES RECORD WAS SET OR TIED.
MM INDICATES DATA IS MISSING.
T  INDICATES TRACE AMOUNT.




$$




805
CDUS41 KRLX 210823
CLICRW


CLIMATE REPORT
NATIONAL WEATHER SERVICE CHARLESTON WV
317 AM EST FRI NOV 21 2014


...................................

...THE CHARLESTON WV CLIMATE SUMMARY FOR NOVEMBER 20 2014...

CLIMATE NORMAL PERIOD 1981 TO 2010
CLIMATE RECORD PERIOD 1901 TO 2014


WEATHER ITEM   OBSERVED TIME   RECORD YEAR NORMAL DEPARTURE LAST
                VALUE   (LST)  VALUE       VALUE  FROM      YEAR
                                                  NORMAL
..................................................................
TEMPERATURE (F)
 YESTERDAY
  MAXIMUM         44   1248 AM  82    1991  55    -11       54
  MINIMUM         27   1149 PM  18    1914  36     -9       28
  AVERAGE         36                        45     -9       41

PRECIPITATION (IN)
  YESTERDAY        0.00          1.09 1988   0.12  -0.12     0.00
  MONTH TO DATE    1.89                      2.47  -0.58     1.31
  SINCE JAN 1     43.01                     39.50   3.51    39.11

SNOWFALL (IN)
  YESTERDAY        0.0
  MONTH TO DATE    0.3
  SINCE SEP 1      0.3
  SNOW DEPTH       0

DEGREE DAYS
 HEATING
  YESTERDAY       29                        20      9       24
  MONTH TO DATE  482                       329    153      355
  SINCE SEP 1    819                       667    152      658
  SINCE JUL 1    819                       669    150      661

 COOLING
  YESTERDAY        0                         0      0        0
  MONTH TO DATE    0                         0      0        0
  SINCE SEP 1    142                       148     -6      155
  SINCE JAN 1   1049                      1094    -45     1121
..................................................................


WIND (MPH)
  HIGHEST WIND SPEED    22   HIGHEST WIND DIRECTION     W (270)
  HIGHEST GUST SPEED    31   HIGHEST GUST DIRECTION     W (250)
  AVERAGE WIND SPEED    10.4


SKY COVER
  POSSIBLE SUNSHINE  MM
  AVERAGE SKY COVER 0.5


WEATHER CONDITIONS
 THE FOLLOWING WEATHER WAS RECORDED YESTERDAY.
  NO SIGNIFICANT WEATHER WAS OBSERVED.


RELATIVE HUMIDITY (PERCENT)
 HIGHEST    64           600 AM
 LOWEST     37           400 PM
 AVERAGE    51

..........................................................


THE CHARLESTON WV CLIMATE NORMALS FOR TODAY
                         NORMAL    RECORD    YEAR
 MAXIMUM TEMPERATURE (F)   55        83      1931
 MINIMUM TEMPERATURE (F)   36        16      1951


SUNRISE AND SUNSET
NOVEMBER 21 2014......SUNRISE   714 AM EST   SUNSET   510 PM EST
NOVEMBER 22 2014......SUNRISE   715 AM EST   SUNSET   509 PM EST


-  INDICATES NEGATIVE NUMBERS.
R  INDICATES RECORD WAS SET OR TIED.
MM INDICATES DATA IS MISSING.
T  INDICATES TRACE AMOUNT.




$$




National Weather Service
Disclaimer
Last Modified: August 31, 2005
Privacy Policy