682
CDUS45 KBOI 300942
CLIJER


CLIMATE REPORT
NATIONAL WEATHER SERVICE BOISE ID
342 AM MDT TUE SEP 30 2014


...................................

...THE JEROME ID CLIMATE SUMMARY FOR SEPTEMBER 29 2014...

CLIMATE NORMAL PERIOD 1981 TO 2010
CLIMATE RECORD PERIOD 1919 TO 2014


WEATHER ITEM   OBSERVED TIME   RECORD YEAR NORMAL DEPARTURE LAST
                VALUE   (LST)  VALUE       VALUE  FROM      YEAR
                                                  NORMAL
..................................................................
TEMPERATURE (F)
 YESTERDAY
  MAXIMUM         55    334 PM  93    1994  69    -14       66
  MINIMUM         48    134 AM  26    1922  42      6       53
  AVERAGE         52                        56     -4       60

PRECIPITATION (IN)
  YESTERDAY        0.21R         0.12 1962   0.02   0.19     0.02
  MONTH TO DATE    0.46                      0.41   0.05     0.45
  SINCE OCT 1      9.63                     10.79  -1.16     6.27
  SINCE JAN 1      9.03                      7.27   1.76     2.97

DEGREE DAYS
 HEATING
  YESTERDAY       13                        10      3        5
  MONTH TO DATE   94                       160    -66      128
  SINCE SEP 1     94                       160    -66      128
  SINCE JUL 1    121                       193    -72      128

 COOLING
  YESTERDAY        0                         0      0        0
  MONTH TO DATE   60                        44     16       86
  SINCE SEP 1     60                        44     16       86
  SINCE JAN 1    652                       509    143      904
..................................................................


WIND (MPH)
  HIGHEST WIND SPEED     9   HIGHEST WIND DIRECTION     E (90)
  HIGHEST GUST SPEED    11   HIGHEST GUST DIRECTION     E (110)
  AVERAGE WIND SPEED     4.4


SKY COVER
  AVERAGE SKY COVER 1.0


WEATHER CONDITIONS
 THE FOLLOWING WEATHER WAS RECORDED YESTERDAY.
  LIGHT RAIN
  FOG


RELATIVE HUMIDITY (PERCENT)
 HIGHEST    93          1200 AM
 LOWEST     71           100 PM
 AVERAGE    82

..........................................................


THE JEROME ID CLIMATE NORMALS FOR TODAY
                         NORMAL    RECORD    YEAR
 MAXIMUM TEMPERATURE (F)   68        91      1992
 MINIMUM TEMPERATURE (F)   42        27      1954


SUNRISE AND SUNSET
SEPTEMBER 30 2014.....SUNRISE   734 AM MDT   SUNSET   721 PM MDT
OCTOBER  1 2014.......SUNRISE   735 AM MDT   SUNSET   719 PM MDT


-  INDICATES NEGATIVE NUMBERS.
R  INDICATES RECORD WAS SET OR TIED.
MM INDICATES DATA IS MISSING.
T  INDICATES TRACE AMOUNT.




$$




685
CDUS45 KBOI 300942
CLIMYL


CLIMATE REPORT
NATIONAL WEATHER SERVICE BOISE ID
342 AM MDT TUE SEP 30 2014


...................................

...THE MCCALL ID CLIMATE SUMMARY FOR SEPTEMBER 29 2014...

CLIMATE NORMAL PERIOD 1981 TO 2010
CLIMATE RECORD PERIOD 1930 TO 2014


WEATHER ITEM   OBSERVED TIME   RECORD YEAR NORMAL DEPARTURE LAST
                VALUE   (LST)  VALUE       VALUE  FROM      YEAR
                                                  NORMAL
..................................................................
TEMPERATURE (F)
 YESTERDAY
  MAXIMUM         51    111 PM  84    1952  62    -11       54
  MINIMUM         46   1159 PM  15    1999  29     17       38
  AVERAGE         49                        45      4       46

PRECIPITATION (IN)
  YESTERDAY        0.31          1.46 2013   0.04   0.27     1.46
  MONTH TO DATE    0.64                      0.85  -0.21     3.53
  SINCE OCT 1     21.33                     20.07   1.26    28.59
  SINCE JAN 1     17.26                     13.89   3.37    15.10

DEGREE DAYS
 HEATING
  YESTERDAY       16                        20     -4       19
  MONTH TO DATE  232                       416   -184      278
  SINCE SEP 1    232                       416   -184      278
  SINCE JUL 1    348                       744   -396      325

 COOLING
  YESTERDAY        0                         0      0        0
  MONTH TO DATE    0                         0      0        6
  SINCE SEP 1      0                         0      0        6
  SINCE JAN 1    185                        25    160      186
..................................................................


WIND (MPH)
  HIGHEST WIND SPEED    18   HIGHEST WIND DIRECTION    SE (140)
  HIGHEST GUST SPEED    24   HIGHEST GUST DIRECTION    SE (140)
  AVERAGE WIND SPEED     3.7


SKY COVER
  AVERAGE SKY COVER 1.0


WEATHER CONDITIONS
 THE FOLLOWING WEATHER WAS RECORDED YESTERDAY.
  RAIN
  LIGHT RAIN
  FOG


RELATIVE HUMIDITY (PERCENT)
 HIGHEST    93          1200 AM
 LOWEST     74           100 PM
 AVERAGE    84

..........................................................


THE MCCALL ID CLIMATE NORMALS FOR TODAY
                         NORMAL    RECORD    YEAR
 MAXIMUM TEMPERATURE (F)   62        85      1992
 MINIMUM TEMPERATURE (F)   28        18      1954


SUNRISE AND SUNSET
SEPTEMBER 30 2014.....SUNRISE   741 AM MDT   SUNSET   727 PM MDT
OCTOBER  1 2014.......SUNRISE   742 AM MDT   SUNSET   725 PM MDT


-  INDICATES NEGATIVE NUMBERS.
R  INDICATES RECORD WAS SET OR TIED.
MM INDICATES DATA IS MISSING.
T  INDICATES TRACE AMOUNT.




$$




National Weather Service
Disclaimer
Last Modified: August 31, 2005
Privacy Policy