791
CDUS45 KTFX 212337
CLICTB


CLIMATE REPORT
NATIONAL WEATHER SERVICE GREAT FALLS MT
435 PM MST FRI NOV 21 2014


...................................

...THE CUT BANK MT CLIMATE SUMMARY FOR NOVEMBER 21 2014...
VALID TODAY AS OF 0400 PM LOCAL TIME.

CLIMATE NORMAL PERIOD 1981 TO 2010
CLIMATE RECORD PERIOD 1903 TO 2014


WEATHER ITEM   OBSERVED TIME   RECORD YEAR NORMAL DEPARTURE LAST
                VALUE   (LST)  VALUE       VALUE  FROM      YEAR
                                                  NORMAL
..................................................................
TEMPERATURE (F)
 TODAY
  MAXIMUM         47   1232 PM  67    2002  38      9       27
  MINIMUM         38    833 AM -23    1996  18     20      -18
  AVERAGE         43                        28     15        5

PRECIPITATION (IN)
  TODAY            0.00          0.08 1926   0.02  -0.02     0.00
  MONTH TO DATE    0.31                      0.27   0.04     0.41
  SINCE OCT 1      0.58                      0.71  -0.13     0.76
  SINCE JAN 1     15.49                     10.59   4.90    14.46

SNOWFALL (IN)
  TODAY           MM
  SNOW DEPTH      MM

DEGREE DAYS
 HEATING
  TODAY           22                        37    -15       60
  MONTH TO DATE  822                       691    131      783
  SINCE SEP 1   1608                      1721   -113     1732
  SINCE JUL 1   1705                      1915   -210     1804

 COOLING
  TODAY            0                         0      0        0
  MONTH TO DATE    0                         0      0        0
  SINCE SEP 1     11                         9      2       31
  SINCE JAN 1    208                       162     46      226
..................................................................


WIND (MPH)
  HIGHEST WIND SPEED    35   HIGHEST WIND DIRECTION     W (260)
  HIGHEST GUST SPEED    43   HIGHEST GUST DIRECTION     W (250)
  AVERAGE WIND SPEED    23.1


SKY COVER
  AVERAGE SKY COVER 0.1


WEATHER CONDITIONS
 THE FOLLOWING WEATHER WAS RECORDED TODAY.
  NO SIGNIFICANT WEATHER WAS OBSERVED.


RELATIVE HUMIDITY (PERCENT)
 HIGHEST    70           600 AM
 LOWEST     49          1200 PM
 AVERAGE    60

..........................................................


THE CUT BANK MT CLIMATE NORMALS FOR TOMORROW
                         NORMAL    RECORD    YEAR
 MAXIMUM TEMPERATURE (F)   37        67      2005
 MINIMUM TEMPERATURE (F)   18       -22      1985


SUNRISE AND SUNSET
NOVEMBER 21 2014......SUNRISE   747 AM MST   SUNSET   443 PM MST
NOVEMBER 22 2014......SUNRISE   748 AM MST   SUNSET   443 PM MST


-  INDICATES NEGATIVE NUMBERS.
R  INDICATES RECORD WAS SET OR TIED.
MM INDICATES DATA IS MISSING.
T  INDICATES TRACE AMOUNT.




$$




National Weather Service
Disclaimer
Last Modified: August 31, 2005
Privacy Policy