312
CDUS43 KLOT 290634
CLILOT


CLIMATE REPORT
NATIONAL WEATHER SERVICE CHICAGO IL
1233 AM CST SAT NOV 29 2014


...................................

...THE ROMEOVILLE  WFO CLIMATE SUMMARY FOR NOVEMBER 28 2014...

CLIMATE NORMAL PERIOD 1981 TO 2010
CLIMATE RECORD PERIOD 1992 TO 2014


WEATHER ITEM   OBSERVED RECORD YEAR NORMAL DEPARTURE LAST
                VALUE   VALUE       VALUE  FROM      YEAR
                                           NORMAL
...........................................................
TEMPERATURE (F)
 YESTERDAY
  MAXIMUM         34     69    1998  42     -8       34
  MINIMUM         14R    15    2002  27    -13       19
  AVERAGE         24                 34    -10       27

PRECIPITATION (IN)
  YESTERDAY        T      0.63 2005   0.13  -0.13     0.00
  MONTH TO DATE    1.51               3.21  -1.70     2.87
  SINCE SEP 1      9.02               9.75  -0.73    10.03
  SINCE JAN 1     47.68              37.57  10.11    39.35

SNOWFALL (IN)
  YESTERDAY        T      0.4  1996   0.1   -0.1      0.0
  MONTH TO DATE    1.4                0.8    0.6      0.9
  SINCE SEP 1      1.4                0.8    0.6      0.9
  SINCE JUL 1      1.4                0.8    0.6      0.9
  SNOW DEPTH       T

DEGREE DAYS
 HEATING
  YESTERDAY       41                 31     10
  MONTH TO DATE  889                670    219
  SINCE SEP 1   1415               1149    266
  SINCE JUL 1   1427               1157    270

 COOLING
  YESTERDAY        0                  0      0
  MONTH TO DATE    0                  0      0
  SINCE SEP 1     77                109    -32
  SINCE JAN 1    748                862   -114
...........................................................







THE ROMEOVILLE  WFO CLIMATE NORMALS FOR TODAY
                         NORMAL    RECORD    YEAR
 MAXIMUM TEMPERATURE (F)   41        68      1998
 MINIMUM TEMPERATURE (F)   26        13      2013


SUNRISE AND SUNSET
NOVEMBER 29 2014......SUNRISE   657 AM CST   SUNSET   424 PM CST
NOVEMBER 30 2014......SUNRISE   658 AM CST   SUNSET   423 PM CST


-  INDICATES NEGATIVE NUMBERS.
R  INDICATES RECORD WAS SET OR TIED.
MM INDICATES DATA IS MISSING.
T  INDICATES TRACE AMOUNT.




$$





National Weather Service
Disclaimer
Last Modified: August 31, 2005
Privacy Policy