783
CDUS46 KPQR 211143
CLIPDX


CLIMATE REPORT
NATIONAL WEATHER SERVICE PORTLAND OREGON
442 AM PDT MON APR 21 2014


...................................

...THE PORTLAND OR CLIMATE SUMMARY FOR APRIL 20 2014...

CLIMATE NORMAL PERIOD 1981 TO 2010
CLIMATE RECORD PERIOD 1940 TO 2014


WEATHER ITEM   OBSERVED TIME   RECORD YEAR NORMAL DEPARTURE LAST
                VALUE   (LST)  VALUE       VALUE  FROM      YEAR
                                                  NORMAL
..................................................................
TEMPERATURE (F)
 YESTERDAY
  MAXIMUM         64    454 PM  84    1956  62      2       59
  MINIMUM         43    611 AM  33    1975  44     -1       48
  AVERAGE         54                        53      1       54

PRECIPITATION (IN)
  YESTERDAY        T             0.59 1958   0.09  -0.09     0.01
  MONTH TO DATE    1.32                      1.91  -0.59     2.09
  SINCE OCT 1     22.48                     28.25  -5.77    30.23
  SINCE JAN 1     16.66                     14.13   2.53     8.30

DEGREE DAYS
 HEATING
  YESTERDAY       11                        12     -1       11
  MONTH TO DATE  223                       271    -48      276
  SINCE MAR 1    707                       793    -86      774
  SINCE JUL 1   4005                      3851    154     3671

 COOLING
  YESTERDAY        0                         0      0        0
  MONTH TO DATE    0                         0      0        0
  SINCE MAR 1      0                         0      0        0
  SINCE JAN 1      0                         0      0        0
..................................................................


WIND (MPH)
  HIGHEST WIND SPEED     9   HIGHEST WIND DIRECTION     E (70)
  HIGHEST GUST SPEED    11   HIGHEST GUST DIRECTION    NE (30)
  AVERAGE WIND SPEED     3.1


SKY COVER
  POSSIBLE SUNSHINE  MM
  AVERAGE SKY COVER 0.9


WEATHER CONDITIONS
 THE FOLLOWING WEATHER WAS RECORDED YESTERDAY.
  NO SIGNIFICANT WEATHER WAS OBSERVED.


RELATIVE HUMIDITY (PERCENT)
 HIGHEST    93           700 AM
 LOWEST     44           500 PM
 AVERAGE    69

..........................................................


THE PORTLAND OR CLIMATE NORMALS FOR TODAY
                         NORMAL    RECORD    YEAR
 MAXIMUM TEMPERATURE (F)   62        82      2009
 MINIMUM TEMPERATURE (F)   44        29      1951


SUNRISE AND SUNSET
APRIL 21 2014.........SUNRISE   614 AM PDT   SUNSET   805 PM PDT
APRIL 22 2014.........SUNRISE   613 AM PDT   SUNSET   806 PM PDT


-  INDICATES NEGATIVE NUMBERS.
R  INDICATES RECORD WAS SET OR TIED.
MM INDICATES DATA IS MISSING.
T  INDICATES TRACE AMOUNT.




$$




National Weather Service
Disclaimer
Last Modified: August 31, 2005
Privacy Policy