050
CDUS43 KDDC 221006
CLIP28


CLIMATE REPORT
NATIONAL WEATHER SERVICE DODGE CITY KS
506 AM CDT TUE JUL 22 2014


...................................

...THE MEDICINE LODGE KS CLIMATE SUMMARY FOR JULY 21 2014...

CLIMATE NORMAL PERIOD 1981 TO 2010
CLIMATE RECORD PERIOD 1893 TO 2014


WEATHER ITEM   OBSERVED TIME   RECORD YEAR NORMAL DEPARTURE LAST
                VALUE   (LST)  VALUE       VALUE  FROM      YEAR
                                                  NORMAL
..................................................................
TEMPERATURE (F)
 YESTERDAY
  MAXIMUM         97    441 PM 110    1939  95      2       92
  MINIMUM         71    548 AM  50    1970  70      1       69
  AVERAGE         84                        83      1       81

PRECIPITATION (IN)
  YESTERDAY        0.00          3.83 1925   0.11  -0.11     0.07
  MONTH TO DATE    2.48                      2.43   0.05     1.72
  SINCE JUN 1     10.37                      6.54   3.83     3.94
  SINCE JAN 1     13.26                     16.28  -3.02    14.29

SNOWFALL (IN)
  YESTERDAY        0.0          MM      MM   0.0             0.0
  MONTH TO DATE    0.0                       0.0             0.0
  SINCE JUN 1      0.0                       0.0             0.0
  SINCE JUL 1      0.0                       0.0             0.0
  SNOW DEPTH       0

DEGREE DAYS
 HEATING
  YESTERDAY        0                         0      0
  MONTH TO DATE    5                         0      5
  SINCE JUN 1      5                         3      2
  SINCE JUL 1      5                         0      5

 COOLING
  YESTERDAY       19                        18      1       16
  MONTH TO DATE  225                       352   -127      335
  SINCE JUN 1    567                       705   -138      739
  SINCE JAN 1    836                       861    -25      882
..................................................................


WIND (MPH)
  HIGHEST WIND SPEED    18   HIGHEST WIND DIRECTION     S (170)
  HIGHEST GUST SPEED    25   HIGHEST GUST DIRECTION     S (180)
  AVERAGE WIND SPEED     9.0




RELATIVE HUMIDITY (PERCENT)
 HIGHEST   100           700 AM
 LOWEST     41           600 PM
 AVERAGE    71

..........................................................


THE MEDICINE LODGE KS CLIMATE NORMALS FOR TODAY
                         NORMAL    RECORD    YEAR
 MAXIMUM TEMPERATURE (F)   95       110      1954
 MINIMUM TEMPERATURE (F)   70        52      1970


SUNRISE AND SUNSET
JULY 22 2014..........SUNRISE   631 AM CDT   SUNSET   850 PM CDT
JULY 23 2014..........SUNRISE   632 AM CDT   SUNSET   850 PM CDT


-  INDICATES NEGATIVE NUMBERS.
R  INDICATES RECORD WAS SET OR TIED.
MM INDICATES DATA IS MISSING.
T  INDICATES TRACE AMOUNT.




$$




049
CDUS43 KDDC 221006
CLIDGC


CLIMATE REPORT
NATIONAL WEATHER SERVICE DODGE CITY KS
506 AM CDT TUE JUL 22 2014


...................................

...THE DODGE CITY KS CLIMATE SUMMARY FOR JULY 21 2014...

CLIMATE NORMAL PERIOD 1981 TO 2010
CLIMATE RECORD PERIOD 1875 TO 2014


WEATHER ITEM   OBSERVED TIME   RECORD YEAR NORMAL DEPARTURE LAST
                VALUE   (LST)  VALUE       VALUE  FROM      YEAR
                                                  NORMAL
..................................................................
TEMPERATURE (F)
 YESTERDAY
  MAXIMUM         97    321 PM 105    2011  93      4       94
                                      2001
                                      1981
  MINIMUM         71    609 AM  50    1877  67      4       66
  AVERAGE         84                        80      4       80

PRECIPITATION (IN)
  YESTERDAY        0.02          2.66 1925   0.10  -0.08      T
  MONTH TO DATE    1.53                      2.07  -0.54     1.33
  SINCE JUN 1     10.62                      5.31   5.31     3.94
  SINCE JAN 1     14.14                     12.83   1.31     7.37

SNOWFALL (IN)
  YESTERDAY        0.0           0.0  2002   0.0    0.0      0.0
                                      2001
  MONTH TO DATE    0.0                       0.0    0.0      0.0
  SINCE JUN 1      0.0                       0.0    0.0      0.0
  SINCE JUL 1      0.0                       0.0    0.0      0.0
  SNOW DEPTH       0

DEGREE DAYS
 HEATING
  YESTERDAY        0                         0      0        0
  MONTH TO DATE   12                         0     12        0
  SINCE JUN 1     19                        13      6       12
  SINCE JUL 1     12                         0     12        0

 COOLING
  YESTERDAY       19                        15      4       15
  MONTH TO DATE  214                       303    -89      308
  SINCE JUN 1    498                       581    -83      696
  SINCE JAN 1    670                       690    -20      858
..................................................................


WIND (MPH)
  HIGHEST WIND SPEED    31   HIGHEST WIND DIRECTION     W (280)
  HIGHEST GUST SPEED    37   HIGHEST GUST DIRECTION     W (280)
  AVERAGE WIND SPEED    15.5


SKY COVER
  POSSIBLE SUNSHINE  MM
  AVERAGE SKY COVER 0.0


WEATHER CONDITIONS
 THE FOLLOWING WEATHER WAS RECORDED YESTERDAY.
  THUNDERSTORM
  LIGHT RAIN


RELATIVE HUMIDITY (PERCENT)
 HIGHEST    74           100 AM
 LOWEST     35           200 PM
 AVERAGE    55

..........................................................


THE DODGE CITY KS CLIMATE NORMALS FOR TODAY
                         NORMAL    RECORD    YEAR
 MAXIMUM TEMPERATURE (F)   93       106      2001
 MINIMUM TEMPERATURE (F)   67        54      1970


SUNRISE AND SUNSET
JULY 22 2014..........SUNRISE   635 AM CDT   SUNSET   857 PM CDT
JULY 23 2014..........SUNRISE   636 AM CDT   SUNSET   856 PM CDT


-  INDICATES NEGATIVE NUMBERS.
R  INDICATES RECORD WAS SET OR TIED.
MM INDICATES DATA IS MISSING.
T  INDICATES TRACE AMOUNT.




$$




National Weather Service
Disclaimer
Last Modified: August 31, 2005
Privacy Policy