020
CDUS46 KSGX 301421
CLISAN


CLIMATE REPORT
NATIONAL WEATHER SERVICE SAN DIEGO, CA
721 AM PDT THU OCT 30 2014


...................................

...THE SAN DIEGO/LINDBERGH FIELD CA CLIMATE SUMMARY FOR OCTOBER 29 2014...

CLIMATE NORMAL PERIOD 1981 TO 2010
CLIMATE RECORD PERIOD 1850 TO 2014


WEATHER ITEM   OBSERVED TIME   RECORD YEAR NORMAL DEPARTURE LAST
                VALUE   (LST)  VALUE       VALUE  FROM      YEAR
                                                  NORMAL
..................................................................
TEMPERATURE (F)
 YESTERDAY
  MAXIMUM         78    110 PM  89    1931  72      6       67
  MINIMUM         62    554 AM  45    1971  58      4       57
  AVERAGE         70                        65      5       62

PRECIPITATION (IN)
  YESTERDAY        0.00          0.50 2000   0.03  -0.03     0.16
  MONTH TO DATE    T                         0.52  -0.52     0.25
  SINCE JUL 1      0.08                      0.72  -0.64     0.30
  SINCE JAN 1      2.90                      7.75  -4.85     3.63

SNOWFALL (IN)
  YESTERDAY        0.0
  MONTH TO DATE    0.0
  SINCE JAN 1      0.0
  SINCE JUL 1      0.0
  SNOW DEPTH       0

DEGREE DAYS
 HEATING
  YESTERDAY        0                         1     -1        3
  MONTH TO DATE    0                        12    -12       19
  SINCE SEP 1      0                        13    -13       19
  SINCE JUL 1      0                        14    -14       19

 COOLING
  YESTERDAY        5                         1      4        0
  MONTH TO DATE  209                        69    140       59
  SINCE SEP 1    533                       237    296      259
  SINCE JAN 1   1435                       705    730      738
..................................................................


WIND (MPH)
  RESULTANT WIND SPEED   3   RESULTANT WIND DIRECTION  NW (300)
  HIGHEST WIND SPEED    13   HIGHEST WIND DIRECTION     W (280)
  HIGHEST GUST SPEED    16   HIGHEST GUST DIRECTION     W (290)
  AVERAGE WIND SPEED     3.0


SKY COVER
  POSSIBLE SUNSHINE  MM
  AVERAGE SKY COVER 0.1


WEATHER CONDITIONS
 THE FOLLOWING WEATHER WAS RECORDED YESTERDAY.
  NO SIGNIFICANT WEATHER WAS OBSERVED.


RELATIVE HUMIDITY (PERCENT)
 HIGHEST    87           100 AM
 LOWEST     43          1100 AM
 AVERAGE    65

..........................................................


THE SAN DIEGO/LINDBERGH FIELD CA CLIMATE NORMALS FOR TODAY
                         NORMAL    RECORD    YEAR
 MAXIMUM TEMPERATURE (F)   72        89      1962
                                             1939
 MINIMUM TEMPERATURE (F)   58        43      1971


SUNRISE AND SUNSET
OCTOBER 30 2014.......SUNRISE   705 AM PDT   SUNSET   600 PM PDT
OCTOBER 31 2014.......SUNRISE   706 AM PDT   SUNSET   559 PM PDT


-  INDICATES NEGATIVE NUMBERS.
R  INDICATES RECORD WAS SET OR TIED.
MM INDICATES DATA IS MISSING.
T  INDICATES TRACE AMOUNT.




$$




015
CDUS46 KSGX 301421
CLIOKB


CLIMATE REPORT
NATIONAL WEATHER SERVICE SAN DIEGO, CA
721 AM PDT THU OCT 30 2014


...................................

...THE OCEANSIDE AIRPORT CA CLIMATE SUMMARY FOR OCTOBER 29 2014...

CLIMATE NORMAL PERIOD 1981 TO 2010
CLIMATE RECORD PERIOD 1999 TO 2014


WEATHER ITEM   OBSERVED TIME   RECORD YEAR NORMAL DEPARTURE LAST
                VALUE   (LST)  VALUE       VALUE  FROM      YEAR
                                                  NORMAL
..................................................................
TEMPERATURE (F)
 YESTERDAY
  MAXIMUM         79   1205 PM  83    2008  73      6       67
  MINIMUM         50    550 AM  34    2009  48      2       48
  AVERAGE         65                        60      5       58

PRECIPITATION (IN)
  YESTERDAY        0.00          0.83 2000   0.03  -0.03     0.07
  MONTH TO DATE    T                         0.63  -0.63     0.43
  SINCE JUL 1      0.14                      1.14  -1.00     0.44
  SINCE JAN 1      2.74                     10.41  -7.67     2.76

SNOWFALL (IN)
  YESTERDAY        0.0
  MONTH TO DATE    0.0
  SINCE JAN 1      0.0
  SINCE JUL 1      0.0
  SNOW DEPTH       0

DEGREE DAYS
 HEATING
  YESTERDAY        0                         5     -5        7
  MONTH TO DATE    7                        78    -71       92
  SINCE SEP 1      7                        88    -81      100
  SINCE JUL 1      7                        93    -86      100

 COOLING
  YESTERDAY        0                         0      0        0
  MONTH TO DATE   86                        18     68       15
  SINCE SEP 1    340                       112    228      129
  SINCE JAN 1    847                       412    435      530
..................................................................


WIND (MPH)
  RESULTANT WIND SPEED   2   RESULTANT WIND DIRECTION   W (250)
  HIGHEST WIND SPEED    14   HIGHEST WIND DIRECTION    SW (240)
  HIGHEST GUST SPEED    17   HIGHEST GUST DIRECTION    SW (240)
  AVERAGE WIND SPEED     2.8


SKY COVER
  POSSIBLE SUNSHINE  MM
  AVERAGE SKY COVER 0.1


WEATHER CONDITIONS
 THE FOLLOWING WEATHER WAS RECORDED YESTERDAY.
  FOG


RELATIVE HUMIDITY (PERCENT)
 HIGHEST    96           400 AM
 LOWEST     39          1000 AM
 AVERAGE    68

..........................................................


THE OCEANSIDE AIRPORT CA CLIMATE NORMALS FOR TODAY
                         NORMAL    RECORD    YEAR
 MAXIMUM TEMPERATURE (F)   72        89      1999
 MINIMUM TEMPERATURE (F)   48        38      2011


SUNRISE AND SUNSET
OCTOBER 30 2014.......SUNRISE   706 AM PDT   SUNSET   600 PM PDT
OCTOBER 31 2014.......SUNRISE   707 AM PDT   SUNSET   559 PM PDT


-  INDICATES NEGATIVE NUMBERS.
R  INDICATES RECORD WAS SET OR TIED.
MM INDICATES DATA IS MISSING.
T  INDICATES TRACE AMOUNT.




$$




National Weather Service
Disclaimer
Last Modified: August 31, 2005
Privacy Policy