037
CDUS42 KILM 272142
CLIILM


CLIMATE REPORT
NATIONAL WEATHER SERVICE WILMINGTON NC
441 PM EST THU NOV 27 2014


...................................

...THE WILMINGTON NC CLIMATE SUMMARY FOR NOVEMBER 27 2014...
VALID TODAY AS OF 0400 PM LOCAL TIME.

CLIMATE NORMAL PERIOD 1981 TO 2010
CLIMATE RECORD PERIOD 1871 TO 2014


WEATHER ITEM   OBSERVED TIME   RECORD YEAR NORMAL DEPARTURE LAST
                VALUE   (LST)  VALUE       VALUE  FROM      YEAR
                                                  NORMAL
..................................................................
TEMPERATURE (F)
 TODAY
  MAXIMUM         56    244 PM  83    1985  65     -9       72
                                      1973
  MINIMUM         36    551 AM  23    1903  42     -6       35
  AVERAGE         46                        54     -8       54

PRECIPITATION (IN)
  TODAY            T             2.06 1993   0.11  -0.11     0.86
  MONTH TO DATE    4.68                      2.93   1.75     3.67
  SINCE SEP 1     12.27                     14.66  -2.39     6.92
  SINCE JAN 1     54.78                     53.63   1.15    49.41

SNOWFALL (IN)
  TODAY            0.0           0.2  1922   0.0    0.0      0.0
  MONTH TO DATE    0.0                       0.0    0.0       T
  SINCE SEP 1      0.0                       0.0    0.0       T
  SINCE JUL 1      0.0                       0.0    0.0       T
  SNOW DEPTH       0

DEGREE DAYS
 HEATING
  TODAY           19                        12      7       11
  MONTH TO DATE  335                       235    100      263
  SINCE SEP 1    394                       332     62      335
  SINCE JUL 1    394                       332     62      335

 COOLING
  TODAY            0                         0      0        0
  MONTH TO DATE   10                        23    -13       23
  SINCE SEP 1    433                       414     19      402
  SINCE JAN 1   2190                      2037    153     1892
..................................................................


WIND (MPH)
  HIGHEST WIND SPEED    24   HIGHEST WIND DIRECTION    NW (320)
  HIGHEST GUST SPEED    32   HIGHEST GUST DIRECTION    NW (330)
  AVERAGE WIND SPEED     7.5


SKY COVER
  POSSIBLE SUNSHINE  MM
  AVERAGE SKY COVER 0.4


WEATHER CONDITIONS
 THE FOLLOWING WEATHER WAS RECORDED TODAY.
  LIGHT RAIN
  FOG
  FOG W/VISIBILITY <= 1/4 MILE


RELATIVE HUMIDITY (PERCENT)
 HIGHEST   100          1200 AM
 LOWEST     50           200 PM
 AVERAGE    75

..........................................................


THE WILMINGTON NC CLIMATE NORMALS FOR TOMORROW
                         NORMAL    RECORD    YEAR
 MAXIMUM TEMPERATURE (F)   64        81      1985
 MINIMUM TEMPERATURE (F)   42        21      1903


SUNRISE AND SUNSET
NOVEMBER 27 2014......SUNRISE   656 AM EST   SUNSET   502 PM EST
NOVEMBER 28 2014......SUNRISE   657 AM EST   SUNSET   502 PM EST


-  INDICATES NEGATIVE NUMBERS.
R  INDICATES RECORD WAS SET OR TIED.
MM INDICATES DATA IS MISSING.
T  INDICATES TRACE AMOUNT.




$$




National Weather Service
Disclaimer
Last Modified: August 31, 2005
Privacy Policy