341
CDUS46 KLOX 260120
CLISDB


CLIMATE REPORT
NATIONAL WEATHER SERVICE LOS ANGELES/OXNARD CA
620 PM PDT SAT OCT 25 2014


...................................

...THE SANDBERG CA CLIMATE SUMMARY FOR OCTOBER 25 2014...
VALID TODAY AS OF 0600 PM LOCAL TIME.

CLIMATE NORMAL PERIOD 1981 TO 2010
CLIMATE RECORD PERIOD 1934 TO 2014


WEATHER ITEM   OBSERVED TIME   RECORD YEAR NORMAL DEPARTURE LAST
                VALUE   (LST)  VALUE       VALUE  FROM      YEAR
                                                  NORMAL
..................................................................
TEMPERATURE (F)
 TODAY
  MAXIMUM         73    220 PM  82    2013  64      9       82
  MINIMUM         58    411 AM  33    1970  49      9       57
  AVERAGE         66                        56     10       70

PRECIPITATION (IN)
  TODAY            0.00          1.24 1940   0.03  -0.03     0.00
  MONTH TO DATE    0.00                      0.45  -0.45     0.20
  SINCE JUL 1      0.17                      0.67  -0.50     0.28
  SINCE JAN 1      3.75                      9.15  -5.40     3.19

DEGREE DAYS
 HEATING
  TODAY            0                         9     -9        0
  MONTH TO DATE   33                       162   -129      103
  SINCE SEP 1     54                       223   -169      150
  SINCE JUL 1     54                       240   -186      150

 COOLING
  TODAY            1                         1      0        5
  MONTH TO DATE  154                        47    107       44
  SINCE SEP 1    485                       236    249      322
  SINCE JAN 1   1665                       993    672     1554
..................................................................


WIND (MPH)
  HIGHEST WIND SPEED    28   HIGHEST WIND DIRECTION     S (200)
  HIGHEST GUST SPEED    40   HIGHEST GUST DIRECTION     S (200)
  AVERAGE WIND SPEED    15.8


SKY COVER
  POSSIBLE SUNSHINE  MM
  AVERAGE SKY COVER 0.0


WEATHER CONDITIONS
 THE FOLLOWING WEATHER WAS RECORDED TODAY.
  NO SIGNIFICANT WEATHER WAS OBSERVED.


RELATIVE HUMIDITY (PERCENT)
 HIGHEST    33          1200 AM
 LOWEST     20           500 AM
 AVERAGE    27

..........................................................


THE SANDBERG CA CLIMATE NORMALS FOR TOMORROW
                         NORMAL    RECORD    YEAR
 MAXIMUM TEMPERATURE (F)   64        82      1990
 MINIMUM TEMPERATURE (F)   49        33      2004


SUNRISE AND SUNSET
OCTOBER 25 2014.......SUNRISE   709 AM PDT   SUNSET   608 PM PDT
OCTOBER 26 2014.......SUNRISE   710 AM PDT   SUNSET   607 PM PDT


-  INDICATES NEGATIVE NUMBERS.
R  INDICATES RECORD WAS SET OR TIED.
MM INDICATES DATA IS MISSING.
T  INDICATES TRACE AMOUNT.




$$




339
CDUS46 KLOX 260120
CLIWJF


CLIMATE REPORT
NATIONAL WEATHER SERVICE LOS ANGELES/OXNARD CA
620 PM PDT SAT OCT 25 2014


...................................

...THE LANCASTER CLIMATE SUMMARY FOR OCTOBER 25 2014...
VALID TODAY AS OF 0600 PM LOCAL TIME.

CLIMATE NORMAL PERIOD 1981 TO 2010
CLIMATE RECORD PERIOD 1948 TO 2014


WEATHER ITEM   OBSERVED TIME   RECORD YEAR NORMAL DEPARTURE LAST
                VALUE   (LST)  VALUE       VALUE  FROM      YEAR
                                                  NORMAL
..................................................................
TEMPERATURE (F)
 TODAY
  MAXIMUM         80   1257 PM  93    1959  76      4       85
  MINIMUM         51    536 AM  26    1975  43      8       41
  AVERAGE         66                        60      6       63

PRECIPITATION (IN)
  TODAY            0.00          0.58 1951   0.02  -0.02     0.00
  MONTH TO DATE    0.00                      0.32  -0.32     0.02
  SINCE JUL 1      0.03                      0.66  -0.63     0.04
  SINCE JAN 1      2.35                      5.57  -3.22     1.14

SNOWFALL (IN)
  TODAY            0.0           0.0    MM   0.0             0.0
  MONTH TO DATE    0.0                       0.0             0.0
  SINCE SEP 1      0.0                       0.0             0.0
  SINCE JUL 1      0.0                       0.0             0.0
  SNOW DEPTH       0

DEGREE DAYS
 HEATING
  TODAY            0                         6     -6        2
  MONTH TO DATE   12                        82    -70      159
  SINCE SEP 1     14                        94    -80      180
  SINCE JUL 1     14                        94    -80      180

 COOLING
  TODAY            1                         0      1        0
  MONTH TO DATE   72                        49     23       16
  SINCE SEP 1    402                       320     82      333
  SINCE JAN 1   2053                      1879    174     2204
..................................................................


WIND (MPH)
  HIGHEST WIND SPEED    29   HIGHEST WIND DIRECTION     W (250)
  HIGHEST GUST SPEED    34   HIGHEST GUST DIRECTION     W (260)
  AVERAGE WIND SPEED     9.3


SKY COVER
  POSSIBLE SUNSHINE  MM
  AVERAGE SKY COVER 0.1


WEATHER CONDITIONS
 THE FOLLOWING WEATHER WAS RECORDED TODAY.
  NO SIGNIFICANT WEATHER WAS OBSERVED.


RELATIVE HUMIDITY (PERCENT)
 HIGHEST    35           500 AM
 LOWEST     21          1100 AM
 AVERAGE    28

..........................................................


THE LANCASTER CLIMATE NORMALS FOR TOMORROW
                         NORMAL    RECORD    YEAR
 MAXIMUM TEMPERATURE (F)   76        88      1988
                                             1965
 MINIMUM TEMPERATURE (F)   43        29      2006


SUNRISE AND SUNSET
OCTOBER 25 2014.......SUNRISE   707 AM PDT   SUNSET   606 PM PDT
OCTOBER 26 2014.......SUNRISE   708 AM PDT   SUNSET   605 PM PDT


-  INDICATES NEGATIVE NUMBERS.
R  INDICATES RECORD WAS SET OR TIED.
MM INDICATES DATA IS MISSING.
T  INDICATES TRACE AMOUNT.




$$




National Weather Service
Disclaimer
Last Modified: August 31, 2005
Privacy Policy