334
CDUS46 KSEW 290120
CLISEA


CLIMATE REPORT
NATIONAL WEATHER SERVICE SEATTLE WA
619 PM PDT THU AUG 28 2014


...................................

...THE SEATTLE-TACOMA WA AIRPORT CLIMATE SUMMARY FOR AUGUST 28 2014...
VALID TODAY AS OF 0600 PM LOCAL TIME.

CLIMATE NORMAL PERIOD 1981 TO 2010
CLIMATE RECORD PERIOD 1945 TO 2014


WEATHER ITEM   OBSERVED TIME   RECORD YEAR NORMAL DEPARTURE LAST
                VALUE   (LST)  VALUE       VALUE  FROM      YEAR
                                                  NORMAL
..................................................................
TEMPERATURE (F)
 TODAY
  MAXIMUM         74    458 PM  95    1967  75     -1       80
  MINIMUM         58    441 AM  46    1952  55      3       60
  AVERAGE         66                        65      1       70

PRECIPITATION (IN)
  TODAY            0.00          0.47 1975   0.03  -0.03     0.22
  MONTH TO DATE    1.43                      0.76   0.67     0.59
  SINCE OCT 1     36.50                     35.87   0.63    40.48
  SINCE JAN 1     29.51                     20.47   9.04    18.64

DEGREE DAYS
 HEATING
  TODAY            0                         2     -2        0
  MONTH TO DATE    5                        29    -24        6
  SINCE JUN 1    113                       222   -109       64
  SINCE JUL 1     19                        78    -59       15

 COOLING
  TODAY            1                         2     -1        5
  MONTH TO DATE  144                        70     74      140
  SINCE JUN 1    307                       162    145      302
  SINCE JAN 1    322                       168    154      315
..................................................................


WIND (MPH)
  RESULTANT WIND SPEED   5   RESULTANT WIND DIRECTION  SW (210)
  HIGHEST WIND SPEED    12   HIGHEST WIND DIRECTION     S (180)
  HIGHEST GUST SPEED    16   HIGHEST GUST DIRECTION     S (180)
  AVERAGE WIND SPEED     5.9


SKY COVER
  AVERAGE SKY COVER 0.7


WEATHER CONDITIONS
 THE FOLLOWING WEATHER WAS RECORDED TODAY.
  NO SIGNIFICANT WEATHER WAS OBSERVED.


RELATIVE HUMIDITY (PERCENT)
 HIGHEST    93           400 AM
 LOWEST     57           300 PM
 AVERAGE    75

..........................................................


THE SEATTLE-TACOMA WA AIRPORT CLIMATE NORMALS FOR TOMORROW
                         NORMAL    RECORD    YEAR
 MAXIMUM TEMPERATURE (F)   75        91      1974
 MINIMUM TEMPERATURE (F)   55        44      1951


SUNRISE AND SUNSET
AUGUST 28 2014........SUNRISE   623 AM PDT   SUNSET   757 PM PDT
AUGUST 29 2014........SUNRISE   624 AM PDT   SUNSET   755 PM PDT


-  INDICATES NEGATIVE NUMBERS.
R  INDICATES RECORD WAS SET OR TIED.
MM INDICATES DATA IS MISSING.
T  INDICATES TRACE AMOUNT.




$$




335
CDUS46 KSEW 290120
CLIUIL


CLIMATE REPORT
NATIONAL WEATHER SERVICE SEATTLE WA
619 PM PDT THU AUG 28 2014


...................................

...THE QUILLAYUTE WA AIRPORT CLIMATE SUMMARY FOR AUGUST 28 2014...
VALID TODAY AS OF 0600 PM LOCAL TIME.

CLIMATE NORMAL PERIOD 1981 TO 2010
CLIMATE RECORD PERIOD 1966 TO 2014


WEATHER ITEM   OBSERVED TIME   RECORD YEAR NORMAL DEPARTURE LAST
                VALUE   (LST)  VALUE       VALUE  FROM      YEAR
                                                  NORMAL
..................................................................
TEMPERATURE (F)
 TODAY
  MAXIMUM         70    159 PM  85    1998  68      2       71
                                      1967
  MINIMUM         60    630 AM  41    2010  50     10       63
                                      2000
                                      1984
  AVERAGE         65                        59      6       67

PRECIPITATION (IN)
  TODAY            T             1.48 1975   0.11  -0.11     0.21
  MONTH TO DATE    0.52                      2.17  -1.65     1.82
  SINCE OCT 1     72.91                     95.40 -22.49   107.60
  SINCE JAN 1     55.68                     56.40  -0.72    60.63

DEGREE DAYS
 HEATING
  TODAY            0                         6     -6        0
  MONTH TO DATE   96                       156    -60       58
  SINCE JUN 1    481                       644   -163      351
  SINCE JUL 1    232                       350   -118      171

 COOLING
  TODAY            0                         0      0        2
  MONTH TO DATE    8                         0      8        6
  SINCE JUN 1     14                        10      4       19
  SINCE JAN 1     18                        11      7       22
..................................................................


WIND (MPH)
  RESULTANT WIND SPEED   4   RESULTANT WIND DIRECTION  SW (240)
  HIGHEST WIND SPEED    13   HIGHEST WIND DIRECTION    SW (240)
  HIGHEST GUST SPEED    15   HIGHEST GUST DIRECTION     W (250)
  AVERAGE WIND SPEED     4.0


SKY COVER
  AVERAGE SKY COVER 0.9


WEATHER CONDITIONS
 THE FOLLOWING WEATHER WAS RECORDED TODAY.
  LIGHT RAIN
  FOG


RELATIVE HUMIDITY (PERCENT)
 HIGHEST   100          1200 AM
 LOWEST     76           200 PM
 AVERAGE    88

..........................................................


THE QUILLAYUTE WA AIRPORT CLIMATE NORMALS FOR TOMORROW
                         NORMAL    RECORD    YEAR
 MAXIMUM TEMPERATURE (F)   68        86      1996
 MINIMUM TEMPERATURE (F)   50        37      1980


SUNRISE AND SUNSET
AUGUST 28 2014........SUNRISE   631 AM PDT   SUNSET   807 PM PDT
AUGUST 29 2014........SUNRISE   632 AM PDT   SUNSET   805 PM PDT


-  INDICATES NEGATIVE NUMBERS.
R  INDICATES RECORD WAS SET OR TIED.
MM INDICATES DATA IS MISSING.
T  INDICATES TRACE AMOUNT.




$$




National Weather Service
Disclaimer
Last Modified: August 31, 2005
Privacy Policy