941
CDUS46 KLOX 200125
CLIPRB


CLIMATE REPORT
NATIONAL WEATHER SERVICE LOS ANGELES/OXNARD CA
525 PM PST FRI DEC 19 2014


...................................

...THE PASO ROBLES AIRPORT CA CLIMATE SUMMARY FOR DECEMBER 19 2014...
VALID TODAY AS OF 0500 PM LOCAL TIME.

CLIMATE NORMAL PERIOD 1981 TO 2010
CLIMATE RECORD PERIOD 1948 TO 2014


WEATHER ITEM   OBSERVED TIME   RECORD YEAR NORMAL DEPARTURE LAST
                VALUE   (LST)  VALUE       VALUE  FROM      YEAR
                                                  NORMAL
..................................................................
TEMPERATURE (F)
 TODAY
  MAXIMUM         59    218 PM  73    2000  59      0       58
  MINIMUM         44    638 AM  21    1971  33     11       35
  AVERAGE         52                        46      6       47

PRECIPITATION (IN)
  TODAY            0.00          1.70 2010   0.07  -0.07     0.00
  MONTH TO DATE    4.44                      1.08   3.36     0.17
  SINCE JUL 1      5.66                      3.06   2.60     0.46
  SINCE JAN 1     10.12                     11.85  -1.73     1.92

SNOWFALL (IN)
  TODAY            0.0
  MONTH TO DATE    0.0
  SINCE DEC 1      0.0
  SINCE JUL 1      0.0

DEGREE DAYS
 HEATING
  TODAY           13                        19     -6       18
  MONTH TO DATE  191                       348   -157      383
  SINCE DEC 1    191                       348   -157      383
  SINCE JUL 1    470                       897   -427      835

 COOLING
  TODAY            0                         0      0        0
  MONTH TO DATE    0                         0      0        0
  SINCE DEC 1      0                         0      0        0
  SINCE JAN 1   1357                       927    430     1173
..................................................................


WIND (MPH)
  HIGHEST WIND SPEED     8   HIGHEST WIND DIRECTION    SE (130)
  HIGHEST GUST SPEED     8   HIGHEST GUST DIRECTION     E (100)
  AVERAGE WIND SPEED     2.6


SKY COVER
  POSSIBLE SUNSHINE  MM
  AVERAGE SKY COVER 0.8


WEATHER CONDITIONS
 THE FOLLOWING WEATHER WAS RECORDED TODAY.
  FOG


RELATIVE HUMIDITY (PERCENT)
 HIGHEST    93          1200 AM
 LOWEST     72           100 PM
 AVERAGE    83

..........................................................


THE PASO ROBLES AIRPORT CA CLIMATE NORMALS FOR TOMORROW
                         NORMAL    RECORD    YEAR
 MAXIMUM TEMPERATURE (F)   59        74      2000
 MINIMUM TEMPERATURE (F)   33        20      1971


SUNRISE AND SUNSET
DECEMBER 19 2014......SUNRISE   707 AM PST   SUNSET   452 PM PST
DECEMBER 20 2014......SUNRISE   708 AM PST   SUNSET   453 PM PST


-  INDICATES NEGATIVE NUMBERS.
R  INDICATES RECORD WAS SET OR TIED.
MM INDICATES DATA IS MISSING.
T  INDICATES TRACE AMOUNT.




$$




885
CDUS46 KLOX 200125
CLIPMD


CLIMATE REPORT
NATIONAL WEATHER SERVICE LOS ANGELES/OXNARD CA
525 PM PST FRI DEC 19 2014


...................................

...THE PALMDALE AIRPORT CA CLIMATE SUMMARY FOR DECEMBER 19 2014...
VALID TODAY AS OF 0500 PM LOCAL TIME.

CLIMATE NORMAL PERIOD 1981 TO 2010
CLIMATE RECORD PERIOD 1931 TO 2014


WEATHER ITEM   OBSERVED TIME   RECORD YEAR NORMAL DEPARTURE LAST
                VALUE   (LST)  VALUE       VALUE  FROM      YEAR
                                                  NORMAL
..................................................................
TEMPERATURE (F)
 TODAY
  MAXIMUM         56    255 PM  75    1950  58     -2       53
  MINIMUM         34    707 AM  18    2006  30      4       38
  AVERAGE         45                        44      1       46

PRECIPITATION (IN)
  TODAY            0.00          1.05 1938   0.04  -0.04      T
  MONTH TO DATE    2.57                      0.45   2.12      T
  SINCE JUL 1      2.73                      2.28   0.45     2.07
  SINCE JAN 1      5.78                      7.60  -1.82     2.93

SNOWFALL (IN)
  TODAY            0.0           2.0  1970  MM              MM
  MONTH TO DATE    0.0                      MM               0.0
  SINCE DEC 1      0.0                      MM               0.0
  SINCE JUL 1      0.0                      MM               0.0
  SNOW DEPTH       0

DEGREE DAYS
 HEATING
  TODAY           20                        21     -1       19
  MONTH TO DATE  300                       385    -85      405
  SINCE DEC 1    300                       385    -85      405
  SINCE JUL 1    614                       912   -298      918

 COOLING
  TODAY            0                         0      0        0
  MONTH TO DATE    0                         0      0        0
  SINCE DEC 1      0                         0      0        0
  SINCE JAN 1   2223                      1815    408     2126
..................................................................


WIND (MPH)
  HIGHEST WIND SPEED     8   HIGHEST WIND DIRECTION     W (290)
  HIGHEST GUST SPEED    10   HIGHEST GUST DIRECTION    NW (300)
  AVERAGE WIND SPEED     3.2


SKY COVER
  POSSIBLE SUNSHINE  MM
  AVERAGE SKY COVER 0.0


WEATHER CONDITIONS
 THE FOLLOWING WEATHER WAS RECORDED TODAY.
  NO SIGNIFICANT WEATHER WAS OBSERVED.


RELATIVE HUMIDITY (PERCENT)
 HIGHEST    89           700 AM
 LOWEST     59          1100 AM
 AVERAGE    74

..........................................................


THE PALMDALE AIRPORT CA CLIMATE NORMALS FOR TOMORROW
                         NORMAL    RECORD    YEAR
 MAXIMUM TEMPERATURE (F)   58        73      1969
 MINIMUM TEMPERATURE (F)   30        18      2012


SUNRISE AND SUNSET
DECEMBER 19 2014......SUNRISE   654 AM PST   SUNSET   445 PM PST
DECEMBER 20 2014......SUNRISE   655 AM PST   SUNSET   445 PM PST


-  INDICATES NEGATIVE NUMBERS.
R  INDICATES RECORD WAS SET OR TIED.
MM INDICATES DATA IS MISSING.
T  INDICATES TRACE AMOUNT.




$$




944
CDUS46 KLOX 200125
CLISDB


CLIMATE REPORT
NATIONAL WEATHER SERVICE LOS ANGELES/OXNARD CA
525 PM PST FRI DEC 19 2014


...................................

...THE SANDBERG CA CLIMATE SUMMARY FOR DECEMBER 19 2014...
VALID TODAY AS OF 0500 PM LOCAL TIME.

CLIMATE NORMAL PERIOD 1981 TO 2010
CLIMATE RECORD PERIOD 1934 TO 2014


WEATHER ITEM   OBSERVED TIME   RECORD YEAR NORMAL DEPARTURE LAST
                VALUE   (LST)  VALUE       VALUE  FROM      YEAR
                                                  NORMAL
..................................................................
TEMPERATURE (F)
 TODAY
  MAXIMUM         52   1157 AM  65    1950  47      5       45
  MINIMUM         40    655 AM  19    1967  36      4       35
  AVERAGE         46                        42      4       40

PRECIPITATION (IN)
  TODAY            0.00          1.82 1938   0.08  -0.08     0.08
  MONTH TO DATE    4.25                      1.17   3.08     0.08
  SINCE JUL 1      5.02                      2.77   2.25     0.78
  SINCE JAN 1      8.60                     11.25  -2.65     3.69

DEGREE DAYS
 HEATING
  TODAY           19                        23     -4       25
  MONTH TO DATE  315                       425   -110      376
  SINCE DEC 1    315                       425   -110      376
  SINCE JUL 1    705                      1204   -499      930

 COOLING
  TODAY            0                         0      0        0
  MONTH TO DATE    0                         0      0        0
  SINCE DEC 1      0                         0      0        0
  SINCE JAN 1   1689                       998    691     1565
..................................................................


WIND (MPH)
  HIGHEST WIND SPEED    14   HIGHEST WIND DIRECTION    SW (220)
  HIGHEST GUST SPEED    18   HIGHEST GUST DIRECTION    SW (220)
  AVERAGE WIND SPEED     6.7


SKY COVER
  POSSIBLE SUNSHINE  MM
  AVERAGE SKY COVER 0.0


WEATHER CONDITIONS
 THE FOLLOWING WEATHER WAS RECORDED TODAY.
  NO SIGNIFICANT WEATHER WAS OBSERVED.


RELATIVE HUMIDITY (PERCENT)
 HIGHEST    76           800 AM
 LOWEST     54          1100 AM
 AVERAGE    65

..........................................................


THE SANDBERG CA CLIMATE NORMALS FOR TOMORROW
                         NORMAL    RECORD    YEAR
 MAXIMUM TEMPERATURE (F)   47        66      2004
 MINIMUM TEMPERATURE (F)   36        14      1968


SUNRISE AND SUNSET
DECEMBER 19 2014......SUNRISE   657 AM PST   SUNSET   447 PM PST
DECEMBER 20 2014......SUNRISE   658 AM PST   SUNSET   447 PM PST


-  INDICATES NEGATIVE NUMBERS.
R  INDICATES RECORD WAS SET OR TIED.
MM INDICATES DATA IS MISSING.
T  INDICATES TRACE AMOUNT.




$$




National Weather Service
Disclaimer
Last Modified: August 31, 2005
Privacy Policy