703
CDUS45 KLKN 170926
CLITPH


CLIMATE REPORT
NATIONAL WEATHER SERVICE ELKO NV
226 AM PDT WED SEP 17 2014


...................................

...THE TONOPAH AIRPORT NV CLIMATE SUMMARY FOR SEPTEMBER 16 2014...

CLIMATE NORMAL PERIOD 1981 TO 2010
CLIMATE RECORD PERIOD 1954 TO 2014


WEATHER ITEM   OBSERVED TIME   RECORD YEAR NORMAL DEPARTURE LAST
                VALUE   (LST)  VALUE       VALUE  FROM      YEAR
                                                  NORMAL
..................................................................
TEMPERATURE (F)
 YESTERDAY
  MAXIMUM         91R   326 PM  90    2000  81     10       87
                                      1983
  MINIMUM         58    546 AM  36    1986  48     10       54
  AVERAGE         75                        64     11       71

PRECIPITATION (IN)
  YESTERDAY        0.00          0.11 1977   0.01  -0.01     0.00
  MONTH TO DATE    0.18                      0.21  -0.03     1.38
  SINCE OCT 1      3.66                      5.07  -1.41     5.25
  SINCE JAN 1      3.20                      3.98  -0.78     4.03

DEGREE DAYS
 HEATING
  YESTERDAY        0                         3     -3        0
  MONTH TO DATE    0                        24    -24        0
  SINCE SEP 1      0                        24    -24        0
  SINCE JUL 1      0                        30    -30        0

 COOLING
  YESTERDAY       10                         2      8        6
  MONTH TO DATE  104                        54     50      116
  SINCE SEP 1    104                        54     50      116
  SINCE JAN 1    967                       767    200     1037
..................................................................


WIND (MPH)
  HIGHEST WIND SPEED    23   HIGHEST WIND DIRECTION     S (160)
  HIGHEST GUST SPEED    30   HIGHEST GUST DIRECTION     S (160)
  AVERAGE WIND SPEED     8.4



WEATHER CONDITIONS
 THE FOLLOWING WEATHER WAS RECORDED YESTERDAY.
  NO SIGNIFICANT WEATHER WAS OBSERVED.


RELATIVE HUMIDITY (PERCENT)
 HIGHEST    44           300 AM
 LOWEST     14           400 PM
 AVERAGE    29

..........................................................


THE TONOPAH AIRPORT NV CLIMATE NORMALS FOR TODAY
                         NORMAL    RECORD    YEAR
 MAXIMUM TEMPERATURE (F)   80        89      2000
                                             1983
 MINIMUM TEMPERATURE (F)   48        28      1965


SUNRISE AND SUNSET
SEPTEMBER 17 2014.....SUNRISE   632 AM PDT   SUNSET   653 PM PDT
SEPTEMBER 18 2014.....SUNRISE   633 AM PDT   SUNSET   651 PM PDT


-  INDICATES NEGATIVE NUMBERS.
R  INDICATES RECORD WAS SET OR TIED.
MM INDICATES DATA IS MISSING.
T  INDICATES TRACE AMOUNT.




$$




National Weather Service
Disclaimer
Last Modified: August 31, 2005
Privacy Policy