647
CDUS46 KMTR 260026
CLIMRY


CLIMATE REPORT
NATIONAL WEATHER SERVICE SAN FRANCISCO BAY AREA
426 PM PST TUE NOV 25 2014


...................................

...THE MONTEREY AIRPORT CLIMATE SUMMARY FOR NOVEMBER 25 2014...
VALID TODAY AS OF 0400 PM LOCAL TIME.

CLIMATE NORMAL PERIOD 1981 TO 2010
CLIMATE RECORD PERIOD 1998 TO 2014


WEATHER ITEM   OBSERVED TIME   RECORD YEAR NORMAL DEPARTURE LAST
                VALUE   (LST)  VALUE       VALUE  FROM      YEAR
                                                  NORMAL
..................................................................
TEMPERATURE (F)
 TODAY
  MAXIMUM         72R   319 PM  70    2013  62     10       70
  MINIMUM         44    659 AM  34    2010  44      0       45
  AVERAGE         58                        53      5       58

PRECIPITATION (IN)
  TODAY            0.00                                      0.00
  MONTH TO DATE    1.19                                      0.46
  SINCE JUL 1      3.11                                      1.01
  SINCE JAN 1     10.50                                      4.16

DEGREE DAYS
 HEATING
  TODAY            7                                         7
  MONTH TO DATE  168                                       230
  SINCE SEP 1    295                                       535
  SINCE JUL 1    393                                       721

 COOLING
  TODAY            0                                         0
  MONTH TO DATE    0                                         0
  SINCE SEP 1     66                                        23
  SINCE JAN 1    142                                        49
..................................................................


WIND (MPH)
  RESULTANT WIND SPEED   2   RESULTANT WIND DIRECTION   E (100)
  HIGHEST WIND SPEED     9   HIGHEST WIND DIRECTION     E (100)
  HIGHEST GUST SPEED    10   HIGHEST GUST DIRECTION     E (100)
  AVERAGE WIND SPEED     2.9


SKY COVER
  POSSIBLE SUNSHINE  MM
  AVERAGE SKY COVER 0.0


WEATHER CONDITIONS
 THE FOLLOWING WEATHER WAS RECORDED TODAY.
  NO SIGNIFICANT WEATHER WAS OBSERVED.


RELATIVE HUMIDITY (PERCENT)
 HIGHEST    61          1200 AM
 LOWEST     27           300 PM
 AVERAGE    44

..........................................................


THE MONTEREY AIRPORT CLIMATE NORMALS FOR TOMORROW
                         NORMAL    RECORD    YEAR
 MAXIMUM TEMPERATURE (F)   62        72      2011
 MINIMUM TEMPERATURE (F)   44        37      2010


SUNRISE AND SUNSET
NOVEMBER 25 2014......SUNRISE   655 AM PST   SUNSET   453 PM PST
NOVEMBER 26 2014......SUNRISE   656 AM PST   SUNSET   453 PM PST


-  INDICATES NEGATIVE NUMBERS.
R  INDICATES RECORD WAS SET OR TIED.
MM INDICATES DATA IS MISSING.
T  INDICATES TRACE AMOUNT.




$$




644
CDUS46 KMTR 260026
CLICCR


CLIMATE REPORT
NATIONAL WEATHER SERVICE SAN FRANCISCO BAY AREA
426 PM PST TUE NOV 25 2014


...................................

...THE CONCORD AIRPORT CLIMATE SUMMARY FOR NOVEMBER 25 2014...
VALID TODAY AS OF 0400 PM LOCAL TIME.

CLIMATE NORMAL PERIOD 1981 TO 2010
CLIMATE RECORD PERIOD 1999 TO 2014


WEATHER ITEM   OBSERVED TIME   RECORD YEAR NORMAL DEPARTURE LAST
                VALUE   (LST)  VALUE       VALUE  FROM      YEAR
                                                  NORMAL
..................................................................
TEMPERATURE (F)
 TODAY
  MAXIMUM         65    339 PM  70    2002  60      5       62
  MINIMUM         41    606 AM  30    2010  42     -1       36
  AVERAGE         53                        51      2       49

PRECIPITATION (IN)
  TODAY            0.00                                      0.00
  MONTH TO DATE    0.75                                      1.35
  SINCE JUL 1      1.56                                      2.02
  SINCE JAN 1      9.88                                      4.08

DEGREE DAYS
 HEATING
  TODAY           12                                        16
  MONTH TO DATE  179                                       227
  SINCE SEP 1    216                                       361
  SINCE JUL 1    216                                       367

 COOLING
  TODAY            0                                         0
  MONTH TO DATE    0                                         0
  SINCE SEP 1    313                                       150
  SINCE JAN 1   1113                                       826
..................................................................


WIND (MPH)
  RESULTANT WIND SPEED   3   RESULTANT WIND DIRECTION  NE (40)
  HIGHEST WIND SPEED    12   HIGHEST WIND DIRECTION    NE (40)
  HIGHEST GUST SPEED    27   HIGHEST GUST DIRECTION     N (360)
  AVERAGE WIND SPEED     3.8


SKY COVER
  POSSIBLE SUNSHINE  MM
  AVERAGE SKY COVER 0.0


WEATHER CONDITIONS
 THE FOLLOWING WEATHER WAS RECORDED TODAY.
  FOG
  HAZE


RELATIVE HUMIDITY (PERCENT)
 HIGHEST    93           800 AM
 LOWEST     52           200 PM
 AVERAGE    73

..........................................................


THE CONCORD AIRPORT CLIMATE NORMALS FOR TOMORROW
                         NORMAL    RECORD    YEAR
 MAXIMUM TEMPERATURE (F)   60        75      2002
 MINIMUM TEMPERATURE (F)   42        29      2010


SUNRISE AND SUNSET
NOVEMBER 25 2014......SUNRISE   659 AM PST   SUNSET   451 PM PST
NOVEMBER 26 2014......SUNRISE   700 AM PST   SUNSET   450 PM PST


-  INDICATES NEGATIVE NUMBERS.
R  INDICATES RECORD WAS SET OR TIED.
MM INDICATES DATA IS MISSING.
T  INDICATES TRACE AMOUNT.




$$




National Weather Service
Disclaimer
Last Modified: August 31, 2005
Privacy Policy