055
CDUS45 KPUB 201008
CLIPUB


CLIMATE REPORT
NATIONAL WEATHER SERVICE PUEBLO
406 AM MDT SUN APR 20 2014


...................................

...THE PUEBLO CO CLIMATE SUMMARY FOR APRIL 19 2014...

CLIMATE NORMAL PERIOD 1981 TO 2010
CLIMATE RECORD PERIOD 1888 TO 2014


WEATHER ITEM   OBSERVED TIME   RECORD YEAR NORMAL DEPARTURE LAST
                VALUE   (LST)  VALUE       VALUE  FROM      YEAR
                                                  NORMAL
..................................................................
TEMPERATURE (F)
 YESTERDAY
  MAXIMUM         78    256 PM  86    1989  68     10       59
                                      1962
                                      1960
  MINIMUM         44    500 AM  20    2013  35      9       20
  AVERAGE         61                        52      9       40

PRECIPITATION (IN)
  YESTERDAY        0.00          1.59 2003   0.05  -0.05     0.00
  MONTH TO DATE    1.09                      0.80   0.29     0.17
  SINCE MAR 1      1.85                      1.73   0.12     0.38
  SINCE JAN 1      2.58                      2.38   0.20     1.07

SNOWFALL (IN)
  YESTERDAY        0.0           4.0  1892   0.1   -0.1      0.0
  MONTH TO DATE    8.3                       2.7    5.6      1.6
  SINCE MAR 1     10.7                       8.4    2.3      7.3
  SINCE JUL 1     29.3                      30.2   -0.9     22.0
  SNOW DEPTH       0

DEGREE DAYS
 HEATING
  YESTERDAY        4                        14    -10       25
  MONTH TO DATE  282                       308    -26      388
  SINCE MAR 1    954                      1010    -56     1123
  SINCE JUL 1   5159                      5313   -154     5360

 COOLING
  YESTERDAY        0                         0      0        0
  MONTH TO DATE    2                         0      2        0
  SINCE MAR 1      2                         0      2        0
  SINCE JAN 1      2                         0      2        0
..................................................................


WIND (MPH)
  HIGHEST WIND SPEED    25   HIGHEST WIND DIRECTION     E (70)
  HIGHEST GUST SPEED    30   HIGHEST GUST DIRECTION    NE (60)
  AVERAGE WIND SPEED    11.5


SKY COVER
  POSSIBLE SUNSHINE  MM
  AVERAGE SKY COVER 0.3


WEATHER CONDITIONS
 THE FOLLOWING WEATHER WAS RECORDED YESTERDAY.
  NO SIGNIFICANT WEATHER WAS OBSERVED.


RELATIVE HUMIDITY (PERCENT)
 HIGHEST    71           400 AM
 LOWEST     19           200 PM
 AVERAGE    45

..........................................................


THE PUEBLO CO CLIMATE NORMALS FOR TODAY
                         NORMAL    RECORD    YEAR
 MAXIMUM TEMPERATURE (F)   69        90      1989
 MINIMUM TEMPERATURE (F)   35        20      1966


SUNRISE AND SUNSET
APRIL 20 2014.........SUNRISE   615 AM MDT   SUNSET   739 PM MDT
APRIL 21 2014.........SUNRISE   614 AM MDT   SUNSET   740 PM MDT


-  INDICATES NEGATIVE NUMBERS.
R  INDICATES RECORD WAS SET OR TIED.
MM INDICATES DATA IS MISSING.
T  INDICATES TRACE AMOUNT.




$$




058
CDUS45 KPUB 201008
CLISPD


CLIMATE REPORT
NATIONAL WEATHER SERVICE PUEBLO
406 AM MDT SUN APR 20 2014


...................................

...THE SPRINGFIELD CO CLIMATE SUMMARY FOR APRIL 19 2014...

CLIMATE NORMAL PERIOD 1981 TO 2010
CLIMATE RECORD PERIOD 9999 TO 9999


WEATHER ITEM   OBSERVED TIME   NORMAL DEPARTURE LAST
                VALUE   (LST)  VALUE  FROM      YEAR
                                      NORMAL
......................................................
TEMPERATURE (F)
 YESTERDAY
  MAXIMUM         82    135 PM  68     14       61
  MINIMUM         50    535 AM  37     13       20
  AVERAGE         66                            41

PRECIPITATION (IN)
  YESTERDAY        0.00          0.04  -0.04     0.00
  MONTH TO DATE    0.60          0.79  -0.19     0.30
  SINCE MAR 1      0.97          1.92  -0.95     0.47
  SINCE JAN 1      1.30          2.73  -1.43     0.60

DEGREE DAYS
 HEATING
  YESTERDAY        0            13    -13       24
  MONTH TO DATE  312           288     24      402
  SINCE MAR 1   1024           975     49     1083
  SINCE JUL 1   5021          4981     40     4860

 COOLING
  YESTERDAY        1             0      1        0
  MONTH TO DATE    4             0      4        0
  SINCE MAR 1      4             0      4        0
  SINCE JAN 1      4             0      4        0
......................................................


WIND (MPH)
  HIGHEST WIND SPEED    37   HIGHEST WIND DIRECTION     S (180)
  HIGHEST GUST SPEED    47   HIGHEST GUST DIRECTION    SW (210)
  AVERAGE WIND SPEED    16.6


SKY COVER
  POSSIBLE SUNSHINE  MM



RELATIVE HUMIDITY (PERCENT)
 HIGHEST    74           500 AM
 LOWEST     14           100 PM
 AVERAGE    44

..........................................................


THE SPRINGFIELD CO CLIMATE NORMALS FOR TODAY
                         NORMAL    RECORD    YEAR
 MAXIMUM TEMPERATURE (F)   68        MM        MM
 MINIMUM TEMPERATURE (F)   38        MM        MM


SUNRISE AND SUNSET
APRIL 20 2014.........SUNRISE   609 AM MDT   SUNSET   730 PM MDT
APRIL 21 2014.........SUNRISE   608 AM MDT   SUNSET   731 PM MDT


-  INDICATES NEGATIVE NUMBERS.
R  INDICATES RECORD WAS SET OR TIED.
MM INDICATES DATA IS MISSING.
T  INDICATES TRACE AMOUNT.




$$




National Weather Service
Disclaimer
Last Modified: August 31, 2005
Privacy Policy