603
CDUS43 KEAX 231237
CLISTJ


CLIMATE REPORT
NATIONAL WEATHER SERVICE KANSAS CITY/PLEASANT HILL MO
737 AM CDT WED APR 23 2014


...................................

...THE ST. JOSEPH MO CLIMATE SUMMARY FOR APRIL 23 2014...
VALID AS OF 0700 AM LOCAL TIME.

CLIMATE NORMAL PERIOD 1981 TO 2010
CLIMATE RECORD PERIOD 1892 TO 2014


WEATHER ITEM   OBSERVED TIME   RECORD YEAR NORMAL DEPARTURE LAST
                VALUE   (LST)  VALUE       VALUE  FROM      YEAR
                                                  NORMAL
..................................................................
TEMPERATURE (F)
 TODAY
  MAXIMUM         57    108 AM  92    1950  68    -11       41
  MINIMUM         54    559 AM  30    1996  45      9       32
  AVERAGE         56                        56      0       37

PRECIPITATION (IN)
  TODAY            T             1.31 1968   0.15  -0.15     0.29
  MONTH TO DATE    2.32                      2.61  -0.29     3.42
  SINCE MAR 1      2.73                      4.86  -2.13     5.50
  SINCE JAN 1      3.55                      6.35  -2.80     6.51

DEGREE DAYS
 HEATING
  TODAY            9                         9      0       28
  MONTH TO DATE  326                       288     38      410
  SINCE MAR 1   1152                       973    179     1259
  SINCE JUL 1   6092                      5281    811     5363

 COOLING
  TODAY            0                         1     -1        0
  MONTH TO DATE    6                        16    -10        0
  SINCE MAR 1      6                        18    -12        0
  SINCE JAN 1      6                        18    -12        0
..................................................................


WIND (MPH)
  HIGHEST WIND SPEED    17   HIGHEST WIND DIRECTION    SE (130)
  HIGHEST GUST SPEED    23   HIGHEST GUST DIRECTION    SE (120)
  AVERAGE WIND SPEED     9.4


SKY COVER
  AVERAGE SKY COVER 0.8


WEATHER CONDITIONS
 THE FOLLOWING WEATHER WAS RECORDED TODAY.
  LIGHT RAIN


RELATIVE HUMIDITY (PERCENT)
 HIGHEST    47          1200 AM
 LOWEST     43           200 AM
 AVERAGE    45

..........................................................


THE ST. JOSEPH MO CLIMATE NORMALS FOR TOMORROW
                         NORMAL    RECORD    YEAR
 MAXIMUM TEMPERATURE (F)   68        92      1989
 MINIMUM TEMPERATURE (F)   45        27      2013
                                             1967


SUNRISE AND SUNSET
APRIL 23 2014.........SUNRISE   631 AM CDT   SUNSET   806 PM CDT
APRIL 24 2014.........SUNRISE   629 AM CDT   SUNSET   807 PM CDT


-  INDICATES NEGATIVE NUMBERS.
R  INDICATES RECORD WAS SET OR TIED.
MM INDICATES DATA IS MISSING.
T  INDICATES TRACE AMOUNT.




$$




National Weather Service
Disclaimer
Last Modified: August 31, 2005
Privacy Policy