482
CDUS44 KHGX 181444
CLIHOU

CLIMATE REPORT
NATIONAL WEATHER SERVICE HOUSTON/GALVESTON TX
840 AM CST THU DEC 18 2014


...MORNING CLIMATE DATA...

                            MORNING LOW    PRECIP SINCE MIDNIGHT

HOUSTON INTERCONTINENTAL         57                0.68
GALVESTON SCHOLES FIELD          65                0.00
BRYAN/COLLEGE STATION            50                 T
HOUSTON HOBBY                    60                0.10

...................................


...THE HOUSTON INTERCONTINENTAL CLIMATE SUMMARY FOR DECEMBER 17 2014...

CLIMATE NORMAL PERIOD 1981 TO 2010
CLIMATE RECORD PERIOD 1892 TO 2014


WEATHER ITEM   OBSERVED TIME   RECORD YEAR NORMAL DEPARTURE LAST
                VALUE   (LST)  VALUE       VALUE  FROM      YEAR
                                                  NORMAL
..................................................................
TEMPERATURE (F)
 YESTERDAY
  MAXIMUM         64    337 PM  80    1990  64      0       70
                                      1984
                                      1908
  MINIMUM         44    500 AM  20    1932  44      0       35
  AVERAGE         54                        54      0       53

PRECIPITATION (IN)
  YESTERDAY        T             2.28 1949   0.12  -0.12     0.00
  MONTH TO DATE    0.12                      2.17  -2.05     0.14
  SINCE DEC 1      0.12                      2.17  -2.05     0.14
  SINCE JAN 1     38.24                     48.20  -9.96    37.32

SNOWFALL (IN)
  YESTERDAY       MM             0.0  2001
  MONTH TO DATE    0.0
  SINCE DEC 1      0.0
  SINCE JUL 1      0.0

DEGREE DAYS
 HEATING
  YESTERDAY       11                        12     -1       12
  MONTH TO DATE   85                       179    -94      260
  SINCE DEC 1     85                       179    -94      260
  SINCE JUL 1    333                       364    -31      509
..................................................................


WIND (MPH)
  HIGHEST WIND SPEED    17   HIGHEST WIND DIRECTION     E (110)
  HIGHEST GUST SPEED    22   HIGHEST GUST DIRECTION    SE (120)


RELATIVE HUMIDITY (PERCENT)
 HIGHEST    86
 LOWEST     61
 AVERAGE    74

..........................................................


THE HOUSTON INTERCONTINENTAL CLIMATE NORMALS FOR TODAY
                         NORMAL    RECORD    YEAR
 MAXIMUM TEMPERATURE (F)   64        82      1980
 MINIMUM TEMPERATURE (F)   44        24      1996
                                             1979


SUNRISE AND SUNSET
DECEMBER 18 2014......SUNRISE   711 AM CST   SUNSET   525 PM CST
DECEMBER 19 2014......SUNRISE   712 AM CST   SUNSET   525 PM CST


-  INDICATES NEGATIVE NUMBERS.
R  INDICATES RECORD WAS SET OR TIED.
MM INDICATES DATA IS MISSING.
T  INDICATES TRACE AMOUNT.




...................................

...THE HOUSTON/HOBBY AIRPORT CLIMATE SUMMARY FOR DECEMBER 17 2014...

CLIMATE NORMAL PERIOD 1981 TO 2010
CLIMATE RECORD PERIOD 1930 TO 2014


WEATHER ITEM   OBSERVED TIME   RECORD YEAR NORMAL DEPARTURE LAST
                VALUE   (LST)  VALUE       VALUE  FROM      YEAR
                                                  NORMAL
..................................................................
TEMPERATURE (F)
 YESTERDAY
  MAXIMUM         65    221 PM  80    2006  64      1       70
  MINIMUM         48    548 AM  22    1932  46      2       37
  AVERAGE         57                        55      2       54

PRECIPITATION (IN)
  YESTERDAY        0.00          4.18 1995   0.13  -0.13     0.00
  MONTH TO DATE    1.13                      2.29  -1.16     0.14
  SINCE DEC 1      1.13                      2.29  -1.16     0.14
  SINCE JAN 1     37.65                     52.91 -15.26    42.33

SNOWFALL (IN)
  YESTERDAY        0.0          MM      MM
  MONTH TO DATE    0.0
  SINCE DEC 1      0.0
  SINCE JUL 1      0.0

DEGREE DAYS
 HEATING
  YESTERDAY        8                        11     -3       11
  MONTH TO DATE   71                       161    -90      237
  SINCE DEC 1     71                       161    -90      237
  SINCE JUL 1    285                       317    -32      454
..................................................................


WIND (MPH)
  HIGHEST WIND SPEED    15   HIGHEST WIND DIRECTION     E (90)
  HIGHEST GUST SPEED    22   HIGHEST GUST DIRECTION     E (110)


RELATIVE HUMIDITY (PERCENT)
 HIGHEST    90
 LOWEST     63
 AVERAGE    77

..........................................................


THE HOUSTON/HOBBY AIRPORT CLIMATE NORMALS FOR TODAY
                         NORMAL    RECORD    YEAR
 MAXIMUM TEMPERATURE (F)   64        81      2012
 MINIMUM TEMPERATURE (F)   46        24      1932


SUNRISE AND SUNSET
DECEMBER 18 2014......SUNRISE   710 AM CST   SUNSET   525 PM CST
DECEMBER 19 2014......SUNRISE   711 AM CST   SUNSET   526 PM CST


-  INDICATES NEGATIVE NUMBERS.
R  INDICATES RECORD WAS SET OR TIED.
MM INDICATES DATA IS MISSING.
T  INDICATES TRACE AMOUNT.

..........................................................

...MISCELLANEOUS CLIMATE DATA FOR YESTERDAY...

LOCATION                        HIGH    LOW     PRECIP

PEARLAND                         68      48      0.02
SUGAR LAND                       66      45      0.02
TOMBALL                          64      45      0.01
CONROE                           61      39       T
HUNTSVILLE                       58      37       T
ANGLETON/LAKE JACKSON            68      44       T
PALACIOS                         71      49       T
LEAGUE CITY (NWS)                65      48      0.01


THIS PRODUCT...ALONG WITH OTHER WEATHER...HYDROLOGIC...AND CLIMATE
PRODUCTS...IS AVAILABLE ON THE WEB AT HTTP://WWW.SRH.NOAA.GOV/HGX
OR AT HTTP://WEATHER.GOV

$$



National Weather Service
Disclaimer
Last Modified: August 31, 2005
Privacy Policy