327
CDUS45 KPUB 281125
CLILXV


CLIMATE REPORT
NATIONAL WEATHER SERVICE PUEBLO
424 AM MST WED JAN 28 2015


...................................

...THE LEADVILLE  CLIMATE SUMMARY FOR JANUARY 27 2015...

CLIMATE NORMAL PERIOD 1981 TO 2010
CLIMATE RECORD PERIOD 9999 TO 9999


WEATHER ITEM   OBSERVED TIME   NORMAL DEPARTURE LAST
                VALUE   (LST)  VALUE  FROM      YEAR
                                      NORMAL
......................................................
TEMPERATURE (F)
 YESTERDAY
  MAXIMUM         51   1244 PM  30     21       28
  MINIMUM         16    624 AM   4     12       10
  AVERAGE         34                            19

PRECIPITATION (IN)
  YESTERDAY        0.00          0.01  -0.01
  MONTH TO DATE    0.50          0.53  -0.03
  SINCE DEC 1      1.82          1.28   0.54
  SINCE JAN 1      0.50          0.53  -0.03

DEGREE DAYS
 HEATING
  YESTERDAY       31            48    -17       46
  MONTH TO DATE 1161          1296   -135     1293
  SINCE DEC 1   2616          2792   -176     2821
  SINCE JUL 1   5787          6197   -410     6048

 COOLING
  YESTERDAY        0             0      0        0
  MONTH TO DATE    0             0      0        0
  SINCE DEC 1      0             0      0        0
  SINCE JAN 1      0             0      0        0
......................................................


WIND (MPH)
  HIGHEST WIND SPEED    16   HIGHEST WIND DIRECTION     N (360)
  HIGHEST GUST SPEED    23   HIGHEST GUST DIRECTION     N (360)
  AVERAGE WIND SPEED     5.2


SKY COVER
  POSSIBLE SUNSHINE  MM
  AVERAGE SKY COVER 0.0


WEATHER CONDITIONS
 THE FOLLOWING WEATHER WAS RECORDED YESTERDAY.
  NO SIGNIFICANT WEATHER WAS OBSERVED.


RELATIVE HUMIDITY (PERCENT)
 HIGHEST    67           300 AM
 LOWEST     18           100 PM
 AVERAGE    43

..........................................................


THE LEADVILLE  CLIMATE NORMALS FOR TODAY
                         NORMAL    RECORD    YEAR
 MAXIMUM TEMPERATURE (F)   30        MM        MM
 MINIMUM TEMPERATURE (F)    3        MM        MM


SUNRISE AND SUNSET
JANUARY 28 2015.......SUNRISE   716 AM MST   SUNSET   521 PM MST
JANUARY 29 2015.......SUNRISE   715 AM MST   SUNSET   522 PM MST


-  INDICATES NEGATIVE NUMBERS.
R  INDICATES RECORD WAS SET OR TIED.
MM INDICATES DATA IS MISSING.
T  INDICATES TRACE AMOUNT.




$$




422
CDUS45 KPUB 281125
CLISPD


CLIMATE REPORT
NATIONAL WEATHER SERVICE PUEBLO
424 AM MST WED JAN 28 2015


...................................

...THE SPRINGFIELD CO CLIMATE SUMMARY FOR JANUARY 27 2015...

CLIMATE NORMAL PERIOD 1981 TO 2010
CLIMATE RECORD PERIOD 9999 TO 9999


WEATHER ITEM   OBSERVED TIME   NORMAL DEPARTURE LAST
                VALUE   (LST)  VALUE  FROM      YEAR
                                      NORMAL
......................................................
TEMPERATURE (F)
 YESTERDAY
  MAXIMUM         74    149 PM  48     26       25
  MINIMUM         36    645 AM  18     18       10
  AVERAGE         55                            18

PRECIPITATION (IN)
  YESTERDAY        0.00          0.02  -0.02     0.00
  MONTH TO DATE    0.32          0.30   0.02     0.20
  SINCE DEC 1      1.09          0.81   0.28     0.20
  SINCE JAN 1      0.32          0.30   0.02     0.20

DEGREE DAYS
 HEATING
  YESTERDAY       10            32    -22       47
  MONTH TO DATE  849           891    -42      848
  SINCE DEC 1   1830          1903    -73     1860
  SINCE JUL 1   2962          3049    -87     2972

 COOLING
  YESTERDAY        0             0      0        0
  MONTH TO DATE    0             0      0        0
  SINCE DEC 1      0             0      0        0
  SINCE JAN 1      0             0      0        0
......................................................


WIND (MPH)
  HIGHEST WIND SPEED    21   HIGHEST WIND DIRECTION    SW (220)
  HIGHEST GUST SPEED    26   HIGHEST GUST DIRECTION    SW (220)
  AVERAGE WIND SPEED     9.1


SKY COVER
  POSSIBLE SUNSHINE  MM



RELATIVE HUMIDITY (PERCENT)
 HIGHEST    67          1100 PM
 LOWEST     14          1200 PM
 AVERAGE    41

..........................................................


THE SPRINGFIELD CO CLIMATE NORMALS FOR TODAY
                         NORMAL    RECORD    YEAR
 MAXIMUM TEMPERATURE (F)   48        MM        MM
 MINIMUM TEMPERATURE (F)   18        MM        MM


SUNRISE AND SUNSET
JANUARY 28 2015.......SUNRISE   657 AM MST   SUNSET   510 PM MST
JANUARY 29 2015.......SUNRISE   656 AM MST   SUNSET   512 PM MST


-  INDICATES NEGATIVE NUMBERS.
R  INDICATES RECORD WAS SET OR TIED.
MM INDICATES DATA IS MISSING.
T  INDICATES TRACE AMOUNT.




$$




National Weather Service
Disclaimer
Last Modified: August 31, 2005
Privacy Policy