526
CDUS45 KBOI 260124
CLIBNO


CLIMATE REPORT
NATIONAL WEATHER SERVICE BOISE ID
723 PM MDT SAT OCT 25 2014


...................................

...THE BURNS OR CLIMATE SUMMARY FOR OCTOBER 25 2014...
VALID TODAY AS OF 0600 PM LOCAL TIME.

CLIMATE NORMAL PERIOD 1981 TO 2010
CLIMATE RECORD PERIOD 1939 TO 2014


WEATHER ITEM   OBSERVED TIME   RECORD YEAR NORMAL DEPARTURE LAST
                VALUE   (LST)  VALUE       VALUE  FROM      YEAR
                                                  NORMAL
..................................................................
TEMPERATURE (F)
 TODAY
  MAXIMUM         65   1039 AM  76    1944  57      8       70
  MINIMUM         32    132 AM  13    1997  26      6       22
  AVERAGE         49                        42      7       46

PRECIPITATION (IN)
  TODAY            0.00          0.54 1957   0.03  -0.03     0.00
  MONTH TO DATE    0.91                      0.59   0.32     0.04
  SINCE OCT 1      0.91                      0.59   0.32     0.04
  SINCE JAN 1      7.16                      8.01  -0.85     5.97

DEGREE DAYS
 HEATING
  TODAY           16                        24     -8       19
  MONTH TO DATE  378                       483   -105      563
  SINCE SEP 1    572                       765   -193      819
  SINCE JUL 1    637                       902   -265      855

 COOLING
  TODAY            0                         0      0        0
  MONTH TO DATE    0                         0      0        0
  SINCE SEP 1      5                         9     -4       21
  SINCE JAN 1    318                       215    103      372
..................................................................


WIND (MPH)
  HIGHEST WIND SPEED    39   HIGHEST WIND DIRECTION     S (160)
  HIGHEST GUST SPEED    54   HIGHEST GUST DIRECTION    SE (150)
  AVERAGE WIND SPEED    16.2



WEATHER CONDITIONS
 THE FOLLOWING WEATHER WAS RECORDED TODAY.
  FOG


RELATIVE HUMIDITY (PERCENT)
 HIGHEST   100           200 AM
 LOWEST     30          1000 AM
 AVERAGE    65

..........................................................


THE BURNS OR CLIMATE NORMALS FOR TOMORROW
                         NORMAL    RECORD    YEAR
 MAXIMUM TEMPERATURE (F)   57        75      1944
 MINIMUM TEMPERATURE (F)   26        12      2011


SUNRISE AND SUNSET
OCTOBER 25 2014.......SUNRISE   722 AM PDT   SUNSET   557 PM PDT
OCTOBER 26 2014.......SUNRISE   724 AM PDT   SUNSET   555 PM PDT


-  INDICATES NEGATIVE NUMBERS.
R  INDICATES RECORD WAS SET OR TIED.
MM INDICATES DATA IS MISSING.
T  INDICATES TRACE AMOUNT.




$$




National Weather Service
Disclaimer
Last Modified: August 31, 2005
Privacy Policy