242
CDUS45 KGGW 231231
CLIOLF


CLIMATE REPORT
NATIONAL WEATHER SERVICE GLASGOW MT
630 AM MDT SAT AUG 23 2014


...................................

...THE WOLF POINT MT CLIMATE SUMMARY FOR AUGUST 23 2014...
VALID AS OF 0600 AM LOCAL TIME.

CLIMATE NORMAL PERIOD 1981 TO 2010
CLIMATE RECORD PERIOD 9999 TO 9999


WEATHER ITEM   OBSERVED RECORD YEAR NORMAL DEPARTURE
                VALUE   VALUE       VALUE  FROM
                                           NORMAL
........................................................
TEMPERATURE (F)
 TODAY
  MAXIMUM         62     MM      MM  84
  MINIMUM         57     MM      MM  51
  AVERAGE         60

PRECIPITATION (IN)
  TODAY            0.92  MM      MM   0.02   0.90
  MONTH TO DATE    4.20               1.07   3.13
  SINCE OCT 1      9.93              10.96  -1.03
  SINCE JAN 1      9.37               9.46  -0.09

SNOWFALL (IN)
  TODAY            0.0   MM      MM  MM
  MONTH TO DATE    0.0               MM
  SINCE JUN 1      0.0               MM
  SINCE JUL 1      0.0               MM

DEGREE DAYS
 HEATING
  TODAY            5

 COOLING
  TODAY            0
........................................................







THE WOLF POINT MT CLIMATE NORMALS FOR TOMORROW
                         NORMAL    RECORD    YEAR
 MAXIMUM TEMPERATURE (F)   84        MM        MM
 MINIMUM TEMPERATURE (F)   51        MM        MM


SUNRISE AND SUNSET
AUGUST 23 2014........SUNRISE   608 AM MDT   SUNSET   801 PM MDT
AUGUST 24 2014........SUNRISE   609 AM MDT   SUNSET   759 PM MDT


-  INDICATES NEGATIVE NUMBERS.
R  INDICATES RECORD WAS SET OR TIED.
MM INDICATES DATA IS MISSING.
T  INDICATES TRACE AMOUNT.




$$




243
CDUS45 KGGW 231231
CLIGGW


CLIMATE REPORT
NATIONAL WEATHER SERVICE GLASGOW MT
630 AM MDT SAT AUG 23 2014


...................................

...THE GLASGOW MT CLIMATE SUMMARY FOR AUGUST 23 2014...
VALID AS OF 0600 AM LOCAL TIME.

CLIMATE NORMAL PERIOD 1981 TO 2010
CLIMATE RECORD PERIOD 1893 TO 2014


WEATHER ITEM   OBSERVED TIME   RECORD YEAR NORMAL DEPARTURE LAST
                VALUE   (LST)  VALUE       VALUE  FROM      YEAR
                                                  NORMAL
..................................................................
TEMPERATURE (F)
 TODAY
  MINIMUM         56    500 AM  28    1928  55      1       65

PRECIPITATION (IN)
  TODAY            0.42          0.84 1932   0.03   0.39     0.00
  MONTH TO DATE    2.17                      0.95   1.22     0.15
  SINCE OCT 1      9.85                     10.43  -0.58    14.76
  SINCE JAN 1      8.40                      8.88  -0.48    12.56

SNOWFALL (IN)
  TODAY            0.0           0.0  2002   0.0    0.0      0.0
                                      2001
                                      2000
  MONTH TO DATE    0.0                       0.0    0.0      0.0
  SINCE JUN 1      0.0                       0.0    0.0      0.0
  SINCE JUL 1      0.0                       0.0    0.0      0.0
  SNOW DEPTH       0

DEGREE DAYS
 HEATING
  TODAY            6                         1      5        0
  MONTH TO DATE    8                        15     -7        5
  SINCE JUN 1    120                       138    -18       99
  SINCE JUL 1     12                        33    -21       15

 COOLING
  TODAY            0                         5     -5       15
  MONTH TO DATE  189                       163     26      145
  SINCE JUN 1    426                       445    -19      366
  SINCE JAN 1    460                       462     -2      375
..................................................................





WEATHER CONDITIONS
 THE FOLLOWING WEATHER WAS RECORDED TODAY.
  HEAVY RAIN
  RAIN
  LIGHT RAIN
  FOG


RELATIVE HUMIDITY (PERCENT)
 HIGHEST    93           400 AM

..........................................................


THE GLASGOW MT CLIMATE NORMALS FOR TOMORROW
                         NORMAL    RECORD    YEAR
 MAXIMUM TEMPERATURE (F)   82       103      1926
 MINIMUM TEMPERATURE (F)   54        31      1934


SUNRISE AND SUNSET
AUGUST 23 2014........SUNRISE   612 AM MDT   SUNSET   805 PM MDT
AUGUST 24 2014........SUNRISE   613 AM MDT   SUNSET   803 PM MDT


-  INDICATES NEGATIVE NUMBERS.
R  INDICATES RECORD WAS SET OR TIED.
MM INDICATES DATA IS MISSING.
T  INDICATES TRACE AMOUNT.




$$





241
CDUS45 KGGW 231231
CLIJDN


CLIMATE REPORT
NATIONAL WEATHER SERVICE GLASGOW MT
630 AM MDT SAT AUG 23 2014


...................................

...THE JORDAN  ASOS MT CLIMATE SUMMARY FOR AUGUST 23 2014...
VALID AS OF 0600 AM LOCAL TIME.

CLIMATE NORMAL PERIOD 1981 TO 2010
CLIMATE RECORD PERIOD 9999 TO 9999


WEATHER ITEM   OBSERVED TIME   RECORD YEAR NORMAL DEPARTURE LAST
                VALUE   (LST)  VALUE       VALUE  FROM      YEAR
                                                  NORMAL
..................................................................
TEMPERATURE (F)
 TODAY
  MAXIMUM         59   1200 AM  MM      MM  84    -25       97
  MINIMUM         58    500 AM  MM      MM  51      7       59
  AVERAGE         59                        67     -8       78

PRECIPITATION (IN)
  TODAY            1.15         MM      MM   0.03   1.12     0.04
  MONTH TO DATE    2.94                      1.00   1.94     0.94
  SINCE OCT 1     10.71                     11.27  -0.56    16.06
  SINCE JAN 1      8.30                      9.73  -1.43    13.80

SNOWFALL (IN)
  TODAY            0.0          MM      MM  MM     MM        0.0
  MONTH TO DATE    0.0                      MM     MM        0.0
  SINCE JUN 1      0.0                      MM     MM        0.0
  SINCE JUL 1      0.0                      MM     MM        0.0
  SNOW DEPTH      MM

DEGREE DAYS
 HEATING
  TODAY            6                         2      4        0
  MONTH TO DATE    8                        21    -13        7
  SINCE JUN 1    143                       171    -28      108
  SINCE JUL 1     13                        46    -33       13

 COOLING
  TODAY            0                         4     -4       13
  MONTH TO DATE  168                       137     31      113
  SINCE JUN 1    416                       362     54      350
  SINCE JAN 1    441                       368     73      362
..................................................................


WIND (MPH)
  HIGHEST WIND SPEED    22   HIGHEST WIND DIRECTION    NE (50)
  HIGHEST GUST SPEED    30   HIGHEST GUST DIRECTION    NE (50)
  AVERAGE WIND SPEED    18.2


SKY COVER
  POSSIBLE SUNSHINE  MM
  AVERAGE SKY COVER 0.0


WEATHER CONDITIONS
 THE FOLLOWING WEATHER WAS RECORDED TODAY.
  NO SIGNIFICANT WEATHER WAS OBSERVED.


RELATIVE HUMIDITY (PERCENT)
 HIGHEST   100           100 AM
 LOWEST     93          1200 AM
 AVERAGE    97

..........................................................


THE JORDAN  ASOS MT CLIMATE NORMALS FOR TOMORROW
                         NORMAL    RECORD    YEAR
 MAXIMUM TEMPERATURE (F)   84        MM        MM
 MINIMUM TEMPERATURE (F)   50        MM        MM


SUNRISE AND SUNSET
AUGUST 23 2014........SUNRISE   614 AM MDT   SUNSET   804 PM MDT
AUGUST 24 2014........SUNRISE   616 AM MDT   SUNSET   803 PM MDT


-  INDICATES NEGATIVE NUMBERS.
R  INDICATES RECORD WAS SET OR TIED.
MM INDICATES DATA IS MISSING.
T  INDICATES TRACE AMOUNT.




$$




National Weather Service
Disclaimer
Last Modified: August 31, 2005
Privacy Policy