663
CDUS44 KLCH 270932
CLIBPT


CLIMATE REPORT
NATIONAL WEATHER SERVICE LAKE CHARLES, LA
332 AM CST THU NOV 27 2014


...................................

...THE BEAUMONT PORT ARTHUR CLIMATE SUMMARY FOR NOVEMBER 26 2014...

CLIMATE NORMAL PERIOD 1981 TO 2010
CLIMATE RECORD PERIOD 1901 TO 2014


WEATHER ITEM   OBSERVED TIME   RECORD YEAR NORMAL DEPARTURE LAST
                VALUE   (LST)  VALUE       VALUE  FROM      YEAR
                                                  NORMAL
..................................................................
TEMPERATURE (F)
 YESTERDAY
  MAXIMUM         72    241 PM  90    1905  68      4       43
  MINIMUM         44    107 AM  32    1999  49     -5       40
                                      1975
                                      1974
  AVERAGE         58                        59     -1       42

PRECIPITATION (IN)
  YESTERDAY        0.00          2.96 1978   0.15  -0.15     0.94
  MONTH TO DATE    4.37                      3.80   0.57     3.70
  SINCE SEP 1     13.31                     15.35  -2.04    19.62
  SINCE JAN 1     48.71                     54.58  -5.87    54.83

SNOWFALL (IN)
  YESTERDAY       MM             0.0    MM   0.0   MM       MM
  MONTH TO DATE    0.0                       0.0    0.0      0.0
  SINCE SEP 1      0.0                       0.0    0.0      0.0
  SINCE JUL 1      0.0                       0.0    0.0      0.0
  SNOW DEPTH       0

DEGREE DAYS
 HEATING
  YESTERDAY        7                         8     -1       23
  MONTH TO DATE  216                       127     89      157
  SINCE SEP 1    216                       161     55      166
  SINCE JUL 1    216                       161     55      166

 COOLING
  YESTERDAY        0                         1     -1        0
  MONTH TO DATE   25                        59    -34       50
  SINCE SEP 1    759                       683     76      805
  SINCE JAN 1   2902                      2850     52     2995
..................................................................


WIND (MPH)
  HIGHEST WIND SPEED    22   HIGHEST WIND DIRECTION    SW (230)
  HIGHEST GUST SPEED    30   HIGHEST GUST DIRECTION     W (250)
  AVERAGE WIND SPEED     8.9


SKY COVER
  POSSIBLE SUNSHINE  MM
  AVERAGE SKY COVER 0.0


WEATHER CONDITIONS
 THE FOLLOWING WEATHER WAS RECORDED YESTERDAY.
  NO SIGNIFICANT WEATHER WAS OBSERVED.


RELATIVE HUMIDITY (PERCENT)
 HIGHEST    92           600 AM
 LOWEST     29           200 PM
 AVERAGE    61

..........................................................


THE BEAUMONT PORT ARTHUR CLIMATE NORMALS FOR TODAY
                         NORMAL    RECORD    YEAR
 MAXIMUM TEMPERATURE (F)   68        84      1989
                                             1905
 MINIMUM TEMPERATURE (F)   49        29      1975
                                             1956


SUNRISE AND SUNSET
NOVEMBER 27 2014......SUNRISE   651 AM CST   SUNSET   516 PM CST
NOVEMBER 28 2014......SUNRISE   652 AM CST   SUNSET   516 PM CST


-  INDICATES NEGATIVE NUMBERS.
R  INDICATES RECORD WAS SET OR TIED.
MM INDICATES DATA IS MISSING.
T  INDICATES TRACE AMOUNT.




$$





National Weather Service
Disclaimer
Last Modified: August 31, 2005
Privacy Policy