546
CDUS44 KMRX 251242
CLICHA

CLIMATE REPORT
NATIONAL WEATHER SERVICE MORRISTOWN TN
841 AM EDT FRI JUL 25 2014


...................................

...THE CHATTANOOGA  ASOS CLIMATE SUMMARY FOR JULY 24 2014...

CLIMATE NORMAL PERIOD 1981 TO 2010
CLIMATE RECORD PERIOD 1879 TO 2014


WEATHER ITEM   OBSERVED TIME   RECORD YEAR NORMAL DEPARTURE LAST
                VALUE   (LST)  VALUE       VALUE  FROM      YEAR
                                                  NORMAL
..................................................................
TEMPERATURE (F)
 YESTERDAY
  MAXIMUM         89    312 PM 101    1952  90     -1       86
  MINIMUM         72   1159 PM  56    1947  70      2       71
  AVERAGE         81                        80      1       79

PRECIPITATION (IN)
  YESTERDAY        T             1.86 1890   0.16  -0.16     0.10
  MONTH TO DATE    2.00                      3.85  -1.85     7.78
  SINCE JUN 1      6.99                      7.90  -0.91    12.25
  SINCE JAN 1     24.28                     30.72  -6.44    46.92

SNOWFALL (IN)
  YESTERDAY        0.0                       0.0    0.0      0.0
  MONTH TO DATE    0.0                       0.0    0.0      0.0
  SINCE JUN 1      0.0                       0.0    0.0      0.0
  SINCE JUL 1      0.0                       0.0    0.0      0.0
  SNOW DEPTH       0

DEGREE DAYS
 HEATING
  YESTERDAY        0                         0      0        0
  MONTH TO DATE    0                         0      0        0
  SINCE JUN 1      0                         2     -2        0
  SINCE JUL 1      0                         0      0        0

 COOLING
  YESTERDAY       16                        15      1       14
  MONTH TO DATE  318                       356    -38      325
  SINCE JUN 1    719                       701     18      724
  SINCE JAN 1    977                       897     80      900
..................................................................


WIND (MPH)
  HIGHEST WIND SPEED    15   HIGHEST WIND DIRECTION     N (350)
  HIGHEST GUST SPEED    19   HIGHEST GUST DIRECTION     N (350)
  AVERAGE WIND SPEED     4.8


SKY COVER
  POSSIBLE SUNSHINE  MM
  AVERAGE SKY COVER  MM


WEATHER CONDITIONS
 THE FOLLOWING WEATHER WAS RECORDED YESTERDAY.
  LIGHT RAIN


RELATIVE HUMIDITY (PERCENT)
 HIGHEST    93           600 AM
 LOWEST     50           400 PM
 AVERAGE    72

..........................................................


THE CHATTANOOGA  ASOS CLIMATE NORMALS FOR TODAY
                         NORMAL    RECORD    YEAR
 MAXIMUM TEMPERATURE (F)   90       101      1952
 MINIMUM TEMPERATURE (F)   70        58      1948
                                             1947


SUNRISE AND SUNSET
JULY 25 2014..........SUNRISE   645 AM EDT   SUNSET   849 PM EDT
JULY 26 2014..........SUNRISE   646 AM EDT   SUNSET   849 PM EDT


-  INDICATES NEGATIVE NUMBERS.
R  INDICATES RECORD WAS SET OR TIED.
MM INDICATES DATA IS MISSING.
T  INDICATES TRACE AMOUNT.

&&

THE LOW TEMPERATURE THIS MORNING WAS 65.
THERE HAS BEEN NO PRECIPITATION SINCE MIDNIGHT.

$$



National Weather Service
Disclaimer
Last Modified: August 31, 2005
Privacy Policy