382
CDUS46 KPDT 210028
CLIRDM

CLIMATE REPORT
NATIONAL WEATHER SERVICE PENDLETON OR
427 PM PST SAT DEC 20 2014


...................................

...THE REDMOND OR CLIMATE SUMMARY FOR DECEMBER 20 2014...
VALID TODAY AS OF 0400 PM LOCAL TIME.

CLIMATE NORMAL PERIOD 1981 TO 2010
CLIMATE RECORD PERIOD 1949 TO 2014


WEATHER ITEM   OBSERVED TIME   RECORD YEAR NORMAL DEPARTURE LAST
                VALUE   (LST)  VALUE       VALUE  FROM      YEAR
                                                  NORMAL
..................................................................
TEMPERATURE (F)
 TODAY
  MAXIMUM         45    359 PM  58    1994  40      5       43
  MINIMUM         39    117 AM -13    1990  20     19       17
  AVERAGE         42                        30     12       30

PRECIPITATION (IN)
  TODAY            0.03          0.49 1964   0.04  -0.01     0.03
  MONTH TO DATE    0.64                      0.78  -0.14     0.37
  SINCE OCT 1      3.34                      2.38   0.96     0.71
  SINCE JAN 1      8.76                      8.52   0.24     4.80

DEGREE DAYS
 HEATING
  TODAY           23                        35    -12       35
  MONTH TO DATE  536                       686   -150      812
  SINCE DEC 1    536                       686   -150      812
  SINCE JUL 1   2123                      2460   -337     2598

 COOLING
  TODAY            0                         0      0        0
  MONTH TO DATE    0                         0      0        0
  SINCE DEC 1      0                         0      0        0
  SINCE JAN 1    311                       222     89      350
..................................................................


WIND (MPH)
  RESULTANT WIND SPEED  15   RESULTANT WIND DIRECTION   S (180)
  HIGHEST WIND SPEED    30   HIGHEST WIND DIRECTION     S (180)
  HIGHEST GUST SPEED    37   HIGHEST GUST DIRECTION     S (170)
  AVERAGE WIND SPEED    15.2


SKY COVER
  POSSIBLE SUNSHINE  MM
  AVERAGE SKY COVER 1.0


WEATHER CONDITIONS
 THE FOLLOWING WEATHER WAS RECORDED TODAY.
  LIGHT RAIN


RELATIVE HUMIDITY (PERCENT)
 HIGHEST    85           300 AM
 LOWEST     76           800 AM
 AVERAGE    81

..........................................................


THE REDMOND OR CLIMATE NORMALS FOR TOMORROW
                         NORMAL    RECORD    YEAR
 MAXIMUM TEMPERATURE (F)   40        57      1994
 MINIMUM TEMPERATURE (F)   20       -24      1990


SUNRISE AND SUNSET
DECEMBER 20 2014......SUNRISE   737 AM PST   SUNSET   428 PM PST
DECEMBER 21 2014......SUNRISE   737 AM PST   SUNSET   429 PM PST


-  INDICATES NEGATIVE NUMBERS.
R  INDICATES RECORD WAS SET OR TIED.
MM INDICATES DATA IS MISSING.
T  INDICATES TRACE AMOUNT.




$$







National Weather Service
Disclaimer
Last Modified: August 31, 2005
Privacy Policy