467
CDAK48 PASN 241201
CLISNP

CLIMATE REPORT
NATIONAL WEATHER SERVICE ST PAUL, AK
401 AM AKDT FRI OCT 24 2014

...................................
...THE ST PAUL AIRPORT CLIMATE SUMMARY FOR OCTOBER 23 2014...

CLIMATE NORMAL PERIOD  1981 TO  2010
CLIMATE RECORD PERIOD  1949 TO  2014

WEATHER ITEM   OBSERVED TIME    RECORD YEAR NORMAL DEPARTURE LAST
               VALUE    (LST)   VALUE       VALUE  FROM      YEAR
                                                   NORMAL
...................................................................
TEMPERATURE
YESTERDAY
 MAXIMUM            45  1231 PM    47  1979     41       4     42
 MINIMUM            32  1142 PM    21  2008     33      -1     37
 AVERAGE            39                          37       2     40

PRECIPITATION
(INCHES)
 YESTERDAY        0.06           0.62  1996   0.10   -0.04   0.11
 MONTH TO DATE    0.73                        2.31   -1.58   2.48
 SINCE SEP 1      4.30                        5.30   -1.00   5.49
 SINCE JAN 1     17.53                       17.73   -0.20  19.52

SNOWFALL
(INCHES)
 YESTERDAY         0.0            1.5  2008    0.1    -0.1    0.0
 MONTH TO DATE       T                         1.0    -1.0      T
 SINCE SEP 1       0.0                         1.0    -1.0    0.0
 SINCE JUL 1         T                         1.0    -1.0      T
 SNOW DEPTH (IN)     0                                          0

DEGREE DAYS
 HEATING
  YESTERDAY         26                          28      -2     25
  MONTH TO DATE    585                         588      -3    536
  SINCE SEP 1     1044                        1179    -135   1128
  SINCE JUL 1     1861                        2231    -370   2171

 COOLING
  YESTERDAY          0                           0       0      0
  MONTH TO DATE      0                           0       0      0
  SINCE SEP 1        0                           0       0      0
  SINCE JAN 1        0                           0       0      0
...................................................................

WIND (MPH)
 HIGHEST WIND SPEED    25     HIGHEST WIND DIRECTION    220
 HIGHEST GUST SPEED    34     HIGHEST GUST DIRECTION    220
 AVERAGE WIND SPEED  15.2

SKY COVER
  POSSIBLE SUNSHINE    MM          AVERAGE SKY COVER     MM

WEATHER CONDITIONS
 THE FOLLOWING WEATHER WAS RECORDED YESTERDAY.
  SMOKE OR HAZE
FOG
RAIN


RELATIVE HUMIDITY
 HIGHEST RH     MM PERCENT       MM
 LOWEST  RH     MM PERCENT       MM
 AVERAGE RH     MM PERCENT       MM
...................................................................

THE ST PAUL CLIMATE NORMALS FOR TODAY
                           NORMAL    RECORD   YEAR
 MAXIMUM TEMPERATURE (F)     41        47     1969
 MINIMUM TEMPERATURE (F)     33        20     2008

SUNRISE AND SUNSET
 OCT 24 2014..........SUNRISE 10:15 AM      SUNSET  7:55 PM
 OCT 25 2014..........SUNRISE 10:17 AM      SUNSET  7:52 PM

-  INDICATES NEGATIVE NUMBERS.
R  INDICATES RECORD HAS BEEN SET OR TIED.
MM INDICATES DATA IS MISSING.
T  INDICATES TRACE OF PRECIPITATION.

&&
-------------------------------------------------------------------

AMOUNT OF DAYLIGHT TODAY  (HOUR:MIN)........9 HOURS 40 MINUTES
GAIN/LOSS SINCE YESTERDAY (HOUR:MIN:SEC)....-0:04:40

$$
TR OCT 14




National Weather Service
Disclaimer
Last Modified: August 31, 2005
Privacy Policy