073
CDUS46 KSTO 171439
CLISAC

CLIMATE REPORT
NATIONAL WEATHER SERVICE SACRAMENTO, CA
738 AM PDT WED SEP 17 2014


...................................

...THE SACRAMENTO EXEC. AIRPORT CA CLIMATE SUMMARY FOR SEPTEMBER 16 2014...

CLIMATE NORMAL PERIOD 1981 TO 2010
CLIMATE RECORD PERIOD 1930 TO 2014


WEATHER ITEM   OBSERVED TIME   RECORD YEAR NORMAL DEPARTURE LAST
                VALUE   (LST)  VALUE       VALUE  FROM      YEAR
                                                  NORMAL
..................................................................
TEMPERATURE (F)
 YESTERDAY
  MAXIMUM         92    332 PM 102    1979  87      5       88
  MINIMUM         59    600 AM  48    2006  56      3       59
                                      1960
  AVERAGE         76

PRECIPITATION (IN)
  YESTERDAY        0.00          1.79 1989   0.01  -0.01     0.00
  MONTH TO DATE    0.00                      0.12  -0.12     0.10
  SINCE JUL 1      0.01                      0.17  -0.16     0.10
  SINCE JAN 1      7.90                     12.07  -4.17     4.01

SNOWFALL (IN)
  YESTERDAY        0.0          MM      MM   0.0             0.0
  MONTH TO DATE    0.0                       0.0             0.0
  SINCE SEP 1      0.0                       0.0             0.0
  SINCE JUL 1      0.0                       0.0             0.0

DEGREE DAYS
 HEATING
  YESTERDAY        0

 COOLING
  YESTERDAY       11
..................................................................


WIND (MPH)
  RESULTANT WIND SPEED   3   RESULTANT WIND DIRECTION   S (190)
  HIGHEST WIND SPEED    14   HIGHEST WIND DIRECTION    SW (230)
  HIGHEST GUST SPEED    17   HIGHEST GUST DIRECTION    SW (220)


SKY COVER
  POSSIBLE SUNSHINE  MM
  AVERAGE SKY COVER 0.0


WEATHER CONDITIONS
 THE FOLLOWING WEATHER WAS RECORDED YESTERDAY.
  NO SIGNIFICANT WEATHER WAS OBSERVED.


RELATIVE HUMIDITY (PERCENT)
 HIGHEST    80
 LOWEST     17
 AVERAGE    49

..........................................................


THE SACRAMENTO EXEC. AIRPORT CA CLIMATE NORMALS FOR TODAY
                         NORMAL    RECORD    YEAR
 MAXIMUM TEMPERATURE (F)   87       100      1984
 MINIMUM TEMPERATURE (F)   56        48      2006


SUNRISE AND SUNSET
SEPTEMBER 17 2014.....SUNRISE   649 AM PDT   SUNSET   711 PM PDT
SEPTEMBER 18 2014.....SUNRISE   650 AM PDT   SUNSET   709 PM PDT


-  INDICATES NEGATIVE NUMBERS.
R  INDICATES RECORD WAS SET OR TIED.
MM INDICATES DATA IS MISSING.
T  INDICATES TRACE AMOUNT.


&&
....................................................................

SACRAMENTO CITY CLIMATE DATA FOR TUESDAY SEPTEMBER 16 2014

HIGH...   92  RECORD HIGH   105 IN 1979    NORMAL    HIGH   88
LOW....   60  RECORD LOW     48 IN 1960    NORMAL    LOW    59

RAIN SINCE MIDNIGHT....  0.00   RECORD THIS DATE....... 1.75 IN 1989
TOTAL THIS MONTH.......  0.00   NORMAL SEASON TO DATE.........  0.16
TOTAL SINCE JULY 1ST...  0.02   PERCENT OF NORMAL.............   12%


$$
NNNN






National Weather Service
Disclaimer
Last Modified: August 31, 2005
Privacy Policy