536
CDUS43 KBIS 310205
CLIBIS


CLIMATE REPORT
NATIONAL WEATHER SERVICE BISMARCK ND
805 PM CST FRI JAN 30 2015


...................................

...THE BISMARCK ND CLIMATE SUMMARY FOR JANUARY 30 2015...
VALID TODAY AS OF 0800 PM LOCAL TIME.

CLIMATE NORMAL PERIOD 1981 TO 2010
CLIMATE RECORD PERIOD 1875 TO 2015


WEATHER ITEM   OBSERVED TIME   RECORD YEAR NORMAL DEPARTURE LAST
                VALUE   (LST)  VALUE       VALUE  FROM      YEAR
                                                  NORMAL
..................................................................
TEMPERATURE (F)
 TODAY
  MAXIMUM         47        MM  54    1931  25     22       16
  MINIMUM         15        MM -36    1916   3     12       -2
  AVERAGE         31                        14     17        7

PRECIPITATION (IN)
  TODAY            0.00          0.33 1926   0.01  -0.01     0.02
  MONTH TO DATE    0.67                      0.42   0.25     0.38
  SINCE DEC 1      0.78                      0.91  -0.13     1.64
  SINCE JAN 1      0.67                      0.42   0.25     0.38

SNOWFALL (IN)
  TODAY            0.0           4.5  2011   0.3   -0.3      0.5
  MONTH TO DATE    5.6                       8.7   -3.1      5.8
  SINCE DEC 1      8.0                      18.0  -10.0     21.3
  SINCE JUL 1     15.9                      29.2  -13.3     22.9
  SNOW DEPTH       0

DEGREE DAYS
 HEATING
  TODAY           34                        51    -17       58
  MONTH TO DATE 1364                      1569   -205     1518
  SINCE DEC 1   2759                      3083   -324     3293
  SINCE JUL 1   4831                      5069   -238     5248

 COOLING
  TODAY            0                         0      0        0
  MONTH TO DATE    0                         0      0        0
  SINCE DEC 1      0                         0      0        0
  SINCE JAN 1      0                         0      0        0
..................................................................


WIND (MPH)
  RESULTANT WIND SPEED   2   RESULTANT WIND DIRECTION  SW (210)
  HIGHEST WIND SPEED    14   HIGHEST WIND DIRECTION    NW (330)
  HIGHEST GUST SPEED    22   HIGHEST GUST DIRECTION    NW (330)
  AVERAGE WIND SPEED     8.9


SKY COVER
  POSSIBLE SUNSHINE  MM
  AVERAGE SKY COVER 0.0


WEATHER CONDITIONS
 THE FOLLOWING WEATHER WAS RECORDED TODAY.
  NO SIGNIFICANT WEATHER WAS OBSERVED.


RELATIVE HUMIDITY (PERCENT)
 HIGHEST    92           100 AM
 LOWEST     45           400 PM
 AVERAGE    69

..........................................................


THE BISMARCK ND CLIMATE NORMALS FOR TOMORROW
                         NORMAL    RECORD    YEAR
 MAXIMUM TEMPERATURE (F)   25        53      1931
 MINIMUM TEMPERATURE (F)    4       -40      1959


SUNRISE AND SUNSET
JANUARY 30 2015.......SUNRISE   810 AM CST   SUNSET   543 PM CST
JANUARY 31 2015.......SUNRISE   809 AM CST   SUNSET   545 PM CST


-  INDICATES NEGATIVE NUMBERS.
R  INDICATES RECORD WAS SET OR TIED.
MM INDICATES DATA IS MISSING.
T  INDICATES TRACE AMOUNT.




$$




535
CDUS43 KBIS 310205
CLIDIK


CLIMATE REPORT
NATIONAL WEATHER SERVICE BISMARCK ND
805 PM CST FRI JAN 30 2015


...................................

...THE DICKINSON ND CLIMATE SUMMARY FOR JANUARY 30 2015...
VALID TODAY AS OF 0800 PM LOCAL TIME.

CLIMATE NORMAL PERIOD 1981 TO 2010
CLIMATE RECORD PERIOD 1903 TO 2015


WEATHER ITEM   OBSERVED TIME   RECORD YEAR NORMAL DEPARTURE LAST
                VALUE   (LST)  VALUE       VALUE  FROM      YEAR
                                                  NORMAL
..................................................................
TEMPERATURE (F)
 TODAY
  MAXIMUM         46        MM  54    1931  28     18       12
  MINIMUM         22        MM -34    1918   7     15       -3
  AVERAGE         34                        17     17        5

PRECIPITATION (IN)
  TODAY            0.00          0.05 1988   0.01  -0.01      T
                                      1988
                                      2011
  MONTH TO DATE    0.11                      0.29  -0.18     0.04
  SINCE DEC 1      0.18                      0.53  -0.35     0.40
  SINCE JAN 1      0.11                      0.29  -0.18     0.04

DEGREE DAYS
 HEATING
  TODAY           31                        48    -17       60
  MONTH TO DATE 1282                      1461   -179     1420
  SINCE DEC 1   2526                      2921   -395     3131
  SINCE JUL 1   4732                      4998   -266     5075

 COOLING
  TODAY            0                         0      0        0
  MONTH TO DATE    0                         0      0        0
  SINCE DEC 1      0                         0      0        0
  SINCE JAN 1      0                         0      0        0
..................................................................


WIND (MPH)
  RESULTANT WIND SPEED   6   RESULTANT WIND DIRECTION   W (260)
  HIGHEST WIND SPEED    15   HIGHEST WIND DIRECTION    NW (330)
  HIGHEST GUST SPEED    MM   HIGHEST GUST DIRECTION    MM
  AVERAGE WIND SPEED    12.0


SKY COVER
  POSSIBLE SUNSHINE   0 PERCENT
  AVERAGE SKY COVER 0.0


WEATHER CONDITIONS
 THE FOLLOWING WEATHER WAS RECORDED TODAY.
  NO SIGNIFICANT WEATHER WAS OBSERVED.


RELATIVE HUMIDITY (PERCENT)
 HIGHEST     0          1200 AM
 LOWEST      0          1200 AM
 AVERAGE     0

..........................................................


THE DICKINSON ND CLIMATE NORMALS FOR TOMORROW
                         NORMAL    RECORD    YEAR
 MAXIMUM TEMPERATURE (F)   28        60      1992
 MINIMUM TEMPERATURE (F)    7       -36      1917


SUNRISE AND SUNSET
JANUARY 30 2015.......SUNRISE   718 AM MST   SUNSET   451 PM MST
JANUARY 31 2015.......SUNRISE   717 AM MST   SUNSET   453 PM MST


-  INDICATES NEGATIVE NUMBERS.
R  INDICATES RECORD WAS SET OR TIED.
MM INDICATES DATA IS MISSING.
T  INDICATES TRACE AMOUNT.




$$




National Weather Service
Disclaimer
Last Modified: August 31, 2005
Privacy Policy