476
CDUS43 KLSX 160745
CLIUIN


CLIMATE REPORT
NATIONAL WEATHER SERVICE ST LOUIS MO
245 AM CDT WED APR 16 2014


...................................

...THE QUINCY IL CLIMATE SUMMARY FOR APRIL 15 2014...

CLIMATE NORMAL PERIOD 1981 TO 2010
CLIMATE RECORD PERIOD 1901 TO 2014


WEATHER ITEM   OBSERVED TIME   RECORD YEAR NORMAL DEPARTURE LAST
                VALUE   (LST)  VALUE       VALUE  FROM      YEAR
                                                  NORMAL
..................................................................
TEMPERATURE (F)
 YESTERDAY
  MAXIMUM         47    500 PM  88    2002  63    -16       57
  MINIMUM         25    500 AM  24    1928  43    -18       42
  AVERAGE         36                        53    -17

PRECIPITATION (IN)
  YESTERDAY        0.00          1.87 1999   0.12  -0.12     0.25
  MONTH TO DATE    1.92                      1.73   0.19     2.84
  SINCE MAR 1      2.60                      4.19  -1.59     4.99
  SINCE JAN 1      4.72                      7.59  -2.87    10.46

DEGREE DAYS
 HEATING
  YESTERDAY       29                        12     17
  MONTH TO DATE  226                       220      6
  SINCE MAR 1   1104                       938    166
  SINCE JUL 1   5998                      5280    718

 COOLING
  YESTERDAY        0                         1     -1
  MONTH TO DATE    2                         2      0
  SINCE MAR 1      2                         4     -2
  SINCE JAN 1      2                         4     -2
..................................................................


WIND (MPH)
  HIGHEST WIND SPEED    20   HIGHEST WIND DIRECTION    NW (300)
  HIGHEST GUST SPEED    29   HIGHEST GUST DIRECTION    NW (330)
  AVERAGE WIND SPEED     8.3


SKY COVER
  AVERAGE SKY COVER 0.1



RELATIVE HUMIDITY (PERCENT)
 HIGHEST    75           100 AM
 LOWEST     31           500 PM
 AVERAGE    53

..........................................................


THE QUINCY IL CLIMATE NORMALS FOR TODAY
                         NORMAL    RECORD    YEAR
 MAXIMUM TEMPERATURE (F)   64        87      2002
                                             1963
 MINIMUM TEMPERATURE (F)   43        26      1905
                                             1904


SUNRISE AND SUNSET
APRIL 16 2014.........SUNRISE   626 AM CDT   SUNSET   744 PM CDT
APRIL 17 2014.........SUNRISE   624 AM CDT   SUNSET   745 PM CDT


-  INDICATES NEGATIVE NUMBERS.
R  INDICATES RECORD WAS SET OR TIED.
MM INDICATES DATA IS MISSING.
T  INDICATES TRACE AMOUNT.




$$




National Weather Service
Disclaimer
Last Modified: August 31, 2005
Privacy Policy