421
CDUS44 KTAE 300652
CLIDHN


CLIMATE REPORT
NATIONAL WEATHER SERVICE TALLAHASSEE FL
251 AM EDT WED JUL 30 2014


...................................

...THE DOTHAN CLIMATE SUMMARY FOR JULY 29 2014...

CLIMATE NORMAL PERIOD 1981 TO 2010
CLIMATE RECORD PERIOD 1965 TO 2014


WEATHER ITEM   OBSERVED TIME   NORMAL DEPARTURE LAST
                VALUE   (LST)  VALUE  FROM      YEAR
                                      NORMAL
......................................................
TEMPERATURE (F)
 YESTERDAY
  MAXIMUM         86    335 PM  92     -6       91
  MINIMUM         68    521 AM  72     -4       73
  AVERAGE         77            82     -5       82

PRECIPITATION (IN)
  YESTERDAY        0.00          0.19  -0.19     0.00
  MONTH TO DATE    5.21          5.56  -0.35    17.57
  SINCE JUN 1      7.69         11.16  -3.47    22.16
  SINCE JAN 1     37.76         33.52   4.24    49.46

SNOWFALL (IN)
  YESTERDAY        0.0

DEGREE DAYS
 COOLING
  YESTERDAY       12            17     -5       17
  MONTH TO DATE  476           492    -16      412
  SINCE JUN 1    950           936     14      872
  SINCE JAN 1   1335          1349    -14     1244
......................................................


WIND (MPH)
  HIGHEST WIND SPEED    15   HIGHEST WIND DIRECTION     N (340)
  HIGHEST GUST SPEED    21   HIGHEST GUST DIRECTION    NW (310)
  AVERAGE WIND SPEED     6.3








-  INDICATES NEGATIVE NUMBERS.
R  INDICATES RECORD WAS SET OR TIED.
MM INDICATES DATA IS MISSING.
T  INDICATES TRACE AMOUNT.




$$




424
CDUS42 KTAE 300652
CLICTY


CLIMATE REPORT
NATIONAL WEATHER SERVICE TALLAHASSEE FL
251 AM EDT WED JUL 30 2014


...................................

...THE CROSS CITY (AWOS) CLIMATE SUMMARY FOR JULY 29 2014...

CLIMATE NORMAL PERIOD 1981 TO 2010
CLIMATE RECORD PERIOD 1948 TO 2014


WEATHER ITEM   OBSERVED TIME   NORMAL DEPARTURE LAST
                VALUE   (LST)  VALUE  FROM      YEAR
                                      NORMAL
......................................................
TEMPERATURE (F)
 YESTERDAY
  MAXIMUM         94    257 PM  91      3
  MINIMUM         72   1159 PM  72      0
  AVERAGE         83            82      1

PRECIPITATION (IN)
  YESTERDAY        0.00          0.20  -0.20     0.07
  MONTH TO DATE    7.29          5.25   2.04    20.39
  SINCE JUN 1     11.06         10.34   0.72    29.74
  SINCE JAN 1     36.56         27.51   9.05    42.28

DEGREE DAYS
 HEATING
  YESTERDAY        0             0      0
  MONTH TO DATE    0             0      0
  SINCE JUN 1      0             0      0
  SINCE JUL 1      0             0      0

 COOLING
  YESTERDAY       18            17      1
  MONTH TO DATE  491           477     14
  SINCE JUN 1    970           924     46
  SINCE JAN 1   1462          1403     59
......................................................


WIND (MPH)
  RESULTANT WIND SPEED   3   RESULTANT WIND DIRECTION  NW (300)
  HIGHEST WIND SPEED    15   HIGHEST WIND DIRECTION     W (250)
  HIGHEST GUST SPEED    20   HIGHEST GUST DIRECTION     W (250)
  AVERAGE WIND SPEED     4.3



WEATHER CONDITIONS
 THE FOLLOWING WEATHER WAS RECORDED YESTERDAY.
  NO SIGNIFICANT WEATHER WAS OBSERVED.


RELATIVE HUMIDITY (PERCENT)
 HIGHEST    91
 LOWEST     47

..........................................................




SUNRISE AND SUNSET
JULY 30 2014..........SUNRISE   651 AM EDT   SUNSET   826 PM EDT
JULY 31 2014..........SUNRISE   652 AM EDT   SUNSET   826 PM EDT


-  INDICATES NEGATIVE NUMBERS.
R  INDICATES RECORD WAS SET OR TIED.
MM INDICATES DATA IS MISSING.
T  INDICATES TRACE AMOUNT.




$$




425
CDUS42 KTAE 300652
CLIECP


CLIMATE REPORT
NATIONAL WEATHER SERVICE TALLAHASSEE FL
251 AM EDT WED JUL 30 2014


...................................

...THE PANAMA CITY NW CLIMATE SUMMARY FOR JULY 29 2014...

CLIMATE NORMAL PERIOD 9999 TO 9999
CLIMATE RECORD PERIOD 2010 TO 2014


WEATHER ITEM   OBSERVED TIME       LAST
                VALUE   (LST)      YEAR
........................................
TEMPERATURE (F)
 YESTERDAY
  MAXIMUM         91    209 PM
  MINIMUM         71   1159 PM
  AVERAGE         81

PRECIPITATION (IN)
  YESTERDAY        0.00             T
  MONTH TO DATE    4.61           14.74
  SINCE JUN 1      9.63           16.56
  SINCE JAN 1     47.63           31.63

DEGREE DAYS
 HEATING
  YESTERDAY        0

 COOLING
  YESTERDAY       16
........................................


WIND (MPH)
  RESULTANT WIND SPEED   5   RESULTANT WIND DIRECTION  NW (330)
  HIGHEST WIND SPEED    22   HIGHEST WIND DIRECTION     W (290)
  HIGHEST GUST SPEED    MM   HIGHEST GUST DIRECTION    MM


SKY COVER
  POSSIBLE SUNSHINE  MM
  AVERAGE SKY COVER 0.2


WEATHER CONDITIONS
 THE FOLLOWING WEATHER WAS RECORDED YESTERDAY.
  LIGHT RAIN


RELATIVE HUMIDITY (PERCENT)
 HIGHEST    88          1200 AM
 LOWEST     41           200 PM
 AVERAGE    65

..........................................................




SUNRISE AND SUNSET
JULY 30 2014..........SUNRISE   600 AM CDT   SUNSET   738 PM CDT
JULY 31 2014..........SUNRISE   601 AM CDT   SUNSET   738 PM CDT


-  INDICATES NEGATIVE NUMBERS.
R  INDICATES RECORD WAS SET OR TIED.
MM INDICATES DATA IS MISSING.
T  INDICATES TRACE AMOUNT.




$$




National Weather Service
Disclaimer
Last Modified: August 31, 2005
Privacy Policy