391
CDUS43 KABR 161027
CLI8D3


CLIMATE REPORT
NATIONAL WEATHER SERVICE ABERDEEN SD
527 AM CDT TUE SEP 16 2014


...................................

...THE SISSETON SD CLIMATE SUMMARY FOR SEPTEMBER 15 2014...

CLIMATE NORMAL PERIOD 1981 TO 2010
CLIMATE RECORD PERIOD 1900 TO 2014


WEATHER ITEM   OBSERVED TIME   RECORD YEAR NORMAL DEPARTURE LAST
                VALUE   (LST)  VALUE       VALUE  FROM      YEAR
                                                  NORMAL
..................................................................
TEMPERATURE (F)
 YESTERDAY
  MAXIMUM         65    444 PM 101    1955  73     -8       65
  MINIMUM         41   1039 PM  30    2011  48     -7       42
                                      1964
  AVERAGE         53                        60     -7       54

PRECIPITATION (IN)
  YESTERDAY        0.00          0.92 2004   0.09  -0.09    MM
  MONTH TO DATE    0.07                      1.18  -1.11     0.85
  SINCE SEP 1      0.07                      1.18  -1.11     0.85
  SINCE JAN 1     21.03                     17.92   3.11    19.52

DEGREE DAYS
 HEATING
  YESTERDAY       12                         6      6       11
  MONTH TO DATE  107                        66     41       38
  SINCE SEP 1    107                        66     41       38
  SINCE JUL 1    144                       109     35       87

 COOLING
  YESTERDAY        0                         1     -1        0
  MONTH TO DATE   23                        34    -11       65
  SINCE SEP 1     23                        34    -11       65
  SINCE JAN 1    423                       513    -90      600
..................................................................


WIND (MPH)
  HIGHEST WIND SPEED    15   HIGHEST WIND DIRECTION    NE (30)
  HIGHEST GUST SPEED    21   HIGHEST GUST DIRECTION    NE (40)
  AVERAGE WIND SPEED     6.4


SKY COVER
  POSSIBLE SUNSHINE  MM
  AVERAGE SKY COVER 0.0


WEATHER CONDITIONS
 THE FOLLOWING WEATHER WAS RECORDED YESTERDAY.
  NO SIGNIFICANT WEATHER WAS OBSERVED.


RELATIVE HUMIDITY (PERCENT)
 HIGHEST    92          1200 AM
 LOWEST     28           300 PM
 AVERAGE    60

..........................................................


THE SISSETON SD CLIMATE NORMALS FOR TODAY
                         NORMAL    RECORD    YEAR
 MAXIMUM TEMPERATURE (F)   72        94      1948
 MINIMUM TEMPERATURE (F)   47        28      1903


SUNRISE AND SUNSET
SEPTEMBER 16 2014.....SUNRISE   708 AM CDT   SUNSET   737 PM CDT
SEPTEMBER 17 2014.....SUNRISE   709 AM CDT   SUNSET   735 PM CDT


-  INDICATES NEGATIVE NUMBERS.
R  INDICATES RECORD WAS SET OR TIED.
MM INDICATES DATA IS MISSING.
T  INDICATES TRACE AMOUNT.




$$




National Weather Service
Disclaimer
Last Modified: August 31, 2005
Privacy Policy