398
CDUS43 KEAX 301242
CLIOJC


CLIMATE REPORT
NATIONAL WEATHER SERVICE KANSAS CITY/PLEASANT HILL MO
642 AM CST FRI JAN 30 2015


...................................

...THE JOHNSON COUNTY EXECUTIVE KS CLIMATE SUMMARY FOR JANUARY 30 2015...
VALID AS OF 0600 AM LOCAL TIME.

CLIMATE NORMAL PERIOD 1981 TO 2010
CLIMATE RECORD PERIOD 9999 TO 9999


WEATHER ITEM   OBSERVED TIME   NORMAL DEPARTURE LAST
                VALUE   (LST)  VALUE  FROM      YEAR
                                      NORMAL
......................................................
TEMPERATURE (F)
 TODAY
  MAXIMUM         30   1214 AM  41    -11       45
  MINIMUM         22    536 AM  22      0       30
  AVERAGE         26            31     -5       38

PRECIPITATION (IN)
  TODAY            0.00          0.05  -0.05     0.00
  MONTH TO DATE    0.16          1.06  -0.90     0.03
  SINCE DEC 1      2.27          2.70  -0.43     0.38
  SINCE JAN 1      0.16          1.06  -0.90     0.03

DEGREE DAYS
 HEATING
  TODAY           39            34      5       27
  MONTH TO DATE  980          1045    -65     1182
  SINCE DEC 1   1891          2055   -164     2287
  SINCE JUL 1   2949          3010    -61     3347

 COOLING
  TODAY            0             0      0        0
  MONTH TO DATE    0             0      0        0
  SINCE DEC 1      0             0      0        0
  SINCE JAN 1      0             0      0        0
......................................................


WIND (MPH)
  HIGHEST WIND SPEED     7   HIGHEST WIND DIRECTION     N (350)
  HIGHEST GUST SPEED     9   HIGHEST GUST DIRECTION     N (350)
  AVERAGE WIND SPEED     4.8


SKY COVER
  AVERAGE SKY COVER 0.0


WEATHER CONDITIONS
 THE FOLLOWING WEATHER WAS RECORDED TODAY.
  NO SIGNIFICANT WEATHER WAS OBSERVED.


RELATIVE HUMIDITY (PERCENT)
 HIGHEST    96           600 AM
 LOWEST     72          1200 AM
 AVERAGE    84

..........................................................


THE JOHNSON COUNTY EXECUTIVE KS CLIMATE NORMALS FOR TOMORROW
                         NORMAL
 MAXIMUM TEMPERATURE (F)   41
 MINIMUM TEMPERATURE (F)   22


SUNRISE AND SUNSET
JANUARY 30 2015.......SUNRISE   727 AM CST   SUNSET   538 PM CST
JANUARY 31 2015.......SUNRISE   726 AM CST   SUNSET   539 PM CST


-  INDICATES NEGATIVE NUMBERS.
R  INDICATES RECORD WAS SET OR TIED.
MM INDICATES DATA IS MISSING.
T  INDICATES TRACE AMOUNT.




$$




397
CDUS43 KEAX 301242
CLIIRK


CLIMATE REPORT
NATIONAL WEATHER SERVICE KANSAS CITY/PLEASANT HILL MO
642 AM CST FRI JAN 30 2015


...................................

...THE KIRKSVILLE MO CLIMATE SUMMARY FOR JANUARY 30 2015...
VALID AS OF 0600 AM LOCAL TIME.

CLIMATE NORMAL PERIOD 1981 TO 2010
CLIMATE RECORD PERIOD 9999 TO 9999


WEATHER ITEM   OBSERVED TIME   NORMAL DEPARTURE LAST
                VALUE   (LST)  VALUE  FROM      YEAR
                                      NORMAL
......................................................
TEMPERATURE (F)
 TODAY
  MAXIMUM         27    123 AM  36     -9       40
  MINIMUM         19    556 AM  17      2       23
  AVERAGE         23            27     -4       32

PRECIPITATION (IN)
  TODAY            0.00          0.06  -0.06     0.01
  MONTH TO DATE    0.60          1.20  -0.60     0.75
  SINCE DEC 1      1.50          2.95  -1.45     2.06
  SINCE JAN 1      0.60          1.20  -0.60     0.75

DEGREE DAYS
 HEATING
  TODAY           42            38      4       33
  MONTH TO DATE 1108          1168    -60     1148
  SINCE DEC 1   2078          2290   -212     2372
  SINCE JUL 1   3399          3511   -112     3639

 COOLING
  TODAY            0             0      0        0
  MONTH TO DATE    0             0      0        0
  SINCE DEC 1      0             0      0        0
  SINCE JAN 1      0             0      0        0
......................................................


WIND (MPH)
  HIGHEST WIND SPEED    15   HIGHEST WIND DIRECTION     N (20)
  HIGHEST GUST SPEED    19   HIGHEST GUST DIRECTION     N (20)
  AVERAGE WIND SPEED     7.6


SKY COVER
  AVERAGE SKY COVER 0.2


WEATHER CONDITIONS
 THE FOLLOWING WEATHER WAS RECORDED TODAY.
  NO SIGNIFICANT WEATHER WAS OBSERVED.


RELATIVE HUMIDITY (PERCENT)
 HIGHEST    88           200 AM
 LOWEST     81          1200 AM
 AVERAGE    85

..........................................................


THE KIRKSVILLE MO CLIMATE NORMALS FOR TOMORROW
                         NORMAL
 MAXIMUM TEMPERATURE (F)   36
 MINIMUM TEMPERATURE (F)   17


SUNRISE AND SUNSET
JANUARY 30 2015.......SUNRISE   721 AM CST   SUNSET   526 PM CST
JANUARY 31 2015.......SUNRISE   720 AM CST   SUNSET   528 PM CST


-  INDICATES NEGATIVE NUMBERS.
R  INDICATES RECORD WAS SET OR TIED.
MM INDICATES DATA IS MISSING.
T  INDICATES TRACE AMOUNT.




$$




National Weather Service
Disclaimer
Last Modified: August 31, 2005
Privacy Policy