597
CDUS43 KIND 280535
CLIHUF


CLIMATE REPORT
NATIONAL WEATHER SERVICE INDIANAPOLIS IN
1234 AM EST FRI NOV 28 2014


...................................

...THE TERRE HAUTE IN CLIMATE SUMMARY FOR NOVEMBER 27 2014...

CLIMATE NORMAL PERIOD 1981 TO 2010
CLIMATE RECORD PERIOD 9999 TO 9999


WEATHER ITEM   OBSERVED TIME   NORMAL DEPARTURE LAST
                VALUE   (LST)  VALUE  FROM      YEAR
                                      NORMAL
......................................................
TEMPERATURE (F)
 YESTERDAY
  MAXIMUM         29    450 PM  47    -18       28
  MINIMUM         19   1157 PM  30    -11       16
  AVERAGE         24            38    -14       22

PRECIPITATION (IN)
  YESTERDAY        T             0.12  -0.12      T
  MONTH TO DATE    2.04          3.44  -1.40     2.80
  SINCE SEP 1     12.28         10.43   1.85     8.33
  SINCE JAN 1     40.41         41.71  -1.30    41.36

DEGREE DAYS
 HEATING
  YESTERDAY       41            27     14       43
  MONTH TO DATE  785           568    217      610
  SINCE SEP 1   1217           990    227     1009
  SINCE JUL 1   1228           995    233     1019

 COOLING
  YESTERDAY        0             0      0        0
  MONTH TO DATE    0             0      0        0
  SINCE SEP 1     88           114    -26      181
  SINCE JAN 1    939           993    -54     1056
......................................................


WIND (MPH)
  HIGHEST WIND SPEED    18   HIGHEST WIND DIRECTION    NW (310)
  HIGHEST GUST SPEED    26   HIGHEST GUST DIRECTION    NW (310)
  AVERAGE WIND SPEED     8.4


SKY COVER
  AVERAGE SKY COVER 0.8


WEATHER CONDITIONS
 THE FOLLOWING WEATHER WAS RECORDED YESTERDAY.
  LIGHT SNOW
  FOG
  HAZE


RELATIVE HUMIDITY (PERCENT)
 HIGHEST    85          1200 AM
 LOWEST     69          1100 AM
 AVERAGE    77

..........................................................


THE TERRE HAUTE IN CLIMATE NORMALS FOR TODAY
                         NORMAL
 MAXIMUM TEMPERATURE (F)   46
 MINIMUM TEMPERATURE (F)   30


SUNRISE AND SUNSET
NOVEMBER 28 2014......SUNRISE   747 AM EST   SUNSET   527 PM EST
NOVEMBER 29 2014......SUNRISE   748 AM EST   SUNSET   527 PM EST


-  INDICATES NEGATIVE NUMBERS.
R  INDICATES RECORD WAS SET OR TIED.
MM INDICATES DATA IS MISSING.
T  INDICATES TRACE AMOUNT.




$$





601
CDUS43 KIND 280535
CLIGEZ


CLIMATE REPORT
NATIONAL WEATHER SERVICE INDIANAPOLIS IN
1234 AM EST FRI NOV 28 2014


...................................

...THE SHELBYVILLE IN CLIMATE SUMMARY FOR NOVEMBER 27 2014...

CLIMATE NORMAL PERIOD 1981 TO 2010
CLIMATE RECORD PERIOD 9999 TO 9999


WEATHER ITEM   OBSERVED TIME   NORMAL DEPARTURE LAST
                VALUE   (LST)  VALUE  FROM      YEAR
                                      NORMAL
......................................................
TEMPERATURE (F)
 YESTERDAY
  MAXIMUM         34    254 PM  47    -13       32
  MINIMUM         26   1158 PM  30     -4       18
  AVERAGE         30            39     -9       25

PRECIPITATION (IN)
  YESTERDAY        T             0.13  -0.13      T
  MONTH TO DATE    3.48          3.36   0.12     1.52
  SINCE SEP 1      9.97          9.64   0.33     7.83
  SINCE JAN 1     36.88         39.92  -3.04    29.24

DEGREE DAYS
 HEATING
  YESTERDAY       35            26      9       40
  MONTH TO DATE  748           557    191      621
  SINCE SEP 1   1114           986    128      958
  SINCE JUL 1   1119           992    127      966

 COOLING
  YESTERDAY        0             0      0        0
  MONTH TO DATE    0             0      0        0
  SINCE SEP 1    110           107      3      194
  SINCE JAN 1   1080           913    167     1179
......................................................


WIND (MPH)
  HIGHEST WIND SPEED    20   HIGHEST WIND DIRECTION    NW (300)
  HIGHEST GUST SPEED    25   HIGHEST GUST DIRECTION    NW (300)
  AVERAGE WIND SPEED    11.1


SKY COVER
  AVERAGE SKY COVER 1.0


WEATHER CONDITIONS
 THE FOLLOWING WEATHER WAS RECORDED YESTERDAY.
  LIGHT SNOW
  HAZE


RELATIVE HUMIDITY (PERCENT)
 HIGHEST    81          1000 PM
 LOWEST     61           300 PM
 AVERAGE    71

..........................................................


THE SHELBYVILLE IN CLIMATE NORMALS FOR TODAY
                         NORMAL
 MAXIMUM TEMPERATURE (F)   47
 MINIMUM TEMPERATURE (F)   30


SUNRISE AND SUNSET
NOVEMBER 28 2014......SUNRISE   742 AM EST   SUNSET   521 PM EST
NOVEMBER 29 2014......SUNRISE   743 AM EST   SUNSET   520 PM EST


-  INDICATES NEGATIVE NUMBERS.
R  INDICATES RECORD WAS SET OR TIED.
MM INDICATES DATA IS MISSING.
T  INDICATES TRACE AMOUNT.




$$





598
CDUS43 KIND 280535
CLIMIE


CLIMATE REPORT
NATIONAL WEATHER SERVICE INDIANAPOLIS IN
1234 AM EST FRI NOV 28 2014


...................................

...THE MUNCIE IN CLIMATE SUMMARY FOR NOVEMBER 27 2014...

CLIMATE NORMAL PERIOD 1981 TO 2010
CLIMATE RECORD PERIOD 9999 TO 9999


WEATHER ITEM   OBSERVED TIME   NORMAL DEPARTURE LAST
                VALUE   (LST)  VALUE  FROM      YEAR
                                      NORMAL
......................................................
TEMPERATURE (F)
 YESTERDAY
  MAXIMUM         30    250 PM  45    -15       29
  MINIMUM         22   1155 PM  30     -8       20
  AVERAGE         26            38    -12       25

PRECIPITATION (IN)
  YESTERDAY        T             0.12  -0.12      T
  MONTH TO DATE    2.33          3.12  -0.79     1.81
  SINCE SEP 1      8.75          9.00  -0.25     9.54
  SINCE JAN 1     37.17         36.91   0.26    34.42

DEGREE DAYS
 HEATING
  YESTERDAY       39            28     11       40
  MONTH TO DATE  786           586    200      675
  SINCE SEP 1   1255          1040    215     1121
  SINCE JUL 1   1281          1050    231     1147

 COOLING
  YESTERDAY        0             0      0        0
  MONTH TO DATE    0             0      0        0
  SINCE SEP 1     76           121    -45      158
  SINCE JAN 1    831           955   -124      973
......................................................


WIND (MPH)
  HIGHEST WIND SPEED    20   HIGHEST WIND DIRECTION     W (290)
  HIGHEST GUST SPEED    25   HIGHEST GUST DIRECTION     W (290)
  AVERAGE WIND SPEED    11.3


SKY COVER
  AVERAGE SKY COVER 1.0


WEATHER CONDITIONS
 THE FOLLOWING WEATHER WAS RECORDED YESTERDAY.
  LIGHT SNOW
  FOG
  HAZE


RELATIVE HUMIDITY (PERCENT)
 HIGHEST    85          1100 AM
 LOWEST     68          1100 PM
 AVERAGE    77

..........................................................


THE MUNCIE IN CLIMATE NORMALS FOR TODAY
                         NORMAL
 MAXIMUM TEMPERATURE (F)   45
 MINIMUM TEMPERATURE (F)   29


SUNRISE AND SUNSET
NOVEMBER 28 2014......SUNRISE   742 AM EST   SUNSET   517 PM EST
NOVEMBER 29 2014......SUNRISE   743 AM EST   SUNSET   517 PM EST


-  INDICATES NEGATIVE NUMBERS.
R  INDICATES RECORD WAS SET OR TIED.
MM INDICATES DATA IS MISSING.
T  INDICATES TRACE AMOUNT.




$$





National Weather Service
Disclaimer
Last Modified: August 31, 2005
Privacy Policy