498
CDUS46 KPQR 200223
CLIVUO


CLIMATE REPORT
NATIONAL WEATHER SERVICE PORTLAND OREGON
722 PM PDT SUN OCT 19 2014


...................................

...THE VANCOUVER WA CLIMATE SUMMARY FOR OCTOBER 19 2014...
VALID TODAY AS OF 0700 PM LOCAL TIME.

CLIMATE NORMAL PERIOD 1981 TO 2010
CLIMATE RECORD PERIOD 1891 TO 2014


WEATHER ITEM   OBSERVED TIME   RECORD YEAR NORMAL DEPARTURE LAST
                VALUE   (LST)  VALUE       VALUE  FROM      YEAR
                                                  NORMAL
..................................................................
TEMPERATURE (F)
 TODAY
  MAXIMUM         74   1251 PM  79    1940  62     12       65
  MINIMUM         51    143 AM  29    1949  43      8       38
  AVERAGE         63                        53     10       52

PRECIPITATION (IN)
  TODAY            0.00                      0.11  -0.11     0.00
  MONTH TO DATE    1.17                      1.73  -0.56     0.79
  SINCE OCT 1      1.17                      1.73  -0.56     0.79
  SINCE JAN 1     24.61                     25.12  -0.51    21.86

DEGREE DAYS
 HEATING
  TODAY            2                                        13
  MONTH TO DATE   75                                       237
  SINCE SEP 1    101                                       327
  SINCE JUL 1    104                                       340

 COOLING
  TODAY            0                                         0
  MONTH TO DATE   10                                         0
  SINCE SEP 1     79                                        74
  SINCE JAN 1    531                                       450
..................................................................


WIND (MPH)
  HIGHEST WIND SPEED    10   HIGHEST WIND DIRECTION     E (110)
  HIGHEST GUST SPEED    14   HIGHEST GUST DIRECTION    SE (120)
  AVERAGE WIND SPEED     3.6


SKY COVER
  POSSIBLE SUNSHINE  MM
  AVERAGE SKY COVER 0.5


WEATHER CONDITIONS
 THE FOLLOWING WEATHER WAS RECORDED TODAY.
  FOG
  FOG W/VISIBILITY <= 1/4 MILE


RELATIVE HUMIDITY (PERCENT)
 HIGHEST   100           400 AM
 LOWEST     53           100 PM
 AVERAGE    77

..........................................................


THE VANCOUVER WA CLIMATE NORMALS FOR TOMORROW
                         NORMAL    RECORD    YEAR
 MAXIMUM TEMPERATURE (F)   62        82      2012
 MINIMUM TEMPERATURE (F)   43        29      1949


SUNRISE AND SUNSET
OCTOBER 19 2014.......SUNRISE   733 AM PDT   SUNSET   618 PM PDT
OCTOBER 20 2014.......SUNRISE   734 AM PDT   SUNSET   616 PM PDT


-  INDICATES NEGATIVE NUMBERS.
R  INDICATES RECORD WAS SET OR TIED.
MM INDICATES DATA IS MISSING.
T  INDICATES TRACE AMOUNT.




$$




496
CDUS46 KPQR 200223
CLISLE


CLIMATE REPORT
NATIONAL WEATHER SERVICE PORTLAND OREGON
722 PM PDT SUN OCT 19 2014


...................................

...THE SALEM OR CLIMATE SUMMARY FOR OCTOBER 19 2014...
VALID TODAY AS OF 0700 PM LOCAL TIME.

CLIMATE NORMAL PERIOD 1981 TO 2010
CLIMATE RECORD PERIOD 1892 TO 2014


WEATHER ITEM   OBSERVED TIME   RECORD YEAR NORMAL DEPARTURE LAST
                VALUE   (LST)  VALUE       VALUE  FROM      YEAR
                                                  NORMAL
..................................................................
TEMPERATURE (F)
 TODAY
  MAXIMUM         75    354 PM  81    1940  63     12       70
  MINIMUM         53    155 AM  27    1982  42     11       36
  AVERAGE         64                        52     12       53

PRECIPITATION (IN)
  TODAY            0.00          1.51 1947   0.11  -0.11     0.00
  MONTH TO DATE    1.47                      1.46   0.01     0.57
  SINCE OCT 1      1.47                      1.46   0.01     0.57
  SINCE JAN 1     25.49                     24.74   0.75    19.57

DEGREE DAYS
 HEATING
  TODAY            1                        13    -12       12
  MONTH TO DATE   69                       190   -121      245
  SINCE SEP 1     97                       299   -202      297
  SINCE JUL 1    101                       355   -254      302

 COOLING
  TODAY            0                         0      0        0
  MONTH TO DATE   14                         0     14        0
  SINCE SEP 1     87                        37     50       75
  SINCE JAN 1    605                       289    316      502
..................................................................


WIND (MPH)
  HIGHEST WIND SPEED    12   HIGHEST WIND DIRECTION    SW (210)
  HIGHEST GUST SPEED    16   HIGHEST GUST DIRECTION     S (190)
  AVERAGE WIND SPEED     4.0


SKY COVER
  POSSIBLE SUNSHINE  MM
  AVERAGE SKY COVER 0.5


WEATHER CONDITIONS
 THE FOLLOWING WEATHER WAS RECORDED TODAY.
  FOG


RELATIVE HUMIDITY (PERCENT)
 HIGHEST   100           300 AM
 LOWEST     53           200 PM
 AVERAGE    77

..........................................................


THE SALEM OR CLIMATE NORMALS FOR TOMORROW
                         NORMAL    RECORD    YEAR
 MAXIMUM TEMPERATURE (F)   62        77      2003
 MINIMUM TEMPERATURE (F)   42        25      1919


SUNRISE AND SUNSET
OCTOBER 19 2014.......SUNRISE   733 AM PDT   SUNSET   620 PM PDT
OCTOBER 20 2014.......SUNRISE   734 AM PDT   SUNSET   619 PM PDT


-  INDICATES NEGATIVE NUMBERS.
R  INDICATES RECORD WAS SET OR TIED.
MM INDICATES DATA IS MISSING.
T  INDICATES TRACE AMOUNT.




$$




National Weather Service
Disclaimer
Last Modified: August 31, 2005
Privacy Policy