292
CDUS44 KOHX 282244
CLIBNA

MEMCLIOHX 000
TTAA00 KOHX 282243


CLIMATE REPORT
NATIONAL WEATHER SERVICE NASHVILLE TN
543 PM CDT THU AUG 28 2014


...................................

...THE NASHVILLE CLIMATE SUMMARY FOR AUGUST 28 2014...
VALID AS OF 0400 PM LOCAL TIME.

CLIMATE NORMAL PERIOD 1981 TO 2010
CLIMATE RECORD PERIOD 1871 TO 2014


WEATHER ITEM   OBSERVED TIME   RECORD YEAR NORMAL DEPARTURE LAST
                VALUE   (LST)  VALUE       VALUE  FROM      YEAR
                                                  NORMAL
..................................................................
TEMPERATURE (F)
 TODAY
  MAXIMUM         94    208 PM 103    1990  88      6       93
  MINIMUM         71    456 AM  52    1968  67      4       69
  AVERAGE         83                        78      5       81

PRECIPITATION (IN)
  TODAY            0.00          4.10 1963   0.09  -0.09     0.00
  MONTH TO DATE    3.66                      2.88   0.78     1.94
  SINCE JUN 1     11.77                     10.66   1.11    13.02
  SINCE JAN 1     33.59                     31.96   1.63    37.46

SNOWFALL (IN)
  TODAY            0.0           0.0  2002   0.0    0.0      0.0
                                      2001
                                      2000
  MONTH TO DATE    0.0                       0.0    0.0      0.0
  SINCE JUN 1      0.0                       0.0    0.0      0.0
  SINCE JUL 1      0.0                       0.0    0.0      0.0
  SNOW DEPTH       0

DEGREE DAYS
 HEATING
  TODAY            0                         0      0        0
  MONTH TO DATE    0                         0      0        0
  SINCE JUN 1      0                         3     -3        0
  SINCE JUL 1      0                         0      0        0

 COOLING
  TODAY           18                        12      6       16
  MONTH TO DATE  416                       384     32      348
  SINCE JUN 1   1181                      1154     27     1124
  SINCE JAN 1   1445                      1333    112     1331
..................................................................


WIND (MPH)
  HIGHEST WIND SPEED    10   HIGHEST WIND DIRECTION    SE (120)
  HIGHEST GUST SPEED    15   HIGHEST GUST DIRECTION     E (100)
  AVERAGE WIND SPEED     3.1


SKY COVER
  POSSIBLE SUNSHINE  MM
  AVERAGE SKY COVER 0.2


WEATHER CONDITIONS
 THE FOLLOWING WEATHER WAS RECORDED TODAY.
  FOG


RELATIVE HUMIDITY (PERCENT)
 HIGHEST    93           100 AM
 LOWEST     46           200 PM

..........................................................


THE NASHVILLE CLIMATE NORMALS FOR TOMORROW
                         NORMAL    RECORD    YEAR
 MAXIMUM TEMPERATURE (F)   88       100      1897
 MINIMUM TEMPERATURE (F)   67        49      1986


SUNRISE AND SUNSET
AUGUST 28 2014........SUNRISE   615 AM CDT   SUNSET   720 PM CDT
AUGUST 29 2014........SUNRISE   616 AM CDT   SUNSET   719 PM CDT


-  INDICATES NEGATIVE NUMBERS.
R  INDICATES RECORD WAS SET OR TIED.
MM INDICATES DATA IS MISSING.
T  INDICATES TRACE AMOUNT.




$$








National Weather Service
Disclaimer
Last Modified: August 31, 2005
Privacy Policy