713
CDUS44 KHGX 271451
CLIHOU

CLIMATE REPORT
NATIONAL WEATHER SERVICE HOUSTON/GALVESTON TX
840 AM CST THU NOV 27 2014


...MORNING CLIMATE DATA...

                            MORNING LOW    PRECIP SINCE MIDNIGHT
HOUSTON INTERCONTINENTAL         44                0.00
GALVESTON SCHOLES FIELD          53                0.00
BRYAN/COLLEGE STATION            46                0.00
HOUSTON HOBBY                    47                0.00

...................................


...THE HOUSTON INTERCONTINENTAL CLIMATE SUMMARY FOR NOVEMBER 26 2014...

CLIMATE NORMAL PERIOD 1981 TO 2010
CLIMATE RECORD PERIOD 1892 TO 2014


WEATHER ITEM   OBSERVED TIME   RECORD YEAR NORMAL DEPARTURE LAST
                VALUE   (LST)  VALUE       VALUE  FROM      YEAR
                                                  NORMAL
..................................................................
TEMPERATURE (F)
 YESTERDAY
  MAXIMUM         73    245 PM  86    1967  69      4       44
  MINIMUM         43    252 AM  27    1975  49     -6       39
  AVERAGE         58                        59     -1       42

PRECIPITATION (IN)
  YESTERDAY        0.00          3.17 1893   0.14  -0.14     0.47
  MONTH TO DATE    3.40                      3.76  -0.36     3.81
  SINCE SEP 1     10.23                     13.58  -3.35    15.98
  SINCE JAN 1     38.12                     45.45  -7.33    37.18

SNOWFALL (IN)
  YESTERDAY        0.0           0.0  2001
  MONTH TO DATE    0.0
  SINCE SEP 1      0.0
  SINCE JUL 1      0.0

DEGREE DAYS
 HEATING
  YESTERDAY        7                         8     -1       23
  MONTH TO DATE  228                       122    106      170
  SINCE SEP 1    228                       152     76      178
  SINCE JUL 1    228                       152     76      178
..................................................................


WIND (MPH)
  HIGHEST WIND SPEED    20   HIGHEST WIND DIRECTION    SW (230)
  HIGHEST GUST SPEED    25   HIGHEST GUST DIRECTION     W (260)


RELATIVE HUMIDITY (PERCENT)
 HIGHEST    77
 LOWEST     25
 AVERAGE    51

..........................................................


THE HOUSTON INTERCONTINENTAL CLIMATE NORMALS FOR TODAY
                         NORMAL    RECORD    YEAR
 MAXIMUM TEMPERATURE (F)   69        84      1989
 MINIMUM TEMPERATURE (F)   49        26      1975


SUNRISE AND SUNSET
NOVEMBER 27 2014......SUNRISE   656 AM CST   SUNSET   522 PM CST
NOVEMBER 28 2014......SUNRISE   657 AM CST   SUNSET   521 PM CST


-  INDICATES NEGATIVE NUMBERS.
R  INDICATES RECORD WAS SET OR TIED.
MM INDICATES DATA IS MISSING.
T  INDICATES TRACE AMOUNT.


&&

...................................

...THE HOUSTON/HOBBY AIRPORT CLIMATE SUMMARY FOR NOVEMBER 26 2014...

CLIMATE NORMAL PERIOD 1981 TO 2010
CLIMATE RECORD PERIOD 1930 TO 2014


WEATHER ITEM   OBSERVED TIME   RECORD YEAR NORMAL DEPARTURE LAST
                VALUE   (LST)  VALUE       VALUE  FROM      YEAR
                                                  NORMAL
..................................................................
TEMPERATURE (F)
 YESTERDAY
  MAXIMUM         72    252 PM  87    1973  69      3       42
  MINIMUM         45    500 AM  30    1936  51     -6       40
  AVERAGE         59                        60     -1       41

PRECIPITATION (IN)
  YESTERDAY        0.00          3.05 1978   0.14  -0.14     0.43
  MONTH TO DATE    4.44                      3.77   0.67     3.58
  SINCE SEP 1     11.99                     14.97  -2.98    19.32
  SINCE JAN 1     36.52                     50.07 -13.55    42.19

SNOWFALL (IN)
  YESTERDAY        0.0          MM      MM
  MONTH TO DATE    0.0
  SINCE SEP 1      0.0
  SINCE JUL 1      0.0

DEGREE DAYS
 HEATING
  YESTERDAY        6                         7     -1       24
  MONTH TO DATE  197                       106     91      149
  SINCE SEP 1    197                       127     70      152
  SINCE JUL 1    197                       127     70      152
..................................................................


WIND (MPH)
  HIGHEST WIND SPEED    23   HIGHEST WIND DIRECTION    SW (240)
  HIGHEST GUST SPEED    30   HIGHEST GUST DIRECTION    SW (240)


RELATIVE HUMIDITY (PERCENT)
 HIGHEST    83
 LOWEST     25
 AVERAGE    54

..........................................................


THE HOUSTON/HOBBY AIRPORT CLIMATE NORMALS FOR TODAY
                         NORMAL    RECORD    YEAR
 MAXIMUM TEMPERATURE (F)   69        86      1973
 MINIMUM TEMPERATURE (F)   50        25      1938


SUNRISE AND SUNSET
NOVEMBER 27 2014......SUNRISE   655 AM CST   SUNSET   522 PM CST
NOVEMBER 28 2014......SUNRISE   656 AM CST   SUNSET   522 PM CST


-  INDICATES NEGATIVE NUMBERS.
R  INDICATES RECORD WAS SET OR TIED.
MM INDICATES DATA IS MISSING.
T  INDICATES TRACE AMOUNT.
..........................................................

...MISCELLANEOUS CLIMATE DATA FOR YESTERDAY...

LOCATION                        HIGH    LOW     PRECIP
PEARLAND                         73      46      0.00
SUGAR LAND                       74      43      0.00
TOMBALL                          72      45      0.00
CONROE                           71      35      0.00
HUNTSVILLE                       71      44      0.00
ANGLETON/LAKE JACKSON            70      41      0.00
PALACIOS                         69      50      0.00
LEAGUE CITY (NWS)                72      44      0.00


THIS PRODUCT...ALONG WITH OTHER WEATHER...HYDROLOGIC...AND CLIMATE
PRODUCTS...IS AVAILABLE ON THE WEB AT HTTP://WWW.SRH.NOAA.GOV/HGX
OR AT HTTP://WEATHER.GOV

$$



National Weather Service
Disclaimer
Last Modified: August 31, 2005
Privacy Policy