739
CDUS41 KCLE 180534
CLIERI


CLIMATE REPORT
NATIONAL WEATHER SERVICE CLEVELAND OH
134 AM EDT THU SEP 18 2014


...................................

...THE ERIE PA CLIMATE SUMMARY FOR SEPTEMBER 17 2014...

CLIMATE NORMAL PERIOD 1981 TO 2010
CLIMATE RECORD PERIOD 1873 TO 2014


WEATHER ITEM   OBSERVED TIME   RECORD YEAR NORMAL DEPARTURE LAST
                VALUE   (LST)  VALUE       VALUE  FROM      YEAR
                                                  NORMAL
..................................................................
TEMPERATURE (F)
 YESTERDAY
  MAXIMUM         68    147 PM  88    1955  72     -4       64
                                      1942
  MINIMUM         49    620 AM  35    1959  56     -7       40
  AVERAGE         59                        64     -5       52

PRECIPITATION (IN)
  YESTERDAY        0.00                      0.16  -0.16     0.00
  MONTH TO DATE    2.12                      2.43  -0.31     1.94
  SINCE SEP 1      2.12                      2.43  -0.31     1.94
  SINCE JAN 1     29.83                     28.26   1.57    35.81

SNOWFALL (IN)
  YESTERDAY        0.0                       0.0    0.0      0.0
  MONTH TO DATE    0.0                       0.0    0.0      0.0
  SINCE SEP 1      0.0                       0.0    0.0      0.0
  SINCE JUL 1      0.0                       0.0    0.0      0.0
  SNOW DEPTH       0

DEGREE DAYS
 HEATING
  YESTERDAY        6                         3      3       13
  MONTH TO DATE   47                        33     14       57
  SINCE SEP 1     47                        33     14       57
  SINCE JUL 1     65                        51     14       69

 COOLING
  YESTERDAY        0                         2     -2        0
  MONTH TO DATE   72                        53     19       57
  SINCE SEP 1     72                        53     19       57
  SINCE JAN 1    588                       611    -23      678
..................................................................


WIND (MPH)
  HIGHEST WIND SPEED    12   HIGHEST WIND DIRECTION    NW (300)
  HIGHEST GUST SPEED    16   HIGHEST GUST DIRECTION    NW (310)
  AVERAGE WIND SPEED     6.8


SKY COVER
  POSSIBLE SUNSHINE  MM
  AVERAGE SKY COVER 0.3


WEATHER CONDITIONS
 THE FOLLOWING WEATHER WAS RECORDED YESTERDAY.
  NO SIGNIFICANT WEATHER WAS OBSERVED.


RELATIVE HUMIDITY (PERCENT)
 HIGHEST    86           200 AM
 LOWEST     48          1200 PM
 AVERAGE    67

..........................................................


THE ERIE PA CLIMATE NORMALS FOR TODAY
                         NORMAL    RECORD    YEAR
 MAXIMUM TEMPERATURE (F)   71        88      1955
 MINIMUM TEMPERATURE (F)   55        40      1990


SUNRISE AND SUNSET
SEPTEMBER 18 2014.....SUNRISE   704 AM EDT   SUNSET   725 PM EDT
SEPTEMBER 19 2014.....SUNRISE   705 AM EDT   SUNSET   723 PM EDT


-  INDICATES NEGATIVE NUMBERS.
R  INDICATES RECORD WAS SET OR TIED.
MM INDICATES DATA IS MISSING.
T  INDICATES TRACE AMOUNT.




$$




737
CDUS41 KCLE 180534
CLICLE


CLIMATE REPORT
NATIONAL WEATHER SERVICE CLEVELAND OH
134 AM EDT THU SEP 18 2014


...................................

...THE CLEVELAND OH CLIMATE SUMMARY FOR SEPTEMBER 17 2014...

CLIMATE NORMAL PERIOD 1981 TO 2010
CLIMATE RECORD PERIOD 1871 TO 2014


WEATHER ITEM   OBSERVED TIME   RECORD YEAR NORMAL DEPARTURE LAST
                VALUE   (LST)  VALUE       VALUE  FROM      YEAR
                                                  NORMAL
..................................................................
TEMPERATURE (F)
 YESTERDAY
  MAXIMUM         68    238 PM  95    1955  74     -6       70
  MINIMUM         44    603 AM  37    1984  56    -12       45
  AVERAGE         56                        65     -9       58

PRECIPITATION (IN)
  YESTERDAY        0.00                      0.13  -0.13     0.00
  MONTH TO DATE    4.00                      2.13   1.87     0.27
  SINCE SEP 1      4.00                      2.13   1.87     0.27
  SINCE JAN 1     35.11                     27.67   7.44    28.48

SNOWFALL (IN)
  YESTERDAY        0.0                       0.0    0.0      0.0
  MONTH TO DATE    0.0                       0.0    0.0      0.0
  SINCE SEP 1      0.0                       0.0    0.0      0.0
  SINCE JUL 1      0.0                       0.0    0.0      0.0
  SNOW DEPTH       0

DEGREE DAYS
 HEATING
  YESTERDAY        9                         3      6        7
  MONTH TO DATE   58                        27     31       37
  SINCE SEP 1     58                        27     31       37
  SINCE JUL 1     83                        39     44       44

 COOLING
  YESTERDAY        0                         3     -3        0
  MONTH TO DATE   62                        67     -5       77
  SINCE SEP 1     62                        67     -5       77
  SINCE JAN 1    652                       782   -130      839
..................................................................


WIND (MPH)
  HIGHEST WIND SPEED    12   HIGHEST WIND DIRECTION     N (350)
  HIGHEST GUST SPEED    15   HIGHEST GUST DIRECTION     W (260)
  AVERAGE WIND SPEED     4.2


SKY COVER
  POSSIBLE SUNSHINE  MM
  AVERAGE SKY COVER 0.4


WEATHER CONDITIONS
 THE FOLLOWING WEATHER WAS RECORDED YESTERDAY.
  FOG


RELATIVE HUMIDITY (PERCENT)
 HIGHEST    93          1200 AM
 LOWEST     48           200 PM
 AVERAGE    71

..........................................................


THE CLEVELAND OH CLIMATE NORMALS FOR TODAY
                         NORMAL    RECORD    YEAR
 MAXIMUM TEMPERATURE (F)   73        94      1955
 MINIMUM TEMPERATURE (F)   55        39      1959


SUNRISE AND SUNSET
SEPTEMBER 18 2014.....SUNRISE   711 AM EDT   SUNSET   731 PM EDT
SEPTEMBER 19 2014.....SUNRISE   712 AM EDT   SUNSET   730 PM EDT


-  INDICATES NEGATIVE NUMBERS.
R  INDICATES RECORD WAS SET OR TIED.
MM INDICATES DATA IS MISSING.
T  INDICATES TRACE AMOUNT.




$$




National Weather Service
Disclaimer
Last Modified: August 31, 2005
Privacy Policy