051
CDUS45 KSLC 201230
CLICDC


CLIMATE REPORT
NATIONAL WEATHER SERVICE SALT LAKE CITY UT
630 AM MDT MON OCT 20 2014


...................................

...THE CEDAR CITY UT CLIMATE SUMMARY FOR OCTOBER 19 2014...

CLIMATE NORMAL PERIOD 1981 TO 2010
CLIMATE RECORD PERIOD 1928 TO 2014


WEATHER ITEM   OBSERVED TIME   RECORD YEAR NORMAL DEPARTURE LAST
                VALUE   (LST)  VALUE       VALUE  FROM      YEAR
                                                  NORMAL
..................................................................
TEMPERATURE (F)
 YESTERDAY
  MAXIMUM         73    430 PM  82    2003  65      8       66
  MINIMUM         37    658 AM  22    2013  33      4       22
  AVERAGE         55                        48      7       44

PRECIPITATION (IN)
  YESTERDAY        0.00          0.92 1990   0.05  -0.05     0.00
  MONTH TO DATE    0.22                      0.80  -0.58     0.27
  SINCE OCT 1      0.22                      0.80  -0.58     0.27
  SINCE JAN 1      7.90                      9.00  -1.10    13.31

DEGREE DAYS
 HEATING
  YESTERDAY       10                        16     -6       21
  MONTH TO DATE  209                       249    -40      360
  SINCE SEP 1    266                       383   -117      525
  SINCE JUL 1    272                       392   -120      528

 COOLING
  YESTERDAY        0                         0      0        0
  MONTH TO DATE    0                         0      0        0
  SINCE SEP 1     61                        39     22       35
  SINCE JAN 1    607                       588     19      667
..................................................................


WIND (MPH)
  RESULTANT WIND SPEED   0   RESULTANT WIND DIRECTION  NE (30)
  HIGHEST WIND SPEED     7   HIGHEST WIND DIRECTION     S (190)
  HIGHEST GUST SPEED     8   HIGHEST GUST DIRECTION     E (70)
  AVERAGE WIND SPEED     1.6



WEATHER CONDITIONS
 THE FOLLOWING WEATHER WAS RECORDED YESTERDAY.
  NO SIGNIFICANT WEATHER WAS OBSERVED.


RELATIVE HUMIDITY (PERCENT)
 HIGHEST    92           400 AM
 LOWEST     25           300 PM
 AVERAGE    59

..........................................................


THE CEDAR CITY UT CLIMATE NORMALS FOR TODAY
                         NORMAL    RECORD    YEAR
 MAXIMUM TEMPERATURE (F)   64        80      2003
 MINIMUM TEMPERATURE (F)   32        21      1996


SUNRISE AND SUNSET
OCTOBER 20 2014.......SUNRISE   746 AM MDT   SUNSET   648 PM MDT
OCTOBER 21 2014.......SUNRISE   747 AM MDT   SUNSET   647 PM MDT


-  INDICATES NEGATIVE NUMBERS.
R  INDICATES RECORD WAS SET OR TIED.
MM INDICATES DATA IS MISSING.
T  INDICATES TRACE AMOUNT.




$$




National Weather Service
Disclaimer
Last Modified: August 31, 2005
Privacy Policy