033
CDUS44 KLIX 230759
CLIBTR


CLIMATE REPORT
NATIONAL WEATHER SERVICE NEW ORLEANS
249 AM CDT WED APR 23 2014


...................................

...THE BATON ROUGE  ASOS CLIMATE SUMMARY FOR APRIL 22 2014...

CLIMATE NORMAL PERIOD 1981 TO 2010
CLIMATE RECORD PERIOD 1894 TO 2014


WEATHER ITEM   OBSERVED TIME   RECORD YEAR NORMAL DEPARTURE LAST
                VALUE   (LST)  VALUE       VALUE  FROM      YEAR
                                                  NORMAL
..................................................................
TEMPERATURE (F)
 YESTERDAY
  MAXIMUM         82    315 PM  90    2008  81      1       80
                                      1963
                                      1925
  MINIMUM         62   1159 PM  42    1993  59      3       50
  AVERAGE         72                        70      2       65

PRECIPITATION (IN)
  YESTERDAY        T             3.56 1979   0.14  -0.14     0.00
  MONTH TO DATE    3.51                      3.36   0.15     4.30
  SINCE MAR 1      6.73                      7.77  -1.04     7.21
  SINCE JAN 1     16.00                     18.53  -2.53    29.25

SNOWFALL (IN)
  YESTERDAY        0.0
  MONTH TO DATE    0.0
  SINCE MAR 1      0.0
  SINCE JUL 1      0.4
  SNOW DEPTH       0

DEGREE DAYS
 HEATING
  YESTERDAY        0                         1     -1        0
  MONTH TO DATE   51                        46      5       69
  SINCE MAR 1    272                       213     59      345
  SINCE JUL 1   1978                      1548    430     1517

 COOLING
  YESTERDAY        7                         6      1        0
  MONTH TO DATE   81                        91    -10       77
  SINCE MAR 1    107                       149    -42       96
  SINCE JAN 1    127                       180    -53      121
..................................................................


WIND (MPH)
  HIGHEST WIND SPEED    15   HIGHEST WIND DIRECTION     W (280)
  HIGHEST GUST SPEED    20   HIGHEST GUST DIRECTION     W (280)
  AVERAGE WIND SPEED     5.7


SKY COVER
  POSSIBLE SUNSHINE  MM
  AVERAGE SKY COVER 0.5


WEATHER CONDITIONS
 THE FOLLOWING WEATHER WAS RECORDED YESTERDAY.
  LIGHT RAIN
  FOG
  HAZE


RELATIVE HUMIDITY (PERCENT)
 HIGHEST    93           400 AM
 LOWEST     51           400 PM
 AVERAGE    72

..........................................................


THE BATON ROUGE  ASOS CLIMATE NORMALS FOR TODAY
                         NORMAL    RECORD    YEAR
 MAXIMUM TEMPERATURE (F)   81        90      1999
                                             1958
 MINIMUM TEMPERATURE (F)   59        42      1927


SUNRISE AND SUNSET
APRIL 23 2014.........SUNRISE   629 AM CDT   SUNSET   738 PM CDT
APRIL 24 2014.........SUNRISE   628 AM CDT   SUNSET   738 PM CDT


-  INDICATES NEGATIVE NUMBERS.
R  INDICATES RECORD WAS SET OR TIED.
MM INDICATES DATA IS MISSING.
T  INDICATES TRACE AMOUNT.




$$




034
CDUS44 KLIX 230759
CLINEW


CLIMATE REPORT
NATIONAL WEATHER SERVICE NEW ORLEANS
249 AM CDT WED APR 23 2014


...................................

...THE NEW ORLEANS CLIMATE SUMMARY FOR APRIL 22 2014...

CLIMATE NORMAL PERIOD 1981 TO 2010
CLIMATE RECORD PERIOD 1946 TO 2014


WEATHER ITEM   OBSERVED TIME   RECORD YEAR NORMAL DEPARTURE LAST
                VALUE   (LST)  VALUE       VALUE  FROM      YEAR
                                                  NORMAL
..................................................................
TEMPERATURE (F)
 YESTERDAY
  MAXIMUM         78    319 PM  89    1955  80     -2       77
  MINIMUM         61    543 AM  46    1993  62     -1       53
  AVERAGE         70                        71     -1       65

PRECIPITATION (IN)
  YESTERDAY        T             5.31 1983   0.14  -0.14     0.00
  MONTH TO DATE    2.17                      3.34  -1.17     6.76
  SINCE MAR 1      7.42                      7.89  -0.47     7.84
  SINCE JAN 1     16.45                     18.34  -1.89    21.64

SNOWFALL (IN)
  YESTERDAY        0.0
  MONTH TO DATE    0.0
  SINCE MAR 1      0.0
  SINCE JUL 1      T
  SNOW DEPTH       0

DEGREE DAYS
 HEATING
  YESTERDAY        0                         1     -1        0
  MONTH TO DATE   41                        32      9       32
  SINCE MAR 1    228                       168     60      241
  SINCE JUL 1   1581                      1277    304     1130

 COOLING
  YESTERDAY        5                         6     -1        0
  MONTH TO DATE   72                       100    -28       90
  SINCE MAR 1     93                       163    -70      126
  SINCE JAN 1    117                       200    -83      158
..................................................................


WIND (MPH)
  HIGHEST WIND SPEED    17   HIGHEST WIND DIRECTION    NW (310)
  HIGHEST GUST SPEED    20   HIGHEST GUST DIRECTION    NW (310)
  AVERAGE WIND SPEED     6.7


SKY COVER
  POSSIBLE SUNSHINE  MM
  AVERAGE SKY COVER 0.5


WEATHER CONDITIONS
 THE FOLLOWING WEATHER WAS RECORDED YESTERDAY.
  FOG


RELATIVE HUMIDITY (PERCENT)
 HIGHEST    93           100 AM
 LOWEST     68           700 PM
 AVERAGE    81

..........................................................


THE NEW ORLEANS CLIMATE NORMALS FOR TODAY
                         NORMAL    RECORD    YEAR
 MAXIMUM TEMPERATURE (F)   80        88      1971
                                             1967
 MINIMUM TEMPERATURE (F)   62        46      1993


SUNRISE AND SUNSET
APRIL 23 2014.........SUNRISE   626 AM CDT   SUNSET   733 PM CDT
APRIL 24 2014.........SUNRISE   625 AM CDT   SUNSET   734 PM CDT


-  INDICATES NEGATIVE NUMBERS.
R  INDICATES RECORD WAS SET OR TIED.
MM INDICATES DATA IS MISSING.
T  INDICATES TRACE AMOUNT.




$$




National Weather Service
Disclaimer
Last Modified: August 31, 2005
Privacy Policy