147
CDUS45 KTWC 221427
CLIDUG

CLIMATE REPORT
NATIONAL WEATHER SERVICE TUCSON AZ
726 AM MST SAT NOV 22 2014


...................................

...THE DOUGLAS AZ CLIMATE SUMMARY FOR NOVEMBER 22 2014...
VALID AS OF 0700 AM LOCAL TIME.

CLIMATE NORMAL PERIOD 1981 TO 2010
CLIMATE RECORD PERIOD 1948 TO 2014


WEATHER ITEM   OBSERVED TIME   RECORD YEAR NORMAL DEPARTURE LAST
                VALUE   (LST)  VALUE       VALUE  FROM      YEAR
                                                  NORMAL
..................................................................
TEMPERATURE (F)
 TODAY
  MINIMUM         26    608 AM  17    1953  34     -8       44

PRECIPITATION (IN)
  TODAY            0.00          0.39 1974   0.02  -0.02     0.10
  MONTH TO DATE    0.01                      0.49  -0.48     0.10
  SINCE OCT 1      1.37                      1.38  -0.01     0.10
  SINCE JAN 1     14.94                     11.93   3.01    17.21

DEGREE DAYS
 HEATING
  TODAY           31                        14     17        9

 COOLING
  TODAY            0                         0      0        0
..................................................................


WIND (MPH)
  HIGHEST WIND SPEED    12   HIGHEST WIND DIRECTION    SE (140)
  HIGHEST GUST SPEED    12   HIGHEST GUST DIRECTION    SE (140)
  AVERAGE WIND SPEED     6.2


SKY COVER
  POSSIBLE SUNSHINE  MM
  AVERAGE SKY COVER 0.0


WEATHER CONDITIONS
 THE FOLLOWING WEATHER WAS RECORDED TODAY.
  NO SIGNIFICANT WEATHER WAS OBSERVED.


RELATIVE HUMIDITY (PERCENT)
 HIGHEST    81           600 AM

..........................................................


THE DOUGLAS AZ CLIMATE NORMALS FOR TOMORROW
                         NORMAL    RECORD    YEAR
 MAXIMUM TEMPERATURE (F)   68        81      1998
                                             1995
 MINIMUM TEMPERATURE (F)   33        14      1957


SUNRISE AND SUNSET
NOVEMBER 22 2014......SUNRISE   652 AM MST   SUNSET   517 PM MST
NOVEMBER 23 2014......SUNRISE   653 AM MST   SUNSET   516 PM MST


-  INDICATES NEGATIVE NUMBERS.
R  INDICATES RECORD WAS SET OR TIED.
MM INDICATES DATA IS MISSING.
T  INDICATES TRACE AMOUNT.




$$







National Weather Service
Disclaimer
Last Modified: August 31, 2005
Privacy Policy