362
CDUS43 KMPX 260629
CLIMPX


CLIMATE REPORT
NATIONAL WEATHER SERVICE CHANHASSEN MN
1229 AM CST MON JAN 26 2015


...................................

...THE CHANHASSEN MN CLIMATE SUMMARY FOR JANUARY 25 2015...

CLIMATE NORMAL PERIOD 1981 TO 2010
CLIMATE RECORD PERIOD 1995 TO 2015


WEATHER ITEM   OBSERVED TIME   RECORD YEAR NORMAL DEPARTURE LAST
                VALUE   (LST)  VALUE       VALUE  FROM      YEAR
                                                  NORMAL
..................................................................
TEMPERATURE (F)
 YESTERDAY
  MAXIMUM         34        MM  MM      MM  24     10       23
  MINIMUM         19        MM  MM      MM   6     13        0
  AVERAGE         27                        14     13       12

PRECIPITATION (IN)
  YESTERDAY        0.05         MM      MM   0.03   0.02     0.11
  MONTH TO DATE    0.37                      0.72  -0.35     0.95
  SINCE DEC 1      1.34                      1.97  -0.63     2.21
  SINCE JAN 1      0.37                      0.72  -0.35     0.95

SNOWFALL (IN)
  YESTERDAY        0.2          MM      MM   0.3   -0.1      1.3
  MONTH TO DATE    4.4                       8.2   -3.8     13.2
  SINCE DEC 1     11.1                      22.1  -11.0     30.0
  SINCE JUL 1     19.2                      27.9   -8.7     31.8
  SNOW DEPTH       T

DEGREE DAYS
 HEATING
  YESTERDAY       38                        50    -12       53
  MONTH TO DATE 1249                      1272    -23     1432
  SINCE DEC 1   2548                      2726   -178     3139
  SINCE JUL 1   4485                      4433     52     4861

 COOLING
  YESTERDAY        0                         0      0        0
  MONTH TO DATE    0                         0      0        0
  SINCE DEC 1      0                         0      0        0
  SINCE JAN 1      0                         0      0        0
..................................................................


WIND (MPH)
  HIGHEST WIND SPEED    MM   HIGHEST WIND DIRECTION    MM
  HIGHEST GUST SPEED    MM   HIGHEST GUST DIRECTION    MM
  AVERAGE WIND SPEED    MM


SKY COVER
  POSSIBLE SUNSHINE  MM
  AVERAGE SKY COVER  MM


WEATHER CONDITIONS
 THE FOLLOWING WEATHER WAS RECORDED YESTERDAY.
  NO SIGNIFICANT WEATHER WAS OBSERVED.


RELATIVE HUMIDITY (PERCENT)
 HIGHEST    MM
 LOWEST     MM
 AVERAGE    MM

..........................................................


THE CHANHASSEN MN CLIMATE NORMALS FOR TODAY
                         NORMAL    RECORD    YEAR
 MAXIMUM TEMPERATURE (F)   24        MM        MM
 MINIMUM TEMPERATURE (F)    6        MM        MM


SUNRISE AND SUNSET
JANUARY 26 2015.......SUNRISE   740 AM CST   SUNSET   514 PM CST
JANUARY 27 2015.......SUNRISE   739 AM CST   SUNSET   515 PM CST


-  INDICATES NEGATIVE NUMBERS.
R  INDICATES RECORD WAS SET OR TIED.
MM INDICATES DATA IS MISSING.
T  INDICATES TRACE AMOUNT.




$$




National Weather Service
Disclaimer
Last Modified: August 31, 2005
Privacy Policy