143
CDUS46 KSEW 250123
CLIBLI


CLIMATE REPORT
NATIONAL WEATHER SERVICE SEATTLE WA
522 PM PST MON NOV 24 2014


...................................

...THE BELLINGHAM WA AIRPORT CLIMATE SUMMARY FOR NOVEMBER 24 2014...
VALID TODAY AS OF 0500 PM LOCAL TIME.

CLIMATE NORMAL PERIOD 1981 TO 2010
CLIMATE RECORD PERIOD 1949 TO 2014


WEATHER ITEM   OBSERVED TIME   RECORD YEAR NORMAL DEPARTURE LAST
                VALUE   (LST)  VALUE       VALUE  FROM      YEAR
                                                  NORMAL
..................................................................
TEMPERATURE (F)
 TODAY
  MAXIMUM         51    206 PM  61    1954  48      3       50
  MINIMUM         42    709 AM   8    1985  35      7       28
  AVERAGE         47                        41      6       39

PRECIPITATION (IN)
  TODAY            0.10          2.64 2004   0.18  -0.08     0.00
  MONTH TO DATE    2.20                      4.69  -2.49     4.37
  SINCE OCT 1      7.77                      8.37  -0.60     6.54
  SINCE JAN 1     29.86                     30.50  -0.64    27.04

DEGREE DAYS
 HEATING
  TODAY           18                        24     -6       26
  MONTH TO DATE  479                       506    -27      506
  SINCE SEP 1    852                      1213   -361     1138

 COOLING
  TODAY            0                         0      0        0
  MONTH TO DATE    0                         0      0        0
  SINCE SEP 1      2                         2      0        6
  SINCE JAN 1    117                        42     75       95
..................................................................


WIND (MPH)
  RESULTANT WIND SPEED   5   RESULTANT WIND DIRECTION  SE (140)
  HIGHEST WIND SPEED    20   HIGHEST WIND DIRECTION    SE (140)
  HIGHEST GUST SPEED    28   HIGHEST GUST DIRECTION    SE (140)
  AVERAGE WIND SPEED     5.5


SKY COVER
  AVERAGE SKY COVER 0.9


WEATHER CONDITIONS
 THE FOLLOWING WEATHER WAS RECORDED TODAY.
  LIGHT RAIN


RELATIVE HUMIDITY (PERCENT)
 HIGHEST    89           200 AM
 LOWEST     54          1200 PM
 AVERAGE    72

..........................................................


THE BELLINGHAM WA AIRPORT CLIMATE NORMALS FOR TOMORROW
                         NORMAL    RECORD    YEAR
 MAXIMUM TEMPERATURE (F)   47        60      1949
 MINIMUM TEMPERATURE (F)   35        15      1993


SUNRISE AND SUNSET
NOVEMBER 24 2014......SUNRISE   733 AM PST   SUNSET   421 PM PST
NOVEMBER 25 2014......SUNRISE   734 AM PST   SUNSET   420 PM PST


-  INDICATES NEGATIVE NUMBERS.
R  INDICATES RECORD WAS SET OR TIED.
MM INDICATES DATA IS MISSING.
T  INDICATES TRACE AMOUNT.




$$




National Weather Service
Disclaimer
Last Modified: August 31, 2005
Privacy Policy