390
CDUS41 KBUF 011019
CLIART


CLIMATE REPORT
NATIONAL WEATHER SERVICE BUFFALO NY
617 AM EDT MON SEP 1 2014


...................................

...THE WATERTOWN NY CLIMATE SUMMARY FOR AUGUST 31 2014...

CLIMATE NORMAL PERIOD 1981 TO 2010
CLIMATE RECORD PERIOD 1949 TO 2014


WEATHER ITEM   OBSERVED TIME   RECORD YEAR NORMAL DEPARTURE LAST
                VALUE   (LST)  VALUE       VALUE  FROM      YEAR
                                                  NORMAL
..................................................................
TEMPERATURE (F)
 YESTERDAY
  MAXIMUM         78    403 PM  91    1993  76      2       78
  MINIMUM         70   1023 PM  34    1976  53     17       68
  AVERAGE         74                        65      9       73

PRECIPITATION (IN)
  YESTERDAY        0.52          3.90 2005   0.10   0.42     0.03
  MONTH TO DATE    5.72                      3.15   2.57     2.09
  SINCE JUN 1     13.66                      8.65   5.01    11.18
  SINCE JAN 1     32.26                     21.80  10.46    21.80

DEGREE DAYS
 HEATING
  YESTERDAY        0                         3     -3        0
  MONTH TO DATE   31                        45    -14       32
  SINCE JUN 1    112                       179    -67      146
  SINCE JUL 1     50                        72    -22       43

 COOLING
  YESTERDAY        9                         2      7        8
  MONTH TO DATE  102                       112    -10      103
  SINCE JUN 1    337                       313     24      401
  SINCE JAN 1    360                       324     36      433
..................................................................


WIND (MPH)
  HIGHEST WIND SPEED    18   HIGHEST WIND DIRECTION     S (200)
  HIGHEST GUST SPEED    30   HIGHEST GUST DIRECTION     S (160)
  AVERAGE WIND SPEED    10.0


SKY COVER
  AVERAGE SKY COVER 0.5


WEATHER CONDITIONS
 THE FOLLOWING WEATHER WAS RECORDED YESTERDAY.
  THUNDERSTORM
  HEAVY RAIN
  RAIN
  LIGHT RAIN
  HAZE


RELATIVE HUMIDITY (PERCENT)
 HIGHEST    84           800 PM
 LOWEST     71           400 PM
 AVERAGE    78

..........................................................


THE WATERTOWN NY CLIMATE NORMALS FOR TODAY
                         NORMAL    RECORD    YEAR
 MAXIMUM TEMPERATURE (F)   76        89      1953
 MINIMUM TEMPERATURE (F)   53        37      1991


SUNRISE AND SUNSET
SEPTEMBER  1 2014.....SUNRISE   627 AM EDT   SUNSET   740 PM EDT
SEPTEMBER  2 2014.....SUNRISE   628 AM EDT   SUNSET   738 PM EDT


-  INDICATES NEGATIVE NUMBERS.
R  INDICATES RECORD WAS SET OR TIED.
MM INDICATES DATA IS MISSING.
T  INDICATES TRACE AMOUNT.

$$





391
CDUS41 KBUF 011019
CLIROC


CLIMATE REPORT
NATIONAL WEATHER SERVICE BUFFALO NY
617 AM EDT MON SEP 1 2014


...................................

...THE ROCHESTER NY CLIMATE SUMMARY FOR AUGUST 31 2014...

CLIMATE NORMAL PERIOD 1981 TO 2010
CLIMATE RECORD PERIOD 1871 TO 2014


WEATHER ITEM   OBSERVED TIME   RECORD YEAR NORMAL DEPARTURE LAST
                VALUE   (LST)  VALUE       VALUE  FROM      YEAR
                                                  NORMAL
..................................................................
TEMPERATURE (F)
 YESTERDAY
  MAXIMUM         78    435 PM  96    1881  77      1       82
  MINIMUM         68   1159 PM  43    1976  57     11       69
  AVERAGE         73                        67      6       76

PRECIPITATION (IN)
  YESTERDAY        0.13          2.32 2005   0.11   0.02     0.10
  MONTH TO DATE    2.27                      3.47  -1.20     2.70
  SINCE JUN 1     12.03                     10.14   1.89    13.38
  SINCE JAN 1     25.03                     22.60   2.43    25.21

SNOWFALL (IN)
  YESTERDAY        0.0           0.0    MM   0.0    0.0      0.0
  MONTH TO DATE    0.0                       0.0    0.0      0.0
  SINCE JUN 1      0.0                       0.0    0.0      0.0
  SINCE JUL 1      0.0                       0.0    0.0      0.0
  SNOW DEPTH       0

DEGREE DAYS
 HEATING
  YESTERDAY        0                         2     -2        0
  MONTH TO DATE   18                        22     -4       10
  SINCE JUN 1     54                       102    -48       76
  SINCE JUL 1     25                        34     -9       18

 COOLING
  YESTERDAY        8                         4      4       11
  MONTH TO DATE  125                       155    -30      152
  SINCE JUN 1    425                       454    -29      520
  SINCE JAN 1    464                       484    -20      591
..................................................................


WIND (MPH)
  HIGHEST WIND SPEED    22   HIGHEST WIND DIRECTION    SW (230)
  HIGHEST GUST SPEED    25   HIGHEST GUST DIRECTION    SW (230)
  AVERAGE WIND SPEED    10.3


SKY COVER
  AVERAGE SKY COVER 0.8


WEATHER CONDITIONS
 THE FOLLOWING WEATHER WAS RECORDED YESTERDAY.
  THUNDERSTORM
  LIGHT RAIN
  FOG


RELATIVE HUMIDITY (PERCENT)
 HIGHEST    93           600 AM
 LOWEST     74          1200 AM
 AVERAGE    84

..........................................................


THE ROCHESTER NY CLIMATE NORMALS FOR TODAY
                         NORMAL    RECORD    YEAR
 MAXIMUM TEMPERATURE (F)   77        95      1953
 MINIMUM TEMPERATURE (F)   57        43      1985


SUNRISE AND SUNSET
SEPTEMBER  1 2014.....SUNRISE   635 AM EDT   SUNSET   746 PM EDT
SEPTEMBER  2 2014.....SUNRISE   636 AM EDT   SUNSET   744 PM EDT


-  INDICATES NEGATIVE NUMBERS.
R  INDICATES RECORD WAS SET OR TIED.
MM INDICATES DATA IS MISSING.
T  INDICATES TRACE AMOUNT.

$$





National Weather Service
Disclaimer
Last Modified: August 31, 2005
Privacy Policy