167
CDUS42 KTAE 270642
CLICTY


CLIMATE REPORT
NATIONAL WEATHER SERVICE TALLAHASSEE FL
142 AM EST THU NOV 27 2014


...................................

...THE CROSS CITY (AWOS) CLIMATE SUMMARY FOR NOVEMBER 26 2014...

CLIMATE NORMAL PERIOD 1981 TO 2010
CLIMATE RECORD PERIOD 1948 TO 2014


WEATHER ITEM   OBSERVED TIME   NORMAL DEPARTURE LAST
                VALUE   (LST)  VALUE  FROM      YEAR
                                      NORMAL
......................................................
TEMPERATURE (F)
 YESTERDAY
  MAXIMUM         65    356 PM  72     -7
  MINIMUM         38   1157 PM  47     -9
  AVERAGE         52            60     -8

PRECIPITATION (IN)
  YESTERDAY        0.07          0.10  -0.03     0.80
  MONTH TO DATE    2.07          2.22  -0.15     2.28
  SINCE SEP 1     16.58         10.08   6.50     8.68
  SINCE JAN 1     56.96         45.45  11.51    61.46

DEGREE DAYS
 HEATING
  YESTERDAY       13             7      6
  MONTH TO DATE  214           110    104
  SINCE SEP 1    231           142     89
  SINCE JUL 1    231           142     89

 COOLING
  YESTERDAY        0             1     -1
  MONTH TO DATE   27            54    -27
  SINCE SEP 1    648           659    -11
  SINCE JAN 1   2710          2597    113
......................................................


WIND (MPH)
  RESULTANT WIND SPEED   7   RESULTANT WIND DIRECTION  NW (330)
  HIGHEST WIND SPEED    20   HIGHEST WIND DIRECTION     N (350)
  HIGHEST GUST SPEED    31   HIGHEST GUST DIRECTION     N (340)
  AVERAGE WIND SPEED     7.2



WEATHER CONDITIONS
 THE FOLLOWING WEATHER WAS RECORDED YESTERDAY.
  NO SIGNIFICANT WEATHER WAS OBSERVED.


RELATIVE HUMIDITY (PERCENT)
 HIGHEST   100
 LOWEST     31

..........................................................




SUNRISE AND SUNSET
NOVEMBER 27 2014......SUNRISE   707 AM EST   SUNSET   533 PM EST
NOVEMBER 28 2014......SUNRISE   707 AM EST   SUNSET   533 PM EST


-  INDICATES NEGATIVE NUMBERS.
R  INDICATES RECORD WAS SET OR TIED.
MM INDICATES DATA IS MISSING.
T  INDICATES TRACE AMOUNT.




$$




National Weather Service
Disclaimer
Last Modified: August 31, 2005
Privacy Policy